I/TLC_TZ_COMMON: get_filename: ( 3535): TZ GetFN : Starting

I/SurfaceFlinger( 2986): id=4039 Removed LeyguardWal (14/15)

I/SurfaceFlinger( 2986): id=4039 Removed LeyguardWal (-2/15)

I/AudioPolicyManager( 3006): startInput() input 2592

D/audio_hw_primary( 3006): in_set_parameters: enter: kvpairs: input_source=6;keyIsHotword=true;routing=-2147483644

V/audio_hw_primary( 3006): set_processing_type (6,0)

I/audio_hw_primary( 3006): do_in_standby : in->standby 1

I/samsungRecord( 3006): [samsungrecord] MicCalonoff 1

I/SurfaceFlinger( 2986): id=4039 Removed LeyguardWal (-2/15)

I/MicrophoneInputStream( 4734): mic_started com.google.android.apps.gsa.speech.audio.aa@3fd6b0a5

I/TLC_TZ_COMMON: get_filename: ( 3535): TZ GetFN : enc filename: A1C1B19DFD341FFC225D7A905FFE968A1895EAAD7BF44C47DD5456972C42813054D200E787C22E888984771C6546AABE335CB0341376AA10ED312723983D46C3

I/TZ: mc_tlc_communication( 3535): tlc_close() was called

I/TZ: mc_tlc_communication( 3535): Closing the session

V/audio_hw_primary( 3006): start_input_stream: set_hw_echoReference_enable(false)

V/echo_reference_processing( 3006): start_echoReference_effect +

V/echo_reference_processing( 3006): start_echoReference_effect(): channel_count:[2] reqeusted_samplerate:[16000]

W/audio_hw_primary( 3006): start_input_stream() echoReference effect is not created.

D/audio_hw_primary( 3006): start_input_stream (0xef46a6e0) in->config.rate:48000 in->config.format:0

D/PreProcess( 3006): new SamsungRecord

D/PreProcess( 3006): new NS

I/samsungRecord( 3006): [samsungrecord] SamsungRecInit 

I/samsungRecord( 3006): [samsungrecordMIC]Use HardCoding Values

E/samsungRecord( 3006): miccalib file can't created. (/data/snd/miccalib.txt)

D/PanelView( 4020): There is/are notification(s) 

D/PanelView( 4020): kidsfalse mQsExpansionEnabled:true

I/samsungRecord( 3006): 1

D/SamsungRecord_NS( 3006): [SamsungRecord_NS] Init SR 16000

D/SamsungRecord_NS( 3006): [SamsungRecord_NS] getLevel inputsource 6, ret_level 3

I/samsungRecord( 3006): [samsungrecord] MicCalonoff 1

I/audio_hw_primary( 3006): is_voice_wakeup : ret =  0  , wakeup_baby_cry_enabled = 0  ,  wakeup_mic_enabled = 0 

I/audio_hw_primary( 3006): get_input_snd_device_id device:0xb

V/audio_hw_primary( 3006): select_devices output_scenario:0 input_scenario:27 out_snd_device 0x2 in_snd_device:0xb

I/audio_route( 3006): 

I/audio_route( 3006): > audio_route_reset :

I/audio_route( 3006): 

I/audio_route( 3006): > audio_route_apply_path : "recognition-mic"

D/PanelView( 4020): There is/are notification(s) 

D/PanelView( 4020): kidsfalse mQsExpansionEnabled:true

V/audio_hw_primary( 3006): select_devices() input_route "recognition-mic" 

I/audio_route( 3006): 

I/audio_route( 3006): > audio_route_apply_path : "media-speaker"

V/audio_hw_primary( 3006): select_devices() output_route "media-speaker" 

I/audio_route( 3006): 

I/audio_route( 3006): > audio_route_apply_path : "gain-recognition-mic"

V/audio_hw_primary( 3006): select_devices() input_gain "gain-recognition-mic" 

I/audio_route( 3006): 

I/audio_route( 3006): > audio_route_apply_path : "gain-media-speaker"

V/audio_hw_primary( 3006): select_devices() output_gain "gain-media-speaker" 

I/audio_route( 3006): 

I/audio_route( 3006): > audio_route_update_mixer : +

I/audio_route( 3006): > audio_route_update_mixer : changed(0) -

I/audio_hw_primary( 3006): select_devices - 

V/audio_hw_primary( 3006): start_input_stream -

D/PanelView( 4020): There is/are notification(s) 

D/PanelView( 4020): kidsfalse mQsExpansionEnabled:true

D/Sensorhubs( 3014): readLargeContextData: 1, 1, 26, 4, 4, -98, -73, 101, 1, 1, 1, 0, 0, 63

D/SensorHubManager( 3535): onGetSensorHubDataLocked: library(14) = 1, 1, 26, 4, 4, -98, -73, 101, 1, 1, 1, 0, 0, 63

D/CAE     ( 3535): onGetSensorHubData(SensorHubParserProvider.java:92) - onGetSensorHubData Event [event buffer len :14], AP_WAKEUP

I/CAE     ( 3535): parse(SensorHubParserProvider.java:188) - buffer size = 14

I/CAE     ( 3535): parse(SensorHubParserProvider.java:199) - 1, 1, 26, 4, 4, -98, -73, 101, 1, 1, 1, 0, 0, 63,

W/CAE     ( 3535): parse(ActivityTrackerBatchRunner.java:236) - parse start

I/CAE     ( 3535): getMostActivity(ActivityTrackerBatchRunner.java:321) - size:10

D/CAE     ( 3535): display(ContextProvider.java:375) - ================= ACTIVITY_TRACKER_BATCH =================

I/CAE     ( 3535): display(ContextProvider.java:391) - Accuracy=[1], Duration=[63], Count=[1], OperationMode=[2], ActivityType=[1], MostActivity=[1], TimeStamp=[1448487110501]

D/SContextService( 3535): updateSContext() : event = Activity Batch

D/SLocation( 3535): TYPE_ACTIVITY_BATCH [2]

W/CAE     ( 3535): parse(ActivityTrackerBatchRunner.java:307) - parse end

D/SLocation( 3535): last acc 54.228

D/[zero daemon] (19562): {[C6B53529A4E9A61B6E9DFAC2EC352F35413B8423020D39F21C4F88CE3B9B87CFDCC0B81B0A5ED41F6DFA9549B8ADE1F4BACF4D40B7B8E99052DE9FA88E767D1DEF99F3B50EBB0BE2EA7D97147503802808B0F46342E4D32B53ACCA63815BEAA3E6A19B15B6D34AFADF3249A820F62444]}

I/[zero daemon] (19562): {[A32E1AC369E42B6168CFC8ECFBFA9951C42133C77ADF9B218D854990F6269E396BCB11BEB3F5B339C9A8D47415526840]}

I/TZ: mc_tlc_communication( 3535): Freeing message buffer

I/TZ: mc_tlc_communication( 3535): Closing MobiCore device

I/TZ: mc_tlc_communication( 3535): tlc_close() succeeded

E/TLC_TZ_KEYSTORE: ( 3535): Count : 1, Ret : 0

I/        ( 3535): TimaKeyStore: encryptFilename : filename is: A1C1B19DFD341FFC225D7A905FFE968A1895EAAD7BF44C47DD5456972C42813054D200E787C22E888984771C6546AABE335CB0341376AA10ED312723983D46C3

I/        ( 3535): TimaKeyStore: /data/misc/fips_tima_keystore/user_0/A1C1B19DFD341FFC225D7A905FFE968A1895EAAD7BF44C47DD5456972C42813054D200E787C22E888984771C6546AABE335CB0341376AA10ED312723983D46C3 exists

I/        ( 3535): TimaKeyStore: tima_KeyStore3_exist_JNI

I/        ( 3535): TimaKeyStore: callingUid is 1000

E/TLC_TZ_KEYSTORE: ( 3535): Inside TZ_KEYSTORE_encrypt_filename()

I/TLC_TZ_KEYSTORE: ( 3535): creating new keystore context...

I/TLC_TZ_KEYSTORE: ( 3535): initializing ccm context...

I/TLC_TZ_KEYSTORE: ( 3535): root = 0, root_strlen = 1

I/TLC_TZ_KEYSTORE: ( 3535): process = ffffffff000000000000000000000013, process_strlen = 32

I/TZ: mc_tlc_communication( 3535): input max_sendmsg_size = 1080

I/TZ: mc_tlc_communication( 3535): input max_recvmsg_size = 1080

I/TZ: mc_tlc_communication( 3535): root = 0, root_len = 1

I/TZ: mc_tlc_communication( 3535): process = ffffffff000000000000000000000013, process_strlen = 32

I/TZ: mc_tlc_communication( 3535): aligned max_sendmsg_size = 1088

I/TZ: mc_tlc_communication( 3535): aligned max_recvmsg_size = 1088

I/TZ: mc_tlc_communication( 3535): device_id = 0x0

I/TZ: mc_tlc_communication( 3535): tlc_open() was called

I/TZ: mc_tlc_communication( 3535): Opening MobiCore device

E/McClient( 3535):   *****************************

E/McClient( 3535):   *** ERROR: Device 0 already opened

E/McClient( 3535):   *** Detected in mcOpenDevice/205()

E/McClient( 3535):   *****************************

I/TZ: mc_tlc_communication( 3535): Allocating message buffer for TCI

I/TZ: mc_tlc_communication( 3535): Opening the session

D/PanelView( 4020): There is/are notification(s) 

D/PanelView( 4020): kidsfalse mQsExpansionEnabled:true

D/[zero daemon] (19562): {[C6B53529A4E9A61B6E9DFAC2EC352F35413B8423020D39F21C4F88CE3B9B87CFDCC0B81B0A5ED41F6DFA9549B8ADE1F4BACF4D40B7B8E99052DE9FA88E767D1DEF99F3B50EBB0BE2EA7D97147503802808B0F46342E4D32B53ACCA63815BEAA3ED276C39FA95340FD01BAF963F21FFFB]}

I/[zero daemon] (19562): {[A32E1AC369E42B6168CFC8ECFBFA9951C42133C77ADF9B218D854990F6269E392BB582333EA1FB9A3DD83C292BF89A20]}

D/KnoxNotification( 4020): ----- inflateViews : modified publicViewLocal -----

D/[AccuPhone] ( 5151): {[42C2A4C2D164C874A4AACD4BF20A156B9EFC7B2A9C5861A652B2B0A031EF5129487FDDD816F1DCAE14BD9CB1FB79A900]}

D/Mms/MmsApp( 2894): [start]    onCreate() consume time = 0.0

W/MicroDetectionWorkerImp( 4734): Tag [MicroDetectionWorkerImpl] is too long; truncated to [MicroDetectionWorkerImp]

I/MicroDetectionWorkerImp( 4734): onReady

D/KnoxNotification( 4020): ----- inflateViews : modified KnoxViewLocal -----

D/[zero daemon] (19562): {[C6B53529A4E9A61B6E9DFAC2EC352F35413B8423020D39F21C4F88CE3B9B87CFDCC0B81B0A5ED41F6DFA9549B8ADE1F4BACF4D40B7B8E99052DE9FA88E767D1DEF99F3B50EBB0BE2EA7D97147503802808B0F46342E4D32B53ACCA63815BEAA3E6A19B15B6D34AFADF3249A820F62444]}

I/TZ: mc_tlc_communication( 3535): tlc_open() succeeded

I/TLC_TZ_KEYSTORE: ( 3535): ctx = 0x7f7c277c80, comm = 0x7f54fff840, sendmsg = 0x7f7e40a000, recvmsg = 0x7f7e40a440

I/TLC_TZ_COMMON: get_filename: ( 3535): TZ_COMMON: Get_filename - allow_hashing: 0

I/TLC_TZ_COMMON: get_filename: ( 3535): TZ GetFN : priv_data.in_filename: 1000_KS_SKEY_PersonaPwdResetToken0, len: 34

I/TLC_TZ_COMMON: get_filename: ( 3535): TZ CCM : priv_data.in_fn_len: 34

I/TLC_TZ_COMMON: get_filename: ( 3535): TZ GetFN : Starting

I/[zero daemon] (19562): {[A32E1AC369E42B6168CFC8ECFBFA9951C42133C77ADF9B218D854990F6269E39BD1DFD8FE5406161EB812B412E9E41FA]}

D/Mms/ArtClassLoader( 2894): init before art

D/[AccuPhone] ( 5151): {[426B9B6D3B10DD4C49F66221CB71506BAF781230DF31516BF2FCE01CDCD3541E21C4F8144BD36AEB0B24D96EBDF687BA]}

D/Mms/MmsApp( 2894): onCreate() com.android.mms

D/[AccuPhone] ( 5151): {[2F2BDB369BEC6C57153A8EF09260A9D086E90C1F451628F6A22B3A11C12E6314093ECF43ED7E95A139780E1388C6FFB2]}

D/PanelView( 4020): There is/are notification(s) 

D/PanelView( 4020): kidsfalse mQsExpansionEnabled:true

D/[AccuPhone] ( 5151): {[E0F4745509EB14FFE9D3763E48CFC94CEE11866A2C1C0399F819CC3FF7F1A8051EBF26E790E60362CEB444F395357F9135CA4CD867B752E5F4F357005E6FC0F8EF916704E0B9D729C02004DF664D9F65C328B10F25A0DD7537B2757D6F56563C]}

D/[AccuPhone] ( 5151): {[2056106B0A722F61C6D9B3FC23C0DB6495AB17D33202977EB0565FCE11E9CD03068EC1D7A2D44BE06ED2281CA6E6DEED]}

D/[AccuPhone] ( 5151): {[938C2677B2E399FA5A6DAF5873EE1B1A6B4185CB73B8EBD3E48CCE95813AAC1BE50418B6C3ED2D92F2BF1DAD8CA6741E5A81F20B444B5EA2475E098B036FFD36]}

D/[AccuPhone] ( 5151): {[EFD10FCFA5A229FCFA577690909995E47EC1B7D704301FF0081203BAA73B12B7AFDD6ED2DB6A0DE2418D927C1AC7F71F]}

D/[AccuPhone] ( 5151): {[5CBF6308F26366769FFFB11141111F22529928DD3E2D7784E0B3722E209E20F67376880A19D0B595C61AC53F33F83CC1]}

D/[AccuPhone] ( 5151): {[54BCC25FBC6768E65FEDE168E6274DBB50B13B97BA943CE56FE00468DE407BE0057E0D545DE07E0C9DCA1E3292B94BCBB934B5CADC0642147A99415D152D14BC0ACE5CA5AA3AEA7C2ADED19EE60912AA]}

E/Minikin ( 5151): addFont failed to create font 

D/[AccuPhone] ( 5151): {[807B768DD967F021F08DB3E3873C61D3B0C777E3624214C17C99E76CA57B5CD92FB75D9E13447CBCE81E9A6170B1E1A8]}

D/[AccuPhone] ( 5151): {[B2AAD7AB4419DCBC21FCE8330F1C2CD9B6B2FE2F33FEFF397582CE31E0EB19F258ADCB11105DAC1B6C9F12CFB78C56B4]}

D/[AccuPhone] ( 5151): {[EFD10FCFA5A229FCFA577690909995E47EC1B7D704301FF0081203BAA73B12B7AFDD6ED2DB6A0DE2418D927C1AC7F71F]}

D/[AccuPhone] ( 5151): {[FF4CBAF49F4DCB35C87E88C26B56ED00349E5F512206C0A0C2F65EDAA3B198C8AE796B1EA732FA645DB89FD0185C89FE3587579989D4CB944B337933D2AE31C6D3E992E723EF6D8468F2472831A7B748]}

D/[AccuPhone] ( 5151): {[AAFB47C02BB4CABB11B0D3C04DF6B9C05177AFD27D4F43C4ACA089137F08E6D429D7C3C530361CB7CCCEC654EFC1FECFB3780BBD58AA0E8A6CF0FE3E2A9F725627E35DDA267A984FDEC19720A080F0C2]}

D/[AccuPhone] ( 5151): {[4474D67FCCBDBAB857FF3ED9CD629234D88B7F1CF57B1604F7B56F0E790D7F83476E69EB7EE0FFA5963C8D10757CEC0580A0EBE98BA949F3D18EE1E8142012F2]}

D/[AccuPhone] ( 5151): {[99ACEC17F13BEA71A4ADD4CB428ED710A4DFB6F288C1A983D3AB379AAC170229B0A2E775C34D7E10E73C2C1B3A8349520829A232EDC72D5896A7A04D71816AA2]}

D/[AccuPhone] ( 5151): {[C6F9727B3039549C04B82FD4645BAB220736CF8755AF3958DCB298572C682C9A241A360A2340B6D70D90D78A2A72A35019D356EE795282609A6B68070129B490]}

I/TLC_TZ_COMMON: get_filename: ( 3535): TZ GetFN : enc filename: A1C1B19DFD341FFC225D7A905FFE968A1895EAAD7BF44C47DD5456972C42813054D200E787C22E888984771C6546AABE335CB0341376AA10ED312723983D46C3

I/TZ: mc_tlc_communication( 3535): tlc_close() was called

I/TZ: mc_tlc_communication( 3535): Closing the session

D/[AccuPhone] ( 5151): {[F14129C2992B72617EB6E2477891B3E2FDB972C010741DC1D446B671BDA4F2CE273ADAA1D88CC6E175FB3A615411724D9AE966339DE0E9721087C62098428CE6]}

D/[AccuPhone] ( 5151): {[FD5ABB912591159BE22A6159A77253BDA720B0DE0E607E55CBC44A517BC0649081A9840A4379BBC3681A1A62C6803FE0]}

D/PanelView( 4020): There is/are notification(s) 

D/PanelView( 4020): kidsfalse mQsExpansionEnabled:true

D/[AccuPhone] ( 5151): {[AF0CD4F9B2A1E68A971C564E13A94D98EA9C6921CE12D89B5662B7081A9A766501BC22A3B92D865877605F20441FA8DEBA46D05B3F49ADC06CC84FF6A60A210BD9223E3A6156B89C2F93919845E1C993]}

D/[AccuPhone] ( 5151): {[AB1FD1F2835BA0CA9BF25094646FD4105E4FD3E303FF729972E2E2667142B951]}

D/[AccuPhone] ( 5151): {[CEE3546212D1FEA8E6468425537D87AB053EFC243C9ACD80AFE766FC6D32D816B8CB58139BA362160D7FA141FC6B23B7]}

D/[AccuPhone] ( 5151): {[19479FB03340899FC1B7C3938D29DED0260A065C397CCE05C2AA88854466200A8D5FB1982B3A7F2B6FA64C688EA1313C]}

D/[AccuPhone] ( 5151): {[7FFEBAFA80F5858BF33C4D287E2AC8FB4B72BDCE654AD2203AFB36E44CA001756D8E3747B5DF18501D65107EBEA30F2B7D6BE7E8F5703241276DDBE40705401C]}

D/[AccuPhone] ( 5151): {[21FAB0E56E8355D4BAA610002FE34B78B907945C6A6BE2296AB66A3025448694501EA3A863EB882E28CC79197C6FA34B]}

D/PanelView( 4020): mClearAll.setVisibility - mIsFullyOpened : false isShade : true mHasNotification : true mIsUpwardFling : false mQsFullyExpanded : false isShadeLocked : false mClearAllVisible : false

D/PanelView( 4020): mClearAll.setVisibility - mIsFullyOpened : false isShade : true mHasNotification : true mIsUpwardFling : false mQsFullyExpanded : false isShadeLocked : false mClearAllVisible : false

D/[AccuPhone] ( 5151): {[B2AAD7AB4419DCBC21FCE8330F1C2CD9B6B2FE2F33FEFF397582CE31E0EB19F258ADCB11105DAC1B6C9F12CFB78C56B4]}

D/[AccuPhone] ( 5151): {[A9EEC5D76E409C6DAB2AA0BA9E12FF3A4C9DF9F323393F378490702E213D504CA8FFFCF8B39EFBD3879AB7C949F52AAFA8560483042C08FAB9D856CBE8E520AA]}

D/PanelView( 4020): mClearAll.setVisibility - mIsFullyOpened : false isShade : true mHasNotification : true mIsUpwardFling : false mQsFullyExpanded : false isShadeLocked : false mClearAllVisible : false

D/[AccuPhone] ( 5151): {[672257B02E381E6C23100D7B88AB9D38B0CC6A2687650498A9224CA2719FE11C3B1AB77E185F34ECA39439B4E09B0B976FC2A871DBA32C04F1117C09E9FE7F39]}

D/[AccuPhone] ( 5151): {[EFD10FCFA5A229FCFA577690909995E47EC1B7D704301FF0081203BAA73B12B7AFDD6ED2DB6A0DE2418D927C1AC7F71F]}

D/[AccuPhone] ( 5151): {[5CBF6308F26366769FFFB11141111F22529928DD3E2D7784E0B3722E209E20F67376880A19D0B595C61AC53F33F83CC1]}

D/[AccuPhone] ( 5151): {[54BCC25FBC6768E65FEDE168E6274DBB50B13B97BA943CE56FE00468DE407BE0057E0D545DE07E0C9DCA1E3292B94BCBB934B5CADC0642147A99415D152D14BC0ACE5CA5AA3AEA7C2ADED19EE60912AA]}

E/Minikin ( 5151): addFont failed to create font 

D/[AccuPhone] ( 5151): {[807B768DD967F021F08DB3E3873C61D3B0C777E3624214C17C99E76CA57B5CD92FB75D9E13447CBCE81E9A6170B1E1A8]}

D/[AccuPhone] ( 5151): {[B2AAD7AB4419DCBC21FCE8330F1C2CD9B6B2FE2F33FEFF397582CE31E0EB19F258ADCB11105DAC1B6C9F12CFB78C56B4]}

D/[AccuPhone] ( 5151): {[B2AAD7AB4419DCBC21FCE8330F1C2CD9B6B2FE2F33FEFF397582CE31E0EB19F258ADCB11105DAC1B6C9F12CFB78C56B4]}

D/[AccuPhone] ( 5151): {[EFD10FCFA5A229FCFA577690909995E47EC1B7D704301FF0081203BAA73B12B7AFDD6ED2DB6A0DE2418D927C1AC7F71F]}

D/[AccuPhone] ( 5151): {[EFD10FCFA5A229FCFA577690909995E47EC1B7D704301FF0081203BAA73B12B7AFDD6ED2DB6A0DE2418D927C1AC7F71F]}

D/[AccuPhone] ( 5151): {[EFD10FCFA5A229FCFA577690909995E47EC1B7D704301FF0081203BAA73B12B7AFDD6ED2DB6A0DE2418D927C1AC7F71F]}

I/wpa_supplicant( 3939): nl80211: Received scan results (24 BSSes)

I/wpa_supplicant( 3939): same, connected : 94.67.4B, current : 94.67.4A

I/wpa_supplicant( 3939): enough signal to handover [94.67.4A] level [-23][2437]

I/wpa_supplicant( 3939): same, connected : 94.67.4B, current : 94.67.4B

D/PanelView( 4020): mClearAll.setVisibility - mIsFullyOpened : false isShade : true mHasNotification : true mIsUpwardFling : false mQsFullyExpanded : false isShadeLocked : false mClearAllVisible : false

D/Tethering( 3535): interfaceLinkStateChanged wlan0, true

D/Tethering( 3535): interfaceStatusChanged wlan0, true

D/EPDG -- [NETMGMT]( 3535): Interface wlan0 link up

D/EPDG -- [EPDGService]( 3535): Interface wlan0 link up

D/EPDG -- [EPDGService]( 3535): mobileIntfPrefix is rmnet

D/EPDG -- [EPDGService]( 3535): Not Mobile Interface. Ignoring Interface State Change Event

D/PdnController( 3990): Interface Changed wlan0 link up

I/TZ: mc_tlc_communication( 3535): Freeing message buffer

I/TZ: mc_tlc_communication( 3535): Closing MobiCore device

I/TZ: mc_tlc_communication( 3535): tlc_close() succeeded

E/TLC_TZ_KEYSTORE: ( 3535): Count : 1, Ret : 0

I/        ( 3535): TimaKeyStore: encryptFilename : filename is: A1C1B19DFD341FFC225D7A905FFE968A1895EAAD7BF44C47DD5456972C42813054D200E787C22E888984771C6546AABE335CB0341376AA10ED312723983D46C3

I/        ( 3535): TimaKeyStore: /data/misc/fips_tima_keystore/user_0/A1C1B19DFD341FFC225D7A905FFE968A1895EAAD7BF44C47DD5456972C42813054D200E787C22E888984771C6546AABE335CB0341376AA10ED312723983D46C3 exists

I/        ( 3535): TimaKeyStore: tima_KeyStore3_exist_JNI

I/        ( 3535): TimaKeyStore: callingUid is 1000

E/TLC_TZ_KEYSTORE: ( 3535): Inside TZ_KEYSTORE_encrypt_filename()

I/TLC_TZ_KEYSTORE: ( 3535): creating new keystore context...

I/TLC_TZ_KEYSTORE: ( 3535): initializing ccm context...

I/TLC_TZ_KEYSTORE: ( 3535): root = 0, root_strlen = 1

I/TLC_TZ_KEYSTORE: ( 3535): process = ffffffff000000000000000000000013, process_strlen = 32

I/TZ: mc_tlc_communication( 3535): input max_sendmsg_size = 1080

I/TZ: mc_tlc_communication( 3535): input max_recvmsg_size = 1080

I/TZ: mc_tlc_communication( 3535): root = 0, root_len = 1

I/TZ: mc_tlc_communication( 3535): process = ffffffff000000000000000000000013, process_strlen = 32

I/TZ: mc_tlc_communication( 3535): aligned max_sendmsg_size = 1088

I/TZ: mc_tlc_communication( 3535): aligned max_recvmsg_size = 1088

I/TZ: mc_tlc_communication( 3535): device_id = 0x0

I/TZ: mc_tlc_communication( 3535): tlc_open() was called

I/TZ: mc_tlc_communication( 3535): Opening MobiCore device

E/McClient( 3535):   *****************************

E/McClient( 3535):   *** ERROR: Device 0 already opened

E/McClient( 3535):   *** Detected in mcOpenDevice/205()

E/McClient( 3535):   *****************************

I/TZ: mc_tlc_communication( 3535): Allocating message buffer for TCI

I/TZ: mc_tlc_communication( 3535): Opening the session

D/EnterpriseDeviceManagerService( 3535): isManagedProfileUser(): userId = 0

D/[AccuPhone] ( 5151): {[0ED9661ABD437918DB34745D7098FD24949C80EDCCAD24E208044BDCE49D9970BB8385B3D3842B123951CD36E38A9B57]}

D/[AccuPhone] ( 5151): {[B2AAD7AB4419DCBC21FCE8330F1C2CD9B6B2FE2F33FEFF397582CE31E0EB19F258ADCB11105DAC1B6C9F12CFB78C56B4]}

D/[AccuPhone] ( 5151): {[EFD10FCFA5A229FCFA577690909995E47EC1B7D704301FF0081203BAA73B12B7AFDD6ED2DB6A0DE2418D927C1AC7F71F]}

D/[AccuPhone] ( 5151): {[5062D17BB8B8508A13FDDE98D0A56F4EE09F3F791EB5F1EE5605BA8D40FD7943882D1639B316F154B3A95342CFEA9CFA]}

D/[AccuPhone] ( 5151): {[BA14115CFCFF5EF7243A067A90732D8A2843C5579D0BF9220E0870075682BC2B43642B41C85DDA5221EAC151A478F3DE4E96F63D9265E209F8C4AD191EB1B619]}

I/GFX raster( 5151): took 0.942666ms for 172*172 texture 0

W/GFX DEBUGLOG GPUCompressionToBitmapDecoder( 5151): Bitmap=0x7f8b118e40 bitmapCt=12 bitmapW=172 bitmapH=172 BitmapInternalFormat=93b0, Counterpart=0x7f8b118e00 counterpartCT=4 counterpartW=172 counterparth=172

E/        ( 5151): GFX convertToRaster() in Canvas.cpp HWACC for bitmap size 172x172

I/GFX raster( 5151): took 0.256459ms for 64*64 texture 0

W/GFX DEBUGLOG GPUCompressionToBitmapDecoder( 5151): Bitmap=0x7f8b0adc80 bitmapCt=12 bitmapW=64 bitmapH=64 BitmapInternalFormat=93b0, Counterpart=0x7f8b118e00 counterpartCT=4 counterpartW=64 counterparth=64

E/        ( 5151): GFX convertToRaster() in Canvas.cpp HWACC for bitmap size 64x64

I/HINT_rq (31549): updateSimplepayVisible : hideTitle : false

I/HINT_rp (31549): ensureHomePackagesLoaded - mHomePackageNameMap : [com.sec.android.app.easylauncher, com.sec.android.app.launcher]

I/HINT_rp (31549): isHomePackageRunning topPkgName = com.sec.android.app.launcher, return true

D/HINT_SpayQuickPayService(31549): quickpay service unholding - is SimplePay : true

D/HINT_SpayQuickPayService(31549): quickpay service unholding - is SimplePay : false

I/HINT_rq (31549): show Simple pay on Home

D/HINT_SpayQuickPayService(31549): on Show SimplePay() card size : 3

D/ActivityMgr(31549): isFMM_LOCK supported? true

D/ActivityMgr(31549): isFMM_WIPEOUT supported? true

I/TZ: mc_tlc_communication( 3535): tlc_open() succeeded

I/TLC_TZ_KEYSTORE: ( 3535): ctx = 0x7f7c277c80, comm = 0x7f54fff840, sendmsg = 0x7f7e40a000, recvmsg = 0x7f7e40a440

I/TLC_TZ_COMMON: get_filename: ( 3535): TZ_COMMON: Get_filename - allow_hashing: 0

I/TLC_TZ_COMMON: get_filename: ( 3535): TZ GetFN : priv_data.in_filename: 1000_KS_SKEY_PersonaPwdResetToken0, len: 34

I/TLC_TZ_COMMON: get_filename: ( 3535): TZ CCM : priv_data.in_fn_len: 34

I/TLC_TZ_COMMON: get_filename: ( 3535): TZ GetFN : Starting

D/HINT_SpayQuickPayService(31549): isRunningMainApp() , HODLING_SIMPLE: false, HOLDING_MAIN: false

D/HINT_SpayQuickPayService(31549): on Show SimplePay() call show simple pay

D/HINT_SpayQuickPayService(31549): show SimplePay() :

D/HINT_SpayQuickPayService(31549): show SimplePay() :  cancle prevent timer 

I/HINT_SpayQuickPayService(31549): show simplepay() SettingNotFound : kids_home_mode

I/HINT_SpayQuickPayService(31549): changeLayoutParams : 3

I/GFX raster( 5151): took 0.944042ms for 172*172 texture 0

W/GFX DEBUGLOG GPUCompressionToBitmapDecoder( 5151): Bitmap=0x7f8b118e40 bitmapCt=12 bitmapW=172 bitmapH=172 BitmapInternalFormat=93b0, Counterpart=0x7f8b118e00 counterpartCT=4 counterpartW=172 counterparth=172

E/        ( 5151): GFX convertToRaster() in Canvas.cpp HWACC for bitmap size 172x172

I/Sally Service(31549): setAttributes()

I/GFX raster( 5151): took 0.255709ms for 64*64 texture 0

W/GFX DEBUGLOG GPUCompressionToBitmapDecoder( 5151): Bitmap=0x7f8b0adc80 bitmapCt=12 bitmapW=64 bitmapH=64 BitmapInternalFormat=93b0, Counterpart=0x7f8b118e00 counterpartCT=4 counterpartW=64 counterparth=64

E/        ( 5151): GFX convertToRaster() in Canvas.cpp HWACC for bitmap size 64x64

D/Mms/MessagingPreferenceActivity( 2894): setDefaultPreference() China floating Message is enabled : false

I/GFX raster( 5151): took 0.953917ms for 172*172 texture 0

W/GFX DEBUGLOG GPUCompressionToBitmapDecoder( 5151): Bitmap=0x7f8b118e40 bitmapCt=12 bitmapW=172 bitmapH=172 BitmapInternalFormat=93b0, Counterpart=0x7f8b118e00 counterpartCT=4 counterpartW=172 counterparth=172

E/        ( 5151): GFX convertToRaster() in Canvas.cpp HWACC for bitmap size 172x172

I/GFX raster( 5151): took 0.263666ms for 64*64 texture 0

W/GFX DEBUGLOG GPUCompressionToBitmapDecoder( 5151): Bitmap=0x7f8b0adc80 bitmapCt=12 bitmapW=64 bitmapH=64 BitmapInternalFormat=93b0, Counterpart=0x7f8b118e00 counterpartCT=4 counterpartW=64 counterparth=64

E/        ( 5151): GFX convertToRaster() in Canvas.cpp HWACC for bitmap size 64x64

I/TLC_TZ_COMMON: get_filename: ( 3535): TZ GetFN : enc filename: A1C1B19DFD341FFC225D7A905FFE968A1895EAAD7BF44C47DD5456972C42813054D200E787C22E888984771C6546AABE335CB0341376AA10ED312723983D46C3

I/TZ: mc_tlc_communication( 3535): tlc_close() was called

I/TZ: mc_tlc_communication( 3535): Closing the session

D/PanelView( 4020): mClearAll.setVisibility - mIsFullyOpened : false isShade : true mHasNotification : true mIsUpwardFling : false mQsFullyExpanded : false isShadeLocked : false mClearAllVisible : false

D/PanelView( 4020): mClearAll.setVisibility - mIsFullyOpened : false isShade : true mHasNotification : true mIsUpwardFling : false mQsFullyExpanded : false isShadeLocked : false mClearAllVisible : false

I/HINT_SpayQuickPayService(31549): handle view layout3

I/Sally Service(31549): findViewById()

I/TZ: mc_tlc_communication( 3535): Freeing message buffer

I/TZ: mc_tlc_communication( 3535): Closing MobiCore device

I/TZ: mc_tlc_communication( 3535): tlc_close() succeeded

E/TLC_TZ_KEYSTORE: ( 3535): Count : 1, Ret : 0

I/        ( 3535): TimaKeyStore: encryptFilename : filename is: A1C1B19DFD341FFC225D7A905FFE968A1895EAAD7BF44C47DD5456972C42813054D200E787C22E888984771C6546AABE335CB0341376AA10ED312723983D46C3

I/        ( 3535): TimaKeyStore: /data/misc/fips_tima_keystore/user_0/A1C1B19DFD341FFC225D7A905FFE968A1895EAAD7BF44C47DD5456972C42813054D200E787C22E888984771C6546AABE335CB0341376AA10ED312723983D46C3 exists

I/        ( 3535): TimaKeyStore: tima_KeyStore3_exist_JNI

I/        ( 3535): TimaKeyStore: callingUid is 1000

E/TLC_TZ_KEYSTORE: ( 3535): Inside TZ_KEYSTORE_encrypt_filename()

I/TLC_TZ_KEYSTORE: ( 3535): creating new keystore context...

I/TLC_TZ_KEYSTORE: ( 3535): initializing ccm context...

I/TLC_TZ_KEYSTORE: ( 3535): root = 0, root_strlen = 1

I/TLC_TZ_KEYSTORE: ( 3535): process = ffffffff000000000000000000000013, process_strlen = 32

I/TZ: mc_tlc_communication( 3535): input max_sendmsg_size = 1080

I/TZ: mc_tlc_communication( 3535): input max_recvmsg_size = 1080

I/TZ: mc_tlc_communication( 3535): root = 0, root_len = 1

I/TZ: mc_tlc_communication( 3535): process = ffffffff000000000000000000000013, process_strlen = 32

I/TZ: mc_tlc_communication( 3535): aligned max_sendmsg_size = 1088

I/TZ: mc_tlc_communication( 3535): aligned max_recvmsg_size = 1088

I/TZ: mc_tlc_communication( 3535): device_id = 0x0

I/TZ: mc_tlc_communication( 3535): tlc_open() was called

I/TZ: mc_tlc_communication( 3535): Opening MobiCore device

E/McClient( 3535):   *****************************

E/McClient( 3535):   *** ERROR: Device 0 already opened

E/McClient( 3535):   *** Detected in mcOpenDevice/205()

E/McClient( 3535):   *****************************

I/TZ: mc_tlc_communication( 3535): Allocating message buffer for TCI

I/TZ: mc_tlc_communication( 3535): Opening the session

I/SurfaceFlinger( 2986): id=4046 createSurf (1440x64),1 flag=4, TpayQuickPa

D/SRIB_DCS(31549): log_dcs ThreadedRenderer::initialize entered! 

D/mali_winsys(31549): new_window_surface returns 0x3000,  [1440x64]-format:1

I/TZ: mc_tlc_communication( 3535): tlc_open() succeeded

I/TLC_TZ_KEYSTORE: ( 3535): ctx = 0x7f7c277c80, comm = 0x7f54fff840, sendmsg = 0x7f7e40a000, recvmsg = 0x7f7e40a440

I/TLC_TZ_COMMON: get_filename: ( 3535): TZ_COMMON: Get_filename - allow_hashing: 0

I/TLC_TZ_COMMON: get_filename: ( 3535): TZ GetFN : priv_data.in_filename: 1000_KS_SKEY_PersonaPwdResetToken0, len: 34

I/TLC_TZ_COMMON: get_filename: ( 3535): TZ CCM : priv_data.in_fn_len: 34

I/TLC_TZ_COMMON: get_filename: ( 3535): TZ GetFN : Starting

I/TLC_TZ_COMMON: get_filename: ( 3535): TZ GetFN : enc filename: A1C1B19DFD341FFC225D7A905FFE968A1895EAAD7BF44C47DD5456972C42813054D200E787C22E888984771C6546AABE335CB0341376AA10ED312723983D46C3

I/TZ: mc_tlc_communication( 3535): tlc_close() was called

I/TZ: mc_tlc_communication( 3535): Closing the session

I/TZ: mc_tlc_communication( 3535): Freeing message buffer

I/TZ: mc_tlc_communication( 3535): Closing MobiCore device

I/TZ: mc_tlc_communication( 3535): tlc_close() succeeded

E/TLC_TZ_KEYSTORE: ( 3535): Count : 1, Ret : 0

I/        ( 3535): TimaKeyStore: encryptFilename : filename is: A1C1B19DFD341FFC225D7A905FFE968A1895EAAD7BF44C47DD5456972C42813054D200E787C22E888984771C6546AABE335CB0341376AA10ED312723983D46C3

I/        ( 3535): TimaKeyStore: /data/misc/fips_tima_keystore/user_0/A1C1B19DFD341FFC225D7A905FFE968A1895EAAD7BF44C47DD5456972C42813054D200E787C22E888984771C6546AABE335CB0341376AA10ED312723983D46C3 exists

I/        ( 3535): TimaKeyStore: tima_KeyStore3_get_JNI

I/        ( 3535): TimaKeyStore: callingUid is 1000

E/TLC_TZ_KEYSTORE: ( 3535): Inside TZ_KEYSTORE_encrypt_filename()

I/TLC_TZ_KEYSTORE: ( 3535): creating new keystore context...

I/TLC_TZ_KEYSTORE: ( 3535): initializing ccm context...

I/TLC_TZ_KEYSTORE: ( 3535): root = 0, root_strlen = 1

I/TLC_TZ_KEYSTORE: ( 3535): process = ffffffff000000000000000000000013, process_strlen = 32

I/TZ: mc_tlc_communication( 3535): input max_sendmsg_size = 1080

I/TZ: mc_tlc_communication( 3535): input max_recvmsg_size = 1080

I/TZ: mc_tlc_communication( 3535): root = 0, root_len = 1

I/TZ: mc_tlc_communication( 3535): process = ffffffff000000000000000000000013, process_strlen = 32

I/TZ: mc_tlc_communication( 3535): aligned max_sendmsg_size = 1088

I/TZ: mc_tlc_communication( 3535): aligned max_recvmsg_size = 1088

I/TZ: mc_tlc_communication( 3535): device_id = 0x0

I/TZ: mc_tlc_communication( 3535): tlc_open() was called

I/TZ: mc_tlc_communication( 3535): Opening MobiCore device

E/McClient( 3535):   *****************************

E/McClient( 3535):   *** ERROR: Device 0 already opened

E/McClient( 3535):   *** Detected in mcOpenDevice/205()

E/McClient( 3535):   *****************************

I/TZ: mc_tlc_communication( 3535): Allocating message buffer for TCI

I/TZ: mc_tlc_communication( 3535): Opening the session

D/bauth_FPBAuthService( 3032): FPBAuthService, 5372

D/bauth_FPBAuthService( 3032): FPBAuthService, 5495

I/TLC_BAUTH( 3032): Call FP cmd 0xc;1572

I/tlc_communication( 3032): Send Trustlet TCI Message;211

I/tlc_communication( 3032): mcNotify is completed;221

I/TZ: mc_tlc_communication( 3535): tlc_open() succeeded

I/TLC_TZ_KEYSTORE: ( 3535): ctx = 0x7f7c277c80, comm = 0x7f54fff840, sendmsg = 0x7f7e40a000, recvmsg = 0x7f7e40a440

I/TLC_TZ_COMMON: get_filename: ( 3535): TZ_COMMON: Get_filename - allow_hashing: 0

I/TLC_TZ_COMMON: get_filename: ( 3535): TZ GetFN : priv_data.in_filename: 1000_KS_SKEY_PersonaPwdResetToken0, len: 34

I/TLC_TZ_COMMON: get_filename: ( 3535): TZ CCM : priv_data.in_fn_len: 34

I/TLC_TZ_COMMON: get_filename: ( 3535): TZ GetFN : Starting

I/TLC_TZ_COMMON: get_filename: ( 3535): TZ GetFN : enc filename: A1C1B19DFD341FFC225D7A905FFE968A1895EAAD7BF44C47DD5456972C42813054D200E787C22E888984771C6546AABE335CB0341376AA10ED312723983D46C3

I/TZ: mc_tlc_communication( 3535): tlc_close() was called

I/TZ: mc_tlc_communication( 3535): Closing the session

I/TZ: mc_tlc_communication( 3535): Freeing message buffer

I/TZ: mc_tlc_communication( 3535): Closing MobiCore device

I/TZ: mc_tlc_communication( 3535): tlc_close() succeeded

E/TLC_TZ_KEYSTORE: ( 3535): Count : 1, Ret : 0

I/        ( 3535): TimaKeyStore: encryptFilename : filename is: A1C1B19DFD341FFC225D7A905FFE968A1895EAAD7BF44C47DD5456972C42813054D200E787C22E888984771C6546AABE335CB0341376AA10ED312723983D46C3

I/TLC_TZ_KEYSTORE: ( 3535): TZ_KEYSTORE_fips_unwrap_key

I/TLC_TZ_KEYSTORE: ( 3535): creating new keystore context...

I/TLC_TZ_KEYSTORE: ( 3535): initializing ccm context...

I/TLC_TZ_KEYSTORE: ( 3535): root = 0, root_strlen = 1

I/TLC_TZ_KEYSTORE: ( 3535): process = ffffffff000000000000000000000013, process_strlen = 32

I/TZ: mc_tlc_communication( 3535): input max_sendmsg_size = 1080

I/TZ: mc_tlc_communication( 3535): input max_recvmsg_size = 1080

I/TZ: mc_tlc_communication( 3535): root = 0, root_len = 1

I/TZ: mc_tlc_communication( 3535): process = ffffffff000000000000000000000013, process_strlen = 32

I/TZ: mc_tlc_communication( 3535): aligned max_sendmsg_size = 1088

I/TZ: mc_tlc_communication( 3535): aligned max_recvmsg_size = 1088

I/TZ: mc_tlc_communication( 3535): device_id = 0x0

I/TZ: mc_tlc_communication( 3535): tlc_open() was called

I/TZ: mc_tlc_communication( 3535): Opening MobiCore device

E/McClient( 3535):   *****************************

E/McClient( 3535):   *** ERROR: Device 0 already opened

E/McClient( 3535):   *** Detected in mcOpenDevice/205()

E/McClient( 3535):   *****************************

I/TZ: mc_tlc_communication( 3535): Allocating message buffer for TCI

I/TZ: mc_tlc_communication( 3535): Opening the session

D/Mms/MmsApp( 2894): [start]    initCountryIso consume time = 250.431708

D/Mms/MmsApp( 2894): [end]    initCountryIso consume time = 9.876083

D/Mms/MmsConfig( 2894): [start]    MmsConfig.init() consume time = 0.078334

D/EasySignUpManager_1.0.2( 2894): isAuth is true

I/TZ: mc_tlc_communication( 3535): tlc_open() succeeded

I/TLC_TZ_KEYSTORE: ( 3535): ctx = 0x7f7c277c80, comm = 0x7f54fff840, sendmsg = 0x7f7e40a000, recvmsg = 0x7f7e40a440

I/TLC_TZ_KEYSTORE: unwrap_key: ( 3535): TZ_KEYSTORE_fips_unwrap_key_TLC...

I/TLC_TZ_KEYSTORE: unwrap_key: ( 3535): TZ_KEYSTORE_unwrap_key_START...

D/Mms/MmsConfig( 2894): getEasySignUpStatus sIsAuthEasySignUp=true, TelephonyUtils.getSimState(0)= 5

D/EasySignUpManager_1.0.2( 2894): userSerialNumber = 0

D/EasySignUpManager_1.0.2( 2894): serviceId : 2, features : 1

D/EasySignUpManager_1.0.2( 2894): isAuth is true

D/EasySignUpManager_1.0.2( 2894): getServiceStatus - sids : [0,2,5]

D/EasySignUpManager_1.0.2( 2894): getServiceStatus : serviceId (2) is ON

D/Mms/MmsConfig( 2894): setEasyShareEnabled, getSupportedFeatures = 1 isServiceStatus=true

D/TP/MmsSmsProvider( 4516): query,matched:2117, calling pid = 2894

D/TP/MmsSmsProvider( 4516): match 2117:Elapsed time : 1.604 ms

D/Mms/MmsConfig( 2894): Load Resize quality : 80

E/CscParser( 2894): mps_code.dat does not exist

E/CscParser( 2894): customer_path =/system/csc/customer.xml

E/CscParser( 2894): fileName + /system/csc/customer.xml

E/CscParser( 2894): mps_code.dat does not exist

E/CscParser( 2894): customer_path =/system/csc/customer.xml

E/CscParser( 2894): fileName + /system/csc/customer.xml

D/PanelView( 4020): mClearAll.setVisibility - mIsFullyOpened : false isShade : true mHasNotification : true mIsUpwardFling : false mQsFullyExpanded : false isShadeLocked : false mClearAllVisible : false

I/TLC_TZ_KEYSTORE: unwrap_key: ( 3535): TZ_KEYSTORE_unwrap_key_END...

I/TZ: mc_tlc_communication( 3535): tlc_close() was called

I/TZ: mc_tlc_communication( 3535): Closing the session

D/CscParser( 2894): getInstance fileName =/system/csc/customer.xml

D/Mms/MmsConfig( 2894):  enable multiwindow = true

D/Mms/MmsConfig( 2894): [end]    init() consume time = 72.577583

I/TZ: mc_tlc_communication( 3535): Freeing message buffer

I/TZ: mc_tlc_communication( 3535): Closing MobiCore device

I/TZ: mc_tlc_communication( 3535): tlc_close() succeeded

E/TLC_TZ_KEYSTORE: ( 3535): Count : 1, Ret : 0

I/        ( 3535): TimaKeyStore: returning bytearray

D/TimaHelper( 3535): Found key : PersonaPwdResetToken0 from TIMA keystore

I/KeyManagementUtil( 3535): retrieveCMK

D/KeyManagementUtil( 3535):  inside verifyKEKMdm true

D/Mms/Contact( 2894): [start]    init() consume time = 8.631875

D/KeyManagementUtil( 3535): SND -> {keymanagement_cmd verify_kek_mdm}

D/SDP_JNI_SKMM2( 3028):  [sdp] CALL - VerifyKEKMdm..... 

D/SDP_JNI_SKMM2( 3028): verifyKEKPwd ..... 1

I/tlc_communication( 3032): mcWaitNotification is completed;245

I/TLC_BAUTH( 3032): Check the Trustlet return code is completed;1665

D/bauth_FPBAuthService( 3032): check_opcode status = 5, opcode = 0, func_ret_val = 0, function_status = 0, timeout = 0

D/bauth_FPBAuthService( 3032): FPBAuthService, 5552

I/TLC_BAUTH( 3032): Call FUNC ID 0x4;661

I/TLC_BAUTH( 3032): Free ION Memory;690

I/TLC_BAUTH( 3032): Call FUNC ID 0x20;224

I/TLC_BAUTH( 3032): FUNC ID 0x20 is completed;250

D/TP/MmsSmsProvider( 4516): query,matched:13, calling pid = 2894

D/TP/MmsSmsProvider( 4516): match 13:Elapsed time : 1.679 ms

I/tlc_communication( 3032): tlc_close() called;151

I/tlc_communication( 3032): Closing the session;155

D/Mms/Contact( 2894): [end]    init consume time = 18.2505

D/Mms:transaction( 2894): roaming -> false (slotId = 0)

D/Mms:transaction( 2894): [NotificationTransaction] getAutoDownloadState simSlot : 0

D/Mms:transaction( 2894): auto download without roaming -> true

D/Mms:transaction( 2894): [NotificationTransaction] getAutoDownloadState alwaysAuto : true, roaming : false

D/Mms:transaction( 2894): roaming -> false (slotId = 1)

D/Mms:transaction( 2894): [NotificationTransaction] getAutoDownloadState simSlot : 1

D/Mms:transaction( 2894): auto download without roaming slot2 -> true

D/Mms:transaction( 2894): [NotificationTransaction] getAutoDownloadState alwaysAutoSlot2 : true, roaming : false

D/Mms:transaction( 2894): auto download during roaming secondary -> true

D/Mms:transaction( 2894): mAutoDownload ------> true

D/Mms/PackageInfo( 2894): isEnabledComponent compomentName=com.android.mms.ui.TransferContent

D/Mms/DraftCache( 2894): [start]    rebuildCache consume time = 31.873292

I/tlc_communication( 3032): Free WSM;171

I/tlc_communication( 3032): tlc_close() successed;198

I/TLC_BAUTH( 3032): FUNC ID 0x4 is completed;791

D/bauth_FPBAuthSensorControl( 3032): FPBAuthSensorControl, 218

D/bauth_FPBAuthService( 3032): FPBAuthService, 540

D/bauth_FPBAuthService( 3032): FPBAuthService, 5594

D/bauth_FPBAuthService( 3032): FPBAuthService, 5693

D/bauth_FPBAuthService( 3032): FPBAuthService, 5395

D/SKMM_v2.0_Mobicore_Helper( 3028): Try Trustlet Open Session

D/TP/MmsSmsProvider( 4516): query,matched:12, calling pid = 2894

D/TP/MmsSmsProvider( 4516): match 12:Elapsed time : 3.005 ms

D/CII     ( 2894): IMSServiceConnectionManager: startIMSService : [NAME] com.sec.imsservice.service.VolteService, [INTERFACE] com.samsung.commonimsinterface.imscommon.internal.IVolteService, [BIND] true, [LISTENER] com.samsung.commonimsinterface.imsinterface.IMSInterfaceForBaseService$1@e0fda6b

D/CII     ( 2894): IMSServiceConnectionManager: bindService to com.sec.imsservice.service.VolteService

D/CII     ( 2894): IMSServiceConnectionManager: bindService : com.samsung.commonimsinterface.imscommon.internal.IMSServiceConnectionManager$IMSServiceConnection@2b0ec9c8

D/Mms/DraftCache( 2894): [end]    rebuildCache consume time = 6.972583

D/CII     ( 2894): IMSInterfaceForBaseService: getIMSService [WAIT_FOR_READY] : Service Ready!

D/CII     ( 2894): IMSInterfaceForBaseService: startService : WaitForReady [true] IMSService [com.samsung.commonimsinterface.imscommon.internal.IVolteService$Stub$Proxy@2f770a61] 

D/CII     ( 2894): IMSInterfaceForBaseService: notifyServiceState : Reason [ADDED_LISTENER] 

D/CII     ( 2894): IMSInterfaceForGeneralService: onConnected

D/SDP_JNI_SKMM2( 3028): verifyKEKPwd skipping ode_km_verify 

D/SDP_JNI_SKMM2( 3028):  

E/SDP_JNI_SKMM2( 3028): verifyKEKPwd(containerId:0, pwd_type :: 2 verified!

D/Mms/Conversation( 2894): [start]    init() consume time = 12.780959

D/TP/MmsSmsProvider( 4516): deleteConversation threadId: 9223372036854775807

D/TP/MmsSmsProvider( 4516): markImThreadtoDelete threadId: 9223372036854775807

D/TP/MmsSmsProvider( 4516): delete URI_CONVERSATIONS_MESSAGES affectedRows=0 isIntegrated=true

V/TP/MmsSmsDatabaseHelper( 4516): updateThread(), thread_id = 9223372036854775807

D/CII     ( 2894): IMSInterfaceForGeneralService: notifyServiceState [true]

D/CII     ( 2894): CommonIMSInterface: Interface for TOKEN_SERVICE_GENERAL has been Created!

V/TP/MmsSmsDatabaseHelper( 4516): sUpgradeVersion = 0, db.getVersion() = 83

E/SQLiteLog( 4516): (284) automatic index on im_threads(normal_thread_id)

E/SQLiteLog( 4516): (284) automatic index on im_threads(normal_thread_id)

E/SQLiteLog( 4516): (284) automatic index on im_threads(normal_thread_id)

E/SQLiteLog( 4516): (284) automatic index on im_threads(normal_thread_id)

E/SQLiteLog( 4516): (284) automatic index on im_threads(normal_thread_id)

E/SQLiteLog( 4516): (284) automatic index on im_threads(normal_thread_id)

I/Mms/ReservationManager( 2894): ReservationManager()

I/Mms/ReservationManager( 2894): resetAfterConnected()

V/TP/MmsSmsDatabaseHelper( 4516): updateThread() end, affectedRows = 0

D/TP/MmsSmsProvider( 4516): delete URI_CONVERSATIONS_MESSAGES affectedRows=0

D/TP/MmsSmsProvider( 4516): delete threadId: 9223372036854775807

D/TP/MmsSmsProvider( 4516): need read changed broadcast:false

D/Mms/Conversation( 2894): [end]    init consume time = 16.570375

D/Mms/MessagingNotificationLight( 2894): [start]    init() consume time = 1.351875

D/TP/MmsSmsProvider( 4516): query,matched:2106, calling pid = 2894

D/Mms/MessagingNotificationLight( 2894): [end]    init consume time = 2.735

D/TP/MmsSmsProvider( 4516): match 2106:Elapsed time : 2.778 ms

D/Mms/TelephonyPermission( 2894): start operation mode monitor

D/Mms/TelephonyPermission( 2894): User ID is null set current User Id

I/Mms/ReservationManager( 2894): getReservedSendMessageCount(): retMessageCount=0

D/Mms/SpamFilter( 2894): [start]    SpamFilter fill() begin consume time = 9.240791

D/Mms/MmsApp( 2894): [end]    onCreate() consume time = 1.120917

D/InjectionManager( 2894): InjectionManager

D/InjectionManager( 2894): fillFeatureStoreMap com.android.mms

I/InjectionManager( 2894): Constructor com.android.mms, Feature store :{}

I/InjectionManager( 2894): featureStore :{}

D/Mms/UIEventReceiver( 2894): ui event

D/Mms:transaction( 2894): Service state changed: Bundle[mParcelledData.dataSize=1320]

D/TP/MmsSmsProvider( 4516): query,matched:400, calling pid = 2894

D/Mms/MethodReflector( 2894): newFromBundle is called

D/Mms:transaction( 2894): roaming ------> false, mSimSlot = 0

D/Mms:transaction( 2894): roaming -> false (slotId = 0)

D/Mms:transaction( 2894): [NotificationTransaction] getAutoDownloadState simSlot : 0

D/Mms:transaction( 2894): auto download without roaming -> true

D/Mms:transaction( 2894): [NotificationTransaction] getAutoDownloadState alwaysAuto : true, roaming : false

D/Mms:transaction( 2894): mAutoDownload ------> true

D/CII     ( 2894): IMSServiceConnectionManager: onServiceConnected :com.samsung.commonimsinterface.imscommon.internal.IMSServiceConnectionManager$IMSServiceConnection@2b0ec9c8

D/CII     ( 2894): IMSServiceConnectionManager: Get Remote Service-Interface to android.os.BinderProxy@3b4fb247 : com.samsung.commonimsinterface.imscommon.internal.IVolteService$Stub

D/CII     ( 2894): IMSServiceConnectionManager: Attached to Service-Interface : com.samsung.commonimsinterface.imscommon.internal.IVolteService$Stub$Proxy@332aba74

D/CII     ( 2894): IMSInterfaceForBaseService: Connected to IMS Service

D/CII     ( 2894): IMSInterfaceForBaseService: getIMSService [WAIT_FOR_CONNECTED] : Service Connected!

D/CII     ( 2894): IMSInterfaceForBaseService: Received IMS Service Ready State [1021]

D/CII     ( 2894): IMSInterfaceForBaseService: notifyServiceState : Reason [SYSTEM_READY] 

D/CII     ( 2894): IMSInterfaceForGeneralService: onConnected

D/CII     ( 2894): IMSInterfaceForGeneralService: notifyServiceState [true]

E/Zygote  ( 2931): MountEmulatedStorage()

E/Zygote  ( 2931): v2

I/SELinux ( 2931): Function: selinux_compare_spd_ram, SPD-policy is existed. and_ver=SEPF_SM-G925T_5.1.1 ver=38

I/SELinux ( 2931): Function: selinux_compare_spd_ram , priority [1] , priority version is VE=SEPF_SM-G925T_5.1.1_0038

E/Zygote  ( 2931): accessInfo : 0

E/SELinux ( 2931): [DEBUG] get_category: variable seinfo: shared sensitivity: NULL, cateogry: NULL

D/Mms/SpamFilter( 2894): [end]    SpamFilter fill() finished consume time = 21.03625

D/TimaKeyStoreProvider( 2931): TimaSignature is unavailable

D/Mms/TelephonyPermission( 2894): default sms is not samsung's, return false

D/Mms/TelephonyPermission( 2894): isDefault false

D/Mms/TelephonyPermission( 2894): Already have a write permission

D/ActivityThread( 2931): Added TimaKeyStore provider

D/Mms/ArtClassLoader( 2894): init [DONE] art

D/SKMM_v2.0_Mobicore_Helper( 3028): Send Trustlet TCI Message

I/InjectionManager( 2931): Inside getClassLibPath + mLibMap{0=, 1=}

I/InjectionManager( 2931): Inside getClassLibPath caller 

D/InjectionManager( 2931): InjectionManager

D/InjectionManager( 2931): fillFeatureStoreMap com.sec.android.widgetapp.digitalclock

I/InjectionManager( 2931): Constructor com.sec.android.widgetapp.digitalclock, Feature store :{}

I/InjectionManager( 2931): featureStore :{}

D/SDP_JNI_SKMM2( 3028): verifyKEKPwd ..... End

D/KeyManagementUtil( 3535): RCV <-

D/KeyManagementUtil( 3535): RMV <-

D/KeyManagementUtil( 3535): event called.

E/Zygote  ( 2946): MountEmulatedStorage()

E/Zygote  ( 2946): v2

I/SELinux ( 2946): Function: selinux_compare_spd_ram, SPD-policy is existed. and_ver=SEPF_SM-G925T_5.1.1 ver=38

I/SELinux ( 2946): Function: selinux_compare_spd_ram , priority [1] , priority version is VE=SEPF_SM-G925T_5.1.1_0038

E/Zygote  ( 2946): accessInfo : 0

E/SELinux ( 2946): [DEBUG] get_category: variable seinfo: shared sensitivity: NULL, cateogry: NULL

D/SdpManagerService( 3535): setCachedPassword :: 0

E/SDP.CRYPTO( 3535): 

E/SDP.CRYPTO( 3535): int sdp_drv_on_unlocked(int, const char*, int)(0)

I/SDP.CRYPTO( 3535): loadKey: /data/system/users/0/SDPK_Rpri

E/SDP.CRYPTO( 3535): Rpri loaded

I/SDP.CRYPTO( 3535): loadKey: /data/system/users/0/SDPK_Dpri

E/SDP.CRYPTO( 3535): Dpri loaded

I/SDP.CRYPTO( 3535): loadKey: /data/system/users/0/SDPK_EDpri

E/SDP.CRYPTO( 3535): No hash for ECDH verification.. need to migrate?? 

E/SDP.CRYPTO( 3535): EDpri loaded

I/SDP.CRYPTO( 3535): loadKey: /data/system/users/0/SDPK_sym

E/SDP.CRYPTO( 3535): sym loaded

E/SDP.CRYPTO( 3535):     On User Unlock OK, id 0

E/SdpManagerService( 3535): sendBroadcastAsUser(INTENT_SDP_STATE_CHANGED, state:2)

D/KeyguardViewMediator( 4020): SDP_USER_0 calling SDP UNLOCK successful. 

D/TimaKeyStoreProvider( 2946): TimaSignature is unavailable

D/ActivityThread( 2946): Added TimaKeyStore provider

I/InjectionManager( 2946): Inside getClassLibPath + mLibMap{0=, 1=}

I/InjectionManager( 2946): Inside getClassLibPath caller 

D/InjectionManager( 2946): InjectionManager

D/InjectionManager( 2946): fillFeatureStoreMap com.sec.android.widgetapp.dualclockdigital

I/InjectionManager( 2946): Constructor com.sec.android.widgetapp.dualclockdigital, Feature store :{}

I/InjectionManager( 2946): featureStore :{}

D/SpayBroadcastReceiver(31549): called OnReceive(), action = android.intent.action.USER_PRESENT, info = -1

D/ActivityMgr(31549): isFMM_LOCK supported? true

D/ActivityMgr(31549): isFMM_WIPEOUT supported? true

D/ActivityMgr(31549): isNO_SIMPLEPAY_SERVICE_WHEN_SIM_CHANGED supported? false

I/SAMSUNGPAY.C.SpayUtils(31549): Service is already created : com.samsung.android.spay.ui.common.SpayQuickPayService

V/UserPresentBroadcastReceiver( 5293): Received Intent { act=android.intent.action.USER_PRESENT flg=0x24000010 cmp=com.google.android.gms/.auth.trustagent.UserPresentBroadcastReceiver }.

E/Zygote  ( 2965): MountEmulatedStorage()

E/Zygote  ( 2965): v2

I/SELinux ( 2965): Function: selinux_compare_spd_ram, SPD-policy is existed. and_ver=SEPF_SM-G925T_5.1.1 ver=38

I/SELinux ( 2965): Function: selinux_compare_spd_ram , priority [1] , priority version is VE=SEPF_SM-G925T_5.1.1_0038

E/Zygote  ( 2965): accessInfo : 0

E/SELinux ( 2965): [DEBUG] get_category: variable seinfo: platform sensitivity: NULL, cateogry: NULL

I/art     ( 3535): Explicit concurrent mark sweep GC freed 229111(13MB) AllocSpace objects, 73(2MB) LOS objects, 17% free, 75MB/91MB, paused 1.746ms total 213.788ms

D/TP/MmsSmsProvider( 4516): query,matched:0, calling pid = 2894

E/SQLiteLog( 4516): (284) automatic index on sqlite_sq_7F8FDC1700(normal_thread_id)

E/SQLiteLog( 4516): (284) automatic index on sqlite_sq_7F8FDC1800(threads_join_id)

I/AudioPolicyManager( 3006): stopOutput() output 4, stream 1, session 2590

I/AudioPolicyManager( 3006): changeRefCount() stream 1, count 0

I/AudioPolicyManager( 3006): setOutputDevice() setting same device 0000 or null device for output 4

D/TP/MmsSmsProvider( 4516): match 0:Elapsed time : 3.585 ms

D/TimaKeyStoreProvider( 2965): TimaSignature is unavailable

D/ActivityThread( 2965): Added TimaKeyStore provider

D/BadgeProvider(32708): query, [selection] : package=?

I/InjectionManager( 2965): Inside getClassLibPath + mLibMap{0=, 1=}

D/Mms/MessagingNotificationLight( 2894): checkBadgeCount unreadCount=0 badgeCount=0

D/TP/SmsProvider( 4516): query,matched:26, calling pid = 2894

D/TP/SmsProvider( 4516): match 26:Elapsed time : 0.589 ms

I/InjectionManager( 2965): Inside getClassLibPath caller 

D/TP/MmsSmsProvider( 4516): query,matched:6, calling pid = 2894

D/TP/MmsSmsProvider( 4516): match 6:Elapsed time : 0.593 ms

D/Mms/TelephonyPermission( 2894): mUserId = 0

D/Mms/TelephonyPermission( 2894): isDefault false

D/Mms/RcsChatManager( 2894): updateRcsStatus

D/Mms/RcsOwnCapsManager( 2894): queue Uri = content://im/queue-messages?box=outbox

D/TP/ImProvider( 4516): query match : 24

D/TP/ImProvider( 4516): ftSesstionId must be a long.

D/TP/ImProvider( 4516): getQueuedImMessages

D/TP/ImProvider( 4516): uriString = SELECT _id, session_id, transport_type FROM (SELECT _id as _id, session_id, null as chat_session_id, thread_id, 'im' as transport_type, address as recipients, type, status, service_type, ext_info, hidden FROM im WHERE type=4 OR type=6 UNION SELECT _id as _id, session_id, chat_session_id, thread_id, 'ft' as transport_type, address as recipients, type, status, service_type, ext_info, hidden FROM ft WHERE (type=1 AND (status=1 or status=2)) OR (type=4 AND status!=4 AND status!=12) OR (type=6)) WHERE hidden = 0 AND service_type = 1 AND type=4

D/Mms/RcsOwnCapsManager( 2894): queue Uri = content://im/queue-messages?box=pending

D/TP/ImProvider( 4516): query match : 24

D/TP/ImProvider( 4516): ftSesstionId must be a long.

D/TP/ImProvider( 4516): getQueuedImMessages

D/TP/ImProvider( 4516): uriString = SELECT _id FROM (SELECT _id as _id, session_id, null as chat_session_id, thread_id, 'im' as transport_type, address as recipients, type, status, service_type, ext_info, hidden FROM im WHERE type=4 OR type=6 UNION SELECT _id as _id, session_id, chat_session_id, thread_id, 'ft' as transport_type, address as recipients, type, status, service_type, ext_info, hidden FROM ft WHERE (type=1 AND (status=1 or status=2)) OR (type=4 AND status!=4 AND status!=12) OR (type=6)) WHERE hidden = 0 AND service_type = 1

D/TP/ImProvider( 4516): query match : 0

D/TP/ImProvider( 4516): query match : 2

D/Mms/PackageInfo( 2894): com.sec.ims.android is not installed

I/Mms/RcsOwnCapsManager( 2894): Own caps changed

