E/McClient( 3535):   *** Detected in mcOpenDevice/205()

E/McClient( 3535):   *****************************

I/TZ: mc_tlc_communication( 3535): Allocating message buffer for TCI

I/TZ: mc_tlc_communication( 3535): Opening the session

D/SKMM_v2.0_Mobicore_Helper( 3011): Send Trustlet TCI Message

I/TZ: mc_tlc_communication( 3535): tlc_open() succeeded

I/TLC_TZ_KEYSTORE: ( 3535): ctx = 0x7f7cf7e0c0, comm = 0x7f7be7a200, sendmsg = 0x7f7e40a000, recvmsg = 0x7f7e40a440

I/TZ_init: ( 3535): TZ_init: fips_init_TLC sending initialization request...

I/TZ_init: ( 3535): TZ_init: sending initialization request...

D/KeyguardViewMediator( 4020): adjustStatusBarLocked: mShowing=false mOccluded=false isSecure=? --> flags=0x0

D/LauncherActivity( 4536): onStart() com.sec.android.app.launcher.activities.LauncherActivity@1e2ba8a4

D/NativeApp( 4536): attachRootView: -511485760 this com.sec.daliviews.views.NativeApp@1b2e360Peer-194893280

I/DALI-LIFECYCLE( 4536): void NativeViews::NativeApp::AttachRootView(NativeViews::ContainerViewBase*)

D/LauncherActivity( 4536): onResume() com.sec.android.app.launcher.activities.LauncherActivity@1e2ba8a4

W/CurvedBorderComponent( 4536): CurvedBorderComponent::SetBorderSize 0.08, 0.00

I/TZ_init: ( 3535): TZ_init: successful initialization

I/TLC_TZ_KEYSTORE: fips_self_test: ( 3535): TZ_KEYSTORE_fips_self_test_START...

I/TLC_TZ_KEYSTORE: fips_self_test: ( 3535): TZ_KEYSTORE_fips_self_test_END...

E/TLC_TZ_KEYSTORE: ( 3535): Self Test Succeded

I/TZ: mc_tlc_communication( 3535): tlc_close() was called

I/TZ: mc_tlc_communication( 3535): Closing the session

D/bauth_FPBAuthService( 3032): FPBAuthService, 5372

D/bauth_FPBAuthService( 3032): FPBAuthService, 5495

I/TLC_BAUTH( 3032): Call FP cmd 0xc;1572

I/tlc_communication( 3032): Send Trustlet TCI Message;211

I/tlc_communication( 3032): mcNotify is completed;221

W/CurvedBorderComponent( 4536): CurvedBorderComponent::SetBorderSize 0.08, 0.00

W/CurvedBorderComponent( 4536): CurvedBorderComponent::SetBorderSize 0.08, 0.00

E/image-factory( 4536): ImageFactory::Load() ticket->resourceId=66080

E/image-factory( 4536): ImageFactory::Load() ticket->typePath.type=0xcfe0a100

E/image-factory( 4536): ImageFactory::Load() ticket->resourceId=66082

E/image-factory( 4536): ImageFactory::Load() ticket->typePath.type=0xcfe0a1e0

E/image-factory( 4536): ImageFactory::Load() ticket->resourceId=66093

E/image-factory( 4536): ImageFactory::Load() ticket->typePath.type=0xcfe0a6d0

E/image-factory( 4536): ImageFactory::Load() ticket->resourceId=66095

E/image-factory( 4536): ImageFactory::Load() ticket->typePath.type=0xcfe0a7d0

E/image-factory( 4536): ImageFactory::Load() ticket->resourceId=66105

E/image-factory( 4536): ImageFactory::Load() ticket->typePath.type=0xcfe0ad30

I/SurfaceFlinger( 2986): id=4060 Removed TpayQuickPa (17/18)

E/image-factory( 4536): ImageFactory::Load() ticket->resourceId=66191

E/image-factory( 4536): ImageFactory::Load() ticket->typePath.type=0xd129afe0

I/SurfaceFlinger( 2986): id=4060 Removed TpayQuickPa (-2/18)

D/LockSettingsService( 3535): maybeUpdateKeystore : set 1000

I/TZ: mc_tlc_communication( 3535): Freeing message buffer

I/TZ: mc_tlc_communication( 3535): Closing MobiCore device

I/TZ: mc_tlc_communication( 3535): tlc_close() succeeded

E/TLC_TZ_KEYSTORE: ( 3535): Count : 1, Ret : 0

I/PageLayout( 4536): HORIZONTAL_SCROLLING_THRESHOLD_INDICATION on com.sec.daliviews.layouts.PageLayout@266aa150, page=1

D/SurfaceWidgetView( 4536): Visibility changed to:0

I/PageLayout( 4536): HORIZONTAL_SCROLLING_THRESHOLD_INDICATION on com.sec.daliviews.layouts.PageLayout@2a63c20a, page=1

D/SurfaceWidgetClient$ISurfaceWidgetStub( 5151): [237392/18] Surface widget visibility changed visibility = true on instance = 1

V/audio_hw_primary( 3006): select_devices() output_route "media-speaker" 

I/audio_route( 3006): 

I/audio_route( 3006): > audio_route_apply_path : "gain-media-speaker"

V/audio_hw_primary( 3006): select_devices() output_gain "gain-media-speaker" 

I/audio_route( 3006): 

I/audio_route( 3006): > audio_route_update_mixer : +

I/audio_route( 3006): > audio_route_update_mixer : changed(0) -

I/audio_hw_primary( 3006): select_devices - 

V/audio_hw_primary( 3006): start_output_stream-

I/GFX raster( 5151): took 1.790916ms for 172*172 texture 0

W/GFX DEBUGLOG GPUCompressionToBitmapDecoder( 5151): Bitmap=0x7f8b118e00 bitmapCt=12 bitmapW=172 bitmapH=172 BitmapInternalFormat=93b0, Counterpart=0x7f8b118f80 counterpartCT=4 counterpartW=172 counterparth=172

E/        ( 5151): GFX convertToRaster() in Canvas.cpp HWACC for bitmap size 172x172

I/GFX raster( 5151): took 0.573084ms for 64*64 texture 0

W/GFX DEBUGLOG GPUCompressionToBitmapDecoder( 5151): Bitmap=0x7f8b0adc80 bitmapCt=12 bitmapW=64 bitmapH=64 BitmapInternalFormat=93b0, Counterpart=0x7f8b118f80 counterpartCT=4 counterpartW=64 counterparth=64

E/        ( 5151): GFX convertToRaster() in Canvas.cpp HWACC for bitmap size 64x64

D/HomeFragment( 4536): onResume()

D/BadgeProvider( 4572): query, [selection] : null

D/RestrictionPolicy( 3535): isStatusBarExpansionAllowedAsUser : true, userId = 0

I/        ( 3535): CCM JNI: In get_ccm_version

I/TZ_CCM_C_Initialize: ( 3535): DEBUG_CONTAINER_PROBLEM Enter TZ_CCM_C_Initialize_TLC!

I/TZ_CCM_C_Initialize: ( 3535): pInitArgs 0x7f6a6d0d88 has not called C_Init before.

I/TZ_CCM_C_Initialize: ( 3535): &ctx = 0x7f8b5a8360

I/TLC_TZ_CCM: ( 3535): creating new ccm context...

I/TLC_TZ_CCM: ( 3535): initializing ccm context...

I/TLC_TZ_CCM: ( 3535): root = 0, root_strlen = 1

I/TLC_TZ_CCM: ( 3535): process = ffffffff000000000000000000000012, process_strlen = 32

I/TZ: client_server_communication( 3535): input max_sendmsg_size = 19420

I/TZ: client_server_communication( 3535): input max_recvmsg_size = 19420

I/TZ: client_server_communication( 3535): root = 0, root_len = 1

I/TZ: client_server_communication( 3535): process = ffffffff000000000000000000000012, process_strlen = 32

I/TZ: client_server_communication( 3535): aligned max_sendmsg_size = 19456

I/TZ: client_server_communication( 3535): aligned max_recvmsg_size = 19456

I/TZ: client_server_communication( 3535): Client_Server_Open(CCM)

I/TZ: client_server_communication( 3535): Client_Server_Open was called

I/ThemeLoader( 4536): Can't find such drawable in the resource : ic_icon_bg

I/TZ: client_server_communication( 3535): IClientServer::IClientServer()

I/TZ: client_server_communication( 3535): BpClientServer::BpClientServer()

I/TZ: client_server_communication( 3535): IClientServer::~IClientServer()

I/TLC_SERVER( 3786): BnTLCServer::onTransact(0) 16

I/TLC_SERVER( 3786): OPENSWCONN

I/TZ: client_server_communication( 3535): OpenSWConn(CCM) is successful

I/TZ: client_server_communication( 3535): Client_Server_Open succeeded, serverName = CCM

I/TZ_CCM_C_Initialize: ( 3535): ctx = 0x7f7cf7e0c0, comm = 0x7f7bd6d3a0, sendmsg = 0x7f8b257000, recvmsg = 0x7f8b25bc00

I/TZ_init: ( 3535): TZ_init: sending initialization request...

I/TZ: client_server_communication( 3535): Cmd id = 2, len = 19456

I/TZ: client_server_communication( 3535): Calling Communicate()

I/TLC_SERVER( 3786): BnTLCServer::onTransact(2) 16

I/TLC_SERVER( 3786): COMM

D/SurfaceWidgetConnection( 4536): com.sec.android.widgetapp.ap.weather.widget.surfacewidget.WeatherSurfaceWidget#1 is being resumed by launcher

D/SurfaceWidgetClient$ISurfaceWidgetStub( 5151): [237392/18] Surface widget resume on instance = 1

D/HomePresenter( 4536): setIgnoreDrawAppWidget() ignore:false

D/[AccuPhone] ( 5151): {[9B172D477564CAD5C3E0A901E747B845F2818F1CA402963C4DC65E4B43C71D6502191E64E3B4F1D17DED92E328B27B6B76916155A63851823DE3693DDF84C9F2]}

I/TZ_init: ( 3535): TZ_init Process: Strange errors! Unrecognized Return Code: 191 - probably already initialized

I/TLC_TZ_COMMON: key_db_init: ( 3535): Exercising TZ_DB_INIT in TLC

I/TZ: client_server_communication( 3535): Cmd id = 17, len = 19456

I/TZ: client_server_communication( 3535): Calling Communicate()

I/TLC_SERVER( 3786): BnTLCServer::onTransact(2) 16

I/TLC_SERVER( 3786): COMM

D/AppsFragment( 4536): onResume()

D/WidgetsFragment( 4536): onResume()

W/PageLayout( 4536): Pages are not ready yet so skip MoveToPage this time

D/KeyguardWallpaperService( 5133): onUnbind!!

D/KeyguardWallpaperViewController( 5133): removeViewWindow

D/ActivityManager( 3535): handle home activity for 0

I/WallpaperManagerService( 3535): switchPersonaWallpaper is called for personaId-0

D/KnoxTimeoutHandler( 3535): post home show event for user 0

D/ActivityManager( 3535): post active user change for 0 fullscreen true record.isFloatingActivity() false

D/WallpaperManagerService( 3535):  force update = false; persona id = 0; current user =0; current persona = 0

D/KnoxTimeoutHandler( 3535): postActiveUserChange for user 0

I/KnoxTimeoutHandler( 3535): postActiveUserChange, showWhenLocked: false

D/KnoxTimeoutHandler( 3535): handleHomeShow for 0 and current 0

D/KnoxTimeoutHandler( 3535): handleActiveUserChange for user 0

V/KeyguardEffectViewController( 4020): *** Keyguard wallpaper service unbounded

D/PhoneStatusBar( 4020): makeExpandedInvisible: mExpandedVisible=false

D/Launcher.BadgeCache, ( 4536): updateBadgeCounts, app[2] have 0 badges

D/Launcher.BadgeCache, ( 4536): updateBadgeCounts, app[0] have 0 badges

D/Launcher.BadgeCache, ( 4536): updateBadgeCounts, app[-1] have 0 badges

D/Launcher.BadgeCache, ( 4536): updateBadgeCounts, app[3] have 0 badges

D/Launcher.BadgeCache, ( 4536): updateBadgeCounts, app[-1] have 0 badges

D/Launcher.BadgeCache, ( 4536): updateBadgeCounts, app[-1] have 2 badges

D/Launcher.BadgeCache, ( 4536): updateBadgeCounts, app[-1] have 0 badges

D/Launcher.BadgeCache, ( 4536): updateBadgeCounts, app[-1] have 1 badges

D/Launcher.BadgeCache, ( 4536): updateBadgeCounts, app[-1] have 0 badges

D/[zero daemon] (19562): {[C6B53529A4E9A61B6E9DFAC2EC352F35413B8423020D39F21C4F88CE3B9B87CFDCC0B81B0A5ED41F6DFA9549B8ADE1F4BACF4D40B7B8E99052DE9FA88E767D1DEF99F3B50EBB0BE2EA7D97147503802808B0F46342E4D32B53ACCA63815BEAA3ED276C39FA95340FD01BAF963F21FFFB]}

I/[zero daemon] (19562): {[A32E1AC369E42B6168CFC8ECFBFA9951C42133C77ADF9B218D854990F6269E396BCB11BEB3F5B339C9A8D47415526840]}

D/BadgeProvider( 4572): query, [selection] : null

I/TZ_COMMON: tlc_key_db_util: ( 3535): DB Operation suceeded

I/TZ: client_server_communication( 3535): Cmd id = 46, len = 19456

I/TZ: client_server_communication( 3535): Calling Communicate()

I/TLC_SERVER( 3786): BnTLCServer::onTransact(2) 16

I/TLC_SERVER( 3786): COMM

I/art     ( 3535): Background sticky concurrent mark sweep GC freed 222068(13MB) AllocSpace objects, 56(1620KB) LOS objects, 9% free, 79MB/87MB, paused 11.142ms total 126.842ms

D/Mms/UIEventReceiver( 4504): ui event

D/Launcher.BadgeCache, ( 4536): updateBadgeCounts, app[2] have 0 badges

D/Launcher.BadgeCache, ( 4536): updateBadgeCounts, app[0] have 0 badges

D/Launcher.BadgeCache, ( 4536): updateBadgeCounts, app[-1] have 0 badges

D/Launcher.BadgeCache, ( 4536): updateBadgeCounts, app[3] have 0 badges

D/Launcher.BadgeCache, ( 4536): updateBadgeCounts, app[-1] have 0 badges

D/Launcher.BadgeCache, ( 4536): updateBadgeCounts, app[-1] have 2 badges

D/Launcher.BadgeCache, ( 4536): updateBadgeCounts, app[-1] have 0 badges

D/Launcher.BadgeCache, ( 4536): updateBadgeCounts, app[-1] have 1 badges

D/Launcher.BadgeCache, ( 4536): updateBadgeCounts, app[-1] have 0 badges

D/SKMM_v2.0_Mobicore_Helper( 3011): Send Trustlet TCI Message

D/KeyguardWallpaperService( 5133): onDestroy!!

I/Process ( 5133): Sending signal. PID: 5133 SIG: 9

D/HomePresenter( 4536): HP onResume current 1

I/LauncherActivity( 4536): setEnableHotWord : true

I/Timeline( 4536): Timeline: Activity_idle id: android.os.BinderProxy@193343c9 time:32601980

D/EnterpriseSCEPPolicy( 3535): Start of unlock of keystore happened.

D/EnterpriseSCEPPolicy( 3535): End of unlock of keystore happened.

D/KnoxVpnEngineService( 3535): Start of unlock of keystore happened.

D/KnoxVpnEngineService( 3535): End of unlock of keystore happened.

D/LockSettingsService( 3535): end checkFingerprintPassword for keystore

I/TZ_CCM_C_Finalize: ( 3535): DEBUG_CONTAINER_PROBLEM Exercising TZ_CCM_C_Finalize_TLC

I/TZ: client_server_communication( 3535): Cmd id = 41, len = 19456

I/TZ: client_server_communication( 3535): Calling Communicate()

I/TLC_SERVER( 3786): BnTLCServer::onTransact(2) 16

I/TLC_SERVER( 3786): COMM

D/CoverManagerWhiteLists( 3535): isAllowedToUse : SIGNATURE_MATCH

D/RestrictionPolicy( 3535): isStatusBarExpansionAllowedAsUser : true, userId = 0

D/HINT_SpayQuickPayService(31549): android.intent.action.USER_PRESENT

I/TZ: client_server_communication( 3535): Client_Server_Close was called

D/InputDispatcher( 3535): Focus left window: 4020

D/InputDispatcher( 3535): Focus entered window: 4536

I/TLC_SERVER( 3786): BnTLCServer::onTransact(1) 16

I/TLC_SERVER( 3786): CLOSESWCONN

I/TZ: client_server_communication( 3535): Client_Server_Close succeeded

I/FipsTimaKeyStore( 3535): CCM is available on this device

I/FipsTimaKeyStore( 3535): CCM is NOT enabled for this user

I/        ( 3535): TimaKeyStore: tima_KeyStore3_exist_JNI

I/        ( 3535): TimaKeyStore: callingUid is 1000

E/TLC_TZ_KEYSTORE: ( 3535): Inside TZ_KEYSTORE_encrypt_filename()

I/TLC_TZ_KEYSTORE: ( 3535): creating new keystore context...

I/TLC_TZ_KEYSTORE: ( 3535): initializing ccm context...

I/TLC_TZ_KEYSTORE: ( 3535): root = 0, root_strlen = 1

I/TLC_TZ_KEYSTORE: ( 3535): process = ffffffff000000000000000000000013, process_strlen = 32

I/TZ: mc_tlc_communication( 3535): input max_sendmsg_size = 1080

I/TZ: mc_tlc_communication( 3535): input max_recvmsg_size = 1080

I/TZ: mc_tlc_communication( 3535): root = 0, root_len = 1

I/TZ: mc_tlc_communication( 3535): process = ffffffff000000000000000000000013, process_strlen = 32

I/TZ: mc_tlc_communication( 3535): aligned max_sendmsg_size = 1088

I/TZ: mc_tlc_communication( 3535): aligned max_recvmsg_size = 1088

I/TZ: mc_tlc_communication( 3535): device_id = 0x0

I/TZ: mc_tlc_communication( 3535): tlc_open() was called

I/TZ: mc_tlc_communication( 3535): Opening MobiCore device

E/McClient( 3535):   *****************************

E/McClient( 3535):   *** ERROR: Device 0 already opened

E/McClient( 3535):   *** Detected in mcOpenDevice/205()

E/McClient( 3535):   *****************************

I/TZ: mc_tlc_communication( 3535): Allocating message buffer for TCI

I/TZ: mc_tlc_communication( 3535): Opening the session

I/PalmMotion( 3535): [PALM] SURFACE_MOTION_ENGINE: 1 SURFACE_PALM_TOUCH: 0

I/PalmMotion( 3535): [PALM] SURFACE_PALM_SWIPE: 1

D/PalmMotion( 3535): [PALM] SETTINGS : [TOUCH: false] [SWEEP: true]

D/PalmMotion( 3535): [PALM] ACCEPTED : [zerolte] PALM_CNT : 3, M_TOUCH : 30.0, M_SWEEP : 25.0, E_SWEEP : 2.2, IGNORE_M_SWEEP : true

D/SecContentProvider( 3535): uri = 18 selection = isUsbMediaPlayerAvailable

D/CoverManagerWhiteLists( 3535): isAllowedToUse : SIGNATURE_MATCH

D/NfcService( 4502): call the applyRouting

D/NfcService( 4502): call the applyRouting

D/HINT_SpayQuickPayService(31549): android.intent.action.USER_PRESENT

D/DragAndDrop( 4536): dragCancel(false)

I/tlc_communication( 3032): mcWaitNotification is completed;245

I/TLC_BAUTH( 3032): Check the Trustlet return code is completed;1665

D/bauth_FPBAuthService( 3032): check_opcode status = 5, opcode = 0, func_ret_val = 0, function_status = 0, timeout = 0

D/PointerIcon( 3535): setMouseIconStyle1 pointerType: 1001 iconType:101 flag:0 pid:3535 uid:1000

D/PointerIcon( 3535): setMouseCustomIcon IconType is same.101

D/bauth_FPBAuthService( 3032): FPBAuthService, 5552

I/TLC_BAUTH( 3032): Call FUNC ID 0x4;661

I/TLC_BAUTH( 3032): Free ION Memory;690

I/TLC_BAUTH( 3032): Call FUNC ID 0x20;224

I/TLC_BAUTH( 3032): FUNC ID 0x20 is completed;250

D/mali_winsys( 4020): new_window_surface returns 0x3000,  [1440x100]-format:1

D/InputMethodManagerService( 3535): windowGainedFocus mCurrentFocusedUserId - 0 and mSecureKeypadEnabled-false

D/ApplicationPolicy( 3535): isStatusBarNotificationAllowedAsUser: packageName = android,userId = -1

V/ApplicationPolicy( 3535): isApplicationStateBlocked userId -1 pkgname android

I/PalmMotion( 3535): [PALM] SURFACE_MOTION_ENGINE: 1 SURFACE_PALM_TOUCH: 0

I/PalmMotion( 3535): [PALM] SURFACE_PALM_SWIPE: 1

D/PalmMotion( 3535): [PALM] SETTINGS : [TOUCH: false] [SWEEP: true]

D/PalmMotion( 3535): [PALM] ACCEPTED : [zerolte] PALM_CNT : 3, M_TOUCH : 30.0, M_SWEEP : 25.0, E_SWEEP : 2.2, IGNORE_M_SWEEP : true

D/SecContentProvider( 3535): uri = 18 selection = isUsbMediaPlayerAvailable

I/PERF    ( 4020): StatusBarKeyguardViewManager - callbackAfterDraw

V/KeyguardServiceDelegate( 3535): **** SHOWN CALLED ****

D/KeyguardUpdateMonitor( 4020): handleKeyguardVisibilityChanged(0)

D/PanelView( 4020): mClearAll.setVisibility - mIsFullyOpened : false isShade : true mHasNotification : true mIsUpwardFling : false mQsFullyExpanded : false isShadeLocked : false mClearAllVisible : true

D/ApplicationPolicy( 3535): isStatusBarNotificationAllowedAsUser: packageName = android,userId = -1

V/ApplicationPolicy( 3535): isApplicationStateBlocked userId -1 pkgname android

D/PanelView( 4020): mClearAll.setVisibility - mIsFullyOpened : false isShade : true mHasNotification : true mIsUpwardFling : false mQsFullyExpanded : false isShadeLocked : false mClearAllVisible : true

D/PanelView( 4020): mClearAll.setVisibility - mIsFullyOpened : false isShade : true mHasNotification : true mIsUpwardFling : false mQsFullyExpanded : false isShadeLocked : false mClearAllVisible : true

D/PanelView( 4020): mClearAll.setVisibility - mIsFullyOpened : false isShade : true mHasNotification : true mIsUpwardFling : false mQsFullyExpanded : false isShadeLocked : false mClearAllVisible : true

D/[zero daemon] (19562): {[C6B53529A4E9A61B6E9DFAC2EC352F35413B8423020D39F21C4F88CE3B9B87CFDCC0B81B0A5ED41F6DFA9549B8ADE1F4BACF4D40B7B8E99052DE9FA88E767D1DEF99F3B50EBB0BE2EA7D97147503802808B0F46342E4D32B53ACCA63815BEAA3E6A19B15B6D34AFADF3249A820F62444]}

I/[zero daemon] (19562): {[A32E1AC369E42B6168CFC8ECFBFA9951C42133C77ADF9B218D854990F6269E396BCB11BEB3F5B339C9A8D47415526840]}

D/VisualEffectCircleUnlockEffect( 4020): clearEffect

D/VisualEffectCircleUnlockEffect( 4020): cancelAllAnimator

D/VisualEffectCircleUnlockEffect( 4020): clearEffect

D/VisualEffectCircleUnlockEffect( 4020): cancelAllAnimator

I/TZ: mc_tlc_communication( 3535): tlc_open() succeeded

I/TLC_TZ_KEYSTORE: ( 3535): ctx = 0x7f7cf7e0c0, comm = 0x7f7bcc1080, sendmsg = 0x7f7d813000, recvmsg = 0x7f7d813440

I/TLC_TZ_COMMON: get_filename: ( 3535): TZ_COMMON: Get_filename - allow_hashing: 0

I/TLC_TZ_COMMON: get_filename: ( 3535): TZ GetFN : priv_data.in_filename: 1000_KS_SKEY_PersonaPwdResetToken0, len: 34

I/TLC_TZ_COMMON: get_filename: ( 3535): TZ CCM : priv_data.in_fn_len: 34

I/TLC_TZ_COMMON: get_filename: ( 3535): TZ GetFN : Starting

D/PhoneStatusBar( 4020): disable: < expand icons alerts system_info back* home* recent* clock search* >

I/tlc_communication( 3032): tlc_close() called;151

I/tlc_communication( 3032): Closing the session;155

D/mali_winsys( 4269): new_window_surface returns 0x3000,  [1x2460]-format:1

D/[AccuPhone] ( 5151): {[F0485B8A412175592E23628332AB921EE21F08768E79ADF0D52105769D4D349FDD9D1B573991EB27C3282E96DAE408F8]}

D/[AccuPhone] ( 5151): {[9B9E809790B308021BDD69B343265555157E019925EF29C3AC2C04E28305F54D01AB62566C1AE13819A220CE8B0286A9]}

D/[AccuPhone] ( 5151): {[0ED9661ABD437918DB34745D7098FD24949C80EDCCAD24E208044BDCE49D9970BB8385B3D3842B123951CD36E38A9B57]}

D/[AccuPhone] ( 5151): {[97812DE07C66155B15604152D933DB6FECD47D0BE45C0D8C5D3F2CAE3EC6ABB35CC365893F2E063303591EDAB528055C]}

I/tlc_communication( 3032): Free WSM;171

I/tlc_communication( 3032): tlc_close() successed;198

I/TLC_BAUTH( 3032): FUNC ID 0x4 is completed;791

D/bauth_FPBAuthSensorControl( 3032): FPBAuthSensorControl, 218

D/bauth_FPBAuthService( 3032): FPBAuthService, 540

D/bauth_FPBAuthService( 3032): FPBAuthService, 5594

D/bauth_FPBAuthService( 3032): FPBAuthService, 5693

D/bauth_FPBAuthService( 3032): FPBAuthService, 5395

I/TLC_TZ_COMMON: get_filename: ( 3535): TZ GetFN : enc filename: A1C1B19DFD341FFC225D7A905FFE968A1895EAAD7BF44C47DD5456972C42813054D200E787C22E888984771C6546AABE335CB0341376AA10ED312723983D46C3

I/TZ: mc_tlc_communication( 3535): tlc_close() was called

I/TZ: mc_tlc_communication( 3535): Closing the session

D/[AccuPhone] ( 5151): {[6CE5629C10B968EFCDB88A1CE0AA73CC89B928161AD03ED4E5494D8442812B4D0B791C3D70104283F3E63CB4C11141CE79C817475AB637F4DA8BBBE4442CA7C01B8E23C17C540A8EE30242DE10861378]}

D/[AccuPhone] ( 5151): {[0117C97519336FA0AB3EE09418A7CAB57D10E18B251864D90267FAB942A47C129CED7674620A9A3A83759A5D0A42E292]}

I/TZ: mc_tlc_communication( 3535): Freeing message buffer

I/TZ: mc_tlc_communication( 3535): Closing MobiCore device

I/TZ: mc_tlc_communication( 3535): tlc_close() succeeded

E/TLC_TZ_KEYSTORE: ( 3535): Count : 1, Ret : 0

I/        ( 3535): TimaKeyStore: encryptFilename : filename is: A1C1B19DFD341FFC225D7A905FFE968A1895EAAD7BF44C47DD5456972C42813054D200E787C22E888984771C6546AABE335CB0341376AA10ED312723983D46C3

I/        ( 3535): TimaKeyStore: /data/misc/fips_tima_keystore/user_0/A1C1B19DFD341FFC225D7A905FFE968A1895EAAD7BF44C47DD5456972C42813054D200E787C22E888984771C6546AABE335CB0341376AA10ED312723983D46C3 exists

I/        ( 3535): TimaKeyStore: tima_KeyStore3_exist_JNI

I/        ( 3535): TimaKeyStore: callingUid is 1000

E/TLC_TZ_KEYSTORE: ( 3535): Inside TZ_KEYSTORE_encrypt_filename()

I/TLC_TZ_KEYSTORE: ( 3535): creating new keystore context...

I/TLC_TZ_KEYSTORE: ( 3535): initializing ccm context...

I/TLC_TZ_KEYSTORE: ( 3535): root = 0, root_strlen = 1

I/TLC_TZ_KEYSTORE: ( 3535): process = ffffffff000000000000000000000013, process_strlen = 32

I/TZ: mc_tlc_communication( 3535): input max_sendmsg_size = 1080

I/TZ: mc_tlc_communication( 3535): input max_recvmsg_size = 1080

I/TZ: mc_tlc_communication( 3535): root = 0, root_len = 1

I/TZ: mc_tlc_communication( 3535): process = ffffffff000000000000000000000013, process_strlen = 32

I/TZ: mc_tlc_communication( 3535): aligned max_sendmsg_size = 1088

I/TZ: mc_tlc_communication( 3535): aligned max_recvmsg_size = 1088

I/TZ: mc_tlc_communication( 3535): device_id = 0x0

I/TZ: mc_tlc_communication( 3535): tlc_open() was called

I/TZ: mc_tlc_communication( 3535): Opening MobiCore device

E/McClient( 3535):   *****************************

E/McClient( 3535):   *** ERROR: Device 0 already opened

E/McClient( 3535):   *** Detected in mcOpenDevice/205()

E/McClient( 3535):   *****************************

I/TZ: mc_tlc_communication( 3535): Allocating message buffer for TCI

I/TZ: mc_tlc_communication( 3535): Opening the session

D/PanelView( 4020): There is/are notification(s) 

D/PanelView( 4020): kidsfalse mQsExpansionEnabled:true

W/CAE     ( 3535): getContextInfo(ContextAwareService.java:457) - [getContext 01] Mutex is locked for ACTIVITY_TRACKER_BATCH_CURRENT_INFO

V/CAE     ( 3535): enable(ActivityTrackerBatchCurrentInfoRunner.java:182)

V/CAE     ( 3535): clear(ActivityTrackerBatchCurrentInfoRunner.java:206)

I/CAE     ( 3535): sendCmdToSensorHub(SensorHubCommManager.java:144) - -72, 26, 2, 0,

D/SensorHubManager( 3535): SendSensorHubData: send data = -72, 26, 2, 0

D/Sensorhubs( 3014): sendContextData: -72, 26, 2, 0

I/TZ: mc_tlc_communication( 3535): tlc_open() succeeded

I/TLC_TZ_KEYSTORE: ( 3535): ctx = 0x7f7cf7e0c0, comm = 0x7f7bcc1080, sendmsg = 0x7f7d813000, recvmsg = 0x7f7d813440

I/TLC_TZ_COMMON: get_filename: ( 3535): TZ_COMMON: Get_filename - allow_hashing: 0

I/TLC_TZ_COMMON: get_filename: ( 3535): TZ GetFN : priv_data.in_filename: 1000_KS_SKEY_PersonaPwdResetToken0, len: 34

I/TLC_TZ_COMMON: get_filename: ( 3535): TZ CCM : priv_data.in_fn_len: 34

I/TLC_TZ_COMMON: get_filename: ( 3535): TZ GetFN : Starting

D/CAE     ( 3535): getFaultDetectionResult(ActivityTrackerBatchCurrentInfoRunner.java:218) - true

I/CAE     ( 3535): notifyCmdProcessResultObserver(ContextProvider.java:627) - CheckResult = 0, Cause = Success

W/InputDispatcher( 3535): channel ~ Consumer closed input channel or an error occurred.  events=0x9

E/InputDispatcher( 3535): channel ~ Channel is unrecoverably broken and will be disposed!

I/MicroRecognitionRnrImpl( 4734): Starting detection.

I/MicrophoneInputStream( 4734): mic_starting com.google.android.apps.gsa.speech.audio.aa@109e7906

D/PanelView( 4020): There is/are notification(s) 

D/PanelView( 4020): kidsfalse mQsExpansionEnabled:true

I/GFX raster( 5151): took 0.846250ms for 172*172 texture 0

W/GFX DEBUGLOG GPUCompressionToBitmapDecoder( 5151): Bitmap=0x7f8b118e00 bitmapCt=12 bitmapW=172 bitmapH=172 BitmapInternalFormat=93b0, Counterpart=0x7f8b118640 counterpartCT=4 counterpartW=172 counterparth=172

E/        ( 5151): GFX convertToRaster() in Canvas.cpp HWACC for bitmap size 172x172

I/TLC_TZ_COMMON: get_filename: ( 3535): TZ GetFN : enc filename: A1C1B19DFD341FFC225D7A905FFE968A1895EAAD7BF44C47DD5456972C42813054D200E787C22E888984771C6546AABE335CB0341376AA10ED312723983D46C3

I/TZ: mc_tlc_communication( 3535): tlc_close() was called

I/TZ: mc_tlc_communication( 3535): Closing the session

I/GFX raster( 5151): took 0.271000ms for 64*64 texture 0

W/GFX DEBUGLOG GPUCompressionToBitmapDecoder( 5151): Bitmap=0x7f8b0adc80 bitmapCt=12 bitmapW=64 bitmapH=64 BitmapInternalFormat=93b0, Counterpart=0x7f8b118640 counterpartCT=4 counterpartW=64 counterparth=64

E/        ( 5151): GFX convertToRaster() in Canvas.cpp HWACC for bitmap size 64x64

W/CAE     ( 3535): getContextInfo(ContextAwareService.java:511) - [getContext 02] Mutex is unlocked for ACTIVITY_TRACKER_BATCH_CURRENT_INFO

D/SContextService( 3535): requestToUpdate() : service = Activity Batch

D/SContextManager( 3535):   .requestToUpdate : listener = com.samsung.location.lib.SContentManager$ISContextListener@185174b8, service=Activity Batch

E/        ( 2986): BitTube(): close sendFd (106)

E/        ( 2986): BitTube(): close sendFd (108)

I/Sensors ( 3535): Acc old sensor_state 33554433, new sensor_state : 33554432 en : 0

W/InputDispatcher( 3535): Attempted to unregister already unregistered input channel

D/SensorService( 3535): cleanupConnection - size : 1, ref : 0

E/        ( 3535): BitTube(): close sendFd (652)

D/KnoxNotification( 4020): ----- inflateViews : modified publicViewLocal -----

D/Sensorhubs( 3014): readLargeContextData: 1, 1, 26, 4, 4, -95, 102, 63, 1, 1, 1, 1, 121, 115

D/SensorHubManager( 3535): onGetSensorHubDataLocked: library(14) = 1, 1, 26, 4, 4, -95, 102, 63, 1, 1, 1, 1, 121, 115

D/CAE     ( 3535): onGetSensorHubData(SensorHubParserProvider.java:92) - onGetSensorHubData Event [event buffer len :14], AP_WAKEUP

I/CAE     ( 3535): parse(SensorHubParserProvider.java:188) - buffer size = 14

I/CAE     ( 3535): parse(SensorHubParserProvider.java:199) - 1, 1, 26, 4, 4, -95, 102, 63, 1, 1, 1, 1, 121, 115,

W/CAE     ( 3535): parse(ActivityTrackerBatchRunner.java:236) - parse start

I/CAE     ( 3535): getMostActivity(ActivityTrackerBatchRunner.java:321) - size:7

D/CAE     ( 3535): display(ContextProvider.java:375) - ================= ACTIVITY_TRACKER_BATCH =================

I/CAE     ( 3535): display(ContextProvider.java:391) - Accuracy=[1], Duration=[96627], Count=[1], OperationMode=[2], ActivityType=[1], MostActivity=[1], TimeStamp=[1448487286335]

W/CAE     ( 3535): parse(ActivityTrackerBatchRunner.java:307) - parse end

V/audio_hw_primary( 3006): adev_open_input_stream config->channel_mask:0xc sample_rate:16000

V/audio_hw_primary( 3006): in->requested_rate:16000, pcm_config_in.rate:48000 in->config.channels=2

D/audio_hw_primary( 3006): adev_open_input_stream call echoReference_init(12)

V/echo_reference_processing( 3006): echoReference_init +

I/audio_hw_primary( 3006): adev_open_input_stream input is null, set new input stream

D/SContextService( 3535): updateSContext() : event = Activity Batch

D/SLocation( 3535): TYPE_ACTIVITY_BATCH [2]

I/TZ: mc_tlc_communication( 3535): Freeing message buffer

I/TZ: mc_tlc_communication( 3535): Closing MobiCore device

I/TZ: mc_tlc_communication( 3535): tlc_close() succeeded

E/TLC_TZ_KEYSTORE: ( 3535): Count : 1, Ret : 0

I/        ( 3535): TimaKeyStore: encryptFilename : filename is: A1C1B19DFD341FFC225D7A905FFE968A1895EAAD7BF44C47DD5456972C42813054D200E787C22E888984771C6546AABE335CB0341376AA10ED312723983D46C3

I/        ( 3535): TimaKeyStore: /data/misc/fips_tima_keystore/user_0/A1C1B19DFD341FFC225D7A905FFE968A1895EAAD7BF44C47DD5456972C42813054D200E787C22E888984771C6546AABE335CB0341376AA10ED312723983D46C3 exists

D/KnoxNotification( 4020): ----- inflateViews : modified KnoxViewLocal -----

I/AudioFlinger( 3006): AudioFlinger's thread 0xe940a000 ready to run

I/        ( 3535): TimaKeyStore: tima_KeyStore3_exist_JNI

I/        ( 3535): TimaKeyStore: callingUid is 1000

E/TLC_TZ_KEYSTORE: ( 3535): Inside TZ_KEYSTORE_encrypt_filename()

I/TLC_TZ_KEYSTORE: ( 3535): creating new keystore context...

I/TLC_TZ_KEYSTORE: ( 3535): initializing ccm context...

I/TLC_TZ_KEYSTORE: ( 3535): root = 0, root_strlen = 1

I/TLC_TZ_KEYSTORE: ( 3535): process = ffffffff000000000000000000000013, process_strlen = 32

I/TZ: mc_tlc_communication( 3535): input max_sendmsg_size = 1080

I/TZ: mc_tlc_communication( 3535): input max_recvmsg_size = 1080

I/TZ: mc_tlc_communication( 3535): root = 0, root_len = 1

I/TZ: mc_tlc_communication( 3535): process = ffffffff000000000000000000000013, process_strlen = 32

I/TZ: mc_tlc_communication( 3535): aligned max_sendmsg_size = 1088

I/TZ: mc_tlc_communication( 3535): aligned max_recvmsg_size = 1088

I/TZ: mc_tlc_communication( 3535): device_id = 0x0

I/TZ: mc_tlc_communication( 3535): tlc_open() was called

I/TZ: mc_tlc_communication( 3535): Opening MobiCore device

E/McClient( 3535):   *****************************

E/McClient( 3535):   *** ERROR: Device 0 already opened

E/McClient( 3535):   *** Detected in mcOpenDevice/205()

E/McClient( 3535):   *****************************

I/TZ: mc_tlc_communication( 3535): Allocating message buffer for TCI

I/TZ: mc_tlc_communication( 3535): Opening the session

D/WfcPhoneStateListener( 4714): onSignalStrengthsChanged(): signal strength changed; Level 4

D/WfcService( 4714): updateSignalStrength(): gsmSignalStrength=4

I/TZ: mc_tlc_communication( 3535): tlc_open() succeeded

I/TLC_TZ_KEYSTORE: ( 3535): ctx = 0x7f7cf7e0c0, comm = 0x7f7bcc1080, sendmsg = 0x7f7d813000, recvmsg = 0x7f7d813440

I/TLC_TZ_COMMON: get_filename: ( 3535): TZ_COMMON: Get_filename - allow_hashing: 0

I/TLC_TZ_COMMON: get_filename: ( 3535): TZ GetFN : priv_data.in_filename: 1000_KS_SKEY_PersonaPwdResetToken0, len: 34

I/TLC_TZ_COMMON: get_filename: ( 3535): TZ CCM : priv_data.in_fn_len: 34

I/TLC_TZ_COMMON: get_filename: ( 3535): TZ GetFN : Starting

I/SurfaceFlinger( 2986): id=4058 Removed TurfaceView (14/17)

I/SurfaceFlinger( 2986): id=4058 Removed TurfaceView (-2/17)

I/TLC_TZ_COMMON: get_filename: ( 3535): TZ GetFN : enc filename: A1C1B19DFD341FFC225D7A905FFE968A1895EAAD7BF44C47DD5456972C42813054D200E787C22E888984771C6546AABE335CB0341376AA10ED312723983D46C3

I/TZ: mc_tlc_communication( 3535): tlc_close() was called

I/TZ: mc_tlc_communication( 3535): Closing the session

I/WfcController( 4714): processSignalStrength(): gsmSignalStrength=4

D/WfcController( 4714): isRadioConnected(): radio is connected

D/WfcController( 4714): checkAndUpdateLowSignal(): !isRadioConnected()=false, (mWfcControlState.mWifiState == WifiStates.DISCONNECTED)=true, mWifiManager.isWifiEnabled()=false

D/WfcController( 4714): isRadioConnected(): radio is connected

D/WfcController( 4714): checkAndUpdateLowSignal(): Broadcast NOT in low signal

D/WfcController( 4714): checkAndUpdateLowSignal(): Broadcast nothing changed

D/WfcPhoneStateListener( 4714): onSignalStrengthsChanged(): signal strength did not change

I/AudioPolicyManager( 3006): startInput() input 2608

D/audio_hw_primary( 3006): in_set_parameters: enter: kvpairs: input_source=6;keyIsHotword=true;routing=-2147483644

V/audio_hw_primary( 3006): set_processing_type (6,0)

I/audio_hw_primary( 3006): do_in_standby : in->standby 1

I/samsungRecord( 3006): [samsungrecord] MicCalonoff 1

I/MicrophoneInputStream( 4734): mic_started com.google.android.apps.gsa.speech.audio.aa@109e7906

I/TZ: mc_tlc_communication( 3535): Freeing message buffer

I/TZ: mc_tlc_communication( 3535): Closing MobiCore device

I/TZ: mc_tlc_communication( 3535): tlc_close() succeeded

E/TLC_TZ_KEYSTORE: ( 3535): Count : 1, Ret : 0

I/        ( 3535): TimaKeyStore: encryptFilename : filename is: A1C1B19DFD341FFC225D7A905FFE968A1895EAAD7BF44C47DD5456972C42813054D200E787C22E888984771C6546AABE335CB0341376AA10ED312723983D46C3

I/        ( 3535): TimaKeyStore: /data/misc/fips_tima_keystore/user_0/A1C1B19DFD341FFC225D7A905FFE968A1895EAAD7BF44C47DD5456972C42813054D200E787C22E888984771C6546AABE335CB0341376AA10ED312723983D46C3 exists

I/        ( 3535): TimaKeyStore: tima_KeyStore3_exist_JNI

I/        ( 3535): TimaKeyStore: callingUid is 1000

E/TLC_TZ_KEYSTORE: ( 3535): Inside TZ_KEYSTORE_encrypt_filename()

I/TLC_TZ_KEYSTORE: ( 3535): creating new keystore context...

I/TLC_TZ_KEYSTORE: ( 3535): initializing ccm context...

I/TLC_TZ_KEYSTORE: ( 3535): root = 0, root_strlen = 1

I/TLC_TZ_KEYSTORE: ( 3535): process = ffffffff000000000000000000000013, process_strlen = 32

I/TZ: mc_tlc_communication( 3535): input max_sendmsg_size = 1080

I/TZ: mc_tlc_communication( 3535): input max_recvmsg_size = 1080

I/TZ: mc_tlc_communication( 3535): root = 0, root_len = 1

I/TZ: mc_tlc_communication( 3535): process = ffffffff000000000000000000000013, process_strlen = 32

I/TZ: mc_tlc_communication( 3535): aligned max_sendmsg_size = 1088

I/TZ: mc_tlc_communication( 3535): aligned max_recvmsg_size = 1088

I/TZ: mc_tlc_communication( 3535): device_id = 0x0

I/TZ: mc_tlc_communication( 3535): tlc_open() was called

I/TZ: mc_tlc_communication( 3535): Opening MobiCore device

E/McClient( 3535):   *****************************

E/McClient( 3535):   *** ERROR: Device 0 already opened

E/McClient( 3535):   *** Detected in mcOpenDevice/205()

E/McClient( 3535):   *****************************

I/TZ: mc_tlc_communication( 3535): Allocating message buffer for TCI

I/TZ: mc_tlc_communication( 3535): Opening the session

I/SurfaceFlinger( 2986): id=4057 Removed LeyguardWal (14/16)

I/SurfaceFlinger( 2986): id=4057 Removed LeyguardWal (-2/16)

D/PanelView( 4020): There is/are notification(s) 

D/PanelView( 4020): kidsfalse mQsExpansionEnabled:true

V/audio_hw_primary( 3006): start_input_stream: set_hw_echoReference_enable(false)

V/echo_reference_processing( 3006): start_echoReference_effect +

V/echo_reference_processing( 3006): start_echoReference_effect(): channel_count:[2] reqeusted_samplerate:[16000]

W/audio_hw_primary( 3006): start_input_stream() echoReference effect is not created.

I/SurfaceFlinger( 2986): id=4057 Removed LeyguardWal (-2/16)

D/audio_hw_primary( 3006): start_input_stream (0xef46a440) in->config.rate:48000 in->config.format:0

D/PreProcess( 3006): new SamsungRecord

D/PreProcess( 3006): new NS

I/samsungRecord( 3006): [samsungrecord] SamsungRecInit 

I/samsungRecord( 3006): [samsungrecordMIC]Use HardCoding Values

E/samsungRecord( 3006): miccalib file can't created. (/data/snd/miccalib.txt)

I/samsungRecord( 3006): 1

D/SamsungRecord_NS( 3006): [SamsungRecord_NS] Init SR 16000

D/SamsungRecord_NS( 3006): [SamsungRecord_NS] getLevel inputsource 6, ret_level 3

I/samsungRecord( 3006): [samsungrecord] MicCalonoff 1

I/audio_hw_primary( 3006): is_voice_wakeup : ret =  0  , wakeup_baby_cry_enabled = 0  ,  wakeup_mic_enabled = 0 

I/audio_hw_primary( 3006): get_input_snd_device_id device:0xb

V/audio_hw_primary( 3006): select_devices output_scenario:0 input_scenario:27 out_snd_device 0x2 in_snd_device:0xb

I/audio_route( 3006): 

I/audio_route( 3006): > audio_route_reset :

I/audio_route( 3006): 

I/audio_route( 3006): > audio_route_apply_path : "recognition-mic"

V/audio_hw_primary( 3006): select_devices() input_route "recognition-mic" 

I/audio_route( 3006): 

I/audio_route( 3006): > audio_route_apply_path : "media-speaker"

D/PanelView( 4020): There is/are notification(s) 

D/PanelView( 4020): kidsfalse mQsExpansionEnabled:true

V/audio_hw_primary( 3006): select_devices() output_route "media-speaker" 

I/audio_route( 3006): 

I/audio_route( 3006): > audio_route_apply_path : "gain-recognition-mic"

V/audio_hw_primary( 3006): select_devices() input_gain "gain-recognition-mic" 

I/audio_route( 3006): 

I/audio_route( 3006): > audio_route_apply_path : "gain-media-speaker"

V/audio_hw_primary( 3006): select_devices() output_gain "gain-media-speaker" 

I/audio_route( 3006): 

I/audio_route( 3006): > audio_route_update_mixer : +

I/audio_route( 3006): > audio_route_update_mixer : changed(0) -

I/audio_hw_primary( 3006): select_devices - 

V/audio_hw_primary( 3006): start_input_stream -

I/TZ: mc_tlc_communication( 3535): tlc_open() succeeded

I/TLC_TZ_KEYSTORE: ( 3535): ctx = 0x7f7cf7e0c0, comm = 0x7f7bcc1080, sendmsg = 0x7f7d813000, recvmsg = 0x7f7d813440

I/TLC_TZ_COMMON: get_filename: ( 3535): TZ_COMMON: Get_filename - allow_hashing: 0

I/TLC_TZ_COMMON: get_filename: ( 3535): TZ GetFN : priv_data.in_filename: 1000_KS_SKEY_PersonaPwdResetToken0, len: 34

I/TLC_TZ_COMMON: get_filename: ( 3535): TZ CCM : priv_data.in_fn_len: 34

I/TLC_TZ_COMMON: get_filename: ( 3535): TZ GetFN : Starting

D/SLocation( 3535): last acc 53.34

D/SLocation( 3535): last acc 53.34

D/SpayBroadcastReceiver(31549): called OnReceive(), action = android.intent.action.USER_PRESENT, info = -1

D/ActivityMgr(31549): isFMM_LOCK supported? true

D/ActivityMgr(31549): isFMM_WIPEOUT supported? true

D/ActivityMgr(31549): isNO_SIMPLEPAY_SERVICE_WHEN_SIM_CHANGED supported? false

I/SAMSUNGPAY.C.SpayUtils(31549): Service is already created : com.samsung.android.spay.ui.common.SpayQuickPayService

D/[zero daemon] (19562): {[C6B53529A4E9A61B6E9DFAC2EC352F35413B8423020D39F21C4F88CE3B9B87CFDCC0B81B0A5ED41F6DFA9549B8ADE1F4BACF4D40B7B8E99052DE9FA88E767D1DEF99F3B50EBB0BE2EA7D97147503802808B0F46342E4D32B53ACCA63815BEAA3E6A19B15B6D34AFADF3249A820F62444]}

I/[zero daemon] (19562): {[A32E1AC369E42B6168CFC8ECFBFA9951C42133C77ADF9B218D854990F6269E396BCB11BEB3F5B339C9A8D47415526840]}

I/TLC_TZ_COMMON: get_filename: ( 3535): TZ GetFN : enc filename: A1C1B19DFD341FFC225D7A905FFE968A1895EAAD7BF44C47DD5456972C42813054D200E787C22E888984771C6546AABE335CB0341376AA10ED312723983D46C3

I/TZ: mc_tlc_communication( 3535): tlc_close() was called

I/TZ: mc_tlc_communication( 3535): Closing the session

D/PanelView( 4020): There is/are notification(s) 

D/PanelView( 4020): kidsfalse mQsExpansionEnabled:true

D/[zero daemon] (19562): {[C6B53529A4E9A61B6E9DFAC2EC352F35413B8423020D39F21C4F88CE3B9B87CFDCC0B81B0A5ED41F6DFA9549B8ADE1F4BACF4D40B7B8E99052DE9FA88E767D1DEF99F3B50EBB0BE2EA7D97147503802808B0F46342E4D32B53ACCA63815BEAA3ED276C39FA95340FD01BAF963F21FFFB]}

I/[zero daemon] (19562): {[A32E1AC369E42B6168CFC8ECFBFA9951C42133C77ADF9B218D854990F6269E392BB582333EA1FB9A3DD83C292BF89A20]}

D/PanelView( 4020): There is/are notification(s) 

D/PanelView( 4020): kidsfalse mQsExpansionEnabled:true

I/TZ: mc_tlc_communication( 3535): Freeing message buffer

I/TZ: mc_tlc_communication( 3535): Closing MobiCore device

I/TZ: mc_tlc_communication( 3535): tlc_close() succeeded

E/TLC_TZ_KEYSTORE: ( 3535): Count : 1, Ret : 0

I/        ( 3535): TimaKeyStore: encryptFilename : filename is: A1C1B19DFD341FFC225D7A905FFE968A1895EAAD7BF44C47DD5456972C42813054D200E787C22E888984771C6546AABE335CB0341376AA10ED312723983D46C3

I/        ( 3535): TimaKeyStore: /data/misc/fips_tima_keystore/user_0/A1C1B19DFD341FFC225D7A905FFE968A1895EAAD7BF44C47DD5456972C42813054D200E787C22E888984771C6546AABE335CB0341376AA10ED312723983D46C3 exists

I/        ( 3535): TimaKeyStore: tima_KeyStore3_get_JNI

I/        ( 3535): TimaKeyStore: callingUid is 1000

E/TLC_TZ_KEYSTORE: ( 3535): Inside TZ_KEYSTORE_encrypt_filename()

I/TLC_TZ_KEYSTORE: ( 3535): creating new keystore context...

I/TLC_TZ_KEYSTORE: ( 3535): initializing ccm context...

I/TLC_TZ_KEYSTORE: ( 3535): root = 0, root_strlen = 1

I/TLC_TZ_KEYSTORE: ( 3535): process = ffffffff000000000000000000000013, process_strlen = 32

I/TZ: mc_tlc_communication( 3535): input max_sendmsg_size = 1080

I/TZ: mc_tlc_communication( 3535): input max_recvmsg_size = 1080

I/TZ: mc_tlc_communication( 3535): root = 0, root_len = 1

I/TZ: mc_tlc_communication( 3535): process = ffffffff000000000000000000000013, process_strlen = 32

I/TZ: mc_tlc_communication( 3535): aligned max_sendmsg_size = 1088

I/TZ: mc_tlc_communication( 3535): aligned max_recvmsg_size = 1088

I/TZ: mc_tlc_communication( 3535): device_id = 0x0

I/TZ: mc_tlc_communication( 3535): tlc_open() was called

I/TZ: mc_tlc_communication( 3535): Opening MobiCore device

E/McClient( 3535):   *****************************

E/McClient( 3535):   *** ERROR: Device 0 already opened

E/McClient( 3535):   *** Detected in mcOpenDevice/205()

E/McClient( 3535):   *****************************

I/TZ: mc_tlc_communication( 3535): Allocating message buffer for TCI

I/TZ: mc_tlc_communication( 3535): Opening the session

V/UserPresentBroadcastReceiver( 5293): Received Intent { act=android.intent.action.USER_PRESENT flg=0x24000010 cmp=com.google.android.gms/.auth.trustagent.UserPresentBroadcastReceiver }.

D/[AccuPhone] ( 5151): {[42C2A4C2D164C874A4AACD4BF20A156B9EFC7B2A9C5861A652B2B0A031EF5129487FDDD816F1DCAE14BD9CB1FB79A900]}

D/[zero daemon] (19562): {[C6B53529A4E9A61B6E9DFAC2EC352F35413B8423020D39F21C4F88CE3B9B87CFDCC0B81B0A5ED41F6DFA9549B8ADE1F4BACF4D40B7B8E99052DE9FA88E767D1DEF99F3B50EBB0BE2EA7D97147503802808B0F46342E4D32B53ACCA63815BEAA3E6A19B15B6D34AFADF3249A820F62444]}

I/[zero daemon] (19562): {[A32E1AC369E42B6168CFC8ECFBFA9951C42133C77ADF9B218D854990F6269E396BCB11BEB3F5B339C9A8D47415526840]}

D/KnoxNotification( 4020): ----- inflateViews : modified publicViewLocal -----

I/TZ: mc_tlc_communication( 3535): tlc_open() succeeded

I/TLC_TZ_KEYSTORE: ( 3535): ctx = 0x7f7cf7e0c0, comm = 0x7f7bcc1080, sendmsg = 0x7f7d813000, recvmsg = 0x7f7d813440

I/TLC_TZ_COMMON: get_filename: ( 3535): TZ_COMMON: Get_filename - allow_hashing: 0

I/TLC_TZ_COMMON: get_filename: ( 3535): TZ GetFN : priv_data.in_filename: 1000_KS_SKEY_PersonaPwdResetToken0, len: 34

I/TLC_TZ_COMMON: get_filename: ( 3535): TZ CCM : priv_data.in_fn_len: 34

I/TLC_TZ_COMMON: get_filename: ( 3535): TZ GetFN : Starting

D/KnoxNotification( 4020): ----- inflateViews : modified KnoxViewLocal -----

D/[AccuPhone] ( 5151): {[426B9B6D3B10DD4C49F66221CB71506BAF781230DF31516BF2FCE01CDCD3541E21C4F8144BD36AEB0B24D96EBDF687BA]}

D/[AccuPhone] ( 5151): {[2F2BDB369BEC6C57153A8EF09260A9D086E90C1F451628F6A22B3A11C12E6314093ECF43ED7E95A139780E1388C6FFB2]}

D/[AccuPhone] ( 5151): {[E0F4745509EB14FFE9D3763E48CFC94CEE11866A2C1C0399F819CC3FF7F1A8051EBF26E790E60362CEB444F395357F9135CA4CD867B752E5F4F357005E6FC0F8EF916704E0B9D729C02004DF664D9F65C328B10F25A0DD7537B2757D6F56563C]}

D/[AccuPhone] ( 5151): {[2056106B0A722F61C6D9B3FC23C0DB6495AB17D33202977EB0565FCE11E9CD03068EC1D7A2D44BE06ED2281CA6E6DEED]}

D/[AccuPhone] ( 5151): {[938C2677B2E399FA5A6DAF5873EE1B1A6B4185CB73B8EBD3E48CCE95813AAC1BE50418B6C3ED2D92F2BF1DAD8CA6741E5A81F20B444B5EA2475E098B036FFD36]}

D/[AccuPhone] ( 5151): {[EFD10FCFA5A229FCFA577690909995E47EC1B7D704301FF0081203BAA73B12B7AFDD6ED2DB6A0DE2418D927C1AC7F71F]}

D/[AccuPhone] ( 5151): {[5CBF6308F26366769FFFB11141111F22529928DD3E2D7784E0B3722E209E20F67376880A19D0B595C61AC53F33F83CC1]}

D/[AccuPhone] ( 5151): {[54BCC25FBC6768E65FEDE168E6274DBB50B13B97BA943CE56FE00468DE407BE0057E0D545DE07E0C9DCA1E3292B94BCBB934B5CADC0642147A99415D152D14BC0ACE5CA5AA3AEA7C2ADED19EE60912AA]}

E/Minikin ( 5151): addFont failed to create font 

D/[AccuPhone] ( 5151): {[807B768DD967F021F08DB3E3873C61D3B0C777E3624214C17C99E76CA57B5CD92FB75D9E13447CBCE81E9A6170B1E1A8]}

D/[AccuPhone] ( 5151): {[B2AAD7AB4419DCBC21FCE8330F1C2CD9B6B2FE2F33FEFF397582CE31E0EB19F258ADCB11105DAC1B6C9F12CFB78C56B4]}

D/[AccuPhone] ( 5151): {[EFD10FCFA5A229FCFA577690909995E47EC1B7D704301FF0081203BAA73B12B7AFDD6ED2DB6A0DE2418D927C1AC7F71F]}

D/[AccuPhone] ( 5151): {[FF4CBAF49F4DCB35C87E88C26B56ED00349E5F512206C0A0C2F65EDAA3B198C8AE796B1EA732FA645DB89FD0185C89FE3587579989D4CB944B337933D2AE31C6D3E992E723EF6D8468F2472831A7B748]}

D/[AccuPhone] ( 5151): {[AAFB47C02BB4CABB11B0D3C04DF6B9C05177AFD27D4F43C4ACA089137F08E6D429D7C3C530361CB7CCCEC654EFC1FECFB3780BBD58AA0E8A6CF0FE3E2A9F725627E35DDA267A984FDEC19720A080F0C2]}

I/SurfaceFlinger( 2986): id=4059 Removed  (15/15)

D/[AccuPhone] ( 5151): {[4474D67FCCBDBAB857FF3ED9CD629234D88B7F1CF57B1604F7B56F0E790D7F83EA1C548063AE730A434746C75280CBE2B7BF5D5C9EC6D88D34B78451ED569C44]}

I/SurfaceFlinger( 2986): id=4059 Removed  (-2/15)

D/[AccuPhone] ( 5151): {[99ACEC17F13BEA71A4ADD4CB428ED710A4DFB6F288C1A983D3AB379AAC170229B0A2E775C34D7E10E73C2C1B3A8349520829A232EDC72D5896A7A04D71816AA2]}

D/[AccuPhone] ( 5151): {[C6F9727B3039549C04B82FD4645BAB220736CF8755AF3958DCB298572C682C9A241A360A2340B6D70D90D78A2A72A35019D356EE795282609A6B68070129B490]}

D/[AccuPhone] ( 5151): {[F14129C2992B72617EB6E2477891B3E2FDB972C010741DC1D446B671BDA4F2CE588E7E1FFECA0D5F3D9ADEED37F294A3DC33D1FAF35E1E2274344906DCE2FDFF]}

D/[AccuPhone] ( 5151): {[FD5ABB912591159BE22A6159A77253BDA720B0DE0E607E55CBC44A517BC06490BFCEF9F63FED4E0F625EC433CA963300]}

D/[AccuPhone] ( 5151): {[AF0CD4F9B2A1E68A971C564E13A94D98EA9C6921CE12D89B5662B7081A9A766501BC22A3B92D865877605F20441FA8DEBA46D05B3F49ADC06CC84FF6A60A210BD9223E3A6156B89C2F93919845E1C993]}

D/[AccuPhone] ( 5151): {[AB1FD1F2835BA0CA9BF25094646FD4105E4FD3E303FF729972E2E2667142B951]}

D/[AccuPhone] ( 5151): {[CEE3546212D1FEA8E6468425537D87AB053EFC243C9ACD80AFE766FC6D32D816B8CB58139BA362160D7FA141FC6B23B7]}

I/TLC_TZ_COMMON: get_filename: ( 3535): TZ GetFN : enc filename: A1C1B19DFD341FFC225D7A905FFE968A1895EAAD7BF44C47DD5456972C42813054D200E787C22E888984771C6546AABE335CB0341376AA10ED312723983D46C3

I/TZ: mc_tlc_communication( 3535): tlc_close() was called

I/TZ: mc_tlc_communication( 3535): Closing the session

D/[AccuPhone] ( 5151): {[19479FB03340899FC1B7C3938D29DED0260A065C397CCE05C2AA88854466200A8D5FB1982B3A7F2B6FA64C688EA1313C]}

D/[AccuPhone] ( 5151): {[7FFEBAFA80F5858BF33C4D287E2AC8FB4B72BDCE654AD2203AFB36E44CA001756D8E3747B5DF18501D65107EBEA30F2B7D6BE7E8F5703241276DDBE40705401C]}

D/PanelView( 4020): There is/are notification(s) 

D/PanelView( 4020): kidsfalse mQsExpansionEnabled:true

D/[AccuPhone] ( 5151): {[21FAB0E56E8355D4BAA610002FE34B78B907945C6A6BE2296AB66A3025448694501EA3A863EB882E28CC79197C6FA34B]}

D/[AccuPhone] ( 5151): {[B2AAD7AB4419DCBC21FCE8330F1C2CD9B6B2FE2F33FEFF397582CE31E0EB19F258ADCB11105DAC1B6C9F12CFB78C56B4]}

D/[AccuPhone] ( 5151): {[A9EEC5D76E409C6DAB2AA0BA9E12FF3A4C9DF9F323393F378490702E213D504CA8FFFCF8B39EFBD3879AB7C949F52AAFA8560483042C08FAB9D856CBE8E520AA]}

D/[AccuPhone] ( 5151): {[672257B02E381E6C23100D7B88AB9D38B0CC6A2687650498A9224CA2719FE11C3B1AB77E185F34ECA39439B4E09B0B976FC2A871DBA32C04F1117C09E9FE7F39]}

D/[AccuPhone] ( 5151): {[EFD10FCFA5A229FCFA577690909995E47EC1B7D704301FF0081203BAA73B12B7AFDD6ED2DB6A0DE2418D927C1AC7F71F]}

D/[AccuPhone] ( 5151): {[5CBF6308F26366769FFFB11141111F22529928DD3E2D7784E0B3722E209E20F67376880A19D0B595C61AC53F33F83CC1]}

D/[AccuPhone] ( 5151): {[54BCC25FBC6768E65FEDE168E6274DBB50B13B97BA943CE56FE00468DE407BE0057E0D545DE07E0C9DCA1E3292B94BCBB934B5CADC0642147A99415D152D14BC0ACE5CA5AA3AEA7C2ADED19EE60912AA]}

E/Minikin ( 5151): addFont failed to create font 

D/[AccuPhone] ( 5151): {[807B768DD967F021F08DB3E3873C61D3B0C777E3624214C17C99E76CA57B5CD92FB75D9E13447CBCE81E9A6170B1E1A8]}

D/[AccuPhone] ( 5151): {[B2AAD7AB4419DCBC21FCE8330F1C2CD9B6B2FE2F33FEFF397582CE31E0EB19F258ADCB11105DAC1B6C9F12CFB78C56B4]}

D/[AccuPhone] ( 5151): {[B2AAD7AB4419DCBC21FCE8330F1C2CD9B6B2FE2F33FEFF397582CE31E0EB19F258ADCB11105DAC1B6C9F12CFB78C56B4]}

D/[AccuPhone] ( 5151): {[EFD10FCFA5A229FCFA577690909995E47EC1B7D704301FF0081203BAA73B12B7AFDD6ED2DB6A0DE2418D927C1AC7F71F]}

D/[AccuPhone] ( 5151): {[EFD10FCFA5A229FCFA577690909995E47EC1B7D704301FF0081203BAA73B12B7AFDD6ED2DB6A0DE2418D927C1AC7F71F]}

D/[AccuPhone] ( 5151): {[EFD10FCFA5A229FCFA577690909995E47EC1B7D704301FF0081203BAA73B12B7AFDD6ED2DB6A0DE2418D927C1AC7F71F]}

W/MicroDetectionWorkerImp( 4734): Tag [MicroDetectionWorkerImpl] is too long; truncated to [MicroDetectionWorkerImp]

I/MicroDetectionWorkerImp( 4734): onReady

D/PanelView( 4020): There is/are notification(s) 

D/PanelView( 4020): kidsfalse mQsExpansionEnabled:true

D/StatusBar.NetworkController( 4020): onSignalStrengthsChanged signalStrength=SignalStrength: 16 99 -16 -200 -16 -200 -1 99 -102 -7 90 2 2147483647 0x4000 gsm|lte level=4

D/StatusBar.NetworkController( 4020): updateTelephonySignalStrength: hasService=true ss=SignalStrength: 16 99 -16 -200 -16 -200 -1 99 -102 -7 90 2 2147483647 0x4000 gsm|lte

D/StatusBar.NetworkController( 4020): updateTelephonySignalStrength: iconLevel=4

D/StatusBar.NetworkController( 4020): updateTelephonySignalStrength, No signal level. mPhoneSignalIconId = com.android.systemui:drawable/tw_stat_sys_5_level_signal_4_auto_rotate mDataSignalIconId = com.android.systemui:drawable/tw_stat_sys_5_level_signal_4_auto_rotate mQSPhoneSignalIconId = com.android.systemui:drawable/ic_qs_signal_4 mContentDescriptionPhoneSignal = Phone four bars.

