D/NetworkMonitor/NetworkAgentInfo [MOBILE (LTE) - 519]( 3535): DefaultState{ when=0 what=532481 target=com.android.internal.util.StateMachine$SmHandler }

D/NetworkMonitor/NetworkAgentInfo [MOBILE (LTE) - 519]( 3535): Connected

D/NetworkMonitor/NetworkAgentInfo [MOBILE (LTE) - 519]( 3535): EvaluatingState{ when=0 what=532486 arg1=1 target=com.android.internal.util.StateMachine$SmHandler }

D/NetworkMonitor/NetworkAgentInfo [MOBILE (LTE) - 519]( 3535): Validated

D/WIFI_P2P( 3535): evalRequest evalRequest  = NetworkRequest [ id=1, legacyType=-1, [ Capabilities: INTERNET&NOT_RESTRICTED&TRUSTED&NOT_VPN] ] n.requested= false

E/CSLegacyTypeTracker( 3535): add() : Adding agent NetworkAgentInfo{ ni{[type: MOBILE[LTE] - MOBILE, state: CONNECTED/CONNECTED, reason: connected, extra: fast.t-mobile.com, roaming: false, failover: false, isAvailable: true, isConnectedToProvisioningNetwork: false]}  network{519}  lp{{InterfaceName: rmnet0 LinkAddresses: [2607:fb90:1f0d:e3b5:0:3b:ae7c:6a01/64,]  Routes: [::/0 -> 2607:fb90:1f0d:e3b5::1 rmnet0,] DnsAddresses: [fd00:976a::9,] Domains: null MTU: 0 TcpBufferSizes: 1048576,3145728,4194304,524288,1572864,2097152}}  nc{[ Transports: CELLULAR Capabilities: MMS&SUPL&INTERNET&NOT_RESTRICTED&TRUSTED&NOT_VPN LinkUpBandwidth>=51200Kbps LinkDnBandwidth>=102400Kbps Specifier: <2>]}  Score{10}  everValidated{false}  lastValidated{false}  created{true}  explicitlySelected{false} } for legacy network type 0

D/ConnectivityManager.CallbackHandler( 4020): CM callback handler got msg 524290

D/ConnectivityManager.CallbackHandler(19485): CM callback handler got msg 524290

I/wpa_supplicant( 3237): [wpa_supplicant_init]: use SECRIL

I/wpa_supplicant( 3237): Successfully initialized wpa_supplicant

I/wpa_supplicant( 3237): wfa_sec_certi : csc_certi_string() and flags(0x0)

D/Tethering( 3535): Tethering got CONNECTIVITY_ACTION_IMMEDIATE

I/SecureStorage( 3237): [INFO]: SPID(0x00000000)Checking if this device supports Secure Storage

D/Tethering( 3535): MasterInitialState.processMessage what=3

W/LightSharedPreferencesImpl( 3200): Failed to load preference file from Disk!

W/LightSharedPreferencesImpl( 3200): java.io.FileNotFoundException: /data/data/com.facebook.appmanager/app_light_prefs/com.facebook.appmanager/analytics_flexible_sampling_policy: open failed: ENOENT (No such file or directory)

W/LightSharedPreferencesImpl( 3200): 	at libcore.io.IoBridge.open(IoBridge.java:456)

W/LightSharedPreferencesImpl( 3200): 	at java.io.FileInputStream.<init>(FileInputStream.java:76)

W/LightSharedPreferencesImpl( 3200): 	at com.facebook.crudolib.b.k.a(LightSharedPreferencesStorage.java:56)

W/LightSharedPreferencesImpl( 3200): 	at com.facebook.crudolib.b.g.run(LightSharedPreferencesImpl.java:61)

W/LightSharedPreferencesImpl( 3200): 	at java.util.concurrent.Executors$RunnableAdapter.call(Executors.java:422)

W/LightSharedPreferencesImpl( 3200): 	at com.facebook.common.executors.dj.run(WrappingExecutorService.java:77)

W/LightSharedPreferencesImpl( 3200): 	at com.facebook.common.executors.u.run(DefaultConstrainedListeningExecutorService.java:327)

W/LightSharedPreferencesImpl( 3200): 	at java.util.concurrent.ThreadPoolExecutor.runWorker(ThreadPoolExecutor.java:1112)

W/LightSharedPreferencesImpl( 3200): 	at java.util.concurrent.ThreadPoolExecutor$Worker.run(ThreadPoolExecutor.java:587)

W/LightSharedPreferencesImpl( 3200): 	at com.facebook.common.executors.cc.run(NamedThreadFactory.java:42)

W/LightSharedPreferencesImpl( 3200): 	at java.lang.Thread.run(Thread.java:818)

W/LightSharedPreferencesImpl( 3200): Caused by: android.system.ErrnoException: open failed: ENOENT (No such file or directory)

W/LightSharedPreferencesImpl( 3200): 	at libcore.io.Posix.open(Native Method)

W/LightSharedPreferencesImpl( 3200): 	at libcore.io.BlockGuardOs.open(BlockGuardOs.java:186)

W/LightSharedPreferencesImpl( 3200): 	at libcore.io.IoBridge.open(IoBridge.java:442)

W/LightSharedPreferencesImpl( 3200): 	... 10 more

D/WifiWatchdogStateMachine( 3535): TYPE_MOBILE received. isConnected=true

D/GpsLocationProvider( 3535): receive broadcast intent, action: android.net.conn.CONNECTIVITY_CHANGE_IMMEDIATE

D/ConnectivityManager( 3535): getMobileDataEnabled()+ subId=2

D/PhoneInterfaceManager( 4516): [PhoneIntfMgr] getDataEnabled: subId=2 phoneId=0

D/StatusBar.NetworkController( 4020): EthernetConnected: false

D/StatusBar.NetworkController( 4020): getUpdateDataNetType(): 13

D/PhoneInterfaceManager( 4516): [PhoneIntfMgr] getDataEnabled: subId=2 retVal=true

D/ConnectivityManager( 3535): getMobileDataEnabled()- subId=2 retVal=true

D/NtpTrustedTime( 3535): currentTimeMillis() cache hit

D/ConnectivityManager.CallbackHandler( 4020): CM callback handler got msg 524290

D/ConnectivityManager.CallbackHandler(19485): CM callback handler got msg 524290

D/WIFI_P2P( 3535): evalRequest evalRequest  = NetworkRequest [ id=1, legacyType=-1, [ Capabilities: INTERNET&NOT_RESTRICTED&TRUSTED&NOT_VPN] ] n.requested= false

I/SecureStorage( 3237): [INFO]: SPID(0x00000000)This device supports Secure Storage

I/SecureStorage( 3036): [INFO]: SPID(0x000000B6)Credentials: uid 1010, gid 1010, pid 3237

I/SecureStorage( 3036): [INFO]: SPID(0x000000B6)Received function mask & code: 0x0000010C

I/SecureStorage( 3237): [INFO]: SPID(0x00000000)SS Daemon is running

I/wpa_supplicant( 3237): ssSupport state is = 1

I/wpa_supplicant( 3237): >>>>> GET KEY, IV <<<<<

I/SecureStorage( 3237): [INFO]: SPID(0x00000000)Processing data

I/SecureStorage( 3036): [INFO]: SPID(0x000000B6)Credentials: uid 1010, gid 1010, pid 3237

I/SecureStorage( 3036): [INFO]: SPID(0x000000B6)Received function mask & code: 0x00000106

D/StatusBar.NetworkController( 4020): updateTMODataNetType R -false

D/EnterprisePremiumVpnPolicyServiceV2( 3535): Vpn Receiver : android.net.conn.CONNECTIVITY_CHANGE

I/EnterprisePremiumVpnPolicyServiceV2( 3535): Vpn Receiver : Connection change = false

D/KnoxVpnEngineService( 3535): Vpn Receiver : android.net.conn.CONNECTIVITY_CHANGE

I/KnoxVpnEngineService( 3535): vpn handle : Message received

D/KnoxVpnEngineService( 3535): vpn handle : connectivity action : Handle MSG CONNECTIVITY_ACTION. networkDown = false

D/KnoxVpnEngineService( 3535): run all vpn : runAllVpnService beginning

I/EnterprisePremiumVpnPolicyServiceV2( 3535): vpn handle : Message received

D/EnterprisePremiumVpnPolicyServiceV2( 3535): vpn handle : connectivity action : Handle MSG CONNECTIVITY_ACTION

I/clatd   ( 3239): Detected NAT64 prefix 2607:7700:0:f::/96

D/EnterprisePremiumVpnPolicyServiceV2( 3535): run all vpn : runAllVpnService beginning

W/clatd   ( 3239): ifmtu=1440

W/clatd   ( 3239): ipv4mtu now set to = 1412

I/clatd   ( 3239): Using IPv4 address 192.0.0.4 on v4-rmnet0

I/clatd   ( 3239): Using IPv6 address 2607:fb90:1f0d:e3b5:8719:f5e3:7081:1114 on rmnet0

D/EPDG -- [EPDGService]( 3535): CONNECTIVITY_ACTION is triggered by non WIFI network

D/EPDG -- [UTILS]( 3535): getApnTypebyNetworkType() networkType: 0

D/EPDG -- [UTILS]( 3535): getApnTypebyNetworkType() returning apnType: default

D/EPDG -- [EPDGService]( 3535): networkState: CONNECTED networkType: 0

D/InjectionManager( 3200): InjectionManager

D/InjectionManager( 3200): fillFeatureStoreMap com.facebook.appmanager

D/EPDG -- [EPDGService]( 3535): Internet PDN is connected; with interface Namermnet0

D/CII     ( 5894): RCS_CONFIG: ConfigService$MessageHandler$Receiver.onReceive,240:android.net.conn.CONNECTIVITY_CHANGE

D/CII     ( 5894): RCS_CONFIG: ConfigService$MessageHandler.handleMessage,104:message :4

I/WfcConnectivityReceiver( 4714): onReceive(): action=ConnectivityManager.CONNECTIVITY_ACTION

D/WfcConnectivityReceiver( 4714): processConnectivity(): connected=true, type=0

D/WfcConnectivityReceiver( 4714): parseMobileConnectivity(): connected=true

D/CellLocationSupport( 3990): onReceive ACTION = android.net.conn.CONNECTIVITY_CHANGE

I/CellLocationSupport( 3990): onCellLocationChanged

I/InjectionManager( 3200): Constructor com.facebook.appmanager, Feature store :{}

I/InjectionManager( 3200): featureStore :{}

D/Tethering( 3535): interfaceLinkStateChanged v4-rmnet0, true

D/Tethering( 3535): interfaceStatusChanged v4-rmnet0, true

D/EPDG -- [NETMGMT]( 3535): Interface v4-rmnet0 link up

D/EPDG -- [EPDGService]( 3535): Interface v4-rmnet0 link up

D/EPDG -- [EPDGService]( 3535): mobileIntfPrefix is rmnet

D/EPDG -- [EPDGService]( 3535): alphabeticSubString is v4-rm

D/EPDG -- [EPDGService]( 3535): numericSubString is net0

D/CII     ( 5894): RCS_CONFIG: ConfigService$MessageHandler.handleMessage,175:0.MOBILE:LTE:CONNECTED

D/CII     ( 5894): RCS_CONFIG: ConfigService$MessageHandler.handleMessage,175:1.WIFI::DISCONNECTED

D/CII     ( 5894): RCS_CONFIG: ConfigService$MessageHandler.handleMessage,175:2.MOBILE_MMS::DISCONNECTED

D/CII     ( 5894): RCS_CONFIG: ConfigService$MessageHandler.handleMessage,175:3.MOBILE_SUPL::DISCONNECTED

D/CII     ( 5894): RCS_CONFIG: ConfigService$MessageHandler.handleMessage,175:4.MOBILE_DUN::DISCONNECTED

D/CII     ( 5894): RCS_CONFIG: ConfigService$MessageHandler.handleMessage,175:5.MOBILE_HIPRI::DISCONNECTED

E/EPDG -- [EPDGService]( 3535): Error!!!, cid is not converted into number, returning

D/CII     ( 5894): RCS_CONFIG: ConfigService$MessageHandler.handleMessage,175:7.BLUETOOTH::DISCONNECTED

D/CII     ( 5894): RCS_CONFIG: ConfigService$MessageHandler.handleMessage,175:10.MOBILE_FOTA::DISCONNECTED

D/CII     ( 5894): RCS_CONFIG: ConfigService$MessageHandler.handleMessage,175:11.MOBILE:LTE:CONNECTED

D/CII     ( 5894): RCS_CONFIG: ConfigService$MessageHandler.handleMessage,175:12.MOBILE_CBS::DISCONNECTED

D/CII     ( 5894): RCS_CONFIG: ConfigService$MessageHandler.handleMessage,175:13.WIFI_P2P::DISCONNECTED

D/CII     ( 5894): RCS_CONFIG: ConfigService$MessageHandler.handleMessage,175:14.MOBILE_IA::DISCONNECTED

D/PdnController( 3990): Interface Changed v4-rmnet0 link up

D/CII     ( 5894): RCS_CONFIG: ConfigService$MessageHandler.handleMessage,175:17.17::DISCONNECTED

D/PdnController( 3990): isConnected  [true] networktype [0]

D/CellLocationSupport( 3990): Voice over PS indication:1

D/CellLocationSupport( 3990): ignore updating VoPS. already set! value:true

D/TranslatorCollection( 3990): translateToNwkSvcType: networkType XAN_NWK_TYPE_HDR_INET

E/WifiStateMachine( 3535): skipWifiStateBroadcast:true, LastBroadcastedWifiState:1

E/WifiStateMachine( 3535): skipWifiStateBroadcast:2

D/WifiMonitor( 3535): startMonitoring(wlan0) with mConnected = false

D/ConnectivityService( 3535): updateLinkProperties: newLp = {InterfaceName: rmnet0 LinkAddresses: [2607:fb90:1f0d:e3b5:0:3b:ae7c:6a01/64,]  Routes: [::/0 -> 2607:fb90:1f0d:e3b5::1 rmnet0,] DnsAddresses: [fd00:976a::9,] Domains: null MTU: 0 TcpBufferSizes: 1048576,3145728,4194304,524288,1572864,2097152 Stacked: [ [{InterfaceName: v4-rmnet0 LinkAddresses: [192.0.0.4/32,]  Routes: [0.0.0.0/0 -> 192.0.0.4 v4-rmnet0,] DnsAddresses: [] Domains: null MTU: 0} ],] }, oldLp = {InterfaceName: rmnet0 LinkAddresses: [2607:fb90:1f0d:e3b5:0:3b:ae7c:6a01/64,]  Routes: [::/0 -> 2607:fb90:1f0d:e3b5::1 rmnet0,] DnsAddresses: [fd00:976a::9,] Domains: null MTU: 0 TcpBufferSizes: 1048576,3145728,4194304,524288,1572864,2097152}

D/NetworkChangeNotifierAutoDetect( 4734): Network connectivity changed, type is: 5

D/PdnController( 3990): CONNECTIVITY_ACTION: networkType 0 isConnected true

D/PdnController( 3990): isSuspended [false] networktype [0]

I/DBG_FMMDM(28841): [50.20.150615][Line:648][xdmProtoIsWIFIConnected] WiFi DisConnected

D/ConnectivityManager( 3535): getMobileDataEnabled()+ subId=2

D/EnterpriseDeviceManagerService( 3535): isManagedProfileUser(): userId = 0

D/PdnController( 3990): Updated Interface [rmnet0] For Network [0]

D/PdnController( 3990): isSuspended : []

D/PdnController( 3990): Notify Result to LocalIP Registrants! : networkType [0] isConnected [true] 

I/DBG_FMMDM(28841): [50.20.150615][Line:675][xdmProtoIsMobileDataConnected] Mobile Data Connected

I/DBG_FMMDM(28841): [50.20.150615][Line:685][xdmProtoIsMobileDataConnected] Mobile Data Connected : true

D/PhoneInterfaceManager( 4516): [PhoneIntfMgr] getDataEnabled: subId=2 phoneId=0

D/PhoneInterfaceManager( 4516): [PhoneIntfMgr] getDataEnabled: subId=2 retVal=true

D/ConnectivityManager( 3535): getMobileDataEnabled()- subId=2 retVal=true

D/WfcControllerUtils( 4714): parseMobileConnectivity(): NetworkTypeName=LTE, connected=true

D/WfcService( 4714): updateRadioState(): radioState=CONNECTED_IN

D/StatusBar.NetworkController( 4020): Nothing, mRoamingIconId = 0

D/StatusBar.NetworkController( 4020): updateDataIcon, mDataDirectionIconId = com.android.systemui:drawable/stat_sys_signal_no_inout_tmo mDataConnected = true

D/StatusBar.NetworkController( 4020): updateTelephonySignalStrength: hasService=true ss=SignalStrength: 4 99 -4 -200 -4 -200 -1 6 -105 -5 40 2 2147483647 0x4000 gsm|lte

D/StatusBar.NetworkController( 4020): updateTelephonySignalStrength: iconLevel=4

D/StatusBar.NetworkController( 4020): updateTelephonySignalStrength, No signal level. mPhoneSignalIconId = com.android.systemui:drawable/tw_stat_sys_5_level_signal_4_auto_rotate mDataSignalIconId = com.android.systemui:drawable/tw_stat_sys_5_level_signal_4_auto_rotate mQSPhoneSignalIconId = com.android.systemui:drawable/ic_qs_signal_4 mContentDescriptionPhoneSignal = Phone four bars.

D/StatusBar.NetworkController( 4020): refreshViews connected={ data } level=4 combinedSignalIconId=0x7f020695/com.android.systemui:drawable/tw_stat_sys_5_level_signal_4_auto_rotate mobileLabel=T-Mobile wifiLabel= emergencyOnly=false combinedLabel=T-Mobile mAirplaneMode=false mDataActivity=0 mPhoneSignalIconId=0x7f020695/com.android.systemui:drawable/tw_stat_sys_5_level_signal_4_auto_rotate mQSPhoneSignalIconId=0x7f020116/com.android.systemui:drawable/ic_qs_signal_4 mDataDirectionIconId=0x7f02051a/com.android.systemui:drawable/stat_sys_signal_no_inout_tmo mDataSignalIconId=0x7f020695/com.android.systemui:drawable/tw_stat_sys_5_level_signal_4_auto_rotate mDataTypeIconId=0x7f020346/com.android.systemui:drawable/stat_sys_data_connected_lte_tmo mQSDataTypeIconId=0x0/(null) mNoSimIconId=0x0/(null) mWifiIconId=0x0/(null) mQSWifiIconId=0x0/(null) mWifiActivityIconId=0x7f020519/com.android.systemui:drawable/stat_sys_signal_no_inout mBluetoothTetherIconId=0x7f02053f/com.android.systemui:drawable/stat_sys_tether_bluetooth

D/STATUSBAR-WifiTile( 4020): onWifiSignalChanged enabled=false enabledDesc:null

D/StatusBar.NetworkController( 4020): refreshNwBoosterIndicator - setNWBoosterIndicators(false)

D/StatusBar.NetworkController( 4020): applyTMO

D/StatusBar.NetworkController( 4020): refreshNwBoosterIndicator - setNWBoosterIndicators(false)

D/StatusBar.NetworkController( 4020): applyTMO

D/StatusBar.NetworkController( 4020): refreshNwBoosterIndicator - setNWBoosterIndicators(false)

D/StatusBar.NetworkController( 4020): applyTMO

D/StatusBar.NetworkController( 4020): refreshNwBoosterIndicator - setNWBoosterIndicators(false)

D/StatusBar.NetworkController( 4020): applyTMO

D/StatusBar.NetworkController( 4020): EthernetConnected: false

D/StatusBar.NetworkController( 4020): getUpdateDataNetType(): 13

D/StatusBar.NetworkController( 4020): updateTMODataNetType R -false

D/StatusBar.NetworkController( 4020): Nothing, mRoamingIconId = 0

E/Zygote  ( 3286): MountEmulatedStorage()

E/Zygote  ( 3286): v2

I/SELinux ( 3286): Function: selinux_compare_spd_ram, SPD-policy is existed. and_ver=SEPF_SM-G925T_5.1.1 ver=38

I/SELinux ( 3286): Function: selinux_compare_spd_ram , priority [1] , priority version is VE=SEPF_SM-G925T_5.1.1_0038

E/Zygote  ( 3286): accessInfo : 0

D/StatusBar.NetworkController( 4020): updateDataIcon, mDataDirectionIconId = com.android.systemui:drawable/stat_sys_signal_no_inout_tmo mDataConnected = true

D/StatusBar.NetworkController( 4020): updateTelephonySignalStrength: hasService=true ss=SignalStrength: 4 99 -4 -200 -4 -200 -1 6 -105 -5 40 2 2147483647 0x4000 gsm|lte

E/SELinux ( 3286): [DEBUG] get_category: variable seinfo: platform sensitivity: NULL, cateogry: NULL

D/StatusBar.NetworkController( 4020): updateTelephonySignalStrength: iconLevel=4

D/StatusBar.NetworkController( 4020): updateTelephonySignalStrength, No signal level. mPhoneSignalIconId = com.android.systemui:drawable/tw_stat_sys_5_level_signal_4_auto_rotate mDataSignalIconId = com.android.systemui:drawable/tw_stat_sys_5_level_signal_4_auto_rotate mQSPhoneSignalIconId = com.android.systemui:drawable/ic_qs_signal_4 mContentDescriptionPhoneSignal = Phone four bars.

D/StatusBar.NetworkController( 4020): refreshViews connected={ data } level=4 combinedSignalIconId=0x7f020695/com.android.systemui:drawable/tw_stat_sys_5_level_signal_4_auto_rotate mobileLabel=T-Mobile wifiLabel= emergencyOnly=false combinedLabel=T-Mobile mAirplaneMode=false mDataActivity=0 mPhoneSignalIconId=0x7f020695/com.android.systemui:drawable/tw_stat_sys_5_level_signal_4_auto_rotate mQSPhoneSignalIconId=0x7f020116/com.android.systemui:drawable/ic_qs_signal_4 mDataDirectionIconId=0x7f02051a/com.android.systemui:drawable/stat_sys_signal_no_inout_tmo mDataSignalIconId=0x7f020695/com.android.systemui:drawable/tw_stat_sys_5_level_signal_4_auto_rotate mDataTypeIconId=0x7f020346/com.android.systemui:drawable/stat_sys_data_connected_lte_tmo mQSDataTypeIconId=0x0/(null) mNoSimIconId=0x0/(null) mWifiIconId=0x0/(null) mQSWifiIconId=0x0/(null) mWifiActivityIconId=0x7f020519/com.android.systemui:drawable/stat_sys_signal_no_inout mBluetoothTetherIconId=0x7f02053f/com.android.systemui:drawable/stat_sys_tether_bluetooth

D/STATUSBAR-WifiTile( 4020): onWifiSignalChanged enabled=false enabledDesc:null

D/StatusBar.NetworkController( 4020): refreshNwBoosterIndicator - setNWBoosterIndicators(false)

D/StatusBar.NetworkController( 4020): applyTMO

D/StatusBar.NetworkController( 4020): refreshNwBoosterIndicator - setNWBoosterIndicators(false)

D/StatusBar.NetworkController( 4020): applyTMO

D/StatusBar.NetworkController( 4020): refreshNwBoosterIndicator - setNWBoosterIndicators(false)

D/StatusBar.NetworkController( 4020): applyTMO

D/StatusBar.NetworkController( 4020): refreshNwBoosterIndicator - setNWBoosterIndicators(false)

D/StatusBar.NetworkController( 4020): applyTMO

D/NtpTrustedTime( 3535): currentTimeMillis() cache hit

W/appmanager(:<default>):b( 3200): Called user scoped provider with no viewer. ViewerContextManager was created with no ViewerContext. Using EmptyViewerContextManager to return fake logged in instance.

D/NtpTrustedTime( 3535): currentTimeMillis() cache hit

D/EnterpriseController( 2998): mIsMarkChainAdded is 0 mIsBlockChainAdded is 0 netId is 0

D/Netd    ( 2998): getNetworkForDns: using netid 519 for uid 10126

D/NetworkStatsFactory( 3535): UpdateStatsForKnox updated

D/NetworkStatsFactory( 3535): UpdateStatsForKnox main else ---

D/WfcController( 4714): processRadioState(): Change in radioState: new state=CONNECTED_IN

D/WfcController( 4714): checkUpdate(): mWfcControlState=WfcController {mIsRegistered=false mIsInCall=false mCallDomain=2 mCurrentProfile=CELLULAR_NETWORK_PREFERRED mWifiState=DISCONNECTED mGsmRadioState=0 mGsmSignalStrength=4 mRadioState=CONNECTED_IN mIsLowSignal=false mSimState=VALID_SIM mIWLANMode=false mLowSignalAlertCount0}

D/NetworkStats( 3535): LinkProperties is not null

D/NtpTrustedTime( 3535): currentTimeMillis() cache hit

D/WfcController( 4714): isAllConditonsMetToProcessUpdate(): Do not register since user has disabled WFC

W/appmanager(:<default>):b( 3200): Called user scoped provider with no viewer. ViewerContextManager was created with no ViewerContext. Using EmptyViewerContextManager to return fake logged in instance.

D/TimaKeyStoreProvider( 3286): TimaSignature is unavailable

D/ActivityThread( 3286): Added TimaKeyStore provider

E/Zygote  ( 3308): MountEmulatedStorage()

E/Zygote  ( 3308): v2

I/SELinux ( 3308): Function: selinux_compare_spd_ram, SPD-policy is existed. and_ver=SEPF_SM-G925T_5.1.1 ver=38

I/SELinux ( 3308): Function: selinux_compare_spd_ram , priority [1] , priority version is VE=SEPF_SM-G925T_5.1.1_0038

E/Zygote  ( 3308): accessInfo : 0

E/SELinux ( 3308): [DEBUG] get_category: variable seinfo: platform sensitivity: NULL, cateogry: NULL

I/art     ( 4714): Background sticky concurrent mark sweep GC freed 299574(15MB) AllocSpace objects, 1(20KB) LOS objects, 21% free, 28MB/36MB, paused 257us total 130.705ms

D/TimaKeyStoreProvider( 3308): TimaSignature is unavailable

D/ActivityThread( 3308): Added TimaKeyStore provider

D/StackConfiguration( 3990): Network [XAN_NWK_TYPE_HDR_INET] svcSetPLANIString(3GPP-E-UTRAN-FDD;utran-cell-id-3gpp=31026059000ca1101)

D/SLK     ( 3990): PLF(139379)4145 xan_bearer_updateAccessNwkInfo:Entry nwkType <256>

D/SLK     ( 3990): COMM(139380)2504 GetSpecIdFromBearer:_g_Multibearer_info.user_spec[iIndex = 1].i32_specId = 1

D/ConnectivityService( 3535): Not required to send intent.

D/ConnectivityManager.CallbackHandler( 4020): CM callback handler got msg 524295

D/ConnectivityManager.CallbackHandler(19485): CM callback handler got msg 524295

D/ConnectivityManager.CallbackHandler( 4020): CM callback handler got msg 524295

D/ConnectivityManager.CallbackHandler(19485): CM callback handler got msg 524295

D/CellLocationSupport( 3990): setLastAccessNetworkInfo...

D/TranslatorCollection( 3990): translateToNwkSvcType: networkType XAN_NWK_TYPE_HDR_IMS

D/NtpTrustedTime( 3535): currentTimeMillis() cache hit

I/InjectionManager( 3286): Inside getClassLibPath + mLibMap{0=, 1=}

I/InjectionManager( 3286): Inside getClassLibPath caller 

I/InjectionManager( 3308): Inside getClassLibPath + mLibMap{0=, 1=}

D/InjectionManager( 3286): InjectionManager

D/InjectionManager( 3286): fillFeatureStoreMap com.sec.tetheringprovision

I/InjectionManager( 3286): Constructor com.sec.tetheringprovision, Feature store :{}

I/InjectionManager( 3286): featureStore :{}

I/InjectionManager( 3308): Inside getClassLibPath caller 

I/TetheringProvision( 3286): Received : android.net.conn.CONNECTIVITY_CHANGE

D/StackConfiguration( 3990): Network [XAN_NWK_TYPE_HDR_IMS] svcSetPLANIString(3GPP-E-UTRAN-FDD;utran-cell-id-3gpp=31026059000ca1101)

D/SLK     ( 3990): PLF(139381)4145 xan_bearer_updateAccessNwkInfo:Entry nwkType <512>

D/SLK     ( 3990): COMM(139382)2504 GetSpecIdFromBearer:_g_Multibearer_info.user_spec[iIndex = 1].i32_specId = 1

D/SLK     ( 3990): COMM(139383)2504 GetSpecIdFromBearer:_g_Multibearer_info.user_spec[iIndex = 2].i32_specId = 2

D/SLK     ( 3990): COMM(139384)2504 GetSpecIdFromBearer:_g_Multibearer_info.user_spec[iIndex = 3].i32_specId = 3

D/CellLocationSupport( 3990): setLastAccessNetworkInfo...

D/SlickSSConfigHandler( 3990): EVENT_LOCAL_IP_CHANGED

D/PdnController( 3990): isConnected  [true] networktype [0]

D/SlickSSConfigHandler( 3990): handleNetworkStateChange: check isDefaultPDNConnected[true], mReadyForDocFetch[false

D/RegistrationManager( 3990): handleMessage(): 5

D/PdnController( 3990): isConnected  [true] networktype [11]

D/RegistrationManager( 3990): notifyNetworkState : NetworkType [0] IsConnected [true] IPAddresses [[/2607:fb90:1f0d:e3b5:0:3b:ae7c:6a01]] DNSAddresses [[/fd00:976a::9]] 

D/TranslatorCollection( 3990): translateToNwkSvcType: networkType XAN_NWK_TYPE_HDR_INET

I/TetheringProvision( 3286): Active network info - Type : MOBILE, SubType : LTE, isConnected : true

D/RegistrationManager( 3990): getNetworkType [13]

D/CoreStackAdaptor( 3990): notifyNetworkState() [0] isConnected [true] nwkSvcType  [XAN_NWK_TYPE_HDR_INET] nwkInfoType [XAN_SVC_NETWORK_SVCTYPE_LTE] dedicated   [NONE] 

I/TetheringProvision( 3286): getIntFromSharedPreference - activenetworktype : 1

D/RCPManagerService( 3535): exchangeData() failure , invalid userId

I/TetheringProvision( 3286): putSharedPreference - activenetworktype : 0

I/TetheringProvision( 3286): putSharedPreference - activenetworkisconnected : true

I/TetheringProvision( 3286): getBooleanFromSharedPreference - usbthruwifitethered : false

D/RCPManagerService( 3535): exchangeData() failure , invalid userId

D/StackConfiguration( 3990): Network [XAN_NWK_TYPE_HDR_INET] svcSetPLANIString(3GPP-E-UTRAN-FDD;utran-cell-id-3gpp=31026059000ca1101)

D/SLK     ( 3990): PLF(139385)4145 xan_bearer_updateAccessNwkInfo:Entry nwkType <256>

D/SLK     ( 3990): COMM(139386)2504 GetSpecIdFromBearer:_g_Multibearer_info.user_spec[iIndex = 1].i32_specId = 1

D/CellLocationSupport( 3990): setLastAccessNetworkInfo...

I/Spec    ( 3990): notifyNetworkState called in XAN_NWK_TYPE_HDR_INET / AwaitingConnectionState, mLastConnected: true

D/Spec    ( 3990): [XAN_NWK_TYPE_HDR_INET] changeState to (ConnectionAvailableState)

I/RatControllerEnablers( 3990): svcIndicateSvcChanged(XAN_NWK_TYPE_HDR_INET, XAN_SVC_TYPE_PS)

D/SLK     ( 3990): PLF(139387)1296 XanaduImsBearerIndicateSvcChanged:Nwk Type <256> Svc Type <4>

D/SLK     ( 3990): PLF(139388)614 GetNwkParamsStruct:idx <0>

D/SLK     ( 3990): FWSYS(139389)1080 XAN_INWK_Callback:Event:0

D/SLK     ( 3990): FWSYS(139390)1445 XAN_INWK_ServiceChangedInd:Available: RAT= 256, Domain= 4

D/SLK     ( 3990): PLF(139391)614 GetNwkParamsStruct:idx <0>

D/SLK     ( 3990): FWSYS(139392)1454 XAN_INWK_ServiceChangedInd:Desired service(4) available!!

I/WakelockManager( 3990): Acquiring timeout type wakelock with timeout: 500 ms, Entry...

D/WakelockManager( 3990): acquireWakelock(long timeout), after WakeLock{17eb3fb4 held=true, refCount=1}

D/WakelockManager( 3990): acquireWakelock with timeout exit.

D/SLK     ( 3990): FWSYS(139393)317 XanImsCoreProcessingLoop: recieved event 14 

D/RegistrationManager( 3990): tryRegister(CONNECTIVITY_STATUS_CHANGE)

D/SLK     ( 3990): FWSYS(139394)6088 XanImsCntrlHandleEvent:pEventParams->eEvent : [4]

D/RegistrationManager( 3990): isPreconditionProperToGoOn

D/SLK     ( 3990): FWSYS(139395)587 XAN_IMSCore_NetworkListener:Nwktype:256, status:1

D/RegistrationManager( 3990): isDeviceShutdown [false]

D/SLK     ( 3990): FWSYS(139396)4866 IMSCore_ExecFSM:ims_state= 18

D/RegistrationManager( 3990): isStackShuttingDownForAllPDNs [false]

D/SLK     ( 3990): FWSYS(139397)4869 IMSCore_ExecFSM:always on= [1],srv= [1],ps=[2],__g_f_isPwrDwn=[0],__g_f_isForbidden=[0],f_goReady=[0],ims_state= [18]

D/RegistrationManager( 3990): isDmVoLTEUpdated [false]

D/SLK     ( 3990): COREFW(139398)1748 XanImsCtrlNewBearerServiceAvailable:BearerType:256

D/RegistrationManager( 3990): resetImsLine1Number

D/RegistrationManager( 3990): resetImsLine1Number ImsLine1Number is empty or not changed

D/RegistrationManager( 3990): SimController : isSimReadyToRegi() SIM is ready to Regi.

D/RegistrationManager( 3990): isRcsDormantMode : false

D/RegistrationManager( 3990): selectMatchingProfiles()

D/RegistrationManager( 3990): selectMatchingProfileForEPDN

D/ImsSettingsProvider( 3990): query Uri: content://com.sec.ims.settings/simdata

D/ImsSettingsProvider( 3990): match 10

V/ImsSettingsProvider( 3990): query Uri[content://com.sec.ims.settings/simdata], selection [null]

D/ImsSettingsProvider( 3990): querySimData

I/WakelockManager( 3990): Acquiring timeout type wakelock with timeout: 500 ms, Entry...

D/WakelockManager( 3990): acquireWakelock(long timeout), after WakeLock{17eb3fb4 held=true, refCount=2}

D/WakelockManager( 3990): acquireWakelock with timeout exit.

D/RegistrationManager( 3990): selectMatchingProfileForSIM

D/ImsSettingsProvider( 3990): query Uri: content://com.sec.ims.settings/simdata

D/ImsSettingsProvider( 3990): match 10

V/ImsSettingsProvider( 3990): query Uri[content://com.sec.ims.settings/simdata], selection [null]

D/SLK     ( 3990): FWSYS(139399)317 XanImsCoreProcessingLoop: recieved event 1 

D/ImsSettingsProvider( 3990): querySimData

D/SLK     ( 3990): COREFW(139400)2450 ImsCoreFWHandleEvent: Event type:3089 

D/SLK     ( 3990): COREFW(139401)2468 ImsCoreFWHandleEvent:ImsCoreFWHandleEvent :: IMS_CORE_SYS_CTL_EVENT

D/SLK     ( 3990): COREFW(139402)8865 ImsCoreFWHndlSysCtlBearerEvts:pSysCtlEvtData->iBearerType : 256 ; SPEC ID : -1, eNwkInfoType 0 

D/SLK     ( 3990): COMM(139403)2485 GetUserCfgInfoFromBearer:_g_Multibearer_info.user_spec[iIndex = 1].i32_specId = 1

D/SLK     ( 3990): COREFW(139404)8870 ImsCoreFWHndlSysCtlBearerEvts:Normal PDN active 

D/SLK     ( 3990): COMM(139405)2485 GetUserCfgInfoFromBearer:_g_Multibearer_info.user_spec[iIndex = 1].i32_specId = 1

D/SLK     ( 3990): CFG(139406)274 GetHighestPrioritySpecbyBearer:Bearer type := 256 

D/SLK     ( 3990): COREFW(139407)8877 ImsCoreFWHndlSysCtlBearerEvts:IMS_SYS_CORE_CNTRL_BEARER_AVAILABLE bearertype:256

D/SLK     ( 3990): COMM(139408)2504 GetSpecIdFromBearer:_g_Multibearer_info.user_spec[iIndex = 1].i32_specId = 1

F/SLK     ( 3990): COREFW(139409)5841 ImsCoreFw_getGetNwkSpec: Failed as SPEC-ID[1] Mismatch : 

D/SLK     ( 3990): COMM(139410)2465 GetUserSpecCfgInfo:_g_Multibearer_info.user_spec[iIndex = 1].i32_specId = 1

F/SLK     ( 3990): COREFW(139411)5504 ImsCoreFw_getNwkCnxtInstbySpecId:Failed to get N/W cntxt for Spec ID = 1 

D/SLK     ( 3990): COREFW(139412)7427 ImscoreFw_CreateSpecInsts:No network instance is found

D/RegistrationManager( 3990): selectMatchingProfileForSIM : ENABLE_STATUS_ON : ImsProfile [mId= 10, mEnableStatus=2, mName=T-Mobile VoLTE/RCS, mMcc=310, mMnc=260, mImpi=null, mImpuList=[], mPdn=[ims], mActiveNetwork=13, mServiceSetMap={18=[euc, ft, im, smsip, presence, mmtel-video, mmtel], 13=[euc, ft, im, smsip, presence, mmtel-video, mmtel]}, mNetworkEnabledMap={18=true, 13=true}, mPriority=0, mAuthName=null, mPcscfList=[], mPcscfPreference=0, mSipPort=5060, mTransport=1, MTU_SIZE=1300, mIpVer=2, mRegistrationAlgorithm=AKAv1-MD5, mIsIpSecEnabledtrue, mSaClientPort=5000, mSaServerPort=6000, mTimer1=500, mTimer2=16000, mTimer4=17000, mTimerF=44000, defaultMccMnc=310260]

D/SLK     ( 3990): FWSYS(139413)5514 ImsSysCoreCntrlcb:pCbEvtData->App  8 pCbEvtData->StatusEvts 106.

D/RegistrationManager( 3990): selectMatchingProfileForSIM : ENABLE_STATUS_ON : ImsProfile [mId= 11, mEnableStatus=2, mName=T-Mobile Internet VoLTE/RCS, mMcc=310, mMnc=260, mImpi=null, mImpuList=[], mPdn=[internet], mActiveNetwork=13, mServiceSetMap={13=[xdm]}, mNetworkEnabledMap={13=true}, mPriority=0, mAuthName=null, mPcscfList=[], mPcscfPreference=0, mSipPort=5060, mTransport=1, MTU_SIZE=1300, mIpVer=2, mRegistrationAlgorithm=AKAv1-MD5, mIsIpSecEnabledtrue, mSaClientPort=5000, mSaServerPort=6000, mTimer1=500, mTimer2=16000, mTimer4=17000, mTimerF=44000, defaultMccMnc=310260]

D/RegistrationManager( 3990): selectMatchingProfileForSIM : ENABLE_STATUS_ON : ImsProfile [mId= 12, mEnableStatus=2, mName=T-Mobile Wi-Fi VoLTE/RCS, mMcc=310, mMnc=260, mImpi=null, mImpuList=[], mPdn=[wifi], mActiveNetwork=18, mServiceSetMap={18=[xdm]}, mNetworkEnabledMap={18=true}, mPriority=0, mAuthName=null, mPcscfList=[], mPcscfPreference=0, mSipPort=5060, mTransport=1, MTU_SIZE=1300, mIpVer=1, mRegistrationAlgorithm=AKAv1-MD5, mIsIpSecEnabledtrue, mSaClientPort=5000, mSaServerPort=6000, mTimer1=500, mTimer2=16000, mTimer4=17000, mTimerF=44000, defaultMccMnc=310260]

D/RegistrationManager( 3990): getNetworkType [13]

D/RegistrationManager( 3990): selectMatchingProfileForNetwork : networkType [13]

I/WakelockManager( 3990): Acquiring timeout type wakelock with timeout: 500 ms, Entry...

D/WakelockManager( 3990): acquireWakelock(long timeout), after WakeLock{17eb3fb4 held=true, refCount=3}

D/WakelockManager( 3990): acquireWakelock with timeout exit.

D/SLK     ( 3990): FWSYS(139414)317 XanImsCoreProcessingLoop: recieved event 14 

D/SLK     ( 3990): FWSYS(139415)5722 ImsSysCoreCntrlHndlFWEvts:StatusEvts = 106

D/SLK     ( 3990): FWSYS(139416)5450 ImsSysCoreEventHandler: StatusEvt =106

D/SLK     ( 3990): FWSYS(139417)4866 IMSCore_ExecFSM:ims_state= 18

D/SLK     ( 3990): FWSYS(139418)4869 IMSCore_ExecFSM:always on= [1],srv= [1],ps=[2],__g_f_isPwrDwn=[0],__g_f_isForbidden=[0],f_goReady=[0],ims_state= [18]

D/SLK     ( 3990): FWSYS(139419)670 XAN_INWK_RequestPPPParticularBearer:Context id :=  17 and bearer id : =  17  state  :=  0  and availability : = 1  

D/SLK     ( 3990): PLF(139420)2028 GetNwkCntxtDB:GetNwkCntxtDB : value of Tuple.NwkBearerId <17> NwkBearerId <17>

D/SLK     ( 3990): PLF(139421)2030 GetNwkCntxtDB:Value of index 0

D/RegistrationManager( 3990): isWLANAvailable : result [false] isWifiConnected [false] matchNetworkSet [true] matchPDNType [false] 

D/SLK     ( 3990): FWSYS(139422)682 XAN_INWK_RequestPPPParticularBearer:xan_bearer_ps_nwk_start success

D/RegistrationManager( 3990): getNetworkType [13]

D/RegistrationManager( 3990): isEPDGSupported : result [false] isWifiConnected [false] matchNetworkSet [true] matchPDNType [false] 

D/RegistrationManager( 3990): getServiceState [0]

D/RegistrationManager( 3990): selectMatchingProfileForNetwork : Profile [T-Mobile E911] matchNetworkType [true] matchWiFi [false] matchNoSIME911 [false] matchLimitedMode [false] 

D/ImsProfile( 3990): getServiceSet : network [13] isNetworkEnabled [true] forceToGetAllService [false] 

D/RegistrationManager( 3990): selectMatchingProfileForNetwork : Profile [T-Mobile E911] Active Network [13] Active Service Set [[mmtel]] 

D/RegistrationManager( 3990): isWLANAvailable : result [false] isWifiConnected [false] matchNetworkSet [true] matchPDNType [false] 

D/RegistrationManager( 3990): getNetworkType [13]

D/RegistrationManager( 3990): isEPDGSupported : result [false] isWifiConnected [false] matchNetworkSet [true] matchPDNType [true] 

D/RegistrationManager( 3990): selectMatchingProfileForNetwork : Profile [T-Mobile VoLTE/RCS] matchNetworkType [true] matchWiFi [false] matchNoSIME911 [false] matchLimitedMode [false] 

D/ImsProfile( 3990): getServiceSet : network [13] isNetworkEnabled [true] forceToGetAllService [false] 

D/RegistrationManager( 3990): selectMatchingProfileForNetwork : Profile [T-Mobile VoLTE/RCS] Active Network [13] Active Service Set [[mmtel-video, presence, ft, euc, im, mmtel, smsip]] 

D/RegistrationManager( 3990): filterMatchingServiceWithPriority

D/ImsProfile( 3990): getServiceSet : network [13] isNetworkEnabled [true] forceToGetAllService [false] 

D/ImsProfile( 3990): getServiceSet : network [13] isNetworkEnabled [true] forceToGetAllService [false] 

D/RegistrationManager( 3990): isWLANAvailable : result [false] isWifiConnected [false] matchNetworkSet [false] matchPDNType [false] 

D/RegistrationManager( 3990): getNetworkType [13]

D/RegistrationManager( 3990): isEPDGSupported : result [false] isWifiConnected [false] matchNetworkSet [false] matchPDNType [false] 

D/RegistrationManager( 3990): selectMatchingProfileForNetwork : Profile [T-Mobile Internet VoLTE/RCS] matchNetworkType [true] matchWiFi [false] matchNoSIME911 [false] matchLimitedMode [false] 

D/ImsProfile( 3990): getServiceSet : network [13] isNetworkEnabled [true] forceToGetAllService [false] 

D/RegistrationManager( 3990): selectMatchingProfileForNetwork : Profile [T-Mobile Internet VoLTE/RCS] Active Network [13] Active Service Set [[xdm]] 

D/RegistrationManager( 3990): filterMatchingServiceWithPriority

D/ImsProfile( 3990): getServiceSet : network [13] isNetworkEnabled [true] forceToGetAllService [false] 

D/ImsProfile( 3990): getServiceSet : network [13] isNetworkEnabled [true] forceToGetAllService [false] 

D/RegistrationManager( 3990): isWLANAvailable : result [false] isWifiConnected [false] matchNetworkSet [true] matchPDNType [true] 

D/RegistrationManager( 3990): getNetworkType [13]

D/RegistrationManager( 3990): isEPDGSupported : result [false] isWifiConnected [false] matchNetworkSet [true] matchPDNType [false] 

D/RegistrationManager( 3990): selectMatchingProfileForNetwork : Profile [T-Mobile Wi-Fi VoLTE/RCS] matchNetworkType [false] matchWiFi [false] matchNoSIME911 [false] matchLimitedMode [false] 

D/RegistrationManager( 3990): selectMatchingProfileForSetting

D/RegistrationManager( 3990): isRCSAutoConfigurationCompleted: registerReason null isRcsEnabled true AutoconfigState COMEPLETED

D/RegistrationManager( 3990): isInRoamingWithIMSNotSupported [false]

W/Settings( 3990): Setting airplane_mode_on has moved from android.provider.Settings.System to android.provider.Settings.Global, returning read-only value.

D/RegistrationManager( 3990): isStackShuttingDownForPDN : pdnType [emergency] result [false] 

D/RegistrationManager( 3990): selectMatchingProfileForSetting : Profile [T-Mobile E911] waitingForRCSReady [false] isInRoaming [false] isNonVolteSim [false] isInAirplaneMode [false] isShuttingDown [false] isVoPSDisabled [false] isTTYOverCSEnabled [false] 

D/RegistrationManager( 3990): isRCSAutoConfigurationCompleted: registerReason null isRcsEnabled true AutoconfigState COMEPLETED

D/RegistrationManager( 3990): isInRoamingWithIMSNotSupported [false]

W/Settings( 3990): Setting airplane_mode_on has moved from android.provider.Settings.System to android.provider.Settings.Global, returning read-only value.

D/RegistrationManager( 3990): isStackShuttingDownForPDN : pdnType [ims] result [false] 

D/RegistrationManager( 3990): isTTYOverCSEnabled : false

D/RegistrationManager( 3990): selectMatchingProfileForSetting : Profile [T-Mobile VoLTE/RCS] waitingForRCSReady [false] isInRoaming [false] isNonVolteSim [false] isInAirplaneMode [false] isShuttingDown [false] isVoPSDisabled [false] isTTYOverCSEnabled [false] 

D/RegistrationManager( 3990): isRCSAutoConfigurationCompleted: registerReason null isRcsEnabled true AutoconfigState COMEPLETED

D/RegistrationManager( 3990): isInRoamingWithIMSNotSupported [false]

W/Settings( 3990): Setting airplane_mode_on has moved from android.provider.Settings.System to android.provider.Settings.Global, returning read-only value.

D/RegistrationManager( 3990): isStackShuttingDownForPDN : pdnType [internet] result [false] 

D/RegistrationManager( 3990): selectMatchingProfileForSetting : Profile [T-Mobile Internet VoLTE/RCS] waitingForRCSReady [false] isInRoaming [false] isNonVolteSim [false] isInAirplaneMode [false] isShuttingDown [false] isVoPSDisabled [false] isTTYOverCSEnabled [false] 

D/RegistrationManager( 3990): selectMatchingProfiles [0] ImsProfile [mId= 13, mEnableStatus=2, mName=T-Mobile E911, mMcc=310, mMnc=260, mImpi=null, mImpuList=[], mPdn=[emergency], mActiveNetwork=13, mServiceSetMap={18=[mmtel], 13=[mmtel]}, mNetworkEnabledMap={18=true, 13=true}, mPriority=0, mAuthName=null, mPcscfList=[], mPcscfPreference=0, mSipPort=5060, mTransport=1, MTU_SIZE=1300, mIpVer=2, mRegistrationAlgorithm=AKAv1-MD5, mIsIpSecEnabledtrue, mSaClientPort=5000, mSaServerPort=6000, mTimer1=500, mTimer2=16000, mTimer4=17000, mTimerF=44000, defaultMccMnc=310260]

D/RegistrationManager( 3990): selectMatchingProfiles [1] ImsProfile [mId= 10, mEnableStatus=2, mName=T-Mobile VoLTE/RCS, mMcc=310, mMnc=260, mImpi=null, mImpuList=[], mPdn=[ims], mActiveNetwork=13, mServiceSetMap={18=[euc, ft, im, smsip, presence, mmtel-video, mmtel], 13=[euc, ft, im, smsip, presence, mmtel-video, mmtel]}, mNetworkEnabledMap={18=true, 13=true}, mPriority=0, mAuthName=null, mPcscfList=[], mPcscfPreference=0, mSipPort=5060, mTransport=1, MTU_SIZE=1300, mIpVer=2, mRegistrationAlgorithm=AKAv1-MD5, mIsIpSecEnabledtrue, mSaClientPort=5000, mSaServerPort=6000, mTimer1=500, mTimer2=16000, mTimer4=17000, mTimerF=44000, defaultMccMnc=310260]

D/RegistrationManager( 3990): selectMatchingProfiles [2] ImsProfile [mId= 11, mEnableStatus=2, mName=T-Mobile Internet VoLTE/RCS, mMcc=310, mMnc=260, mImpi=null, mImpuList=[], mPdn=[internet], mActiveNetwork=13, mServiceSetMap={13=[xdm]}, mNetworkEnabledMap={13=true}, mPriority=0, mAuthName=null, mPcscfList=[], mPcscfPreference=0, mSipPort=5060, mTransport=1, MTU_SIZE=1300, mIpVer=2, mRegistrationAlgorithm=AKAv1-MD5, mIsIpSecEnabledtrue, mSaClientPort=5000, mSaServerPort=6000, mTimer1=500, mTimer2=16000, mTimer4=17000, mTimerF=44000, defaultMccMnc=310260]

D/RegistrationManager( 3990): updateServiceLink

D/PdnController( 3990): isConnected  [true] networktype [11]

D/RegistrationManager( 3990): createServiceLink : PDN [ims] Connected [true]

D/RegistrationManager( 3990): getNetworkType [13]

D/RegistrationManager( 3990): disallowReRegistrationForEPDN : isRATChanged [false] isIWAN [false] isEmergencyPDN [false] isInRegisteredState [true] 

D/ImsProfile( 3990): getServiceSet : network [13] isNetworkEnabled [true] forceToGetAllService [false] 

D/RegistrationManager( 3990): createServiceFilter

D/RegistrationManager( 3990): createServiceFilterWithImsiBased

D/RegistrationManager( 3990): isImsiBasedRegistration [false]

D/RegistrationManager( 3990): setFilterForService : pdnType [ims] service [mmtel] enabled [false] 

D/RegistrationManager( 3990): setFilterForService : pdnType [ims] service [mmtel-video] enabled [false] 

D/RegistrationManager( 3990): setFilterForService : pdnType [ims] service [smsip] enabled [false] 

D/RegistrationManager( 3990): setFilterForService : pdnType [ims] service [ss] enabled [false] 

D/RegistrationManager( 3990): setFilterForService : pdnType [ims] service [options] enabled [false] 

D/RegistrationManager( 3990): setFilterForService : pdnType [ims] service [presence] enabled [false] 

D/RegistrationManager( 3990): setFilterForService : pdnType [ims] service [xdm] enabled [false] 

D/RegistrationManager( 3990): setFilterForService : pdnType [ims] service [im] enabled [false] 

D/RegistrationManager( 3990): setFilterForService : pdnType [ims] service [ft] enabled [false] 

D/RegistrationManager( 3990): setFilterForService : pdnType [ims] service [ft_http] enabled [false] 

D/RegistrationManager( 3990): setFilterForService : pdnType [ims] service [slm] enabled [false] 

D/RegistrationManager( 3990): setFilterForService : pdnType [ims] service [is] enabled [false] 

D/RegistrationManager( 3990): setFilterForService : pdnType [ims] service [vs] enabled [false] 

D/RegistrationManager( 3990): setFilterForService : pdnType [ims] service [euc] enabled [false] 

D/RegistrationManager( 3990): setFilterForService : pdnType [ims] service [gls] enabled [false] 

D/RegistrationManager( 3990): setFilterForService : pdnType [ims] service [profile] enabled [false] 

D/RegistrationManager( 3990): setFilterForService : pdnType [ims] service [smsip] enabled [false] 

D/RegistrationManager( 3990): isImsiBasedRegistration [false]

D/RegistrationManager( 3990): createServiceFilterForVoLTE

D/ImsSettingsProvider( 3990): query Uri: content://com.sec.ims.settings/simdata

D/ImsSettingsProvider( 3990): match 10

V/ImsSettingsProvider( 3990): query Uri[content://com.sec.ims.settings/simdata], selection [null]

D/ImsSettingsProvider( 3990): querySimData

D/ImsSettingsProvider( 3990): query Uri: content://com.sec.ims.settings/simdata

D/ImsSettingsProvider( 3990): match 10

V/ImsSettingsProvider( 3990): query Uri[content://com.sec.ims.settings/simdata], selection [null]

D/ImsSettingsProvider( 3990): querySimData

E/GlobalSettings( 3990): selection=name="TMO-US"

D/ImsSettingsProvider( 3990): query Uri: content://com.sec.ims.settings/global

D/ImsSettingsProvider( 3990): match 4

V/ImsSettingsProvider( 3990): query Uri[content://com.sec.ims.settings/global], selection [name="TMO-US"]

D/GlobalSettings( 3990): loadSettings: count 1

D/RegistrationManager( 3990): isEPDGAvailable [false]

D/RegistrationManager( 3990): isEABPublishFailed [NOT_INIALIZED]

D/RegistrationManager( 3990): isInviteForbidden : false

D/RegistrationManager( 3990): getNetworkType [13]

D/RegistrationManager( 3990): isVoiceCallAvailable : result [true] pdnType [ims] isVolteEnabled [true] isEPDGAvailable [false] needToCheckVoPS [true] isVoPSEnabled [true] isSSACEnabled [true] isPublishFailed [false] isDmVolteEnabled [true] isInviteForbidden [false] 

D/RegistrationManager( 3990): createServiceFilterForVoLTE : voice enabled

D/RegistrationManager( 3990): setFilterForService : pdnType [ims] service [mmtel] enabled [false] 

D/ImsSettingsProvider( 3990): query Uri: content://com.sec.ims.settings/simdata

D/ImsSettingsProvider( 3990): match 10

V/ImsSettingsProvider( 3990): query Uri[content://com.sec.ims.settings/simdata], selection [null]

D/ImsSettingsProvider( 3990): querySimData

D/ImsSettingsProvider( 3990): query Uri: content://com.sec.ims.settings/simdata

D/ImsSettingsProvider( 3990): match 10

V/ImsSettingsProvider( 3990): query Uri[content://com.sec.ims.settings/simdata], selection [null]

D/ImsSettingsProvider( 3990): querySimData

E/GlobalSettings( 3990): selection=name="TMO-US"

D/ImsSettingsProvider( 3990): query Uri: content://com.sec.ims.settings/global

D/ImsSettingsProvider( 3990): match 4

V/ImsSettingsProvider( 3990): query Uri[content://com.sec.ims.settings/global], selection [name="TMO-US"]

D/GlobalSettings( 3990): loadSettings: count 1

D/RegistrationManager( 3990): isEPDGAvailable [false]

D/RegistrationManager( 3990): isEABPublishFailed [NOT_INIALIZED]

D/RegistrationManager( 3990): isInviteForbidden : false

D/RegistrationManager( 3990): getNetworkType [13]

D/RegistrationManager( 3990): isVoiceCallAvailable : result [true] pdnType [ims] isVolteEnabled [true] isEPDGAvailable [false] needToCheckVoPS [true] isVoPSEnabled [true] isSSACEnabled [true] isPublishFailed [false] isDmVolteEnabled [true] isInviteForbidden [false] 

D/ImsSettingsProvider( 3990): query Uri: content://com.sec.ims.settings/simdata

D/ImsSettingsProvider( 3990): match 10

V/ImsSettingsProvider( 3990): query Uri[content://com.sec.ims.settings/simdata], selection [null]

D/ImsSettingsProvider( 3990): querySimData

E/GlobalSettings( 3990): selection=name="TMO-US"

D/ImsSettingsProvider( 3990): query Uri: content://com.sec.ims.settings/global

D/ImsSettingsProvider( 3990): match 4

V/ImsSettingsProvider( 3990): query Uri[content://com.sec.ims.settings/global], selection [name="TMO-US"]

D/GlobalSettings( 3990): loadSettings: count 1

D/RegistrationManager( 3990): isMobileDataEnabled [true]

D/RegistrationManager( 3990): isVideoCallAvailable : result [true] isLvcEnabled [true] isDmLvcEnabled [true] isDmEabEnabled [true] isIR94VideoAuth [true] isMobileDataEnabled [true] 

D/RegistrationManager( 3990): createServiceFilterForVoLTE : video enabled

D/RegistrationManager( 3990): setFilterForService : pdnType [ims] service [mmtel-video] enabled [false] 

D/RegistrationManager( 3990): RCS switch: true, version: 20150707, mIsRcsAutoconfigComplete: true

D/RegistrationManager( 3990): createServiceFilterForRCS : isRcsEnabled [true]

D/RegistrationManager( 3990): setFilterForService : pdnType [ims] service [options] enabled [false] 

D/RegistrationManager( 3990): setFilterForService : pdnType [ims] service [presence] enabled [false] 

D/RegistrationManager( 3990): setFilterForService : pdnType [ims] service [xdm] enabled [false] 

D/RegistrationManager( 3990): setFilterForService : pdnType [ims] service [im] enabled [false] 

D/RegistrationManager( 3990): setFilterForService : pdnType [ims] service [ft] enabled [false] 

D/RegistrationManager( 3990): setFilterForService : pdnType [ims] service [ft_http] enabled [false] 

D/RegistrationManager( 3990): setFilterForService : pdnType [ims] service [slm] enabled [false] 

D/RegistrationManager( 3990): setFilterForService : pdnType [ims] service [is] enabled [false] 

D/RegistrationManager( 3990): setFilterForService : pdnType [ims] service [vs] enabled [false] 

D/RegistrationManager( 3990): setFilterForService : pdnType [ims] service [euc] enabled [false] 

D/RegistrationManager( 3990): setFilterForService : pdnType [ims] service [gls] enabled [false] 

D/RegistrationManager( 3990): setFilterForService : pdnType [ims] service [profile] enabled [false] 

D/RegistrationManager( 3990): RCS switch: true, version: 20150707, mIsRcsAutoconfigComplete: true

D/RegistrationManager( 3990): getNetworkType [13]

D/ImsProfile( 3990): getServiceSet : network [13] isNetworkEnabled [true] forceToGetAllService [false] 

D/ImsProfile( 3990): getServiceSet : network [13] isNetworkEnabled [true] forceToGetAllService [false] 

D/ImsProfile( 3990): getServiceSet : network [13] isNetworkEnabled [true] forceToGetAllService [false] 

D/RegistrationManager( 3990): getServiceSet [[mmtel-video, presence, ft, euc, im, mmtel, smsip]]

D/RegistrationManager( 3990): isDelayedAutoConfigSuccess [false]

D/ImsServiceSwitch( 3990): isDefaultMessageAppInUse : Result [false] Name [com.google.android.talk] 

D/RegistrationManager( 3990): setFilterForService : pdnType [ims] service [im] enabled [true] 

D/RegistrationManager( 3990): setFilterForService : pdnType [ims] service [ft] enabled [true] 

D/RegistrationManager( 3990): setFilterForService : pdnType [ims] service [ft_http] enabled [true] 

D/RegistrationManager( 3990): setFilterForService : pdnType [ims] service [slm] enabled [true] 

D/RegistrationManager( 3990): setFilterForService : pdnType [ims] service [vs] enabled [true] 

D/RegistrationManager( 3990): setFilterForService : pdnType [ims] service [is] enabled [true] 

D/RegistrationManager( 3990): isFilterAppliedForService : pdnType [ims] service [euc] result [false] 

D/RegistrationManager( 3990): isFilterAppliedForService : pdnType [ims] service [ft] result [true] 

D/RegistrationManager( 3990): applyServiceFilter [ims] ft removed

D/RegistrationManager( 3990): isFilterAppliedForService : pdnType [ims] service [im] result [true] 

D/RegistrationManager( 3990): applyServiceFilter [ims] im removed

D/RegistrationManager( 3990): isFilterAppliedForService : pdnType [ims] service [smsip] result [false] 

D/RegistrationManager( 3990): isFilterAppliedForService : pdnType [ims] service [presence] result [false] 

D/RegistrationManager( 3990): isFilterAppliedForService : pdnType [ims] service [mmtel-video] result [false] 

D/RegistrationManager( 3990): isFilterAppliedForService : pdnType [ims] service [mmtel] result [false] 

D/RegistrationManager( 3990): getNetworkType [13]

D/RegistrationManager( 3990): requestPDNUpForProfile : Profile [T-Mobile VoLTE/RCS] Service Set [[mmtel-video, presence, euc, mmtel, smsip]] Register Reason [CONNECTIVITY_STATUS_CHANGE]

D/PdnController( 3990): getState : network [11] state [1]

