D/[zero daemon] (19562): {[C6B53529A4E9A61B6E9DFAC2EC352F35413B8423020D39F21C4F88CE3B9B87CFDCC0B81B0A5ED41F6DFA9549B8ADE1F4BACF4D40B7B8E99052DE9FA88E767D1DEF99F3B50EBB0BE2EA7D97147503802808B0F46342E4D32B53ACCA63815BEAA3ED276C39FA95340FD01BAF963F21FFFB]}

I/[zero daemon] (19562): {[A32E1AC369E42B6168CFC8ECFBFA9951C42133C77ADF9B218D854990F6269E396BCB11BEB3F5B339C9A8D47415526840]}

D/[AccuPhone] ( 5151): {[0ED9661ABD437918DB34745D7098FD24949C80EDCCAD24E208044BDCE49D9970BB8385B3D3842B123951CD36E38A9B57]}

D/[AccuPhone] ( 5151): {[B2AAD7AB4419DCBC21FCE8330F1C2CD9B6B2FE2F33FEFF397582CE31E0EB19F258ADCB11105DAC1B6C9F12CFB78C56B4]}

D/[AccuPhone] ( 5151): {[EFD10FCFA5A229FCFA577690909995E47EC1B7D704301FF0081203BAA73B12B7AFDD6ED2DB6A0DE2418D927C1AC7F71F]}

D/[AccuPhone] ( 5151): {[5062D17BB8B8508A13FDDE98D0A56F4EE09F3F791EB5F1EE5605BA8D40FD7943882D1639B316F154B3A95342CFEA9CFA]}

D/[AccuPhone] ( 5151): {[BA14115CFCFF5EF7243A067A90732D8A2843C5579D0BF9220E0870075682BC2B43642B41C85DDA5221EAC151A478F3DE4E96F63D9265E209F8C4AD191EB1B619]}

I/GFX raster( 5151): took 1.644167ms for 172*172 texture 0

W/GFX DEBUGLOG GPUCompressionToBitmapDecoder( 5151): Bitmap=0x7f8b118e00 bitmapCt=12 bitmapW=172 bitmapH=172 BitmapInternalFormat=93b0, Counterpart=0x7f8b118f40 counterpartCT=4 counterpartW=172 counterparth=172

E/        ( 5151): GFX convertToRaster() in Canvas.cpp HWACC for bitmap size 172x172

D/[zero daemon] (19562): {[81F983E8A1D006F2689F594CCA53F6389C627055C43412A42FA5C104935E639D0CB3730537A2B256E7FE37A15787C71DE835823B29203CEB0263DE6790DA03E80D6F38FB75D275A53BA16E7036928BB4]}

D/[zero daemon] (19562): {[DDAD60C8FF58362FEBE074CCF0FD9638ACE49957B40F5F05898F0B21734BC4B55D3DCC9FE93F5E45FA4CB5B7E7A6F041F2D62C2DFC8245E7B2C1E4552561B5E2]}

I/GFX raster( 5151): took 0.423417ms for 64*64 texture 0

W/GFX DEBUGLOG GPUCompressionToBitmapDecoder( 5151): Bitmap=0x7f8b0adc80 bitmapCt=12 bitmapW=64 bitmapH=64 BitmapInternalFormat=93b0, Counterpart=0x7f8b118f40 counterpartCT=4 counterpartW=64 counterparth=64

E/        ( 5151): GFX convertToRaster() in Canvas.cpp HWACC for bitmap size 64x64

D/[zero daemon] (19562): {[81F983E8A1D006F2689F594CCA53F6389C627055C43412A42FA5C104935E639D0CB3730537A2B256E7FE37A15787C71DE835823B29203CEB0263DE6790DA03E80D6F38FB75D275A53BA16E7036928BB4]}

D/[zero daemon] (19562): {[810D97ECC5B7BEB87459C2D5FE36F153FBA61AB27F01652821E429E4C4A12BC781AEA348020EC29789AEF7ECF247E4BC9F5FB3C35B61A2E84600400B9E4FFE85]}

D/[zero daemon] (19562): {[DDAD60C8FF58362FEBE074CCF0FD9638ACE49957B40F5F05898F0B21734BC4B5DB4FFE64C4E92A207E5171BD4054622B081FE801223B13DDD1C8C29887A2F915]}

D/AdaptiveEventManager( 4020): action=com.sec.android.widgetapp.ap.accuweatherdaemon.action.WEATHER_DATE_SYNC

D/[zero daemon] (19562): {[92A724EFADD59F160DE03EF2972E97EA9AB2FB2108FD2830907720B94BAA74747D7E9B1B143BC816550A327DBFDD02DF6717ED02BED35ADB3A7F29954BCF5F9B]}

D/AdaptiveEventManager( 4020): NetWork State is Fine : 200 & currentCityId is not null

D/AdaptiveEventManager( 4020): WeatherInfo [icon, temp, scale] = [18, 50.0, 0]

D/AdaptiveEventManager( 4020): Weather Visibility: Previous= 1 >> Now= 1

D/AdaptiveEventManager( 4020): Widget Count: Previous= 1 >> Now= 1

D/AdaptiveEventManager( 4020): mWeatherInfo container is reliable and Call updateWeatherInfo()

D/[zero daemon] (19562): {[DDAD60C8FF58362FEBE074CCF0FD9638ACE49957B40F5F05898F0B21734BC4B5E3E29EA7F2E9D7DCECC75C0C9D45C09E5219909A8A6519BEE1651FD92E9DF0C796812AA7728241B49C81102B3D4EAE0E]}

I/GFX raster( 5151): took 1.224584ms for 172*172 texture 0

W/GFX DEBUGLOG GPUCompressionToBitmapDecoder( 5151): Bitmap=0x7f8b118e00 bitmapCt=12 bitmapW=172 bitmapH=172 BitmapInternalFormat=93b0, Counterpart=0x7f8b118f40 counterpartCT=4 counterpartW=172 counterparth=172

E/        ( 5151): GFX convertToRaster() in Canvas.cpp HWACC for bitmap size 172x172

D/[zero daemon] (19562): {[92A724EFADD59F160DE03EF2972E97EA9AB2FB2108FD2830907720B94BAA74747D7E9B1B143BC816550A327DBFDD02DF6717ED02BED35ADB3A7F29954BCF5F9B]}

D/AdaptiveEventContainerSmall( 4020): handleWeatherUpdate() : mSmallWeather= android.widget.LinearLayout{2826fa3b V.E...C. ......ID 201,0-568,279 #7f0e0356 app:id/adaptive_weather_container}

I/GFX raster( 5151): took 0.421292ms for 64*64 texture 0

W/GFX DEBUGLOG GPUCompressionToBitmapDecoder( 5151): Bitmap=0x7f8b0adc80 bitmapCt=12 bitmapW=64 bitmapH=64 BitmapInternalFormat=93b0, Counterpart=0x7f8b118f40 counterpartCT=4 counterpartW=64 counterparth=64

E/        ( 5151): GFX convertToRaster() in Canvas.cpp HWACC for bitmap size 64x64

D/[zero daemon] (19562): {[DDAD60C8FF58362FEBE074CCF0FD9638ACE49957B40F5F05898F0B21734BC4B58AA31897AE08C0CF32A4FE77AB5496D54D3A343A6CFEC586832A62761A2789858733F51E615D047C9F0C592AE4E6C50C]}

D/[zero daemon] (19562): {[ABAFECC878FB071CF8B2CD8E0C53B60F8EE80B3EC7900CDF4EE8E821615570D72B231582291F038FF83D204E562CBCA673204F5FE9D35801359AFC3A644E6822]}

D/[zero daemon] (19562): {[2A8B0CD0FB2A15CD21BEA569B470878998DD8B237A56B273C58EFBB150B37C05747D759686FA57B046EB643299B877A69F1533895DCB2FC839C65B79CDF46B75DF68634FB8F478D67F8089BA41708513]}

D/[zero daemon] (19562): {[C6B53529A4E9A61B6E9DFAC2EC352F35413B8423020D39F21C4F88CE3B9B87CFDCC0B81B0A5ED41F6DFA9549B8ADE1F4BACF4D40B7B8E99052DE9FA88E767D1DEF99F3B50EBB0BE2EA7D97147503802808B0F46342E4D32B53ACCA63815BEAA3E6A19B15B6D34AFADF3249A820F62444]}

D/[zero daemon] (19562): {[DDAD60C8FF58362FEBE074CCF0FD9638ACE49957B40F5F05898F0B21734BC4B54E46777ECA32E4B82FF7C433C00F50785AE9F1D3203CEE8030729557644444CDF1EE6C7A8348DA7FA55890BFAAD32DD6]}

I/[zero daemon] (19562): {[A32E1AC369E42B6168CFC8ECFBFA9951C42133C77ADF9B218D854990F6269E396BCB11BEB3F5B339C9A8D47415526840]}

D/[zero daemon] (19562): {[DDAD60C8FF58362FEBE074CCF0FD9638ACE49957B40F5F05898F0B21734BC4B54E46777ECA32E4B82FF7C433C00F5078560DA0AB8A3BDD780C8C119E9E47069F2130BB64ABA21831BFC212B54B9FE01766D7900F7E9BBEFD5C5A9ABB601900F3]}

I/GFX raster( 5151): took 1.212416ms for 172*172 texture 0

W/GFX DEBUGLOG GPUCompressionToBitmapDecoder( 5151): Bitmap=0x7f8b118e00 bitmapCt=12 bitmapW=172 bitmapH=172 BitmapInternalFormat=93b0, Counterpart=0x7f8b118f40 counterpartCT=4 counterpartW=172 counterparth=172

E/        ( 5151): GFX convertToRaster() in Canvas.cpp HWACC for bitmap size 172x172

I/GFX raster( 5151): took 0.406500ms for 64*64 texture 0

W/GFX DEBUGLOG GPUCompressionToBitmapDecoder( 5151): Bitmap=0x7f8b0adc80 bitmapCt=12 bitmapW=64 bitmapH=64 BitmapInternalFormat=93b0, Counterpart=0x7f8b118f40 counterpartCT=4 counterpartW=64 counterparth=64

E/        ( 5151): GFX convertToRaster() in Canvas.cpp HWACC for bitmap size 64x64

D/[zero daemon] (19562): {[C6B53529A4E9A61B6E9DFAC2EC352F35413B8423020D39F21C4F88CE3B9B87CFDCC0B81B0A5ED41F6DFA9549B8ADE1F4BACF4D40B7B8E99052DE9FA88E767D1DEF99F3B50EBB0BE2EA7D97147503802808B0F46342E4D32B53ACCA63815BEAA3E6A19B15B6D34AFADF3249A820F62444]}

I/GFX raster( 5151): took 1.188709ms for 172*172 texture 0

W/GFX DEBUGLOG GPUCompressionToBitmapDecoder( 5151): Bitmap=0x7f8b118e00 bitmapCt=12 bitmapW=172 bitmapH=172 BitmapInternalFormat=93b0, Counterpart=0x7f8b118f40 counterpartCT=4 counterpartW=172 counterparth=172

E/        ( 5151): GFX convertToRaster() in Canvas.cpp HWACC for bitmap size 172x172

I/[zero daemon] (19562): {[A32E1AC369E42B6168CFC8ECFBFA9951C42133C77ADF9B218D854990F6269E396BCB11BEB3F5B339C9A8D47415526840]}

I/GFX raster( 5151): took 0.402416ms for 64*64 texture 0

W/GFX DEBUGLOG GPUCompressionToBitmapDecoder( 5151): Bitmap=0x7f8b0adc80 bitmapCt=12 bitmapW=64 bitmapH=64 BitmapInternalFormat=93b0, Counterpart=0x7f8b118f40 counterpartCT=4 counterpartW=64 counterparth=64

E/        ( 5151): GFX convertToRaster() in Canvas.cpp HWACC for bitmap size 64x64

D/WeatherActionReceiver( 2645): WeatherActionReceiver called

D/[zero daemon] (19562): {[C6B53529A4E9A61B6E9DFAC2EC352F35413B8423020D39F21C4F88CE3B9B87CFDCC0B81B0A5ED41F6DFA9549B8ADE1F4BACF4D40B7B8E99052DE9FA88E767D1DEF99F3B50EBB0BE2EA7D97147503802808B0F46342E4D32B53ACCA63815BEAA3E6A19B15B6D34AFADF3249A820F62444]}

I/[zero daemon] (19562): {[A32E1AC369E42B6168CFC8ECFBFA9951C42133C77ADF9B218D854990F6269E396BCB11BEB3F5B339C9A8D47415526840]}

E/Zygote  ( 3575): MountEmulatedStorage()

E/Zygote  ( 3575): v2

I/SELinux ( 3575): Function: selinux_compare_spd_ram, SPD-policy is existed. and_ver=SEPF_SM-G925T_5.1.1 ver=38

I/SELinux ( 3575): Function: selinux_compare_spd_ram , priority [1] , priority version is VE=SEPF_SM-G925T_5.1.1_0038

E/Zygote  ( 3575): accessInfo : 0

E/SELinux ( 3575): [DEBUG] get_category: variable seinfo: default sensitivity: NULL, cateogry: NULL

D/[zero daemon] (19562): {[C6B53529A4E9A61B6E9DFAC2EC352F35413B8423020D39F21C4F88CE3B9B87CFDCC0B81B0A5ED41F6DFA9549B8ADE1F4BACF4D40B7B8E99052DE9FA88E767D1DEF99F3B50EBB0BE2EA7D97147503802808B0F46342E4D32B53ACCA63815BEAA3E6A19B15B6D34AFADF3249A820F62444]}

I/[zero daemon] (19562): {[A32E1AC369E42B6168CFC8ECFBFA9951C42133C77ADF9B218D854990F6269E396BCB11BEB3F5B339C9A8D47415526840]}

D/TimaKeyStoreProvider( 3575): TimaSignature is unavailable

D/ActivityThread( 3575): Added TimaKeyStore provider

I/InjectionManager( 3575): Inside getClassLibPath + mLibMap{0=, 1=}

I/InjectionManager( 3575): Inside getClassLibPath caller 

D/$NPY    ( 3575): Start method of $NPY called

I/CrittercismInstance( 3575): Initializing Crittercism...

D/YI13N   ( 3575): Location Tracker : not allowed to initialize googlePlay service

D/InjectionManager( 3575): InjectionManager

D/InjectionManager( 3575): fillFeatureStoreMap com.yahoo.mobile.client.android.liveweather

I/InjectionManager( 3575): Constructor com.yahoo.mobile.client.android.liveweather, Feature store :{}

I/InjectionManager( 3575): featureStore :{}

W/WeatherPreferences( 3575): No woeid positions found in shared preferences.

I/System.out( 3575): (HTTPLog)-Static: isSBSettingEnabled false

I/System.out( 3575): (HTTPLog)-Static: isShipBuild true

I/System.out( 3575): (HTTPLog)-Thread-13306-601806698: SmartBonding Enabling is false, SHIP_BUILD is true, log to file is false, DBG is false

I/System.out( 3575): (HTTPLog)-Thread-13306-601806698: SMARTBONDING_FEATURE_ENABLED is true

I/System.out( 3575): (HTTPLog)-Static: isSBSettingEnabled false

D/EnterpriseController( 2998): mIsMarkChainAdded is 0 mIsBlockChainAdded is 0 netId is 0

D/Netd    ( 2998): getNetworkForDns: using netid 519 for uid 10233

I/System.out( 3575): KnoxVpnUidStorageknoxVpnSupported API value returned is false

D/EnterpriseController( 2998): mIsMarkChainAdded is 0 mIsBlockChainAdded is 0 netId is 0

D/Netd    ( 2998): getNetworkForDns: using netid 519 for uid 10017

V/DownloadManager(13341): onReceive intent + android.net.conn.CONNECTIVITY_CHANGE

D/EPDG -- [EPDGService]( 3535): onDataActivity: direction=3

D/StatusBar.NetworkController( 4020): onDataActivity: direction=3

D/StatusBar.NetworkController( 4020): updateDataIcon, mDataDirectionIconId = com.android.systemui:drawable/stat_sys_signal_inout_tmo mDataConnected = true

D/StatusBar.NetworkController( 4020): refreshViews connected={ data } level=4 combinedSignalIconId=0x7f020695/com.android.systemui:drawable/tw_stat_sys_5_level_signal_4_auto_rotate mobileLabel=T-Mobile wifiLabel= emergencyOnly=false combinedLabel=T-Mobile mAirplaneMode=false mDataActivity=3 mPhoneSignalIconId=0x7f020695/com.android.systemui:drawable/tw_stat_sys_5_level_signal_4_auto_rotate mQSPhoneSignalIconId=0x7f020116/com.android.systemui:drawable/ic_qs_signal_4 mDataDirectionIconId=0x7f020517/com.android.systemui:drawable/stat_sys_signal_inout_tmo mDataSignalIconId=0x7f020695/com.android.systemui:drawable/tw_stat_sys_5_level_signal_4_auto_rotate mDataTypeIconId=0x7f020346/com.android.systemui:drawable/stat_sys_data_connected_lte_tmo mQSDataTypeIconId=0x0/(null) mNoSimIconId=0x0/(null) mWifiIconId=0x0/(null) mQSWifiIconId=0x0/(null) mWifiActivityIconId=0x7f020519/com.android.systemui:drawable/stat_sys_signal_no_inout mBluetoothTetherIconId=0x7f02053f/com.android.systemui:drawable/stat_sys_tether_bluetooth

D/STATUSBAR-WifiTile( 4020): onWifiSignalChanged enabled=false enabledDesc:null

D/StatusBar.NetworkController( 4020): refreshNwBoosterIndicator - setNWBoosterIndicators(false)

D/StatusBar.NetworkController( 4020): applyTMO

D/StatusBar.NetworkController( 4020): refreshNwBoosterIndicator - setNWBoosterIndicators(false)

D/StatusBar.NetworkController( 4020): applyTMO

D/StatusBar.NetworkController( 4020): refreshNwBoosterIndicator - setNWBoosterIndicators(false)

D/StatusBar.NetworkController( 4020): applyTMO

D/StatusBar.NetworkController( 4020): refreshNwBoosterIndicator - setNWBoosterIndicators(false)

D/StatusBar.NetworkController( 4020): applyTMO

D/SecContentProvider2( 3535): uri = 15 selection = getAppBlockDownloadState

D/SecContentProvider2( 3535): mCursor = null

V/DownloadManager(13341): 23 items are completed

W/System.err( 3575): remove failed: ENOENT (No such file or directory) : /data/data/com.yahoo.mobile.client.android.liveweather/files/.crittercism.apm.disabled.

D/SpayCustomBroadcastReceiver(31549): called OnReceive(), action = android.net.conn.CONNECTIVITY_CHANGE

D/SAMSUNGPAY.C.ResetUtil(31549): checkResetState : PROV_DEFAULT

I/SAMSUNGPAY.C.SPAY_DEBUG_LOG(31549): SpayCustomBroadcastReceiversending broadcast : SPAY_NETWORK_CHANGE

E/Zygote  ( 3625): MountEmulatedStorage()

E/Zygote  ( 3625): v2

I/SELinux ( 3625): Function: selinux_compare_spd_ram, SPD-policy is existed. and_ver=SEPF_SM-G925T_5.1.1 ver=38

I/SELinux ( 3625): Function: selinux_compare_spd_ram , priority [1] , priority version is VE=SEPF_SM-G925T_5.1.1_0038

E/Zygote  ( 3625): accessInfo : 0

E/SELinux ( 3625): [DEBUG] get_category: variable seinfo: default sensitivity: NULL, cateogry: NULL

D/TimaKeyStoreProvider( 3625): TimaSignature is unavailable

D/ActivityThread( 3625): Added TimaKeyStore provider

I/DBG_POLICYDM( 3492): [com.policydm.XDMBroadcastReceiver(277/xdmExecResumeCase)] 

I/InjectionManager( 3625): Inside getClassLibPath + mLibMap{0=, 1=}

I/DBG_POLICYDM( 3492): [com.policydm.db.XDBFile(61/xdbFileExists)] doesn't exist target file: /data/security/sepolicy

I/DBG_POLICYDM( 3492): [com.policydm.db.XDBFile(61/xdbFileExists)] doesn't exist target file: /data/security/seapp_contexts

I/DBG_POLICYDM( 3492): [com.policydm.db.XDBFile(61/xdbFileExists)] doesn't exist target file: /data/security/property_contexts

I/DBG_POLICYDM( 3492): [com.policydm.db.XDBFile(61/xdbFileExists)] doesn't exist target file: /data/security/file_contexts

I/DBG_POLICYDM( 3492): [com.policydm.db.XDBFile(61/xdbFileExists)] doesn't exist target file: /data/security/service_contexts

I/DBG_POLICYDM( 3492): [com.policydm.db.XDBFile(61/xdbFileExists)] doesn't exist target file: /data/security/mac_permissions.xml

I/InjectionManager( 3625): Inside getClassLibPath caller 

I/DBG_POLICYDM( 3492): [com.policydm.XDMBroadcastReceiver(294/xdmExecResumeCase)] Start resumecase for INIT

E/DBG_POLICYDM( 3492): [com.policydm.db.XDBSpdAdp(35/xdbGetSpdDeviceRegister)] Device is Registered

I/DBG_POLICYDM( 3492): [com.policydm.XDMService(515/xdmProtoIsWIFIConnected)] WiFi network Connected : false

D/EnterpriseController( 2998): mIsMarkChainAdded is 0 mIsBlockChainAdded is 0 netId is 0

D/Netd    ( 2998): getNetworkForDns: using netid 519 for uid 10548

I/CrashlyticsCore( 3625): Initializing Crashlytics 2.3.5.79

W/Fabric  ( 3625): Could not call getId on com.google.android.gms.ads.identifier.AdvertisingIdClient$Info

W/Fabric  ( 3625): Could not call isLimitAdTrackingEnabled on com.google.android.gms.ads.identifier.AdvertisingIdClient$Info

W/com.facebook.internal.Validate( 3625): FacebookActivity is not declared in the AndroidManifest.xml, please add com.facebook.FacebookActivity to your AndroidManifest.xml file. See https://developers.facebook.com/docs/android/getting-started for more info.

I/System.out( 3625): (HTTPLog)-Static: isSBSettingEnabled false

I/System.out( 3625): (HTTPLog)-Static: isShipBuild true

I/System.out( 3625): (HTTPLog)-Thread-13323-518814485: SmartBonding Enabling is false, SHIP_BUILD is true, log to file is false, DBG is false

I/System.out( 3625): (HTTPLog)-Thread-13323-518814485: SMARTBONDING_FEATURE_ENABLED is true

I/System.out( 3625): (HTTPLog)-Static: isSBSettingEnabled false

D/EnterpriseController( 2998): mIsMarkChainAdded is 0 mIsBlockChainAdded is 0 netId is 0

D/Netd    ( 2998): getNetworkForDns: using netid 519 for uid 10548

D/InjectionManager( 3625): InjectionManager

D/InjectionManager( 3625): fillFeatureStoreMap com.robinhood.android

I/InjectionManager( 3625): Constructor com.robinhood.android, Feature store :{}

I/InjectionManager( 3625): featureStore :{}

I/System.out( 3625): KnoxVpnUidStorageknoxVpnSupported API value returned is false

E/SPPClientService(26902): [SystemStateMoniter] Action Name : android.net.conn.CONNECTIVITY_CHANGE

E/SPPClientService(26902): [SystemStateMoniter] Current Time : 178477656

E/SPPClientService(26902): [SystemStateMoniter] No Connect : true

E/SPPClientService(26902): [[SystemStateMonitorService]] No Active Internet

E/Zygote  ( 3683): MountEmulatedStorage()

E/Zygote  ( 3683): v2

I/SELinux ( 3683): Function: selinux_compare_spd_ram, SPD-policy is existed. and_ver=SEPF_SM-G925T_5.1.1 ver=38

I/SELinux ( 3683): Function: selinux_compare_spd_ram , priority [1] , priority version is VE=SEPF_SM-G925T_5.1.1_0038

E/Zygote  ( 3683): accessInfo : 0

E/SELinux ( 3683): [DEBUG] get_category: variable seinfo: platform sensitivity: NULL, cateogry: NULL

D/TimaKeyStoreProvider( 3683): TimaSignature is unavailable

D/ActivityThread( 3683): Added TimaKeyStore provider

V/ApplicationPolicy( 3535): isApplicationStateBlocked userId 0 pkgname com.sec.spp.push

E/SPPClientService(26902): [a] [ConnectionManager] Connection is already disconnected.

E/SPPClientService(26902): [a] [ConnectionManager] Connection is already disconnected.

I/InjectionManager( 3683): Inside getClassLibPath + mLibMap{0=, 1=}

I/InjectionManager( 3683): Inside getClassLibPath caller 

E/SPPClientService(26902): [[PushClientService]] <<--- deInitPushClientService  END  --->>

D/InjectionManager( 3683): InjectionManager

D/InjectionManager( 3683): fillFeatureStoreMap com.samsung.android.drivelink.stub

I/InjectionManager( 3683): Constructor com.samsung.android.drivelink.stub, Feature store :{}

I/InjectionManager( 3683): featureStore :{}

D/STUB_DRIVELINK_WifiStateReceiver( 3683): Wifi Disconnected

E/SPPClientService(26902): [[PushClientService]] SPPC Ver : 1.5.0, Server Ver : 1, Platform Ver : 22

E/SPPClientService(26902): [[PushClientService]] F:false, D:false, E:false, T:false, S:false, R:false

E/SPPClientService(26902): [a] [ConnectionManager] Connection is already disconnected.

D/com.facebook.a.a( 9290): Got unexpected exception: java.io.WriteAbortedException: Read an exception; java.io.NotSerializableException: org.json.JSONObject

D/CatchFinanceCocktailProvider(29762): onReceive : action = android.net.conn.CONNECTIVITY_CHANGE

E/CoreApps(22475): [FLog][1][NetworkConnectivityReceiver] onReceive.  AllChatAgentServicesOFF is TRUE.

I/CoreApps(22475): [ELog][1][NetworkStateListener] noConnect = true

I/CoreApps(22475): [1][EasySignUpInterface] isEmergencyMode = false

I/CoreApps(22475): [1][SettingGlobalHelper] get - sids : [0,2,5]

I/CoreApps(22475): [1][EasySignUpInterface] getServiceStatus : serviceId (2) is ON

I/CoreApps(22475): [RLog][1][Pref] [getServiceEnabled] status = 1 r =true

I/CoreApps(22475): [RLog][1][NetworkStateReceiver] noConnect = true

I/CoreApps(22475): [RLog][1][ActionTriggerService] onStartCommand

I/CoreApps(22475): [RLog][1][ActionTriggerService] trigger=TRIGGER_DISCONNECTED mediaId=-1 wifiOnly=-1 pausedBy=-1

I/CoreApps(22475): [1][EasySignUpInterface] isEmergencyMode = false

I/CoreApps(22475): [1][SettingGlobalHelper] get - sids : [0,2,5]

I/CoreApps(22475): [1][EasySignUpInterface] getServiceStatus : serviceId (2) is ON

I/CoreApps(22475): [RLog][1][Pref] [getServiceEnabled] status = 1 r =true

I/CoreApps(22475): [RLog][1][RShareService] SERVICE START COMMAND

I/CoreApps(22475): [RLog][1][StateHandler] Handle message [TOKEN_PAUSE_ALL]

I/CoreApps(22475): [RLog][1][RShareService] req=3000 mediaId=-1 data1=-1 data2=-1 dataStr=null

E/Zygote  ( 3702): MountEmulatedStorage()

E/Zygote  ( 3702): v2

I/SELinux ( 3702): Function: selinux_compare_spd_ram, SPD-policy is existed. and_ver=SEPF_SM-G925T_5.1.1 ver=38

I/SELinux ( 3702): Function: selinux_compare_spd_ram , priority [1] , priority version is VE=SEPF_SM-G925T_5.1.1_0038

E/Zygote  ( 3702): accessInfo : 0

E/SELinux ( 3702): [DEBUG] get_category: variable seinfo: platform sensitivity: NULL, cateogry: NULL

D/TimaKeyStoreProvider( 3702): TimaSignature is unavailable

D/ActivityThread( 3702): Added TimaKeyStore provider

I/InjectionManager( 3702): Inside getClassLibPath + mLibMap{0=, 1=}

I/InjectionManager( 3702): Inside getClassLibPath caller 

D/InjectionManager( 3702): InjectionManager

D/InjectionManager( 3702): fillFeatureStoreMap com.samsung.android.keyguardwallpaperupdator

I/InjectionManager( 3702): Constructor com.samsung.android.keyguardwallpaperupdator, Feature store :{}

I/InjectionManager( 3702): featureStore :{}

E/SPPClientService(26902): [b] __InitReply__

D/KeyguardWallpaperUpdator( 3702): cancelUpdateWallpaper

D/KeyguardWallpaperUpdator( 3702): cancelUpdateCategory

D/KeyguardWallpaperUpdator( 3702): stopCheckCategoryVersion

D/QuickConnect(  437): PeriphStartReceiver.onReceive - android.net.conn.CONNECTIVITY_CHANGE

I/QuickConnect(  437): PeriphStartReceiver.onReceive - USER_OWNER care CONNECTIVITY_ACTION. run P service

I/QuickConnect(  437): PeriphStartReceiver.onReceive - no need to start

E/Zygote  ( 3720): MountEmulatedStorage()

E/Zygote  ( 3720): v2

I/SELinux ( 3720): Function: selinux_compare_spd_ram, SPD-policy is existed. and_ver=SEPF_SM-G925T_5.1.1 ver=38

I/SELinux ( 3720): Function: selinux_compare_spd_ram , priority [1] , priority version is VE=SEPF_SM-G925T_5.1.1_0038

E/Zygote  ( 3720): accessInfo : 0

E/SELinux ( 3720): [DEBUG] get_category: variable seinfo: samsung sensitivity: NULL, cateogry: NULL

D/TimaKeyStoreProvider( 3720): TimaSignature is unavailable

D/ActivityThread( 3720): Added TimaKeyStore provider

I/InjectionManager( 3720): Inside getClassLibPath + mLibMap{0=, 1=}

I/InjectionManager( 3720): Inside getClassLibPath caller 

I/a       ( 3720): voCountrySearchEx loaded.

I/a       ( 3720): # initConfig Time : 49

E/Zygote  ( 3747): MountEmulatedStorage()

E/Zygote  ( 3747): v2

I/SELinux ( 3747): Function: selinux_compare_spd_ram, SPD-policy is existed. and_ver=SEPF_SM-G925T_5.1.1 ver=38

I/SELinux ( 3747): Function: selinux_compare_spd_ram , priority [1] , priority version is VE=SEPF_SM-G925T_5.1.1_0038

E/Zygote  ( 3747): accessInfo : 0

E/SELinux ( 3747): [DEBUG] get_category: variable seinfo: samsung sensitivity: NULL, cateogry: NULL

D/InjectionManager( 3720): InjectionManager

D/InjectionManager( 3720): fillFeatureStoreMap com.samsung.android.themestore

I/InjectionManager( 3720): Constructor com.samsung.android.themestore, Feature store :{}

I/InjectionManager( 3720): featureStore :{}

D/AutoSelfUpgradeReceiver( 3720): onReceive() android.net.conn.CONNECTIVITY_CHANGE

I/art     ( 3025): Explicit concurrent mark sweep GC freed 8735(371KB) AllocSpace objects, 0(0B) LOS objects, 36% free, 28MB/44MB, paused 522us total 21.693ms

D/TimaKeyStoreProvider( 3747): TimaSignature is unavailable

D/ActivityThread( 3747): Added TimaKeyStore provider

D/AutoSelfUpgradeService( 3720): onCreate() 

D/AutoSelfUpgradeService( 3720): onStartCommand() action.selfupgrade.via.net

D/AutoSelfUpgradeService( 3720): startInitAutoSelfUpdate()

I/art     ( 3025): Explicit concurrent mark sweep GC freed 5(160B) AllocSpace objects, 0(0B) LOS objects, 36% free, 28MB/44MB, paused 536us total 22.100ms

D/AutoSelfUpgradeService( 3720): getAlarmIntent() 

D/AutoSelfUpgradeService( 3720): isAlarmActivated() true

D/AutoSelfUpgradeService( 3720): onDestroy()

I/InjectionManager( 3747): Inside getClassLibPath + mLibMap{0=, 1=}

I/InjectionManager( 3747): Inside getClassLibPath caller 

I/art     ( 3025): Explicit concurrent mark sweep GC freed 5(160B) AllocSpace objects, 0(0B) LOS objects, 36% free, 28MB/44MB, paused 272us total 16.948ms

D/SPPClientService( 3747): Create

D/EPDG -- [EPDGService]( 3535): onDataActivity: direction=2

D/StatusBar.NetworkController( 4020): onDataActivity: direction=2

D/InjectionManager( 3747): InjectionManager

D/InjectionManager( 3747): fillFeatureStoreMap com.sec.spp.push

I/InjectionManager( 3747): Constructor com.sec.spp.push, Feature store :{}

I/InjectionManager( 3747): featureStore :{}

D/SPPClientService( 3747): Create DLC

D/StatusBar.NetworkController( 4020): updateDataIcon, mDataDirectionIconId = com.android.systemui:drawable/stat_sys_signal_out_tmo mDataConnected = true

D/StatusBar.NetworkController( 4020): refreshViews connected={ data } level=4 combinedSignalIconId=0x7f020695/com.android.systemui:drawable/tw_stat_sys_5_level_signal_4_auto_rotate mobileLabel=T-Mobile wifiLabel= emergencyOnly=false combinedLabel=T-Mobile mAirplaneMode=false mDataActivity=2 mPhoneSignalIconId=0x7f020695/com.android.systemui:drawable/tw_stat_sys_5_level_signal_4_auto_rotate mQSPhoneSignalIconId=0x7f020116/com.android.systemui:drawable/ic_qs_signal_4 mDataDirectionIconId=0x7f020525/com.android.systemui:drawable/stat_sys_signal_out_tmo mDataSignalIconId=0x7f020695/com.android.systemui:drawable/tw_stat_sys_5_level_signal_4_auto_rotate mDataTypeIconId=0x7f020346/com.android.systemui:drawable/stat_sys_data_connected_lte_tmo mQSDataTypeIconId=0x0/(null) mNoSimIconId=0x0/(null) mWifiIconId=0x0/(null) mQSWifiIconId=0x0/(null) mWifiActivityIconId=0x7f020519/com.android.systemui:drawable/stat_sys_signal_no_inout mBluetoothTetherIconId=0x7f02053f/com.android.systemui:drawable/stat_sys_tether_bluetooth

D/STATUSBAR-WifiTile( 4020): onWifiSignalChanged enabled=false enabledDesc:null

D/StatusBar.NetworkController( 4020): refreshNwBoosterIndicator - setNWBoosterIndicators(false)

D/StatusBar.NetworkController( 4020): applyTMO

E/SPPClientService( 3747): ShipBuild Binary : True

D/StatusBar.NetworkController( 4020): refreshNwBoosterIndicator - setNWBoosterIndicators(false)

D/StatusBar.NetworkController( 4020): applyTMO

D/StatusBar.NetworkController( 4020): refreshNwBoosterIndicator - setNWBoosterIndicators(false)

D/StatusBar.NetworkController( 4020): applyTMO

D/StatusBar.NetworkController( 4020): refreshNwBoosterIndicator - setNWBoosterIndicators(false)

D/StatusBar.NetworkController( 4020): applyTMO

I/art     ( 3535): Explicit concurrent mark sweep GC freed 62256(3MB) AllocSpace objects, 6(120KB) LOS objects, 17% free, 74MB/90MB, paused 2.025ms total 266.609ms

W/appmanager(:<default>):QuickExperimentControllerImpl( 3200): Exposure of experiment com.facebook.analytics.m.a@12481629 occurred when no user was logged in

D/EPDG -- [EPDGService]( 3535): onDataActivity: direction=0

D/StatusBar.NetworkController( 4020): onDataActivity: direction=0

D/StatusBar.NetworkController( 4020): updateDataIcon, mDataDirectionIconId = com.android.systemui:drawable/stat_sys_signal_no_inout_tmo mDataConnected = true

D/StatusBar.NetworkController( 4020): refreshViews connected={ data } level=4 combinedSignalIconId=0x7f020695/com.android.systemui:drawable/tw_stat_sys_5_level_signal_4_auto_rotate mobileLabel=T-Mobile wifiLabel= emergencyOnly=false combinedLabel=T-Mobile mAirplaneMode=false mDataActivity=0 mPhoneSignalIconId=0x7f020695/com.android.systemui:drawable/tw_stat_sys_5_level_signal_4_auto_rotate mQSPhoneSignalIconId=0x7f020116/com.android.systemui:drawable/ic_qs_signal_4 mDataDirectionIconId=0x7f02051a/com.android.systemui:drawable/stat_sys_signal_no_inout_tmo mDataSignalIconId=0x7f020695/com.android.systemui:drawable/tw_stat_sys_5_level_signal_4_auto_rotate mDataTypeIconId=0x7f020346/com.android.systemui:drawable/stat_sys_data_connected_lte_tmo mQSDataTypeIconId=0x0/(null) mNoSimIconId=0x0/(null) mWifiIconId=0x0/(null) mQSWifiIconId=0x0/(null) mWifiActivityIconId=0x7f020519/com.android.systemui:drawable/stat_sys_signal_no_inout mBluetoothTetherIconId=0x7f02053f/com.android.systemui:drawable/stat_sys_tether_bluetooth

D/STATUSBAR-WifiTile( 4020): onWifiSignalChanged enabled=false enabledDesc:null

D/StatusBar.NetworkController( 4020): refreshNwBoosterIndicator - setNWBoosterIndicators(false)

D/StatusBar.NetworkController( 4020): applyTMO

D/StatusBar.NetworkController( 4020): refreshNwBoosterIndicator - setNWBoosterIndicators(false)

D/StatusBar.NetworkController( 4020): applyTMO

D/StatusBar.NetworkController( 4020): refreshNwBoosterIndicator - setNWBoosterIndicators(false)

D/StatusBar.NetworkController( 4020): applyTMO

D/StatusBar.NetworkController( 4020): refreshNwBoosterIndicator - setNWBoosterIndicators(false)

D/StatusBar.NetworkController( 4020): applyTMO

W/System.err( 9290): remove failed: ENOENT (No such file or directory) : /data/data/com.touchtype.swiftkey.beta/files/iris_messages_cache

D/SecurityLogAgent( 3552): KnoxConfiguration : Current State = 1

D/SecurityLogAgent( 3552): KnoxConfiguration : Current State Mapping Found 

D/SecurityLogAgent( 3552): StateMachine : Current State = 1

D/SecurityLogAgent( 3552): StateMachine : Changed Current State = 1

D/KeyguardWallpaperUpdator( 3702): cancelUpdateWallpaper

D/KeyguardWallpaperUpdator( 3702): cancelUpdateCategory

D/KeyguardWallpaperUpdator( 3702): stopCheckCategoryVersion

I/PCWCLIENTTRACE_PushUtil( 3420): SPPPushClient is installed : true

I/PCWCLIENTTRACE_PushUtil( 3420): sales region : global

I/PCWCLIENTTRACE_PushUtil( 3420): getPushTypeList : [SPP, GCM]

I/PCWCLIENTTRACE_SYSTEMReceiver( 3420): [onReceive] - android.net.conn.CONNECTIVITY_CHANGE

I/DIAGMON_AGENT( 3444): [lIIlIIIlIllllIlIIlII(52/llIIIIlllllIIllIIllI)] Receive broadcast: android.net.conn.CONNECTIVITY_CHANGE

I/DIAGMON_AGENT( 3444): [lIIlIIIlIllllIlIIlII(53/llIIIIlllllIIllIIllI)] Receive broadcast:

I/DIAGMON_AGENT( 3444): ./extraInfo: fast.t-mobile.com

I/DIAGMON_AGENT( 3444): [lIIlIIIlIllllIlIIlII(68/llIIIIlllllIIllIIllI)] Running with RegistrationReceiver

I/FOTA_Client( 3460): [com.sec.android.fotaclient.FotaRegisterReceiver(107/onReceive)] Already device registered...

I/FOTA_Client( 3460): [com.sec.android.fotaclient.FotaUpdaterReceiver(93/onReceive)] Auto update settings is activated

I/FOTA_Client( 3460): [IlIlIIllllIllIIIIIll(81/llllIIIllIlIIIIllllI)] Polling time is vaild

W/FOTA_Client( 3460): [lIllIlIIlIIlllllIIll(98/llllIIIllIlIIIIllllI)] No file exists in Directory

I/DBG_POLICYDM( 3492): [com.policydm.XDMService(515/xdmProtoIsWIFIConnected)] WiFi network Connected : false

I/DBG_POLICYDM( 3492): [com.sec.android.fota.common.Network(103/isMobileNetworkConnected)] Mobile Network is connected

E/DBG_POLICYDM( 3492): [com.policydm.XDMService(489/isNetworkChanged)] network not changed.... 

I/SA      ( 3525): [OR] onReceive log=[SA = 2.1.0218 V = 22 HWD = 2560X1440 4.0 dpi = 640  SIZE = 2 LOCALE = en_US CSC = TMB MCC = 310 MNC 260 T = user DEVICE = zeroltetmo P = zeroltetmo I = LMY47X M = SM-G925T OKLEFT false DIS LMY47X.G925TUVU3DOJ7 PSS = 5.059173621445858  ]

I/SA      ( 3525): [OR] onReceive Intent=[ conn.CONNECTIVITY_CHANGE. networkInfo:[type: MOBILE[LTE] - MOBILE, state: CONNECTED/CONNECTED, reason: (unspecified), extra: fast.t-mobile.com, roaming: false, failover: false, isAvailable: true, isConnectedToProvisioningNetwork: false] networkType:0 inetCondition:0 extraInfo:? isDefault:true ]

I/SA      ( 3525): [OR] == ACTION_CONNECTIVITY_CHANGE ==

I/SA      ( 3525): [TPMU]  strSIMState 	:SIM_STATE_READY

I/SA      ( 3525): [TPMU] getMccFromUsim : 310

I/SA      ( 3525): [SCU] saveMccToPreferece Start

I/SA      ( 3525): [SCU] RegionMCC : 310

I/SA      ( 3525): [SSP] query invoked

I/SA      ( 3525): [AESC] decrypt START

I/SA      ( 3525): [AESC] decrypt END

I/SA      ( 3525): [TPMU] mcc decrypted.

I/SA      ( 3525): [TPMU] GetMccFromDB : 310

I/SA      ( 3525): [SCU] getMccFromPreferece mcc = 310

I/SA      ( 3525): [SCU] saveMccToPreferece End

I/SA      ( 3525): [OR] onReceive END

D/SecurityLogAgent( 3552): KnoxConfiguration : Current State = 1

D/SecurityLogAgent( 3552): KnoxConfiguration : Current State Mapping Found 

D/SecurityLogAgent( 3552): StateMachine : Current State = 1

D/SecurityLogAgent( 3552): StateMachine : Changed Current State = 1

D/EPDG -- [EPDGService]( 3535): onDataActivity: direction=3

D/StatusBar.NetworkController( 4020): onDataActivity: direction=3

D/StatusBar.NetworkController( 4020): updateDataIcon, mDataDirectionIconId = com.android.systemui:drawable/stat_sys_signal_inout_tmo mDataConnected = true

D/StatusBar.NetworkController( 4020): refreshViews connected={ data } level=4 combinedSignalIconId=0x7f020695/com.android.systemui:drawable/tw_stat_sys_5_level_signal_4_auto_rotate mobileLabel=T-Mobile wifiLabel= emergencyOnly=false combinedLabel=T-Mobile mAirplaneMode=false mDataActivity=3 mPhoneSignalIconId=0x7f020695/com.android.systemui:drawable/tw_stat_sys_5_level_signal_4_auto_rotate mQSPhoneSignalIconId=0x7f020116/com.android.systemui:drawable/ic_qs_signal_4 mDataDirectionIconId=0x7f020517/com.android.systemui:drawable/stat_sys_signal_inout_tmo mDataSignalIconId=0x7f020695/com.android.systemui:drawable/tw_stat_sys_5_level_signal_4_auto_rotate mDataTypeIconId=0x7f020346/com.android.systemui:drawable/stat_sys_data_connected_lte_tmo mQSDataTypeIconId=0x0/(null) mNoSimIconId=0x0/(null) mWifiIconId=0x0/(null) mQSWifiIconId=0x0/(null) mWifiActivityIconId=0x7f020519/com.android.systemui:drawable/stat_sys_signal_no_inout mBluetoothTetherIconId=0x7f02053f/com.android.systemui:drawable/stat_sys_tether_bluetooth

D/STATUSBAR-WifiTile( 4020): onWifiSignalChanged enabled=false enabledDesc:null

D/StatusBar.NetworkController( 4020): refreshNwBoosterIndicator - setNWBoosterIndicators(false)

D/StatusBar.NetworkController( 4020): applyTMO

D/StatusBar.NetworkController( 4020): refreshNwBoosterIndicator - setNWBoosterIndicators(false)

D/StatusBar.NetworkController( 4020): applyTMO

D/StatusBar.NetworkController( 4020): refreshNwBoosterIndicator - setNWBoosterIndicators(false)

D/StatusBar.NetworkController( 4020): applyTMO

D/StatusBar.NetworkController( 4020): refreshNwBoosterIndicator - setNWBoosterIndicators(false)

D/StatusBar.NetworkController( 4020): applyTMO

D/ChimeraCfgMgr(19485): Loading module com.google.android.gms.kids from APK com.google.android.gms

D/ChimeraCfgMgr(19485): Loading module com.google.android.gms.kids from APK com.google.android.gms

V/GLSActivity( 4845): AuthDelegateWrapperCreated with selected intent: Intent { cmp=com.google.android.gms/.auth.DefaultAuthDelegateService }

V/GLSActivity( 4845): AuthDelegateWrapperCreated with selected intent: Intent { cmp=com.google.android.gms/.auth.DefaultAuthDelegateService }

V/GLSActivity( 4845): AuthDelegateWrapperCreated with selected intent: Intent { cmp=com.google.android.gms/.auth.DefaultAuthDelegateService }

V/GLSActivity( 4845): AuthDelegateWrapperCreated with selected intent: Intent { cmp=com.google.android.gms/.auth.DefaultAuthDelegateService }

I/Tethering( 3535): BATTERY_CHANGED, level = 72lowBatteryThreshold = 15

D/KeyguardUpdateMonitor( 4020): received broadcast android.intent.action.BATTERY_CHANGED

I/PERF    ( 4020): received broadcast android.intent.action.BATTERY_CHANGED

D/KeyguardUpdateMonitor( 4020): handleBatteryUpdate

D/BatteryMonitor( 3990): new battery level: 72

D/QSTile.TorchLightTile( 4020): ACTION_BATTERY_CHANGED - Level :: 72, Status :: 2

D/RcsSettingsUtils( 3990): new battery level: 72

D/CommonServiceConfiguration( 3990): getStringValueSetting

D/RcsSettingsUtils( 3990): read setting battery level: null

D/EPDG -- [EPDGService]( 3535): onDataActivity: direction=0

D/StatusBar.NetworkController( 4020): onDataActivity: direction=0

D/StatusBar.NetworkController( 4020): updateDataIcon, mDataDirectionIconId = com.android.systemui:drawable/stat_sys_signal_no_inout_tmo mDataConnected = true

D/StatusBar.NetworkController( 4020): refreshViews connected={ data } level=4 combinedSignalIconId=0x7f020695/com.android.systemui:drawable/tw_stat_sys_5_level_signal_4_auto_rotate mobileLabel=T-Mobile wifiLabel= emergencyOnly=false combinedLabel=T-Mobile mAirplaneMode=false mDataActivity=0 mPhoneSignalIconId=0x7f020695/com.android.systemui:drawable/tw_stat_sys_5_level_signal_4_auto_rotate mQSPhoneSignalIconId=0x7f020116/com.android.systemui:drawable/ic_qs_signal_4 mDataDirectionIconId=0x7f02051a/com.android.systemui:drawable/stat_sys_signal_no_inout_tmo mDataSignalIconId=0x7f020695/com.android.systemui:drawable/tw_stat_sys_5_level_signal_4_auto_rotate mDataTypeIconId=0x7f020346/com.android.systemui:drawable/stat_sys_data_connected_lte_tmo mQSDataTypeIconId=0x0/(null) mNoSimIconId=0x0/(null) mWifiIconId=0x0/(null) mQSWifiIconId=0x0/(null) mWifiActivityIconId=0x7f020519/com.android.systemui:drawable/stat_sys_signal_no_inout mBluetoothTetherIconId=0x7f02053f/com.android.systemui:drawable/stat_sys_tether_bluetooth

D/STATUSBAR-WifiTile( 4020): onWifiSignalChanged enabled=false enabledDesc:null

D/StatusBar.NetworkController( 4020): refreshNwBoosterIndicator - setNWBoosterIndicators(false)

D/StatusBar.NetworkController( 4020): applyTMO

D/StatusBar.NetworkController( 4020): refreshNwBoosterIndicator - setNWBoosterIndicators(false)

D/StatusBar.NetworkController( 4020): applyTMO

D/StatusBar.NetworkController( 4020): refreshNwBoosterIndicator - setNWBoosterIndicators(false)

D/StatusBar.NetworkController( 4020): applyTMO

D/StatusBar.NetworkController( 4020): refreshNwBoosterIndicator - setNWBoosterIndicators(false)

D/StatusBar.NetworkController( 4020): applyTMO

V/DownloadManager(13341): onReceive intent + android.net.conn.CONNECTIVITY_CHANGE

D/SecContentProvider2( 3535): uri = 15 selection = getAppBlockDownloadState

D/SecContentProvider2( 3535): mCursor = null

V/DownloadManager(13341): 23 items are completed

D/SpayCustomBroadcastReceiver(31549): called OnReceive(), action = android.net.conn.CONNECTIVITY_CHANGE

I/SAMSUNGPAY.C.SPAY_DEBUG_LOG(31549): SpayCustomBroadcastReceiversending broadcast : SPAY_NETWORK_CHANGE

E/SPPClientService(26902): [SystemStateMoniter] Action Name : android.net.conn.CONNECTIVITY_CHANGE

E/SPPClientService(26902): [SystemStateMoniter] Current Time : 178484107

E/SPPClientService(26902): [SystemStateMoniter] No Connect : false

D/STUB_DRIVELINK_WifiStateReceiver( 3683): Wifi Disconnected

D/CatchFinanceCocktailProvider(29762): onReceive : action = android.net.conn.CONNECTIVITY_CHANGE

E/CoreApps(22475): [FLog][1][NetworkConnectivityReceiver] onReceive.  AllChatAgentServicesOFF is TRUE.

I/CoreApps(22475): [ELog][1][NetworkStateListener] noConnect = false

I/CoreApps(22475): [1][DeviceUtils] isMultiSimDevice : false

I/CoreApps(22475): [1][DeviceUtils] isMultiSimDevice : false

I/CoreApps(22475): [ELog][1][EasySignUpProvider] query

I/CoreApps(22475): [ELog][1][EasySignUpProvider] query param = XXXX...5491

I/CoreApps(22475): [ELog][1][AccountDBMgr] getDuid = 31167160884134294

I/CoreApps(22475): [1][DeviceUtils] isMultiSimDevice : false

I/CoreApps(22475): [1][DeviceUtils] isMultiSimDevice : false

I/CoreApps(22475): [ELog][1][EasySignUpProvider] query

I/CoreApps(22475): [ELog][1][EasySignUpProvider] query param = XXXX...5491

I/CoreApps(22475): [ELog][1][AccountDBMgr] getDuid = 31167160884134294

I/CoreApps(22475): [ELog][1][NetworkStateListener] [Registered][0123f40394bb84697349a1f6a6ec344d071c4d24a4][31167160884134294]

I/CoreApps(22475): [ELog][1][EPref] getLong - key : expire_account_time , value : 1457269301083

I/CoreApps(22475): [ELog][1][EPref] getLong - key : last_heart_beat_time , value : 1448456501081

I/CoreApps(22475): [ELog][1][EPref] getLong - key : heart_beat_interval , value : 43200000

I/CoreApps(22475): [ELog][1][NetworkStateListener] currentTIme =1448487129739

I/CoreApps(22475): [ELog][1][HeartBeatTransaction] cancel

I/CoreApps(22475): [ELog][1][HeartBeatTransaction] registerAlarm - time = 1448499701081

I/CoreApps(22475): [ELog][1][EasySignUpProviderPublic] packageName : com.samsung.android.coreapps

I/CoreApps(22475): [1][DeviceUtils] isMultiSimDevice : false

I/CoreApps(22475): [1][DeviceUtils] isMultiSimDevice : false

I/CoreApps(22475): [1][EasySignUpInterface] isAuth is true

I/CoreApps(22475): [ELog][1][EPref] getLong - key : policy_set_time , value : 1448413059597

I/CoreApps(22475): [ELog][1][EPref] getLong - key : policy_check_interval , value : 86400000

I/CoreApps(22475): [ELog][1][GetPolicyService] cancel

I/CoreApps(22475): [ELog][1][GetPolicyService] registerAlarm - time = 1448499459597

I/CoreApps(22475): [ELog][1][EasySignUpProviderPublic] packageName : com.samsung.android.coreapps

I/CoreApps(22475): [1][DeviceUtils] isMultiSimDevice : false

I/CoreApps(22475): [1][DeviceUtils] isMultiSimDevice : false

I/CoreApps(22475): [1][EasySignUpInterface] isAuth is true

I/CoreApps(22475): [1][EasySignUpInterface] isEmergencyMode = false

I/CoreApps(22475): [1][SettingGlobalHelper] get - sids : [0,2,5]

I/CoreApps(22475): [1][EasySignUpInterface] getServiceStatus : serviceId (2) is ON

I/CoreApps(22475): [RLog][1][Pref] [getServiceEnabled] status = 1 r =true

I/CoreApps(22475): [RLog][1][NetworkStateReceiver] noConnect = false

D/KeyguardWallpaperUpdator( 3702): cancelUpdateWallpaper

I/CoreApps(22475): [RLog][12426][NetworkStateReceiver] neededToResume count : 0   neededToResume : false

D/KeyguardWallpaperUpdator( 3702): cancelUpdateCategory

D/KeyguardWallpaperUpdator( 3702): stopCheckCategoryVersion

I/CoreApps(22475): [RLog][12427][NeedToResumeShareTask] neededToResume count : 0   neededToResume : false

D/QuickConnect(  437): PeriphStartReceiver.onReceive - android.net.conn.CONNECTIVITY_CHANGE

I/QuickConnect(  437): PeriphStartReceiver.onReceive - USER_OWNER care CONNECTIVITY_ACTION. run P service

I/QuickConnect(  437): PeriphStartReceiver.onReceive - no need to start

D/AutoSelfUpgradeReceiver( 3720): onReceive() android.net.conn.CONNECTIVITY_CHANGE

D/AutoSelfUpgradeService( 3720): onCreate() 

D/AutoSelfUpgradeService( 3720): onStartCommand() action.selfupgrade.via.net

D/AutoSelfUpgradeService( 3720): startInitAutoSelfUpdate()

D/AutoSelfUpgradeService( 3720): getAlarmIntent() 

D/AutoSelfUpgradeService( 3720): isAlarmActivated() true

D/AutoSelfUpgradeService( 3720): onDestroy()

W/System.err( 9290): remove failed: ENOENT (No such file or directory) : /data/data/com.touchtype.swiftkey.beta/files/iris_messages_cache

I/PCWCLIENTTRACE_SYSTEMReceiver( 3420): mConnectivityHandler : connected

D/PCWCLIENTTRACE_AccountUtil( 3420): [hasSamungAccount] - Samsung Account exist

I/PCWCLIENTTRACE_PushUtil( 3420): SPPPushClient is installed : true

I/PCWCLIENTTRACE_PushUtil( 3420): sales region : global

I/PCWCLIENTTRACE_PushUtil( 3420): getPushTypeList : [SPP, GCM]

D/PCWCLIENTTRACE_PCWHandler( 3420): [ensureRegistration] - Samsung account exist

D/PCWCLIENTTRACE_PCWHandler( 3420): [ensureRegistratison] - Token validation check!!

D/PCWCLIENTTRACE_AccountAppFacadeDelegate( 3420): start getAuthInfo

D/AESCrypto( 3420): decryptAES begin

D/AESCrypto( 3420): decryptAES end

D/AESCrypto( 3420): decryptAES begin

D/AESCrypto( 3420): decryptAES end

D/AESCrypto( 3420): decryptAES begin

D/AESCrypto( 3420): decryptAES end

D/AESCrypto( 3420): decryptAES begin

D/AESCrypto( 3420): decryptAES end

D/PCWCLIENTTRACE_AccountUtil( 3420): [hasSamungAccount] - Samsung Account exist

D/PCWCLIENTTRACE_AccountUtil( 3420): [hasSamungAccount] - Samsung Account exist

D/PCWCLIENTTRACE_AuthInfo( 3420): auth info for osp 2.0 validation check - true

D/PCWCLIENTTRACE_AccountUtil( 3420): [hasSamungAccount] - Samsung Account exist

D/PCWCLIENTTRACE_AuthInfo( 3420): auth info for osp 2.0 validation check - true

D/PCWCLIENTTRACE_AccountAppFacadeDelegate( 3420): End getAuthInfo

D/PCWCLIENTTRACE_AccountUtil( 3420): [hasSamungAccount] - Samsung Account exist

D/PCWCLIENTTRACE_AuthInfo( 3420): auth info for osp 2.0 validation check - true

D/PCWCLIENTTRACE_PCWHandler( 3420): [ensureRegistration] - PCW Client Version : 4.82

I/PCWCLIENTTRACE_PushUtil( 3420): DMVersion parsing 50.20.150615 -> 50.20.150615

D/PCWCLIENTTRACE_PushUtil( 3420): Call supportReactivationLock 

I/ReactiveServiceManager( 3420): Supported : 4

I/PCWCLIENTTRACE_SecurePreferencesJNI( 3420): rsm.getServiceSupport() is GOOGLE_FACTORY_RESET_PROTECTION_IS_SUPPORTED : 2

I/PCWCLIENTTRACE_PushUtil( 3420): isReactiveServiceSupported = false

D/PCWCLIENTTRACE_PCWHandler( 3420): [ensureRegistration] - MG registered : SPP

D/PCWCLIENTTRACE_AccountUtil( 3420): [hasSamungAccount] - Samsung Account exist

D/PCWCLIENTTRACE_AuthInfo( 3420): auth info for osp 2.0 validation check - true

D/AESCrypto( 3420): decryptAES begin

D/AESCrypto( 3420): decryptAES end

D/PCWCLIENTTRACE_PCWHandler( 3420): [ensureRegistration] - PCW Client Version : 4.82

I/PCWCLIENTTRACE_PushUtil( 3420): DMVersion parsing 50.20.150615 -> 50.20.150615

D/PCWCLIENTTRACE_PushUtil( 3420): Call supportReactivationLock 

I/ReactiveServiceManager( 3420): Supported : 4

I/PCWCLIENTTRACE_SecurePreferencesJNI( 3420): rsm.getServiceSupport() is GOOGLE_FACTORY_RESET_PROTECTION_IS_SUPPORTED : 2

I/PCWCLIENTTRACE_PushUtil( 3420): isReactiveServiceSupported = false

D/PCWCLIENTTRACE_PCWHandler( 3420): [ensureRegistration] - MG registered : GCM

D/PCWCLIENTTRACE_AccountUtil( 3420): [hasSamungAccount] - Samsung Account exist

D/PCWCLIENTTRACE_AuthInfo( 3420): auth info for osp 2.0 validation check - true

D/AESCrypto( 3420): decryptAES begin

D/AESCrypto( 3420): decryptAES end

D/StatusBar.NetworkController( 4020): onDataActivity: direction=0

D/NetworkStatsFactory( 3535): UpdateStatsForKnox updated

D/EPDG -- [NETMGMT]( 3535): Interface Data activity changed : label: 0 : active: false

D/EPDG -- [EPDGService]( 3535): onDataActivity: direction=0

D/StatusBar.NetworkController( 4020): updateDataIcon, mDataDirectionIconId = com.android.systemui:drawable/stat_sys_signal_no_inout_tmo mDataConnected = true

D/StatusBar.NetworkController( 4020): refreshViews connected={ data } level=4 combinedSignalIconId=0x7f020695/com.android.systemui:drawable/tw_stat_sys_5_level_signal_4_auto_rotate mobileLabel=T-Mobile wifiLabel= emergencyOnly=false combinedLabel=T-Mobile mAirplaneMode=false mDataActivity=0 mPhoneSignalIconId=0x7f020695/com.android.systemui:drawable/tw_stat_sys_5_level_signal_4_auto_rotate mQSPhoneSignalIconId=0x7f020116/com.android.systemui:drawable/ic_qs_signal_4 mDataDirectionIconId=0x7f02051a/com.android.systemui:drawable/stat_sys_signal_no_inout_tmo mDataSignalIconId=0x7f020695/com.android.systemui:drawable/tw_stat_sys_5_level_signal_4_auto_rotate mDataTypeIconId=0x7f020346/com.android.systemui:drawable/stat_sys_data_connected_lte_tmo mQSDataTypeIconId=0x0/(null) mNoSimIconId=0x0/(null) mWifiIconId=0x0/(null) mQSWifiIconId=0x0/(null) mWifiActivityIconId=0x7f020519/com.android.systemui:drawable/stat_sys_signal_no_inout mBluetoothTetherIconId=0x7f02053f/com.android.systemui:drawable/stat_sys_tether_bluetooth

D/STATUSBAR-WifiTile( 4020): onWifiSignalChanged enabled=false enabledDesc:null

D/StatusBar.NetworkController( 4020): refreshNwBoosterIndicator - setNWBoosterIndicators(false)

D/StatusBar.NetworkController( 4020): applyTMO

D/StatusBar.NetworkController( 4020): refreshNwBoosterIndicator - setNWBoosterIndicators(false)

D/StatusBar.NetworkController( 4020): applyTMO

D/StatusBar.NetworkController( 4020): refreshNwBoosterIndicator - setNWBoosterIndicators(false)

D/StatusBar.NetworkController( 4020): applyTMO

D/StatusBar.NetworkController( 4020): refreshNwBoosterIndicator - setNWBoosterIndicators(false)

D/StatusBar.NetworkController( 4020): applyTMO

D/StatusBar.NetworkController( 4020): onDataActivity: direction=4

D/EPDG -- [EPDGService]( 3535): onDataActivity: direction=4

D/StatusBar.NetworkController( 4020): updateDataIcon, mDataDirectionIconId = com.android.systemui:drawable/stat_sys_signal_no_inout_tmo mDataConnected = true

D/StatusBar.NetworkController( 4020): refreshViews connected={ data } level=4 combinedSignalIconId=0x7f020695/com.android.systemui:drawable/tw_stat_sys_5_level_signal_4_auto_rotate mobileLabel=T-Mobile wifiLabel= emergencyOnly=false combinedLabel=T-Mobile mAirplaneMode=false mDataActivity=4 mPhoneSignalIconId=0x7f020695/com.android.systemui:drawable/tw_stat_sys_5_level_signal_4_auto_rotate mQSPhoneSignalIconId=0x7f020116/com.android.systemui:drawable/ic_qs_signal_4 mDataDirectionIconId=0x7f02051a/com.android.systemui:drawable/stat_sys_signal_no_inout_tmo mDataSignalIconId=0x7f020695/com.android.systemui:drawable/tw_stat_sys_5_level_signal_4_auto_rotate mDataTypeIconId=0x7f020346/com.android.systemui:drawable/stat_sys_data_connected_lte_tmo mQSDataTypeIconId=0x0/(null) mNoSimIconId=0x0/(null) mWifiIconId=0x0/(null) mQSWifiIconId=0x0/(null) mWifiActivityIconId=0x7f020519/com.android.systemui:drawable/stat_sys_signal_no_inout mBluetoothTetherIconId=0x7f02053f/com.android.systemui:drawable/stat_sys_tether_bluetooth

D/STATUSBAR-WifiTile( 4020): onWifiSignalChanged enabled=false enabledDesc:null

D/StatusBar.NetworkController( 4020): refreshNwBoosterIndicator - setNWBoosterIndicators(false)

D/StatusBar.NetworkController( 4020): applyTMO

D/StatusBar.NetworkController( 4020): refreshNwBoosterIndicator - setNWBoosterIndicators(false)

D/StatusBar.NetworkController( 4020): applyTMO

D/StatusBar.NetworkController( 4020): refreshNwBoosterIndicator - setNWBoosterIndicators(false)

D/StatusBar.NetworkController( 4020): applyTMO

D/StatusBar.NetworkController( 4020): refreshNwBoosterIndicator - setNWBoosterIndicators(false)

D/StatusBar.NetworkController( 4020): applyTMO

I/Tethering( 3535): BATTERY_CHANGED, level = 72lowBatteryThreshold = 15

D/KeyguardUpdateMonitor( 4020): received broadcast android.intent.action.BATTERY_CHANGED

I/PERF    ( 4020): received broadcast android.intent.action.BATTERY_CHANGED

D/KeyguardUpdateMonitor( 4020): handleBatteryUpdate

