V/BroadcastQueue( 3535): [background] Process cur broadcast BroadcastRecord{aef4988 u0 com.samsung.android.providers.context.log.action.USE_APP_FEATURE_SURVEY} DELIVERED for app ProcessRecord{276f802a 2843:com.samsung.android.providers.context/u0a5}

D/HomeFragment( 4536): onPause()

D/AppsFragment( 4536): onPause()

D/WidgetsFragment( 4536): onPause()

D/LauncherActivity( 4536): onPause() com.sec.android.app.launcher.activities.LauncherActivity@1e2ba8a4

E/ActivityManager( 3535): checkUser: useridlist=null, currentuser=0

E/ActivityManager( 3535): checkUser: useridlist=null, currentuser=0

E/ActivityManager( 3535): checkUser: useridlist=null, currentuser=0

E/ActivityManager( 3535): checkUser: useridlist=null, currentuser=0

E/Zygote  ( 5284): MountEmulatedStorage()

E/Zygote  ( 5284): v2

I/SELinux ( 5284): Function: selinux_compare_spd_ram, SPD-policy is existed. and_ver=SEPF_SM-G925T_5.1.1 ver=38

I/SELinux ( 5284): Function: selinux_compare_spd_ram , priority [1] , priority version is VE=SEPF_SM-G925T_5.1.1_0038

E/Zygote  ( 5284): accessInfo : 0

E/SELinux ( 5284): [DEBUG] get_category: variable seinfo: platform sensitivity: NULL, cateogry: NULL

D/RestrictionPolicy( 3535): userId: 0, isMicrophoneEnabledAsUser : true

I/libpersona( 5284): KNOX_SDCARD checking this for 10172

I/libpersona( 5284): KNOX_SDCARD not a persona

I/ActivityManager( 3535): Start proc 5284:com.android.calendar/u0a172 for activity com.android.calendar/.AllInOneActivity

D/PhoneWindow( 3535): *FMB* installDecor mIsFloating : false

D/PhoneWindow( 3535): *FMB* installDecor flags : -2122119912

D/TimaKeyStoreProvider( 5284): TimaSignature is unavailable

D/ActivityThread( 5284): Added TimaKeyStore provider

V/AudioService( 3535): AudioService playSoundEffect Type : 0, volume : -1.0

V/AudioService( 3535): received MSG_PLAY_SOUND_EFFECT onPlaySoundEffect start

W/AudioPolicyIntefaceImpl( 3006): Skipped to add effects on session 2609

I/AudioPolicyManager( 3006): startOutput() output 4, stream 1, session 2609

I/AudioPolicyManager( 3006): changeRefCount() stream 1, count 1

I/AudioPolicyManager( 3006): setOutputDevice() setting same device 0002 or null device for output 4

V/WindowOrientationListener( 3535): mSContextAutoRotationListener.getProposedRotation, mbResultFaceDectection: false

V/WindowOrientationListener( 3535): mSContextAutoRotationListener.getProposedRotation, Rotation: -1

V/WindowOrientationListener( 3535): mSContextAutoRotationListener.getProposedRotation, mbResultFaceDectection: false

V/WindowOrientationListener( 3535): mSContextAutoRotationListener.getProposedRotation, Rotation: -1

D/WallpaperService( 4384): MSG_WINDOW_RESIZED

D/RestrictionPolicy( 3535): userId: 0, isMicrophoneEnabledAsUser : true

D/WindowManager( 3535): CustomStartingWIndow for LAYOUT 3

D/SecWifiDisplayUtil( 3535): Metadata value : SecSettings2

V/WindowManager( 3535): rotationForOrientationLw(orient=-1, last=0); user=0 USER_ROTATION_LOCKED sensorRotation=-1 mLidState=-1 mDockMode=0 mHdmiPlugged=false mMobileKeyboardEnabled=false

D/PowerManagerService( 3535): setKeyboardVisibility: false

V/WindowManager( 3535): Adding window Window{55b57cc u0 d0 Starting com.android.calendar} at 11 of 79 (after Window{30d333da u0 d0 com.sec.android.app.launcher/com.sec.android.app.launcher.activities.LauncherActivity})

D/WindowManager( 3535): beginLayoutLw mStatusBar.isVisibleLw() = true, statusBarTransient=false, displayId=0

E/WindowState( 3535): getStack: Window{27bd45b6 u0 d0 com.android.calendar/com.android.calendar.event.EditEventActivity} couldn't find taskId=6438 Callers=com.android.server.wm.WindowState.getDisplayContent:1246 com.android.server.wm.WindowState.isDefaultDisplay:1936 com.android.server.wm.WindowState.getMultiWindowStyleLw:2520 com.android.internal.policy.impl.multiwindow.MultiPhoneWindowManager.shouldEnableLayoutInsetsBySoftInput:1601 

D/ActivityManager( 3535):  Launching com.android.calendar, updated priority

E/WindowState( 3535): getStack: Window{27bd45b6 u0 d0 com.android.calendar/com.android.calendar.event.EditEventActivity} couldn't find taskId=6438 Callers=com.android.server.wm.WindowState.getDisplayContent:1246 com.android.server.wm.WindowState.isDefaultDisplay:1936 com.android.server.wm.WindowState.getMultiWindowStyleLw:2520 com.android.internal.policy.impl.multiwindow.MultiPhoneWindowManager.shouldEnableLayoutInsetsBySoftInput:1601 

E/WindowState( 3535): getStack: Window{27bd45b6 u0 d0 com.android.calendar/com.android.calendar.event.EditEventActivity} couldn't find taskId=6438 Callers=com.android.server.wm.WindowState.getDisplayContent:1246 com.android.server.wm.WindowState.isDefaultDisplay:1936 com.android.server.wm.WindowState.getMultiWindowStyleLw:2520 com.android.internal.policy.impl.multiwindow.MultiPhoneWindowManager.shouldEnableLayoutInsetsBySoftInput:1601 

E/WindowState( 3535): getStack: Window{27bd45b6 u0 d0 com.android.calendar/com.android.calendar.event.EditEventActivity} couldn't find taskId=6438 Callers=com.android.server.wm.WindowState.getDisplayContent:1246 com.android.server.wm.WindowState.isDefaultDisplay:1936 com.android.server.wm.WindowState.getMultiWindowStyleLw:2520 com.android.internal.policy.impl.multiwindow.MultiPhoneWindowManager.shouldEnableLayoutInsetsBySoftInput:1601 

E/WindowState( 3535): getStack: Window{27bd45b6 u0 d0 com.android.calendar/com.android.calendar.event.EditEventActivity} couldn't find taskId=6438 Callers=com.android.server.wm.WindowState.getDisplayContent:1246 com.android.server.wm.WindowState.isDefaultDisplay:1936 com.android.server.wm.WindowState.getMultiWindowStyleLw:2520 com.android.internal.policy.impl.multiwindow.MultiPhoneWindowManager.shouldEnableLayoutInsetsBySoftInput:1601 

E/WindowState( 3535): getStack: Window{27bd45b6 u0 d0 com.android.calendar/com.android.calendar.event.EditEventActivity} couldn't find taskId=6438 Callers=com.android.server.wm.WindowState.getDisplayContent:1246 com.android.server.wm.WindowState.isDefaultDisplay:1936 com.android.server.wm.WindowState.getMultiWindowStyleLw:2520 com.android.internal.policy.impl.multiwindow.MultiPhoneWindowManager.shouldEnableLayoutInsetsBySoftInput:1601 

D/WallpaperService( 4384): MSG_WINDOW_RESIZED

V/audio_hw_primary( 3006): start_output_stream+, out->device : 00000002 , out->type = 1

D/PointerIcon( 3535): setMouseIconStyle1 pointerType: 1001 iconType:101 flag:0 pid:3535 uid:1000

D/PointerIcon( 3535): setMouseCustomIcon IconType is same.101

D/audio_hw_primary( 3006): start_output_stream (0xf0c77fa0) out->config.rate:48000 out->config.format:0 out->period_size:240

I/audio_hw_primary( 3006): is_voice_wakeup : ret =  0  , wakeup_baby_cry_enabled = 0  ,  wakeup_mic_enabled = 0 

I/audio_hw_primary( 3006): get_input_snd_device_id device:0xb

V/audio_hw_primary( 3006): select_devices output_scenario:0 input_scenario:27 out_snd_device 0x2 in_snd_device:0xb

I/audio_route( 3006): 

I/audio_route( 3006): > audio_route_reset :

I/audio_route( 3006): 

I/audio_route( 3006): > audio_route_apply_path : "recognition-mic"

D/WindowManager( 3535): beginLayoutLw mStatusBar.isVisibleLw() = true, statusBarTransient=false, displayId=0

E/WindowState( 3535): getStack: Window{27bd45b6 u0 d0 com.android.calendar/com.android.calendar.event.EditEventActivity} couldn't find taskId=6438 Callers=com.android.server.wm.WindowState.getDisplayContent:1246 com.android.server.wm.WindowState.isDefaultDisplay:1936 com.android.server.wm.WindowState.getMultiWindowStyleLw:2520 com.android.internal.policy.impl.multiwindow.MultiPhoneWindowManager.shouldEnableLayoutInsetsBySoftInput:1601 

E/WindowState( 3535): getStack: Window{27bd45b6 u0 d0 com.android.calendar/com.android.calendar.event.EditEventActivity} couldn't find taskId=6438 Callers=com.android.server.wm.WindowState.getDisplayContent:1246 com.android.server.wm.WindowState.isDefaultDisplay:1936 com.android.server.wm.WindowState.getMultiWindowStyleLw:2520 com.android.internal.policy.impl.multiwindow.MultiPhoneWindowManager.shouldEnableLayoutInsetsBySoftInput:1601 

E/WindowState( 3535): getStack: Window{27bd45b6 u0 d0 com.android.calendar/com.android.calendar.event.EditEventActivity} couldn't find taskId=6438 Callers=com.android.server.wm.WindowState.getDisplayContent:1246 com.android.server.wm.WindowState.isDefaultDisplay:1936 com.android.server.wm.WindowState.getMultiWindowStyleLw:2520 com.android.internal.policy.impl.multiwindow.MultiPhoneWindowManager.shouldEnableLayoutInsetsBySoftInput:1601 

E/WindowState( 3535): getStack: Window{27bd45b6 u0 d0 com.android.calendar/com.android.calendar.event.EditEventActivity} couldn't find taskId=6438 Callers=com.android.server.wm.WindowState.getDisplayContent:1246 com.android.server.wm.WindowState.isDefaultDisplay:1936 com.android.server.wm.WindowState.getMultiWindowStyleLw:2520 com.android.internal.policy.impl.multiwindow.MultiPhoneWindowManager.shouldEnableLayoutInsetsBySoftInput:1601 

E/WindowState( 3535): getStack: Window{27bd45b6 u0 d0 com.android.calendar/com.android.calendar.event.EditEventActivity} couldn't find taskId=6438 Callers=com.android.server.wm.WindowState.getDisplayContent:1246 com.android.server.wm.WindowState.isDefaultDisplay:1936 com.android.server.wm.WindowState.getMultiWindowStyleLw:2520 com.android.internal.policy.impl.multiwindow.MultiPhoneWindowManager.shouldEnableLayoutInsetsBySoftInput:1601 

D/WindowManager( 3535): beginLayoutLw mStatusBar.isVisibleLw() = true, statusBarTransient=false, displayId=0

E/WindowState( 3535): getStack: Window{27bd45b6 u0 d0 com.android.calendar/com.android.calendar.event.EditEventActivity} couldn't find taskId=6438 Callers=com.android.server.wm.WindowState.getDisplayContent:1246 com.android.server.wm.WindowState.isDefaultDisplay:1936 com.android.server.wm.WindowState.getMultiWindowStyleLw:2520 com.android.internal.policy.impl.multiwindow.MultiPhoneWindowManager.shouldEnableLayoutInsetsBySoftInput:1601 

E/WindowState( 3535): getStack: Window{27bd45b6 u0 d0 com.android.calendar/com.android.calendar.event.EditEventActivity} couldn't find taskId=6438 Callers=com.android.server.wm.WindowState.getDisplayContent:1246 com.android.server.wm.WindowState.isDefaultDisplay:1936 com.android.server.wm.WindowState.getMultiWindowStyleLw:2520 com.android.internal.policy.impl.multiwindow.MultiPhoneWindowManager.shouldEnableLayoutInsetsBySoftInput:1601 

E/WindowState( 3535): getStack: Window{27bd45b6 u0 d0 com.android.calendar/com.android.calendar.event.EditEventActivity} couldn't find taskId=6438 Callers=com.android.server.wm.WindowState.getDisplayContent:1246 com.android.server.wm.WindowState.isDefaultDisplay:1936 com.android.server.wm.WindowState.getMultiWindowStyleLw:2520 com.android.internal.policy.impl.multiwindow.MultiPhoneWindowManager.shouldEnableLayoutInsetsBySoftInput:1601 

E/WindowState( 3535): getStack: Window{27bd45b6 u0 d0 com.android.calendar/com.android.calendar.event.EditEventActivity} couldn't find taskId=6438 Callers=com.android.server.wm.WindowState.getDisplayContent:1246 com.android.server.wm.WindowState.isDefaultDisplay:1936 com.android.server.wm.WindowState.getMultiWindowStyleLw:2520 com.android.internal.policy.impl.multiwindow.MultiPhoneWindowManager.shouldEnableLayoutInsetsBySoftInput:1601 

E/WindowState( 3535): getStack: Window{27bd45b6 u0 d0 com.android.calendar/com.android.calendar.event.EditEventActivity} couldn't find taskId=6438 Callers=com.android.server.wm.WindowState.getDisplayContent:1246 com.android.server.wm.WindowState.isDefaultDisplay:1936 com.android.server.wm.WindowState.getMultiWindowStyleLw:2520 com.android.internal.policy.impl.multiwindow.MultiPhoneWindowManager.shouldEnableLayoutInsetsBySoftInput:1601 

V/audio_hw_primary( 3006): select_devices() input_route "recognition-mic" 

I/audio_route( 3006): 

I/audio_route( 3006): > audio_route_apply_path : "media-speaker"

I/HINT_rp (31549): onForegroundActivitiesChanged pid:5284 uid : 10172 foregroundActivities:true

D/HINT_rq (31549): onFourgroundActivitiesChanged

D/HINT_SpayQuickPayService(31549): onSetForegroundActChangedFlag

W/SearchService( 4734): Abort, client detached.

I/MicroDetector( 4734): Keeping mic open: false

D/PhoneWindow( 3535): *FMB* isFloatingMenuEnabled mFloatingMenuBtn : null

D/PhoneWindow( 3535): *FMB* isFloatingMenuEnabled return false

I/MicrophoneInputStream( 4734): mic_close com.google.android.apps.gsa.speech.audio.aa@109e7906

I/SurfaceFlinger( 2986): id=4062 createSurf (1440x2560),1 flag=404, dalendar

D/RestrictionPolicy( 3535): userId: 0, isMicrophoneEnabledAsUser : true

D/AudioService( 3535): getStreamVolume 3 index 100

V/BroadcastQueue( 3535): [background] Process cur broadcast BroadcastRecord{106cba15 u0 update-hint} DELIVERED for app ProcessRecord{130f80ae 4734:com.google.android.googlequicksearchbox:search/u0a75}

V/MultiWindowTrayService(16431): onForegroundActivitiesChanged  /arrangeState : 0

I/InjectionManager( 5284): Inside getClassLibPath + mLibMap{0=, 1=}

D/SSRM:a  ( 3535): DeviceInfo:: 000000000000

D/SSRM:a  ( 3535): SettingsAirViewInfo:: 000000000

D/WindowManager( 3535): beginLayoutLw mStatusBar.isVisibleLw() = true, statusBarTransient=false, displayId=0

I/InjectionManagerService -AppFeature( 3535): getCoreFeaturePkgList :[]

E/WindowState( 3535): getStack: Window{27bd45b6 u0 d0 com.android.calendar/com.android.calendar.event.EditEventActivity} couldn't find taskId=6438 Callers=com.android.server.wm.WindowState.getDisplayContent:1246 com.android.server.wm.WindowState.isDefaultDisplay:1936 com.android.server.wm.WindowState.getMultiWindowStyleLw:2520 com.android.internal.policy.impl.multiwindow.MultiPhoneWindowManager.shouldEnableLayoutInsetsBySoftInput:1601 

E/WindowState( 3535): getStack: Window{27bd45b6 u0 d0 com.android.calendar/com.android.calendar.event.EditEventActivity} couldn't find taskId=6438 Callers=com.android.server.wm.WindowState.getDisplayContent:1246 com.android.server.wm.WindowState.isDefaultDisplay:1936 com.android.server.wm.WindowState.getMultiWindowStyleLw:2520 com.android.internal.policy.impl.multiwindow.MultiPhoneWindowManager.shouldEnableLayoutInsetsBySoftInput:1601 

E/WindowState( 3535): getStack: Window{27bd45b6 u0 d0 com.android.calendar/com.android.calendar.event.EditEventActivity} couldn't find taskId=6438 Callers=com.android.server.wm.WindowState.getDisplayContent:1246 com.android.server.wm.WindowState.isDefaultDisplay:1936 com.android.server.wm.WindowState.getMultiWindowStyleLw:2520 com.android.internal.policy.impl.multiwindow.MultiPhoneWindowManager.shouldEnableLayoutInsetsBySoftInput:1601 

E/WindowState( 3535): getStack: Window{27bd45b6 u0 d0 com.android.calendar/com.android.calendar.event.EditEventActivity} couldn't find taskId=6438 Callers=com.android.server.wm.WindowState.getDisplayContent:1246 com.android.server.wm.WindowState.isDefaultDisplay:1936 com.android.server.wm.WindowState.getMultiWindowStyleLw:2520 com.android.internal.policy.impl.multiwindow.MultiPhoneWindowManager.shouldEnableLayoutInsetsBySoftInput:1601 

E/WindowState( 3535): getStack: Window{27bd45b6 u0 d0 com.android.calendar/com.android.calendar.event.EditEventActivity} couldn't find taskId=6438 Callers=com.android.server.wm.WindowState.getDisplayContent:1246 com.android.server.wm.WindowState.isDefaultDisplay:1936 com.android.server.wm.WindowState.getMultiWindowStyleLw:2520 com.android.internal.policy.impl.multiwindow.MultiPhoneWindowManager.shouldEnableLayoutInsetsBySoftInput:1601 

E/WindowState( 3535): getStack: Window{27bd45b6 u0 d0 com.android.calendar/com.android.calendar.event.EditEventActivity} couldn't find taskId=6438 Callers=com.android.server.wm.WindowState.getDisplayContent:1246 com.android.server.wm.WindowState.isDefaultDisplay:1936 com.android.server.wm.WindowState.getMultiWindowStyleLw:2520 com.android.internal.policy.impl.multiwindow.MultiPhoneWindowManager.shouldEnableLayoutInsetsBySoftInput:1601 

I/AudioPolicyManager( 3006): stopInput() input 2608

D/WallpaperService( 4384): MSG_WINDOW_RESIZED

D/WindowManager( 3535): beginLayoutLw mStatusBar.isVisibleLw() = false, statusBarTransient=false, displayId=0

E/WindowState( 3535): getStack: Window{27bd45b6 u0 d0 com.android.calendar/com.android.calendar.event.EditEventActivity} couldn't find taskId=6438 Callers=com.android.server.wm.WindowState.getDisplayContent:1246 com.android.server.wm.WindowState.isDefaultDisplay:1936 com.android.server.wm.WindowState.getMultiWindowStyleLw:2520 com.android.internal.policy.impl.multiwindow.MultiPhoneWindowManager.shouldEnableLayoutInsetsBySoftInput:1601 

E/WindowState( 3535): getStack: Window{27bd45b6 u0 d0 com.android.calendar/com.android.calendar.event.EditEventActivity} couldn't find taskId=6438 Callers=com.android.server.wm.WindowState.getDisplayContent:1246 com.android.server.wm.WindowState.isDefaultDisplay:1936 com.android.server.wm.WindowState.getMultiWindowStyleLw:2520 com.android.internal.policy.impl.multiwindow.MultiPhoneWindowManager.shouldEnableLayoutInsetsBySoftInput:1601 

V/BroadcastQueue( 3535): [background] Process cur broadcast BroadcastRecord{23af0b1b u0 update-hint} DELIVERED for app ProcessRecord{130f80ae 4734:com.google.android.googlequicksearchbox:search/u0a75}

E/WindowState( 3535): getStack: Window{27bd45b6 u0 d0 com.android.calendar/com.android.calendar.event.EditEventActivity} couldn't find taskId=6438 Callers=com.android.server.wm.WindowState.getDisplayContent:1246 com.android.server.wm.WindowState.isDefaultDisplay:1936 com.android.server.wm.WindowState.getMultiWindowStyleLw:2520 com.android.internal.policy.impl.multiwindow.MultiPhoneWindowManager.shouldEnableLayoutInsetsBySoftInput:1601 

E/WindowState( 3535): getStack: Window{27bd45b6 u0 d0 com.android.calendar/com.android.calendar.event.EditEventActivity} couldn't find taskId=6438 Callers=com.android.server.wm.WindowState.getDisplayContent:1246 com.android.server.wm.WindowState.isDefaultDisplay:1936 com.android.server.wm.WindowState.getMultiWindowStyleLw:2520 com.android.internal.policy.impl.multiwindow.MultiPhoneWindowManager.shouldEnableLayoutInsetsBySoftInput:1601 

E/WindowState( 3535): getStack: Window{27bd45b6 u0 d0 com.android.calendar/com.android.calendar.event.EditEventActivity} couldn't find taskId=6438 Callers=com.android.server.wm.WindowState.getDisplayContent:1246 com.android.server.wm.WindowState.isDefaultDisplay:1936 com.android.server.wm.WindowState.getMultiWindowStyleLw:2520 com.android.internal.policy.impl.multiwindow.MultiPhoneWindowManager.shouldEnableLayoutInsetsBySoftInput:1601 

E/WindowState( 3535): getStack: Window{27bd45b6 u0 d0 com.android.calendar/com.android.calendar.event.EditEventActivity} couldn't find taskId=6438 Callers=com.android.server.wm.WindowState.getDisplayContent:1246 com.android.server.wm.WindowState.isDefaultDisplay:1936 com.android.server.wm.WindowState.getMultiWindowStyleLw:2520 com.android.internal.policy.impl.multiwindow.MultiPhoneWindowManager.shouldEnableLayoutInsetsBySoftInput:1601 

W/ResourcesManager( 5284): Asset path '/system/framework/secvisualeffect.jar' does not exist or contains no resources.

W/ResourcesManager( 5284): Asset path '/system/framework/sechardware.jar' does not exist or contains no resources.

W/ResourcesManager( 5284): Asset path '/system/framework/com.google.android.maps.jar' does not exist or contains no resources.

W/ResourcesManager( 5284): Asset path '/system/framework/twframework.jar' does not exist or contains no resources.

D/WindowManager( 3535): beginLayoutLw mStatusBar.isVisibleLw() = false, statusBarTransient=false, displayId=0

E/WindowState( 3535): getStack: Window{27bd45b6 u0 d0 com.android.calendar/com.android.calendar.event.EditEventActivity} couldn't find taskId=6438 Callers=com.android.server.wm.WindowState.getDisplayContent:1246 com.android.server.wm.WindowState.isDefaultDisplay:1936 com.android.server.wm.WindowState.getMultiWindowStyleLw:2520 com.android.internal.policy.impl.multiwindow.MultiPhoneWindowManager.shouldEnableLayoutInsetsBySoftInput:1601 

E/WindowState( 3535): getStack: Window{27bd45b6 u0 d0 com.android.calendar/com.android.calendar.event.EditEventActivity} couldn't find taskId=6438 Callers=com.android.server.wm.WindowState.getDisplayContent:1246 com.android.server.wm.WindowState.isDefaultDisplay:1936 com.android.server.wm.WindowState.getMultiWindowStyleLw:2520 com.android.internal.policy.impl.multiwindow.MultiPhoneWindowManager.shouldEnableLayoutInsetsBySoftInput:1601 

E/WindowState( 3535): getStack: Window{27bd45b6 u0 d0 com.android.calendar/com.android.calendar.event.EditEventActivity} couldn't find taskId=6438 Callers=com.android.server.wm.WindowState.getDisplayContent:1246 com.android.server.wm.WindowState.isDefaultDisplay:1936 com.android.server.wm.WindowState.getMultiWindowStyleLw:2520 com.android.internal.policy.impl.multiwindow.MultiPhoneWindowManager.shouldEnableLayoutInsetsBySoftInput:1601 

E/WindowState( 3535): getStack: Window{27bd45b6 u0 d0 com.android.calendar/com.android.calendar.event.EditEventActivity} couldn't find taskId=6438 Callers=com.android.server.wm.WindowState.getDisplayContent:1246 com.android.server.wm.WindowState.isDefaultDisplay:1936 com.android.server.wm.WindowState.getMultiWindowStyleLw:2520 com.android.internal.policy.impl.multiwindow.MultiPhoneWindowManager.shouldEnableLayoutInsetsBySoftInput:1601 

I/MicroRecognitionRnrImpl( 4734): Stopping hotword detection.

I/MicroRecognitionRnrImpl( 4734): Detection finished

D/RestrictionPolicy( 3535): isStatusBarExpansionAllowedAsUser : true, userId = 0

I/InjectionManager( 5284): Inside getClassLibPath caller 

E/WindowState( 3535): getStack: Window{27bd45b6 u0 d0 com.android.calendar/com.android.calendar.event.EditEventActivity} couldn't find taskId=6438 Callers=com.android.server.wm.WindowState.getDisplayContent:1246 com.android.server.wm.WindowState.isDefaultDisplay:1936 com.android.server.wm.WindowState.getMultiWindowStyleLw:2520 com.android.internal.policy.impl.multiwindow.MultiPhoneWindowManager.shouldEnableLayoutInsetsBySoftInput:1601 

E/WindowState( 3535): getStack: Window{27bd45b6 u0 d0 com.android.calendar/com.android.calendar.event.EditEventActivity} couldn't find taskId=6438 Callers=com.android.server.wm.WindowState.getDisplayContent:1246 com.android.server.wm.WindowState.isDefaultDisplay:1936 com.android.server.wm.WindowState.getMultiWindowStyleLw:2520 com.android.internal.policy.impl.multiwindow.MultiPhoneWindowManager.shouldEnableLayoutInsetsBySoftInput:1601 

D/StatusBarManagerService( 3535): manageDisableList userId=0 what=0x0 pkg=Window{55b57cc u0 d0 Starting com.android.calendar}

D/WindowManager( 3535): beginLayoutLw mStatusBar.isVisibleLw() = false, statusBarTransient=false, displayId=0

E/WindowState( 3535): getStack: Window{27bd45b6 u0 d0 com.android.calendar/com.android.calendar.event.EditEventActivity} couldn't find taskId=6438 Callers=com.android.server.wm.WindowState.getDisplayContent:1246 com.android.server.wm.WindowState.isDefaultDisplay:1936 com.android.server.wm.WindowState.getMultiWindowStyleLw:2520 com.android.internal.policy.impl.multiwindow.MultiPhoneWindowManager.shouldEnableLayoutInsetsBySoftInput:1601 

E/WindowState( 3535): getStack: Window{27bd45b6 u0 d0 com.android.calendar/com.android.calendar.event.EditEventActivity} couldn't find taskId=6438 Callers=com.android.server.wm.WindowState.getDisplayContent:1246 com.android.server.wm.WindowState.isDefaultDisplay:1936 com.android.server.wm.WindowState.getMultiWindowStyleLw:2520 com.android.internal.policy.impl.multiwindow.MultiPhoneWindowManager.shouldEnableLayoutInsetsBySoftInput:1601 

E/WindowState( 3535): getStack: Window{27bd45b6 u0 d0 com.android.calendar/com.android.calendar.event.EditEventActivity} couldn't find taskId=6438 Callers=com.android.server.wm.WindowState.getDisplayContent:1246 com.android.server.wm.WindowState.isDefaultDisplay:1936 com.android.server.wm.WindowState.getMultiWindowStyleLw:2520 com.android.internal.policy.impl.multiwindow.MultiPhoneWindowManager.shouldEnableLayoutInsetsBySoftInput:1601 

E/WindowState( 3535): getStack: Window{27bd45b6 u0 d0 com.android.calendar/com.android.calendar.event.EditEventActivity} couldn't find taskId=6438 Callers=com.android.server.wm.WindowState.getDisplayContent:1246 com.android.server.wm.WindowState.isDefaultDisplay:1936 com.android.server.wm.WindowState.getMultiWindowStyleLw:2520 com.android.internal.policy.impl.multiwindow.MultiPhoneWindowManager.shouldEnableLayoutInsetsBySoftInput:1601 

E/WindowState( 3535): getStack: Window{27bd45b6 u0 d0 com.android.calendar/com.android.calendar.event.EditEventActivity} couldn't find taskId=6438 Callers=com.android.server.wm.WindowState.getDisplayContent:1246 com.android.server.wm.WindowState.isDefaultDisplay:1936 com.android.server.wm.WindowState.getMultiWindowStyleLw:2520 com.android.internal.policy.impl.multiwindow.MultiPhoneWindowManager.shouldEnableLayoutInsetsBySoftInput:1601 

E/WindowState( 3535): getStack: Window{27bd45b6 u0 d0 com.android.calendar/com.android.calendar.event.EditEventActivity} couldn't find taskId=6438 Callers=com.android.server.wm.WindowState.getDisplayContent:1246 com.android.server.wm.WindowState.isDefaultDisplay:1936 com.android.server.wm.WindowState.getMultiWindowStyleLw:2520 com.android.internal.policy.impl.multiwindow.MultiPhoneWindowManager.shouldEnableLayoutInsetsBySoftInput:1601 

D/PersonaManagerService( 3535): getPersonasForUser(): returning null!

W/ContextImpl( 3535): Calling a method in the system process without a qualified user: android.app.ContextImpl.sendBroadcast:1752 com.android.internal.policy.impl.PhoneWindowManager.notifyToSSRM:7089 com.android.internal.policy.impl.PhoneWindowManager.access$1300:240 com.android.internal.policy.impl.PhoneWindowManager$PolicyHandler.handleMessage:1025 android.os.Handler.dispatchMessage:102 

D/SSRM:a  ( 3535): DeviceInfo:: 000000000000

D/SSRM:a  ( 3535): SettingsAirViewInfo:: 000000000

D/WindowManager( 3535): beginLayoutLw mStatusBar.isVisibleLw() = false, statusBarTransient=false, displayId=0

E/WindowState( 3535): getStack: Window{27bd45b6 u0 d0 com.android.calendar/com.android.calendar.event.EditEventActivity} couldn't find taskId=6438 Callers=com.android.server.wm.WindowState.getDisplayContent:1246 com.android.server.wm.WindowState.isDefaultDisplay:1936 com.android.server.wm.WindowState.getMultiWindowStyleLw:2520 com.android.internal.policy.impl.multiwindow.MultiPhoneWindowManager.shouldEnableLayoutInsetsBySoftInput:1601 

V/audio_hw_primary( 3006): select_devices() output_route "media-speaker" 

I/audio_route( 3006): 

I/audio_route( 3006): > audio_route_apply_path : "gain-recognition-mic"

V/audio_hw_primary( 3006): select_devices() input_gain "gain-recognition-mic" 

I/audio_route( 3006): 

I/audio_route( 3006): > audio_route_apply_path : "gain-media-speaker"

V/audio_hw_primary( 3006): select_devices() output_gain "gain-media-speaker" 

I/audio_route( 3006): 

I/audio_route( 3006): > audio_route_update_mixer : +

I/audio_route( 3006): > audio_route_update_mixer : changed(0) -

I/audio_hw_primary( 3006): select_devices - 

V/audio_hw_primary( 3006): start_output_stream-

I/audio_hw_primary( 3006): do_in_standby : in->standby 0

E/WindowState( 3535): getStack: Window{27bd45b6 u0 d0 com.android.calendar/com.android.calendar.event.EditEventActivity} couldn't find taskId=6438 Callers=com.android.server.wm.WindowState.getDisplayContent:1246 com.android.server.wm.WindowState.isDefaultDisplay:1936 com.android.server.wm.WindowState.getMultiWindowStyleLw:2520 com.android.internal.policy.impl.multiwindow.MultiPhoneWindowManager.shouldEnableLayoutInsetsBySoftInput:1601 

E/WindowState( 3535): getStack: Window{27bd45b6 u0 d0 com.android.calendar/com.android.calendar.event.EditEventActivity} couldn't find taskId=6438 Callers=com.android.server.wm.WindowState.getDisplayContent:1246 com.android.server.wm.WindowState.isDefaultDisplay:1936 com.android.server.wm.WindowState.getMultiWindowStyleLw:2520 com.android.internal.policy.impl.multiwindow.MultiPhoneWindowManager.shouldEnableLayoutInsetsBySoftInput:1601 

E/WindowState( 3535): getStack: Window{27bd45b6 u0 d0 com.android.calendar/com.android.calendar.event.EditEventActivity} couldn't find taskId=6438 Callers=com.android.server.wm.WindowState.getDisplayContent:1246 com.android.server.wm.WindowState.isDefaultDisplay:1936 com.android.server.wm.WindowState.getMultiWindowStyleLw:2520 com.android.internal.policy.impl.multiwindow.MultiPhoneWindowManager.shouldEnableLayoutInsetsBySoftInput:1601 

E/WindowState( 3535): getStack: Window{27bd45b6 u0 d0 com.android.calendar/com.android.calendar.event.EditEventActivity} couldn't find taskId=6438 Callers=com.android.server.wm.WindowState.getDisplayContent:1246 com.android.server.wm.WindowState.isDefaultDisplay:1936 com.android.server.wm.WindowState.getMultiWindowStyleLw:2520 com.android.internal.policy.impl.multiwindow.MultiPhoneWindowManager.shouldEnableLayoutInsetsBySoftInput:1601 

E/WindowState( 3535): getStack: Window{27bd45b6 u0 d0 com.android.calendar/com.android.calendar.event.EditEventActivity} couldn't find taskId=6438 Callers=com.android.server.wm.WindowState.getDisplayContent:1246 com.android.server.wm.WindowState.isDefaultDisplay:1936 com.android.server.wm.WindowState.getMultiWindowStyleLw:2520 com.android.internal.policy.impl.multiwindow.MultiPhoneWindowManager.shouldEnableLayoutInsetsBySoftInput:1601 

V/audio_hw_primary( 3006): select_devices output_scenario:0 input_scenario:-1 out_snd_device 0x2 in_snd_device:0x0

I/audio_route( 3006): 

I/audio_route( 3006): > audio_route_reset :

I/audio_route( 3006): 

I/audio_route( 3006): > audio_route_apply_path : "media-speaker"

D/mali_winsys( 4269): new_window_surface returns 0x3000,  [1x2560]-format:1

V/audio_hw_primary( 3006): select_devices() output_route "media-speaker" 

I/audio_route( 3006): 

I/audio_route( 3006): > audio_route_apply_path : "gain-media-speaker"

V/audio_hw_primary( 3006): select_devices() output_gain "gain-media-speaker" 

I/audio_route( 3006): 

I/audio_route( 3006): > audio_route_update_mixer : +

I/audio_route( 3006): > audio_route_update_mixer : changed(5) -

I/audio_hw_primary( 3006): select_devices - 

V/audio_hw_primary( 3006): stop_voice_note_recording

E/audio_hw_primary( 3006): adev_close_input_stream, set jack_in to null

D/WindowManager( 3535): beginLayoutLw mStatusBar.isVisibleLw() = false, statusBarTransient=false, displayId=0

E/WindowState( 3535): getStack: Window{27bd45b6 u0 d0 com.android.calendar/com.android.calendar.event.EditEventActivity} couldn't find taskId=6438 Callers=com.android.server.wm.WindowState.getDisplayContent:1246 com.android.server.wm.WindowState.isDefaultDisplay:1936 com.android.server.wm.WindowState.getMultiWindowStyleLw:2520 com.android.internal.policy.impl.multiwindow.MultiPhoneWindowManager.shouldEnableLayoutInsetsBySoftInput:1601 

E/WindowState( 3535): getStack: Window{27bd45b6 u0 d0 com.android.calendar/com.android.calendar.event.EditEventActivity} couldn't find taskId=6438 Callers=com.android.server.wm.WindowState.getDisplayContent:1246 com.android.server.wm.WindowState.isDefaultDisplay:1936 com.android.server.wm.WindowState.getMultiWindowStyleLw:2520 com.android.internal.policy.impl.multiwindow.MultiPhoneWindowManager.shouldEnableLayoutInsetsBySoftInput:1601 

E/WindowState( 3535): getStack: Window{27bd45b6 u0 d0 com.android.calendar/com.android.calendar.event.EditEventActivity} couldn't find taskId=6438 Callers=com.android.server.wm.WindowState.getDisplayContent:1246 com.android.server.wm.WindowState.isDefaultDisplay:1936 com.android.server.wm.WindowState.getMultiWindowStyleLw:2520 com.android.internal.policy.impl.multiwindow.MultiPhoneWindowManager.shouldEnableLayoutInsetsBySoftInput:1601 

E/WindowState( 3535): getStack: Window{27bd45b6 u0 d0 com.android.calendar/com.android.calendar.event.EditEventActivity} couldn't find taskId=6438 Callers=com.android.server.wm.WindowState.getDisplayContent:1246 com.android.server.wm.WindowState.isDefaultDisplay:1936 com.android.server.wm.WindowState.getMultiWindowStyleLw:2520 com.android.internal.policy.impl.multiwindow.MultiPhoneWindowManager.shouldEnableLayoutInsetsBySoftInput:1601 

E/WindowState( 3535): getStack: Window{27bd45b6 u0 d0 com.android.calendar/com.android.calendar.event.EditEventActivity} couldn't find taskId=6438 Callers=com.android.server.wm.WindowState.getDisplayContent:1246 com.android.server.wm.WindowState.isDefaultDisplay:1936 com.android.server.wm.WindowState.getMultiWindowStyleLw:2520 com.android.internal.policy.impl.multiwindow.MultiPhoneWindowManager.shouldEnableLayoutInsetsBySoftInput:1601 

E/WindowState( 3535): getStack: Window{27bd45b6 u0 d0 com.android.calendar/com.android.calendar.event.EditEventActivity} couldn't find taskId=6438 Callers=com.android.server.wm.WindowState.getDisplayContent:1246 com.android.server.wm.WindowState.isDefaultDisplay:1936 com.android.server.wm.WindowState.getMultiWindowStyleLw:2520 com.android.internal.policy.impl.multiwindow.MultiPhoneWindowManager.shouldEnableLayoutInsetsBySoftInput:1601 

D/InjectionManager( 5284): InjectionManager

D/InjectionManager( 5284): fillFeatureStoreMap com.android.calendar

I/InjectionManager( 5284): Constructor com.android.calendar, Feature store :{}

I/InjectionManager( 5284): featureStore :{}

D/WindowManager( 3535): beginLayoutLw mStatusBar.isVisibleLw() = false, statusBarTransient=false, displayId=0

E/WindowState( 3535): getStack: Window{27bd45b6 u0 d0 com.android.calendar/com.android.calendar.event.EditEventActivity} couldn't find taskId=6438 Callers=com.android.server.wm.WindowState.getDisplayContent:1246 com.android.server.wm.WindowState.isDefaultDisplay:1936 com.android.server.wm.WindowState.getMultiWindowStyleLw:2520 com.android.internal.policy.impl.multiwindow.MultiPhoneWindowManager.shouldEnableLayoutInsetsBySoftInput:1601 

E/WindowState( 3535): getStack: Window{27bd45b6 u0 d0 com.android.calendar/com.android.calendar.event.EditEventActivity} couldn't find taskId=6438 Callers=com.android.server.wm.WindowState.getDisplayContent:1246 com.android.server.wm.WindowState.isDefaultDisplay:1936 com.android.server.wm.WindowState.getMultiWindowStyleLw:2520 com.android.internal.policy.impl.multiwindow.MultiPhoneWindowManager.shouldEnableLayoutInsetsBySoftInput:1601 

E/WindowState( 3535): getStack: Window{27bd45b6 u0 d0 com.android.calendar/com.android.calendar.event.EditEventActivity} couldn't find taskId=6438 Callers=com.android.server.wm.WindowState.getDisplayContent:1246 com.android.server.wm.WindowState.isDefaultDisplay:1936 com.android.server.wm.WindowState.getMultiWindowStyleLw:2520 com.android.internal.policy.impl.multiwindow.MultiPhoneWindowManager.shouldEnableLayoutInsetsBySoftInput:1601 

E/WindowState( 3535): getStack: Window{27bd45b6 u0 d0 com.android.calendar/com.android.calendar.event.EditEventActivity} couldn't find taskId=6438 Callers=com.android.server.wm.WindowState.getDisplayContent:1246 com.android.server.wm.WindowState.isDefaultDisplay:1936 com.android.server.wm.WindowState.getMultiWindowStyleLw:2520 com.android.internal.policy.impl.multiwindow.MultiPhoneWindowManager.shouldEnableLayoutInsetsBySoftInput:1601 

E/WindowState( 3535): getStack: Window{27bd45b6 u0 d0 com.android.calendar/com.android.calendar.event.EditEventActivity} couldn't find taskId=6438 Callers=com.android.server.wm.WindowState.getDisplayContent:1246 com.android.server.wm.WindowState.isDefaultDisplay:1936 com.android.server.wm.WindowState.getMultiWindowStyleLw:2520 com.android.internal.policy.impl.multiwindow.MultiPhoneWindowManager.shouldEnableLayoutInsetsBySoftInput:1601 

E/WindowState( 3535): getStack: Window{27bd45b6 u0 d0 com.android.calendar/com.android.calendar.event.EditEventActivity} couldn't find taskId=6438 Callers=com.android.server.wm.WindowState.getDisplayContent:1246 com.android.server.wm.WindowState.isDefaultDisplay:1936 com.android.server.wm.WindowState.getMultiWindowStyleLw:2520 com.android.internal.policy.impl.multiwindow.MultiPhoneWindowManager.shouldEnableLayoutInsetsBySoftInput:1601 

D/WindowManager( 3535): beginLayoutLw mStatusBar.isVisibleLw() = false, statusBarTransient=false, displayId=0

D/LauncherActivity( 4536): surfaceDestroyed()

I/DALI-LIFECYCLE( 4536): void NativeViews::NativeApp::OnPause()

I/DALI-LIFECYCLE( 4536): void androidcore_pause()

I/DALI-LIFECYCLE( 4536): virtual void Dali::Internal::Adaptor::Application::OnPause()

I/DALI-LIFECYCLE( 4536): virtual void Dali::Internal::Adaptor::Adaptor::Pause()

I/DALI-LIFECYCLE( 4536): void Dali::Internal::Adaptor::UpdateRenderController::Pause()

I/DALI-LIFECYCLE( 4536): void Dali::Internal::Adaptor::UpdateRenderSynchronization::Pause()

I/DALI-LIFECYCLE( 4536): void NativeViews::NativeApp::SurfaceDestroyed()

I/DALI-LIFECYCLE( 4536): ANativeWindow* androidcore_GetPrimaryWindow()

I/DALI-LIFECYCLE( 4536): void androidcore_SetPrimaryWindow(ANativeWindow*)

D/DALI    ( 4536): androidcore_SetPrimaryWindow() window=0x0

I/DALI-LIFECYCLE( 4536): void androidcore_surfaceDestroyed()

I/DALI-LIFECYCLE( 4536): virtual void Dali::Internal::Adaptor::Application::OnSurfaceDestroyed()

I/DALI-LIFECYCLE( 4536): virtual void Dali::Internal::Adaptor::Adaptor::Pause()

I/DALI-LIFECYCLE( 4536): virtual void Dali::Internal::Adaptor::Android::AndroidRenderSurface::SurfaceLost()

I/DALI-LIFECYCLE( 4536): void Dali::Internal::Adaptor::Adaptor::SurfaceLost()

I/DALI-LIFECYCLE( 4536): void Dali::Internal::Adaptor::UpdateRenderController::SurfaceLost()

I/DALI-LIFECYCLE( 4536): void Dali::Internal::Adaptor::UpdateRenderSynchronization::SurfaceLost()

E/WindowState( 3535): getStack: Window{27bd45b6 u0 d0 com.android.calendar/com.android.calendar.event.EditEventActivity} couldn't find taskId=6438 Callers=com.android.server.wm.WindowState.getDisplayContent:1246 com.android.server.wm.WindowState.isDefaultDisplay:1936 com.android.server.wm.WindowState.getMultiWindowStyleLw:2520 com.android.internal.policy.impl.multiwindow.MultiPhoneWindowManager.shouldEnableLayoutInsetsBySoftInput:1601 

E/WindowState( 3535): getStack: Window{27bd45b6 u0 d0 com.android.calendar/com.android.calendar.event.EditEventActivity} couldn't find taskId=6438 Callers=com.android.server.wm.WindowState.getDisplayContent:1246 com.android.server.wm.WindowState.isDefaultDisplay:1936 com.android.server.wm.WindowState.getMultiWindowStyleLw:2520 com.android.internal.policy.impl.multiwindow.MultiPhoneWindowManager.shouldEnableLayoutInsetsBySoftInput:1601 

E/WindowState( 3535): getStack: Window{27bd45b6 u0 d0 com.android.calendar/com.android.calendar.event.EditEventActivity} couldn't find taskId=6438 Callers=com.android.server.wm.WindowState.getDisplayContent:1246 com.android.server.wm.WindowState.isDefaultDisplay:1936 com.android.server.wm.WindowState.getMultiWindowStyleLw:2520 com.android.internal.policy.impl.multiwindow.MultiPhoneWindowManager.shouldEnableLayoutInsetsBySoftInput:1601 

E/WindowState( 3535): getStack: Window{27bd45b6 u0 d0 com.android.calendar/com.android.calendar.event.EditEventActivity} couldn't find taskId=6438 Callers=com.android.server.wm.WindowState.getDisplayContent:1246 com.android.server.wm.WindowState.isDefaultDisplay:1936 com.android.server.wm.WindowState.getMultiWindowStyleLw:2520 com.android.internal.policy.impl.multiwindow.MultiPhoneWindowManager.shouldEnableLayoutInsetsBySoftInput:1601 

E/WindowState( 3535): getStack: Window{27bd45b6 u0 d0 com.android.calendar/com.android.calendar.event.EditEventActivity} couldn't find taskId=6438 Callers=com.android.server.wm.WindowState.getDisplayContent:1246 com.android.server.wm.WindowState.isDefaultDisplay:1936 com.android.server.wm.WindowState.getMultiWindowStyleLw:2520 com.android.internal.policy.impl.multiwindow.MultiPhoneWindowManager.shouldEnableLayoutInsetsBySoftInput:1601 

E/WindowState( 3535): getStack: Window{27bd45b6 u0 d0 com.android.calendar/com.android.calendar.event.EditEventActivity} couldn't find taskId=6438 Callers=com.android.server.wm.WindowState.getDisplayContent:1246 com.android.server.wm.WindowState.isDefaultDisplay:1936 com.android.server.wm.WindowState.getMultiWindowStyleLw:2520 com.android.internal.policy.impl.multiwindow.MultiPhoneWindowManager.shouldEnableLayoutInsetsBySoftInput:1601 

D/DALI    ( 4536): RenderSyncWithUpdate() issue SurfaceLostRequest

D/DALI    ( 4536): RenderThread::ProcessRequest(SURFACE_LOST)

W/TextureView( 4536): TextureView:0xd785fbc0  destroySurfaceTexture() mTexId =2

D/TextureView( 4536): destroySurfaceTexture() com.sec.android.app.launcher.views.SurfaceWidgetView@396dbb13, surface texture: android.graphics.SurfaceTexture@2443dfc5

D/WindowManager( 3535): beginLayoutLw mStatusBar.isVisibleLw() = false, statusBarTransient=false, displayId=0

E/WindowState( 3535): getStack: Window{27bd45b6 u0 d0 com.android.calendar/com.android.calendar.event.EditEventActivity} couldn't find taskId=6438 Callers=com.android.server.wm.WindowState.getDisplayContent:1246 com.android.server.wm.WindowState.isDefaultDisplay:1936 com.android.server.wm.WindowState.getMultiWindowStyleLw:2520 com.android.internal.policy.impl.multiwindow.MultiPhoneWindowManager.shouldEnableLayoutInsetsBySoftInput:1601 

E/WindowState( 3535): getStack: Window{27bd45b6 u0 d0 com.android.calendar/com.android.calendar.event.EditEventActivity} couldn't find taskId=6438 Callers=com.android.server.wm.WindowState.getDisplayContent:1246 com.android.server.wm.WindowState.isDefaultDisplay:1936 com.android.server.wm.WindowState.getMultiWindowStyleLw:2520 com.android.internal.policy.impl.multiwindow.MultiPhoneWindowManager.shouldEnableLayoutInsetsBySoftInput:1601 

E/WindowState( 3535): getStack: Window{27bd45b6 u0 d0 com.android.calendar/com.android.calendar.event.EditEventActivity} couldn't find taskId=6438 Callers=com.android.server.wm.WindowState.getDisplayContent:1246 com.android.server.wm.WindowState.isDefaultDisplay:1936 com.android.server.wm.WindowState.getMultiWindowStyleLw:2520 com.android.internal.policy.impl.multiwindow.MultiPhoneWindowManager.shouldEnableLayoutInsetsBySoftInput:1601 

E/WindowState( 3535): getStack: Window{27bd45b6 u0 d0 com.android.calendar/com.android.calendar.event.EditEventActivity} couldn't find taskId=6438 Callers=com.android.server.wm.WindowState.getDisplayContent:1246 com.android.server.wm.WindowState.isDefaultDisplay:1936 com.android.server.wm.WindowState.getMultiWindowStyleLw:2520 com.android.internal.policy.impl.multiwindow.MultiPhoneWindowManager.shouldEnableLayoutInsetsBySoftInput:1601 

E/WindowState( 3535): getStack: Window{27bd45b6 u0 d0 com.android.calendar/com.android.calendar.event.EditEventActivity} couldn't find taskId=6438 Callers=com.android.server.wm.WindowState.getDisplayContent:1246 com.android.server.wm.WindowState.isDefaultDisplay:1936 com.android.server.wm.WindowState.getMultiWindowStyleLw:2520 com.android.internal.policy.impl.multiwindow.MultiPhoneWindowManager.shouldEnableLayoutInsetsBySoftInput:1601 

E/WindowState( 3535): getStack: Window{27bd45b6 u0 d0 com.android.calendar/com.android.calendar.event.EditEventActivity} couldn't find taskId=6438 Callers=com.android.server.wm.WindowState.getDisplayContent:1246 com.android.server.wm.WindowState.isDefaultDisplay:1936 com.android.server.wm.WindowState.getMultiWindowStyleLw:2520 com.android.internal.policy.impl.multiwindow.MultiPhoneWindowManager.shouldEnableLayoutInsetsBySoftInput:1601 

E/SurfaceWidgetView( 4536): onSurfaceDestroyed event

D/SurfaceWidgetConnection( 4536): com.sec.android.widgetapp.ap.weather.widget.surfacewidget.WeatherSurfaceWidget#1 is being paused by launcher

D/SurfaceWidgetConnection( 4536): com.sec.android.widgetapp.ap.weather.widget.surfacewidget.WeatherSurfaceWidget#1's surface texture was destroyed

D/SurfaceWidgetClient$ISurfaceWidgetStub( 5151): [237392/18] Surface widget pause on instance = 1

D/SurfaceWidgetConnection( 4536): com.sec.android.widgetapp.ap.weather.widget.surfacewidget.WeatherSurfaceWidget#1's surface is being released

D/SurfaceWidgetConnection( 4536): com.sec.android.widgetapp.ap.weather.widget.surfacewidget.WeatherSurfaceWidget#1's surface texture is being released

D/SurfaceWidgetClient$ISurfaceWidgetStub( 5151): [237392/18] Surface widget destroyed! on instance = 1

D/[AccuPhone] ( 5151): {[C9032C34E3856EBBE77AA7F817E50EDD1B4706843520DDF497E783C4F786F1763F465D7C694029C2CF307C991B6254D2]}

D/[AccuPhone] ( 5151): {[1305AB2196FEF65265C2854513AD2FA08532E81611435923BE2F54824E57768ECD03E5DC87D3DE307C4DC9506C408783]}

D/[AccuPhone] ( 5151): {[F851209D5C0E812ECF9E1323DE4519D7BCB98EAD4DB3BAA98CAFDC0259C6F814BC34DD75075EAE43EBDC39DDF50FA3E9]}

W/TextureView( 4536): TextureView:0xd7860d40  destroySurfaceTexture() mTexId =7

D/TextureView( 4536): destroySurfaceTexture() com.sec.android.app.launcher.views.AppWidgetView@181b3b4d, surface texture: android.graphics.SurfaceTexture@36727d1a

D/[AccuPhone] ( 5151): {[258867479DDA075771D546F0428DDE92535508F1F8397C92689BB5D42E0C6EBC]}

D/[AccuPhone] ( 5151): {[889074DFC7FCCBA319619C8B8AC3FE34200C9A6C8F78D2F0CA011319C284243C]}

D/SurfaceWidget.Renderer( 5151): [237392/18] Release Surface

D/SurfaceWidget.Renderer( 5151): [237392/18] Release Surface:DONE

I/AudioPolicyManager( 3006): stopOutput() output 4, stream 1, session 2609

I/AudioPolicyManager( 3006): changeRefCount() stream 1, count 0

I/AudioPolicyManager( 3006): setOutputDevice() setting same device 0000 or null device for output 4

V/MediaPlayer( 5284): decode(33, 6059492, 5795)

D/SecWifiDisplayUtil( 5284): Metadata value : SecSettings2

V/MediaPlayerService( 3006): decode(42, 6059492, 5795)

V/MediaPlayerService( 3006): player type = 4

V/NuPlayerDriver( 3006): NuPlayerDriver(0xefcabba0)

V/NuPlayerDriver( 3006): setDataSource(0xefcabba0) file(42)

V/GenericSource( 3006): setDefault

V/NuPlayer( 3006): kWhatSetAudioSink

V/NuPlayer( 3006): kWhatSetDataSource

I/VerificationLog( 5284): onCreate

V/MediaPlayerService( 3006): prepare

V/NuPlayerDriver( 3006): prepareAsync(0xefcabba0)

V/MediaPlayerService( 3006): wait for prepare

V/GenericSource( 3006): prepareAsync

V/GenericSource( 3006): [Flag] set 0x8 -> mFlags = 0x8

V/GenericSource( 3006): onPrepareAsync

D/OggExtractor( 3006):  correct time not found. Let's use approximate value

I/OggExtractor( 3006): OggSource::OggSource() mExtractor ref count = 4

I/AnotherPacketSource( 3006): setFormat() audio

V/GenericSource( 3006): setDefault

I/GenericSource( 3006): NuPlayer Ormode enabled

V/GenericSource( 3006): send mUnsupportedAudio = 0 mUnsupportedVideo = 0 mHaveAudio = 1 mHaveVideo = 0

V/GenericSource( 3006): onPrepareAsyncEvent() done

V/NuPlayer( 3006): prepare posted successfully.

V/NuPlayer( 3006): mUnsupportedAudio = 0, mUnsupportedVideo = 0, mHaveAudioTrack = 1, mHaveVideoTrack = 0

V/NuPlayer( 3006): msg : 200, ext1 : 973, ext2 : 0

V/AudioCache( 3006): notify(0xec86a240, 200, 973, 0)

V/AudioCache( 3006): ignored

V/NuPlayer( 3006): extractMetadata Tracks : 1

V/NuPlayer( 3006): enableInbandTextFromExtr

V/AudioCache( 3006): notify(0xec86a240, 1, 0, 0)

V/AudioCache( 3006): prepared

V/AudioCache( 3006): wait - success

V/MediaPlayerService( 3006): start

D/NuPlayerDriver( 3006): start(0xefcabba0)

V/MediaPlayerService( 3006): wait for playback complete

V/NuPlayer( 3006): kWhatStart

I/GenericSource( 3006): start

V/NuPlayer( 3006): checkOffloadExceptions is true, call canOffloadStream

I/NuSecMediaClock( 3006): NuSecMediaClock constructor

I/NuSecMediaClock( 3006): reset

I/NuSecMediaClock( 3006): init success

I/NuSecMediaClock( 3006): setClockMargin mMinClockModificationCondition (70000), mMaxClockCorrection (30000)

I/NuPlayerRenderer( 3006): setParamForMediaClock() out

I/NuPlayerRenderer( 3006): setDuration (362187)

V/NuPlayer( 3006): scanning sources haveAudio=0, haveVideo=0

V/NuPlayer( 3006): checkOffloadExceptions is true, call canOffloadStream

V/NuPlayer( 3006): make Decoder (audio)

V/NuPlayer( 3006): executePendingSecSeek - There ara not any pending seek!

I/ACodec  ( 3006):  [] Now uninitialized

D/AllInOneActivity( 5284): OpenTheme = true

I/ACodec  ( 3006): >>> getPortFormat 16, OMX.google.vorbis.decoder

D/RCPManagerService( 3535): exchangeData() failure , invalid userId

I/ACodec  ( 3006): [OMX.google.vorbis.decoder] Now Executing

I/ACodec  ( 3006): [OMX.google.vorbis.decoder] Now Executing

I/ACodec  ( 3006): >>> getPortFormat 16, OMX.google.vorbis.decoder

I/NuPlayerDecoder( 3006): End of Stream

I/NuPlayerDecoder( 3006): Set EOS for DRM

I/NuPlayerDecoder( 3006): End of Stream

I/NuPlayerDecoder( 3006): Set EOS for DRM

I/NuPlayerDecoder( 3006): openAudioSink_l

I/NuPlayerRenderer( 3006): openAudioSink: offloadOnly(0) offloadingAudio(0)

I/NuPlayerRenderer( 3006): openAudioSink: open AudioSink in NON-offload mode audioFormat : 1, flags : 0

I/NuPlayerRenderer( 3006): use bufferCount 4

V/AudioCache( 3006): open(44100, 2, 0x0, 1, 0)

I/NuSecMediaClock( 3006): reset

I/NuPlayerRenderer( 3006): setAudioFirstAnchorTimeIfNeeded mAudioFirstAnchorTimeMediaUs : -1, new mediaTimeUs : 13061

V/NuPlayer( 3006): media rendering started

V/NuPlayer( 3006): msg : 6, ext1 : 0, ext2 : 0

V/AudioCache( 3006): notify(0xec86a240, 6, 0, 0)

V/AudioCache( 3006): ignored

I/NuPlayerRenderer( 3006): onQueueEOS audio finalResult : -1011

I/NuPlayerRenderer( 3006): [audio] notifyEOS() End of Stream, delayUs : 0

V/NuPlayer( 3006): reached audio EOS

V/NuPlayer( 3006): msg : 2, ext1 : 0, ext2 : 0

V/AudioCache( 3006): notify(0xec86a240, 2, 0, 0)

V/AudioCache( 3006): playback complete

V/AudioCache( 3006): wait - success

V/GenericSource( 3006): pause

D/NuPlayerDriver( 3006): reset(0xefcabba0)

V/GenericSource( 3006): [Flag] clear 0x1 -> mFlags = 0x8

V/AudioCache( 3006): notify(0xec86a240, 8, 0, 0)

I/GenericSource( 3006): mDRMEOS is true, check with -1

V/AudioCache( 3006): ignored

V/NuPlayer( 3006): kWhatReset

I/NuPlayerRenderer( 3006): onPause

V/NuPlayer( 3006): performDecoderFlush audio=2, video=2

V/NuPlayer( 3006): [audio] flushDecoder needShutdown=1

