D/bauth_FPBAuthService( 3032): FPBAuthService, 5495

D/bauth_FPBAuthService( 3032): FPBAuthService, 5682

D/bauth_FPBAuthService( 3032): FPBAuthService, 5693

D/bauth_FPBAuthService( 3032): FPBAuthService, 5391

D/bauth_FPBAuthService( 3032): FPBAuthService, 5442

D/bauth_FPBAuthService( 3032): FPBAuthService, 5395

I/tlc_communication( 3032): mcWaitNotification is completed;245

I/TLC_BAUTH( 3032): Check the Trustlet return code is completed;1227

D/bauth_FPBAuthService( 3032): check_opcode status = 2, opcode = 4, func_ret_val = 0, function_status = 1, timeout = 50

D/bauth_FPBAuthService( 3032): FPBAuthService, 890

D/bauth_FPBAuthSensorControl( 3032): FPBAuthSensorControl, 244

D/bauth_FPBAuthService( 3032): FPBAuthService, 905

D/bauth_FPBAuthSensorControl( 3032): FPBAuthSensorControl, 270

D/bauth_FPBAuthService( 3032): FPBAuthService, 954

D/bauth_FPBAuthService( 3032): FPBAuthService, 2472

I/TLC_BAUTH( 3032): Call FP cmd 0x6;1160

I/tlc_communication( 3032): Send Trustlet TCI Message;211

I/tlc_communication( 3032): mcNotify is completed;221

I/tlc_communication( 3032): mcWaitNotification is completed;245

I/TLC_BAUTH( 3032): Check the Trustlet return code is completed;1227

D/bauth_FPBAuthService( 3032): check_opcode status = 2, opcode = 5, func_ret_val = 0, function_status = 1, timeout = 0

D/bauth_FPBAuthService( 3032): FPBAuthService, 1132

D/bauth_FPBAuthService( 3032): FPBAuthService, 1142

D/bauth_FPBAuthService( 3032): FPBAuthService, 1144

D/bauth_FPBAuthService( 3032): fpop : 100021

D/bauth_BpBAuthServiceListener( 5367): IBAuthServiceListener, 46

D/bauth_client(native)( 5367): BAuthServiceClient, 184

D/FPMS_SamsungFingerprintLibraryImpl( 5367): onFingerprintEvent: eventId=100021, evt=null

D/bauth_FPBAuthService( 3032): FPBAuthService, 2472

I/TLC_BAUTH( 3032): Call FP cmd 0x6;1160

I/tlc_communication( 3032): Send Trustlet TCI Message;211

D/FPMS_FingerprintClientRecord( 5367): onEvent: commandName=identify, 12, 0, 0

I/tlc_communication( 3032): mcNotify is completed;221

D/KeyguardSpassUnlockThread( 4020): handleMessage : EVENT_IDENTIFY_STARTED

I/tlc_communication( 3032): mcWaitNotification is completed;245

I/TLC_BAUTH( 3032): Check the Trustlet return code is completed;1227

D/bauth_FPBAuthService( 3032): check_opcode status = 2, opcode = 4, func_ret_val = 0, function_status = 1, timeout = 50

D/KeyguardSPassUnlockView( 4020): setAttributionViewEnabled( enable = false )

D/bauth_FPBAuthService( 3032): FPBAuthService, 890

D/bauth_FPBAuthSensorControl( 3032): FPBAuthSensorControl, 244

D/bauth_FPBAuthService( 3032): FPBAuthService, 905

D/bauth_FPBAuthSensorControl( 3032): FPBAuthSensorControl, 270

D/bauth_FPBAuthService( 3032): FPBAuthService, 954

D/bauth_FPBAuthService( 3032): FPBAuthService, 2472

I/TLC_BAUTH( 3032): Call FP cmd 0x6;1160

I/tlc_communication( 3032): Send Trustlet TCI Message;211

I/tlc_communication( 3032): mcNotify is completed;221

I/tlc_communication( 3032): mcWaitNotification is completed;245

I/TLC_BAUTH( 3032): Check the Trustlet return code is completed;1227

D/bauth_FPBAuthService( 3032): check_opcode status = 2, opcode = 4, func_ret_val = 0, function_status = 1, timeout = 50

D/bauth_FPBAuthService( 3032): FPBAuthService, 890

D/bauth_FPBAuthSensorControl( 3032): FPBAuthSensorControl, 244

D/bauth_FPBAuthService( 3032): FPBAuthService, 905

D/bauth_FPBAuthSensorControl( 3032): FPBAuthSensorControl, 270

D/bauth_FPBAuthService( 3032): FPBAuthService, 954

D/bauth_FPBAuthService( 3032): FPBAuthService, 2472

I/TLC_BAUTH( 3032): Call FP cmd 0x6;1160

I/tlc_communication( 3032): Send Trustlet TCI Message;211

I/tlc_communication( 3032): mcNotify is completed;221

I/tlc_communication( 3032): mcWaitNotification is completed;245

I/TLC_BAUTH( 3032): Check the Trustlet return code is completed;1227

D/bauth_FPBAuthService( 3032): check_opcode status = 2, opcode = 6, func_ret_val = 0, function_status = 1, timeout = 50

D/bauth_FPBAuthService( 3032): FPBAuthService, 868

D/bauth_FPBAuthService( 3032): FPBAuthService, 876

D/bauth_FPBAuthService( 3032): fpop : 100022

D/bauth_BpBAuthServiceListener( 5367): IBAuthServiceListener, 46

D/bauth_client(native)( 5367): BAuthServiceClient, 184

D/FPMS_SamsungFingerprintLibraryImpl( 5367): onFingerprintEvent: eventId=100022, evt=null

D/bauth_FPBAuthService( 3032): FPBAuthService, 2472

I/TLC_BAUTH( 3032): Call FP cmd 0x6;1160

I/tlc_communication( 3032): Send Trustlet TCI Message;211

D/FPMS_FingerprintClientRecord( 5367): onEvent: commandName=identify, 14, 0, 21

I/tlc_communication( 3032): mcNotify is completed;221

D/KeyguardSpassUnlockThread( 4020): handleMessage : EVENT_IDENTIFY_STATUS  

I/tlc_communication( 3032): mcWaitNotification is completed;245

I/TLC_BAUTH( 3032): Check the Trustlet return code is completed;1227

D/bauth_FPBAuthService( 3032): check_opcode status = 2, opcode = 0, func_ret_val = 0, function_status = 1, timeout = 50

D/bauth_FPBAuthSensorControl( 3032): FPBAuthSensorControl, 315

D/bauth_FPBAuthSensorControl( 3032): FPBAuthSensorControl, 315

D/bauth_FPBAuthService( 3032): FPBAuthService, 2662

D/bauth_FPBAuthService( 3032): fpop : 100024

D/bauth_BpBAuthServiceListener( 5367): IBAuthServiceListener, 46

D/bauth_client(native)( 5367): BAuthServiceClient, 184

D/bauth_FPBAuthService( 3032): FPBAuthService, 2718

D/FPMS_SamsungFingerprintLibraryImpl( 5367): onFingerprintEvent: eventId=100024, evt=FingerprintBitmap{ , quality=0 }

E/FidoSession( 3032): BaseState : getPrepareIdentifyLocked not supported

D/bauth_FPBAuthService( 3032): FPBAuthService, 2747

D/bauth_FPBAuthService( 3032): FPBAuthService, 2749

D/bauth_FPBAuthService( 3032): FPBAuthService, 2754

D/bauth_FPBAuthService( 3032): fpop : 100010

D/bauth_BpBAuthServiceListener( 5367): IBAuthServiceListener, 46

D/bauth_client(native)( 5367): BAuthServiceClient, 184

I/TLC_BAUTH( 3032): Call FP cmd 0x7;1242

D/FPMS_SamsungFingerprintLibraryImpl( 5367): onFingerprintEvent: eventId=100010, evt=IdentifyResult{ result=100010, index=2 }

I/tlc_communication( 3032): Send Trustlet TCI Message;211

I/tlc_communication( 3032): mcNotify is completed;221

D/FPMS_FingerprintClientRecord( 5367): onEvent: commandName=identify, 13, 0, 0

I/FPMS_FingerprintManagerService( 5367): insertSurveyLog: true, FPIS, com.android.systemui

D/KeyguardSpassUnlockThread( 4020): handleMessage : RESULT_SUCCESS

D/KeyguardSpassUnlockThread( 4020): handleUnlock()

D/KeyguardSpassUnlockThread( 4020): Spass boostCpuClock

D/KeyguardSPassUnlockView( 4020): dismissKeyguard()

D/KeyguardSpassUnlockThread( 4020): cleanUp()

D/KeyguardSecurityView( 4020): showNextSecurityScreenOrFinish(true)

D/KeyguardViewBase( 4020): finish mViewMediatorCallback.keyguardDone

D/KeyguardViewMediator( 4020): keyguardDone(true)

D/FingerprintManager( 4020): unBindFingerprintManagerService: called

I/FPMS_FingerprintManagerService( 5367): unregisterClient: pid=4020

D/FPMS_SamsungFingerprintLibraryImpl( 5367): cancel() in identify.requestCancel

D/bauth_client(native)( 5367): BAuthServiceClient, 22

D/bauth_client(native)( 5367): getBAuthService - EXIT

D/bauth_BASCommunicator( 3032): IBAuthService, 361

D/bauth_BASCommunicator( 3032): IBAuthService, 591

D/bauth_service( 3032): BAuthService, 525

D/bauth_FPBAuthService( 3032): FPBAuthService, 495

D/bauth_FPBAuthService( 3032): FPBAuthService, 714

I/FPMS_SamsungFingerprintProxyFactory( 5367): cancel FP_PROXY FINISH (1ms) RESULT: 0

D/KeyguardSpassUnlockThread( 4020): unregisterClient() mToken = com.android.keyguard.sec.KeyguardSpassUnlockThread$1@1168d455

D/KeyguardSPassUnlockView( 4020): setAttributionViewEnabled( enable = true )

D/KeyguardSpassUnlockThread( 4020): handleDestoryFingerPrintThread()

D/KeyguardViewMediator( 4020): handleKeyguardDone

D/KeyguardViewMediator( 4020): handleHide

D/KeyguardViewMediator( 4020): isAutoUnlockEnabled in KeyguardViewMediator = true

D/LockSettingsService( 3535): start checkFingerprintPassword for keystore

D/LockSettingsService( 3535): working checkFingerprintPassword for keystore

D/LockSettingsService.KeyMgnt( 3535): checkKnoxSupported ::: 2.0 is supported - true

D/KeyguardViewMediator( 4020): isPwdChangeRequested :: false

D/KeyguardViewMediator( 4020): SDP_USER_0 calling SDP UNLOCK pwdQuality= 397312

D/SdpServiceKeeper( 3535): SDP_USER_0 isAuthorized 4020 10069 SdpEngineInfo { alias:android_0 pkg:  id:0 userid:0 state:1 flags:3 version:4 type:1} com.android.systemui

D/SdpServiceKeeper( 3535): SDP_USER_0 isAuthorized true false true 1000

D/SdpManagerService( 3535): unlockInternal 0

D/SdpManagerService( 3535): unlockInternal isFMMLockEnabled: false default user: true

D/KeyguardViewMediator( 4020): isSecure() = true

D/SdpManagerService( 3535): onDeviceUnLocked from TIMA 0

I/TLC_TZ_KEYSTORE: ( 3535): TZ_KEYSTORE_fips_initialize

D/KeyguardEffectViewUtil( 4020): wallpaperType :1

I/TLC_TZ_KEYSTORE: ( 3535): creating new keystore context...

I/tlc_communication( 3032): mcWaitNotification is completed;245

I/TLC_TZ_KEYSTORE: ( 3535): initializing ccm context...

I/TLC_BAUTH( 3032): Check the Trustlet return code is completed;1292

D/bauth_FPBAuthService( 3032): FPBAuthService, 724

I/TLC_TZ_KEYSTORE: ( 3535): root = 0, root_strlen = 1

I/TLC_TZ_KEYSTORE: ( 3535): process = ffffffff000000000000000000000013, process_strlen = 32

D/bauth_FPBAuthSensorControl( 3032): FPBAuthSensorControl, 244

D/bauth_FPBAuthService( 3032): FPBAuthService, 737

I/TLC_BAUTH( 3032): Call FP cmd 0xa;1519

I/tlc_communication( 3032): Send Trustlet TCI Message;211

I/tlc_communication( 3032): mcNotify is completed;221

D/StatusBar-Window( 4020): fnf=false sanc=true, kni=false, sbf=true

D/CoverUI ( 4020): applyFocusableFlag() : Remove SAMSUNG_FLAG_SVIEW_COVER

D/CoverUI ( 4020): applyHeight h = -1, oc = true, ex = true, fa = false, ac = false, sc = false

I/TZ: mc_tlc_communication( 3535): input max_sendmsg_size = 1080

I/TZ: mc_tlc_communication( 3535): input max_recvmsg_size = 1080

I/TZ: mc_tlc_communication( 3535): root = 0, root_len = 1

I/TZ: mc_tlc_communication( 3535): process = ffffffff000000000000000000000013, process_strlen = 32

I/TZ: mc_tlc_communication( 3535): aligned max_sendmsg_size = 1088

I/TZ: mc_tlc_communication( 3535): aligned max_recvmsg_size = 1088

I/TZ: mc_tlc_communication( 3535): device_id = 0x0

I/TZ: mc_tlc_communication( 3535): tlc_open() was called

I/TZ: mc_tlc_communication( 3535): Opening MobiCore device

E/McClient( 3535):   *****************************

W/AudioTrack( 4020): AUDIO_OUTPUT_FLAG_FAST denied by client

E/McClient( 3535):   *** ERROR: Device 0 already opened

E/McClient( 3535):   *** Detected in mcOpenDevice/205()

E/McClient( 3535):   *****************************

I/TZ: mc_tlc_communication( 3535): Allocating message buffer for TCI

I/TZ: mc_tlc_communication( 3535): Opening the session

W/AudioPolicyIntefaceImpl( 3006): Skipped to add effects on session 2590

I/AudioPolicyManager( 3006): startOutput() output 4, stream 1, session 2590

I/AudioPolicyManager( 3006): changeRefCount() stream 1, count 1

I/AudioPolicyManager( 3006): setOutputDevice() setting same device 0002 or null device for output 4

D/AudioMixer( 3006): setResampler format 1, data ch 2, src 44100, dst 48000, dnmix 0, reformat 0

D/SoundAliveResampler( 3006): [SoundAliveResampler] Init+++

V/audio_hw_primary( 3006): start_output_stream+, out->device : 00000002 , out->type = 1

I/HINT_rq (31549): SimplePayVisibilityReceiver action :com.samsung.systemui.statusbar.COLLAPSED

D/PhoneStatusBar( 4020): makeExpandedInvisible: mExpandedVisible=true

D/StatusBar-QSPanel( 4020): setSingleLine:true

D/StatusBar-QSPanel( 4020): adjustCellWidth mButtonWidth : 272, displayWidth : 1440

D/StatusBar-QSPanel( 4020): updateButtonInfo mButtonWidth : 272 mColumns:5 orien: 1 mButtonCorrectionWidth:32

D/StatusBar-QSPanel( 4020): setSingleLine height:384

E/KioskModeService( 3535): There's no matched data

D/PhoneStatusBar( 4020): updateQSpanelHeight: 384 height:608

D/NotificationStackScrollLayout( 4020): hasNotification()-C:6

D/NotificationStackScrollLayout( 4020): hasNotification()-0-N:false

D/NotificationStackScrollLayout( 4020): hasNotification()-0-V:8

D/NotificationStackScrollLayout( 4020): hasNotification()-1-N:false

D/NotificationStackScrollLayout( 4020): hasNotification()-1-V:8

D/NotificationStackScrollLayout( 4020): hasNotification()-2-N:true

D/NotificationStackScrollLayout( 4020): hasNotification()-2-V:8

D/NotificationStackScrollLayout( 4020): hasNotification()-3-N:true

D/NotificationStackScrollLayout( 4020): hasNotification()-3-V:8

D/NotificationStackScrollLayout( 4020): hasNotification()-4-N:true

D/NotificationStackScrollLayout( 4020): hasNotification()-4-V:8

D/NotificationStackScrollLayout( 4020): hasNotification()-5-N:false

D/NotificationStackScrollLayout( 4020): hasNotification()-5-V:8

D/PanelView( 4020): There is/are no notification(s) 

I/tlc_communication( 3032): mcWaitNotification is completed;245

I/TLC_BAUTH( 3032): Check the Trustlet return code is completed;1555

D/bauth_FPBAuthService( 3032): FPBAuthService, 2776

D/bauth_BpBAuthServiceListener( 5367): IBAuthServiceListener, 46

D/bauth_client(native)( 5367): BAuthServiceClient, 184

D/FPMS_SamsungFingerprintLibraryImpl( 5367): onFingerprintEvent: eventId=100011, evt=IdentifyResult{ result=100012, index=0 }

E/FPMS_FingerprintManagerService( 5367): handleFingerprintEvent: mFocusedClient is null so this event will be skipped.

D/KeyguardEffectViewUtil( 4020): wallpaperType :1

D/StatusBar-Window( 4020): fnf=false sanc=true, kni=false, sbf=true

D/CoverUI ( 4020): applyFocusableFlag() : Remove SAMSUNG_FLAG_SVIEW_COVER

D/CoverUI ( 4020): applyHeight h = -1, oc = true, ex = true, fa = false, ac = false, sc = false

D/PanelView( 4020): flingSettings mQsMin:0 mQsMax:788 mQsEx:788.0mQsPeek:608

I/TZ: mc_tlc_communication( 3535): tlc_open() succeeded

I/TLC_TZ_KEYSTORE: ( 3535): ctx = 0x7f7c277c80, comm = 0x7f7d5cda00, sendmsg = 0x7f7e40a000, recvmsg = 0x7f7e40a440

I/TZ_init: ( 3535): TZ_init: fips_init_TLC sending initialization request...

I/TZ_init: ( 3535): TZ_init: sending initialization request...

D/bauth_FPBAuthSensorControl( 3032): FPBAuthSensorControl, 315

D/bauth_FPBAuthService( 3032): FPBAuthService, 755

D/        ( 3032): Worker, 75

D/NotificationStackScrollLayout( 4020): hasNotification()-C:6

D/NotificationStackScrollLayout( 4020): hasNotification()-0-N:false

D/NotificationStackScrollLayout( 4020): hasNotification()-0-V:8

D/NotificationStackScrollLayout( 4020): hasNotification()-1-N:false

D/NotificationStackScrollLayout( 4020): hasNotification()-1-V:8

D/NotificationStackScrollLayout( 4020): hasNotification()-2-N:true

D/NotificationStackScrollLayout( 4020): hasNotification()-2-V:8

D/NotificationStackScrollLayout( 4020): hasNotification()-3-N:true

D/NotificationStackScrollLayout( 4020): hasNotification()-3-V:8

D/NotificationStackScrollLayout( 4020): hasNotification()-4-N:true

D/NotificationStackScrollLayout( 4020): hasNotification()-4-V:8

D/NotificationStackScrollLayout( 4020): hasNotification()-5-N:false

D/NotificationStackScrollLayout( 4020): hasNotification()-5-V:8

D/PanelView( 4020): There is/are no notification(s) 

D/PanelView( 4020): kidsfalse mQsExpansionEnabled:true

D/NotificationStackScrollLayout( 4020): hasNotification()-C:6

D/NotificationStackScrollLayout( 4020): hasNotification()-0-N:false

D/NotificationStackScrollLayout( 4020): hasNotification()-0-V:8

D/NotificationStackScrollLayout( 4020): hasNotification()-1-N:false

D/NotificationStackScrollLayout( 4020): hasNotification()-1-V:8

D/NotificationStackScrollLayout( 4020): hasNotification()-2-N:true

D/NotificationStackScrollLayout( 4020): hasNotification()-2-V:8

D/NotificationStackScrollLayout( 4020): hasNotification()-3-N:true

D/NotificationStackScrollLayout( 4020): hasNotification()-3-V:8

D/NotificationStackScrollLayout( 4020): hasNotification()-4-N:true

D/NotificationStackScrollLayout( 4020): hasNotification()-4-V:8

D/NotificationStackScrollLayout( 4020): hasNotification()-5-N:false

D/NotificationStackScrollLayout( 4020): hasNotification()-5-V:8

D/PanelView( 4020): There is/are no notification(s) 

D/KeyguardEffectViewUtil( 4020): wallpaperType :1

D/StatusBar-Window( 4020): fnf=false sanc=true, kni=false, sbf=true

D/CoverUI ( 4020): applyFocusableFlag() : Remove SAMSUNG_FLAG_SVIEW_COVER

D/CoverUI ( 4020): applyHeight h = -1, oc = true, ex = true, fa = false, ac = false, sc = false

D/audio_hw_primary( 3006): start_output_stream (0xefff2ec0) out->config.rate:48000 out->config.format:0 out->period_size:240

V/audio_hw_primary( 3006): select_devices output_scenario:0 input_scenario:-1 out_snd_device 0x2 in_snd_device:0x0

I/audio_route( 3006): 

I/audio_route( 3006): > audio_route_reset :

I/audio_route( 3006): 

I/audio_route( 3006): > audio_route_apply_path : "media-speaker"

D/NotificationStackScrollLayout( 4020): hasNotification()-C:6

D/NotificationStackScrollLayout( 4020): hasNotification()-0-N:false

D/NotificationStackScrollLayout( 4020): hasNotification()-0-V:8

D/NotificationStackScrollLayout( 4020): hasNotification()-1-N:false

D/NotificationStackScrollLayout( 4020): hasNotification()-1-V:8

D/NotificationStackScrollLayout( 4020): hasNotification()-2-N:true

D/NotificationStackScrollLayout( 4020): hasNotification()-2-V:8

D/NotificationStackScrollLayout( 4020): hasNotification()-3-N:true

D/NotificationStackScrollLayout( 4020): hasNotification()-3-V:8

D/NotificationStackScrollLayout( 4020): hasNotification()-4-N:true

D/NotificationStackScrollLayout( 4020): hasNotification()-4-V:8

D/NotificationStackScrollLayout( 4020): hasNotification()-5-N:false

D/NotificationStackScrollLayout( 4020): hasNotification()-5-V:8

D/PanelView( 4020): There is/are no notification(s) 

D/KeyguardEffectViewUtil( 4020): wallpaperType :1

D/StatusBar-Window( 4020): fnf=false sanc=true, kni=false, sbf=false

D/CoverUI ( 4020): applyFocusableFlag() : Remove SAMSUNG_FLAG_SVIEW_COVER

D/CoverUI ( 4020): applyHeight h = -1, oc = true, ex = false, fa = false, ac = false, sc = false

D/PhoneStatusBar( 4020): disable: < expand icons* alerts system_info* BACK HOME RECENT clock SEARCH >

D/PhoneStatusBar( 4020): updateKeyguardState :0

I/KeyguardEffectViewController( 4020): setKeyguardShowing = false

W/KeyguardEffectViewController( 4020): setKeyguardShowing: **** SHOWN CALLED to turn on forcingly ****

D/KeyguardEffectViewController( 4020): cleanUp()

I/HINT_rq (31549): SimplePayVisibilityReceiver action :com.samsung.systemui.statusbar.NOTIFICATION_EXPAND

I/HINT_rq (31549): expandState : false, isKeyguardLocked : false, keygaurd State : 1114113

D/VisualEffectCircleUnlockEffect( 4020): KeyguardEffectViewNone : cleanUp

D/VisualEffectCircleUnlockEffect( 4020): KeyguardEffectViewNone : cleanUp

V/KeyguardUpdateMonitor( 4020): *** unregister callback for com.android.keyguard.sec.effect.KeyguardEffectViewController$2@3f1b342a

D/KeyguardEffectViewController( 4020): isFestivalActivated()false

I/KeyguardEffectViewController( 4020): setFestivalKeyguardShowing = false ,:false

D/KeyguardEffectViewController( 4020): isFestivalActivated()false

I/HINT_rq (31549): Hide simple pay : user launched quick camera in Swipe lock screen

I/HINT_SpayQuickPayService(31549): hideSimplePay() 

D/StatusBarKeyguardViewManager( 4020): setNeedAnimationFlag...  false

D/StatusBarKeyguardViewManager( 4020): setNeedAnimationFlag...  false

D/PanelView( 4020): There is/are notification(s) 

D/PanelView( 4020): kidsfalse mQsExpansionEnabled:true

I/TZ_init: ( 3535): TZ_init: successful initialization

I/TLC_TZ_KEYSTORE: fips_self_test: ( 3535): TZ_KEYSTORE_fips_self_test_START...

D/PhoneStatusBar( 4020): updateKeyguardPreviousState :1

D/PhoneStatusBar( 4020): HomeCitySettingsDialog available = false, show = false

D/StatusBar-Window( 4020): fnf=true sanc=false, kni=false, sbf=false

D/CoverUI ( 4020): applyFocusableFlag() : Remove SAMSUNG_FLAG_SVIEW_COVER

D/CoverUI ( 4020): applyHeight h = 100, oc = false, ex = false, fa = false, ac = false, sc = false

D/KeyguardSPassUnlockView( 4020): onPause()

D/KeyguardSpassUnlockThread( 4020): onPause()

D/KeyguardSPassUnlockView( 4020): handleShowErrorMessage( mBackupPasswordButton )

V/KeyguardUpdateMonitor( 4020): *** unregister callback for com.android.keyguard.EmergencyButton$1@271fc018

V/KeyguardUpdateMonitor( 4020): *** unregister callback for com.android.keyguard.sec.SecKeyguardCircleView$1@3f9c4a71

V/KeyguardUpdateMonitor( 4020): *** unregister callback for com.android.keyguard.sec.SecKeyguardCircleEmergencyView$1@38a05056

V/KeyguardUpdateMonitor( 4020): *** unregister callback for com.android.keyguard.KeyguardMessageArea$3@2d4098d7

V/KeyguardUpdateMonitor( 4020): *** unregister callback for com.android.keyguard.sec.SecKeyguardCircleView$1@5cc5c4

D/KeyguardSPassUnlockView( 4020): onDetachedFromWindow()

D/KeyguardSPassUnlockView( 4020): cleanUp()

D/KeyguardSpassUnlockThread( 4020): cleanUp()

I/TLC_TZ_KEYSTORE: fips_self_test: ( 3535): TZ_KEYSTORE_fips_self_test_END...

E/TLC_TZ_KEYSTORE: ( 3535): Self Test Succeded

I/TZ: mc_tlc_communication( 3535): tlc_close() was called

I/TZ: mc_tlc_communication( 3535): Closing the session

I/SecAttributionInfoView( 4020): onDetachedFromWindow

I/SurfaceFlinger( 2986): id=4045 Removed TpayQuickPa (17/17)

I/SurfaceFlinger( 2986): id=4045 Removed TpayQuickPa (-2/17)

V/KeyguardUpdateMonitor( 4020): *** unregister callback for com.android.keyguard.KeyguardSimpleHostView$1@dc3e7e7

D/KeyguardUpdateMonitor( 4020): sendKeyguardVisibilityChanged(false)

D/SKMM_v2.0_Mobicore_Helper( 3011): Send Trustlet TCI Message

I/TZ: mc_tlc_communication( 3535): Freeing message buffer

I/TZ: mc_tlc_communication( 3535): Closing MobiCore device

I/TZ: mc_tlc_communication( 3535): tlc_close() succeeded

E/TLC_TZ_KEYSTORE: ( 3535): Count : 1, Ret : 0

D/TimaHelper( 3535): getTimaStatus() - Tima Status : 0

D/TimaHelper( 3535): checkTimaStatus() - Version FIPS3.0, Status0, Validation : true

D/LockSettingsService( 3535): maybeUpdateKeystore : set 1000

I/TLC_TZ_KEYSTORE: ( 3535): TZ_KEYSTORE_fips_initialize

I/TLC_TZ_KEYSTORE: ( 3535): creating new keystore context...

I/TLC_TZ_KEYSTORE: ( 3535): initializing ccm context...

I/TLC_TZ_KEYSTORE: ( 3535): root = 0, root_strlen = 1

I/TLC_TZ_KEYSTORE: ( 3535): process = ffffffff000000000000000000000013, process_strlen = 32

I/TZ: mc_tlc_communication( 3535): input max_sendmsg_size = 1080

I/TZ: mc_tlc_communication( 3535): input max_recvmsg_size = 1080

I/TZ: mc_tlc_communication( 3535): root = 0, root_len = 1

I/TZ: mc_tlc_communication( 3535): process = ffffffff000000000000000000000013, process_strlen = 32

I/TZ: mc_tlc_communication( 3535): aligned max_sendmsg_size = 1088

I/TZ: mc_tlc_communication( 3535): aligned max_recvmsg_size = 1088

I/TZ: mc_tlc_communication( 3535): device_id = 0x0

I/TZ: mc_tlc_communication( 3535): tlc_open() was called

I/TZ: mc_tlc_communication( 3535): Opening MobiCore device

E/McClient( 3535):   *****************************

E/McClient( 3535):   *** ERROR: Device 0 already opened

E/McClient( 3535):   *** Detected in mcOpenDevice/205()

E/McClient( 3535):   *****************************

I/TZ: mc_tlc_communication( 3535): Allocating message buffer for TCI

I/TZ: mc_tlc_communication( 3535): Opening the session

D/KeyguardViewMediator( 4020): adjustStatusBarLocked: mShowing=false mOccluded=false isSecure=? --> flags=0x0

D/LauncherActivity( 4536): onStart() com.sec.android.app.launcher.activities.LauncherActivity@1e2ba8a4

D/NativeApp( 4536): attachRootView: -511485760 this com.sec.daliviews.views.NativeApp@1b2e360Peer-194893280

I/DALI-LIFECYCLE( 4536): void NativeViews::NativeApp::AttachRootView(NativeViews::ContainerViewBase*)

D/LauncherActivity( 4536): onResume() com.sec.android.app.launcher.activities.LauncherActivity@1e2ba8a4

D/RestrictionPolicy( 3535): isStatusBarExpansionAllowedAsUser : true, userId = 0

I/TZ: mc_tlc_communication( 3535): tlc_open() succeeded

I/TLC_TZ_KEYSTORE: ( 3535): ctx = 0x7f7c277c80, comm = 0x7f7d5cda00, sendmsg = 0x7f7e40a000, recvmsg = 0x7f7e40a440

I/TZ_init: ( 3535): TZ_init: fips_init_TLC sending initialization request...

I/TZ_init: ( 3535): TZ_init: sending initialization request...

V/KeyguardEffectViewController( 4020): *** Keyguard wallpaper service unbounded

D/BadgeProvider(32708): query, [selection] : null

D/HomeFragment( 4536): onResume()

W/CurvedBorderComponent( 4536): CurvedBorderComponent::SetBorderSize 0.08, 0.00

D/PhoneStatusBar( 4020): makeExpandedInvisible: mExpandedVisible=false

E/image-factory( 4536): ImageFactory::Load() ticket->resourceId=65695

E/image-factory( 4536): ImageFactory::Load() ticket->typePath.type=0xcf0d3a70

E/image-factory( 4536): ImageFactory::Load() ticket->resourceId=65697

E/image-factory( 4536): ImageFactory::Load() ticket->typePath.type=0xcf0d3b60

E/image-factory( 4536): ImageFactory::Load() ticket->resourceId=65708

E/image-factory( 4536): ImageFactory::Load() ticket->typePath.type=0xcf0d3ef0

E/image-factory( 4536): ImageFactory::Load() ticket->resourceId=65710

E/image-factory( 4536): ImageFactory::Load() ticket->typePath.type=0xcf0d3fd0

E/image-factory( 4536): ImageFactory::Load() ticket->resourceId=65720

E/image-factory( 4536): ImageFactory::Load() ticket->typePath.type=0xcfe0a430

E/image-factory( 4536): ImageFactory::Load() ticket->resourceId=65804

E/image-factory( 4536): ImageFactory::Load() ticket->typePath.type=0xcff8cd20

D/SurfaceWidgetView( 4536): Visibility changed to:0

V/audio_hw_primary( 3006): select_devices() output_route "media-speaker" 

I/audio_route( 3006): 

I/audio_route( 3006): > audio_route_apply_path : "gain-media-speaker"

D/SurfaceWidgetConnection( 4536): com.sec.android.widgetapp.ap.weather.widget.surfacewidget.WeatherSurfaceWidget#1 is being resumed by launcher

D/KeyguardWallpaperService( 1931): onUnbind!!

D/KeyguardWallpaperViewController( 1931): removeViewWindow

V/audio_hw_primary( 3006): select_devices() output_gain "gain-media-speaker" 

I/audio_route( 3006): 

I/audio_route( 3006): > audio_route_update_mixer : +

I/audio_route( 3006): > audio_route_update_mixer : changed(0) -

I/audio_hw_primary( 3006): select_devices - 

V/audio_hw_primary( 3006): start_output_stream-

D/HomePresenter( 4536): setIgnoreDrawAppWidget() ignore:false

D/RestrictionPolicy( 3535): isStatusBarExpansionAllowedAsUser : true, userId = 0

D/SurfaceWidgetClient$ISurfaceWidgetStub( 5151): [237392/18] Surface widget visibility changed visibility = true on instance = 1

D/SurfaceWidgetClient$ISurfaceWidgetStub( 5151): [237392/18] Surface widget resume on instance = 1

I/TZ_init: ( 3535): TZ_init: successful initialization

I/TLC_TZ_KEYSTORE: fips_self_test: ( 3535): TZ_KEYSTORE_fips_self_test_START...

I/GFX raster( 5151): took 0.868083ms for 172*172 texture 0

W/GFX DEBUGLOG GPUCompressionToBitmapDecoder( 5151): Bitmap=0x7f8b118e40 bitmapCt=12 bitmapW=172 bitmapH=172 BitmapInternalFormat=93b0, Counterpart=0x7f8b118d00 counterpartCT=4 counterpartW=172 counterparth=172

E/        ( 5151): GFX convertToRaster() in Canvas.cpp HWACC for bitmap size 172x172

I/GFX raster( 5151): took 0.224750ms for 64*64 texture 0

W/GFX DEBUGLOG GPUCompressionToBitmapDecoder( 5151): Bitmap=0x7f8b0adc80 bitmapCt=12 bitmapW=64 bitmapH=64 BitmapInternalFormat=93b0, Counterpart=0x7f8b118d00 counterpartCT=4 counterpartW=64 counterparth=64

E/        ( 5151): GFX convertToRaster() in Canvas.cpp HWACC for bitmap size 64x64

D/AppsFragment( 4536): onResume()

D/WidgetsFragment( 4536): onResume()

W/PageLayout( 4536): Pages are not ready yet so skip MoveToPage this time

I/PageLayout( 4536): HORIZONTAL_SCROLLING_THRESHOLD_INDICATION on com.sec.daliviews.layouts.PageLayout@266aa150, page=1

I/PageLayout( 4536): HORIZONTAL_SCROLLING_THRESHOLD_INDICATION on com.sec.daliviews.layouts.PageLayout@2a63c20a, page=1

D/CoverManagerWhiteLists( 3535): isAllowedToUse : SIGNATURE_MATCH

I/TLC_TZ_KEYSTORE: fips_self_test: ( 3535): TZ_KEYSTORE_fips_self_test_END...

E/TLC_TZ_KEYSTORE: ( 3535): Self Test Succeded

I/TZ: mc_tlc_communication( 3535): tlc_close() was called

I/TZ: mc_tlc_communication( 3535): Closing the session

D/[AccuPhone] ( 5151): {[9B172D477564CAD5C3E0A901E747B845F2818F1CA402963C4DC65E4B43C71D6502191E64E3B4F1D17DED92E328B27B6B76916155A63851823DE3693DDF84C9F2]}

D/HINT_SpayQuickPayService(31549): android.intent.action.USER_PRESENT

I/ThemeLoader( 4536): Can't find such drawable in the resource : ic_icon_bg

D/InputDispatcher( 3535): Focus left window: 4020

D/InputDispatcher( 3535): Focus entered window: 4536

D/KeyguardWallpaperService( 1931): onDestroy!!

D/BadgeProvider(32708): query, [selection] : null

I/Process ( 1931): Sending signal. PID: 1931 SIG: 9

D/NfcService( 4502): call the applyRouting

D/CoverManagerWhiteLists( 3535): isAllowedToUse : SIGNATURE_MATCH

D/SKMM_v2.0_Mobicore_Helper( 3011): Send Trustlet TCI Message

D/HINT_SpayQuickPayService(31549): android.intent.action.USER_PRESENT

D/NfcService( 4502): call the applyRouting

D/PointerIcon( 3535): setMouseIconStyle1 pointerType: 1001 iconType:101 flag:0 pid:3535 uid:1000

D/PointerIcon( 3535): setMouseCustomIcon IconType is same.101

E/Zygote  ( 2894): MountEmulatedStorage()

E/Zygote  ( 2894): v2

D/mali_winsys( 4020): new_window_surface returns 0x3000,  [1440x100]-format:1

I/SELinux ( 2894): Function: selinux_compare_spd_ram, SPD-policy is existed. and_ver=SEPF_SM-G925T_5.1.1 ver=38

I/SELinux ( 2894): Function: selinux_compare_spd_ram , priority [1] , priority version is VE=SEPF_SM-G925T_5.1.1_0038

E/Zygote  ( 2894): accessInfo : 0

E/SELinux ( 2894): [DEBUG] get_category: variable seinfo: release sensitivity: NULL, cateogry: NULL

I/TZ: mc_tlc_communication( 3535): Freeing message buffer

I/TZ: mc_tlc_communication( 3535): Closing MobiCore device

I/TZ: mc_tlc_communication( 3535): tlc_close() succeeded

E/TLC_TZ_KEYSTORE: ( 3535): Count : 1, Ret : 0

I/PERF    ( 4020): StatusBarKeyguardViewManager - callbackAfterDraw

D/KeyguardUpdateMonitor( 4020): handleKeyguardVisibilityChanged(0)

V/KeyguardServiceDelegate( 3535): **** SHOWN CALLED ****

D/PanelView( 4020): mClearAll.setVisibility - mIsFullyOpened : false isShade : true mHasNotification : true mIsUpwardFling : false mQsFullyExpanded : false isShadeLocked : false mClearAllVisible : false

D/PanelView( 4020): mClearAll.setVisibility - mIsFullyOpened : false isShade : true mHasNotification : true mIsUpwardFling : false mQsFullyExpanded : false isShadeLocked : false mClearAllVisible : false

D/PanelView( 4020): mClearAll.setVisibility - mIsFullyOpened : false isShade : true mHasNotification : true mIsUpwardFling : false mQsFullyExpanded : false isShadeLocked : false mClearAllVisible : false

D/ActivityManager( 3535): handle home activity for 0

I/WallpaperManagerService( 3535): switchPersonaWallpaper is called for personaId-0

D/KnoxTimeoutHandler( 3535): post home show event for user 0

D/ActivityManager( 3535): post active user change for 0 fullscreen true record.isFloatingActivity() false

D/KnoxTimeoutHandler( 3535): postActiveUserChange for user 0

I/KnoxTimeoutHandler( 3535): postActiveUserChange, showWhenLocked: false

D/Launcher.BadgeCache, ( 4536): updateBadgeCounts, app[2] have 0 badges

D/Launcher.BadgeCache, ( 4536): updateBadgeCounts, app[0] have 0 badges

D/Launcher.BadgeCache, ( 4536): updateBadgeCounts, app[-1] have 0 badges

D/Launcher.BadgeCache, ( 4536): updateBadgeCounts, app[3] have 0 badges

D/Launcher.BadgeCache, ( 4536): updateBadgeCounts, app[-1] have 0 badges

D/Launcher.BadgeCache, ( 4536): updateBadgeCounts, app[-1] have 0 badges

D/Launcher.BadgeCache, ( 4536): updateBadgeCounts, app[-1] have 0 badges

D/Launcher.BadgeCache, ( 4536): updateBadgeCounts, app[-1] have 1 badges

D/Launcher.BadgeCache, ( 4536): updateBadgeCounts, app[-1] have 0 badges

D/EnterpriseSCEPPolicy( 3535): Start of unlock of keystore happened.

D/EnterpriseSCEPPolicy( 3535): End of unlock of keystore happened.

I/        ( 3535): CCM JNI: In get_ccm_version

I/PalmMotion( 3535): [PALM] SURFACE_MOTION_ENGINE: 1 SURFACE_PALM_TOUCH: 0

I/PalmMotion( 3535): [PALM] SURFACE_PALM_SWIPE: 1

D/PalmMotion( 3535): [PALM] SETTINGS : [TOUCH: false] [SWEEP: true]

D/PalmMotion( 3535): [PALM] ACCEPTED : [zerolte] PALM_CNT : 3, M_TOUCH : 30.0, M_SWEEP : 25.0, E_SWEEP : 2.2, IGNORE_M_SWEEP : true

I/TZ_CCM_C_Initialize: ( 3535): DEBUG_CONTAINER_PROBLEM Enter TZ_CCM_C_Initialize_TLC!

I/TZ_CCM_C_Initialize: ( 3535): pInitArgs 0x7f65a0cd88 has not called C_Init before.

I/TZ_CCM_C_Initialize: ( 3535): &ctx = 0x7f8b5a8360

I/TLC_TZ_CCM: ( 3535): creating new ccm context...

D/KnoxVpnEngineService( 3535): Start of unlock of keystore happened.

D/KnoxVpnEngineService( 3535): End of unlock of keystore happened.

D/LockSettingsService( 3535): end checkFingerprintPassword for keystore

I/TLC_TZ_CCM: ( 3535): initializing ccm context...

I/TLC_TZ_CCM: ( 3535): root = 0, root_strlen = 1

I/TLC_TZ_CCM: ( 3535): process = ffffffff000000000000000000000012, process_strlen = 32

I/TZ: client_server_communication( 3535): input max_sendmsg_size = 19420

I/TZ: client_server_communication( 3535): input max_recvmsg_size = 19420

I/TZ: client_server_communication( 3535): root = 0, root_len = 1

I/TZ: client_server_communication( 3535): process = ffffffff000000000000000000000012, process_strlen = 32

I/TZ: client_server_communication( 3535): aligned max_sendmsg_size = 19456

I/TZ: client_server_communication( 3535): aligned max_recvmsg_size = 19456

I/TZ: client_server_communication( 3535): Client_Server_Open(CCM)

I/TZ: client_server_communication( 3535): Client_Server_Open was called

D/SecContentProvider( 3535): uri = 18 selection = isUsbMediaPlayerAvailable

D/PhoneStatusBar( 4020): disable: < expand icons alerts system_info BACK HOME recent* clock search* >

D/PanelView( 4020): mClearAll.setVisibility - mIsFullyOpened : false isShade : true mHasNotification : true mIsUpwardFling : false mQsFullyExpanded : false isShadeLocked : false mClearAllVisible : false

D/Launcher.BadgeCache, ( 4536): updateBadgeCounts, app[2] have 0 badges

D/Launcher.BadgeCache, ( 4536): updateBadgeCounts, app[0] have 0 badges

D/Launcher.BadgeCache, ( 4536): updateBadgeCounts, app[-1] have 0 badges

D/Launcher.BadgeCache, ( 4536): updateBadgeCounts, app[3] have 0 badges

D/Launcher.BadgeCache, ( 4536): updateBadgeCounts, app[-1] have 0 badges

D/Launcher.BadgeCache, ( 4536): updateBadgeCounts, app[-1] have 0 badges

D/Launcher.BadgeCache, ( 4536): updateBadgeCounts, app[-1] have 0 badges

D/Launcher.BadgeCache, ( 4536): updateBadgeCounts, app[-1] have 1 badges

D/Launcher.BadgeCache, ( 4536): updateBadgeCounts, app[-1] have 0 badges

I/TZ: client_server_communication( 3535): IClientServer::IClientServer()

I/TZ: client_server_communication( 3535): BpClientServer::BpClientServer()

I/TZ: client_server_communication( 3535): IClientServer::~IClientServer()

D/[zero daemon] (19562): {[C6B53529A4E9A61B6E9DFAC2EC352F35413B8423020D39F21C4F88CE3B9B87CFDCC0B81B0A5ED41F6DFA9549B8ADE1F4BACF4D40B7B8E99052DE9FA88E767D1DEF99F3B50EBB0BE2EA7D97147503802808B0F46342E4D32B53ACCA63815BEAA3ED276C39FA95340FD01BAF963F21FFFB]}

I/[zero daemon] (19562): {[A32E1AC369E42B6168CFC8ECFBFA9951C42133C77ADF9B218D854990F6269E39BD1DFD8FE5406161EB812B412E9E41FA]}

D/VisualEffectCircleUnlockEffect( 4020): clearEffect

D/VisualEffectCircleUnlockEffect( 4020): cancelAllAnimator

D/VisualEffectCircleUnlockEffect( 4020): clearEffect

D/VisualEffectCircleUnlockEffect( 4020): cancelAllAnimator

I/TLC_SERVER( 3786): BnTLCServer::onTransact(0) 16

I/TLC_SERVER( 3786): OPENSWCONN

I/TZ: client_server_communication( 3535): OpenSWConn(CCM) is successful

I/TZ: client_server_communication( 3535): Client_Server_Open succeeded, serverName = CCM

I/TZ_CCM_C_Initialize: ( 3535): ctx = 0x7f7c277c80, comm = 0x7f7bc41b20, sendmsg = 0x7f7cd27000, recvmsg = 0x7f7cd2bc00

I/TZ_init: ( 3535): TZ_init: sending initialization request...

I/TZ: client_server_communication( 3535): Cmd id = 2, len = 19456

I/TZ: client_server_communication( 3535): Calling Communicate()

I/TLC_SERVER( 3786): BnTLCServer::onTransact(2) 16

I/TLC_SERVER( 3786): COMM

D/PhoneStatusBar( 4020): disable: < expand icons alerts system_info back* home* recent clock search >

D/ApplicationPolicy( 3535): isStatusBarNotificationAllowedAsUser: packageName = android,userId = -1

V/ApplicationPolicy( 3535): isApplicationStateBlocked userId -1 pkgname android

I/PalmMotion( 3535): [PALM] SURFACE_MOTION_ENGINE: 1 SURFACE_PALM_TOUCH: 0

D/TimaKeyStoreProvider( 2894): TimaSignature is unavailable

I/PalmMotion( 3535): [PALM] SURFACE_PALM_SWIPE: 1

D/PalmMotion( 3535): [PALM] SETTINGS : [TOUCH: false] [SWEEP: true]

D/PalmMotion( 3535): [PALM] ACCEPTED : [zerolte] PALM_CNT : 3, M_TOUCH : 30.0, M_SWEEP : 25.0, E_SWEEP : 2.2, IGNORE_M_SWEEP : true

D/ActivityThread( 2894): Added TimaKeyStore provider

D/SecContentProvider( 3535): uri = 18 selection = isUsbMediaPlayerAvailable

D/[zero daemon] (19562): {[C6B53529A4E9A61B6E9DFAC2EC352F35413B8423020D39F21C4F88CE3B9B87CFDCC0B81B0A5ED41F6DFA9549B8ADE1F4BACF4D40B7B8E99052DE9FA88E767D1DEF99F3B50EBB0BE2EA7D97147503802808B0F46342E4D32B53ACCA63815BEAA3E6A19B15B6D34AFADF3249A820F62444]}

I/[zero daemon] (19562): {[A32E1AC369E42B6168CFC8ECFBFA9951C42133C77ADF9B218D854990F6269E396BCB11BEB3F5B339C9A8D47415526840]}

D/ApplicationPolicy( 3535): isStatusBarNotificationAllowedAsUser: packageName = android,userId = -1

V/ApplicationPolicy( 3535): isApplicationStateBlocked userId -1 pkgname android

D/WallpaperManagerService( 3535):  force update = false; persona id = 0; current user =0; current persona = 0

D/KnoxTimeoutHandler( 3535): handleHomeShow for 0 and current 0

D/KnoxTimeoutHandler( 3535): handleActiveUserChange for user 0

D/mali_winsys( 4269): new_window_surface returns 0x3000,  [1x2460]-format:1

D/StatusBar.NetworkController( 4020): refreshViews connected={ wifi } level=4 combinedSignalIconId=0x7f020562/com.android.systemui:drawable/stat_sys_wifi_signal_4 mobileLabel=T-Mobile wifiLabel="Buster2" emergencyOnly=false combinedLabel="Buster2" mAirplaneMode=false mDataActivity=4 mPhoneSignalIconId=0x7f020695/com.android.systemui:drawable/tw_stat_sys_5_level_signal_4_auto_rotate mQSPhoneSignalIconId=0x7f020116/com.android.systemui:drawable/ic_qs_signal_4 mDataDirectionIconId=0x0/(null) mDataSignalIconId=0x7f020695/com.android.systemui:drawable/tw_stat_sys_5_level_signal_4_auto_rotate mDataTypeIconId=0x7f020346/com.android.systemui:drawable/stat_sys_data_connected_lte_tmo mQSDataTypeIconId=0x0/(null) mNoSimIconId=0x0/(null) mWifiIconId=0x7f020562/com.android.systemui:drawable/stat_sys_wifi_signal_4 mQSWifiIconId=0x7f02012c/com.android.systemui:drawable/ic_qs_wifi_4 mWifiActivityIconId=0x7f020524/com.android.systemui:drawable/stat_sys_signal_out mBluetoothTetherIconId=0x7f02053f/com.android.systemui:drawable/stat_sys_tether_bluetooth

D/STATUSBAR-WifiTile( 4020): onWifiSignalChanged enabled=true enabledDesc:"Buster2"

D/StatusBar.NetworkController( 4020): refreshNwBoosterIndicator - setNWBoosterIndicators(false)

D/StatusBar.NetworkController( 4020): applyTMO

D/StatusBar.NetworkController( 4020): refreshNwBoosterIndicator - setNWBoosterIndicators(false)

D/StatusBar.NetworkController( 4020): applyTMO

D/StatusBar.NetworkController( 4020): refreshNwBoosterIndicator - setNWBoosterIndicators(false)

D/StatusBar.NetworkController( 4020): applyTMO

D/StatusBar.NetworkController( 4020): refreshNwBoosterIndicator - setNWBoosterIndicators(false)

D/StatusBar.NetworkController( 4020): applyTMO

I/TZ_init: ( 3535): TZ_init Process: Strange errors! Unrecognized Return Code: 191 - probably already initialized

I/TLC_TZ_COMMON: key_db_init: ( 3535): Exercising TZ_DB_INIT in TLC

I/TZ: client_server_communication( 3535): Cmd id = 17, len = 19456

I/TZ: client_server_communication( 3535): Calling Communicate()

D/HomePresenter( 4536): HP onResume current 1

I/LauncherActivity( 4536): setEnableHotWord : true

D/DragAndDrop( 4536): dragCancel(false)

I/TLC_SERVER( 3786): BnTLCServer::onTransact(2) 16

I/TLC_SERVER( 3786): COMM

D/[AccuPhone] ( 5151): {[F0485B8A412175592E23628332AB921EE21F08768E79ADF0D52105769D4D349FDD9D1B573991EB27C3282E96DAE408F8]}

D/[AccuPhone] ( 5151): {[9B9E809790B308021BDD69B343265555157E019925EF29C3AC2C04E28305F54D01AB62566C1AE13819A220CE8B0286A9]}

D/[AccuPhone] ( 5151): {[0ED9661ABD437918DB34745D7098FD24949C80EDCCAD24E208044BDCE49D9970BB8385B3D3842B123951CD36E38A9B57]}

D/[AccuPhone] ( 5151): {[97812DE07C66155B15604152D933DB6FECD47D0BE45C0D8C5D3F2CAE3EC6ABB35CC365893F2E063303591EDAB528055C]}

D/[AccuPhone] ( 5151): {[6CE5629C10B968EFCDB88A1CE0AA73CC89B928161AD03ED4E5494D8442812B4D0B791C3D70104283F3E63CB4C11141CE79C817475AB637F4DA8BBBE4442CA7C01B8E23C17C540A8EE30242DE10861378]}

D/[AccuPhone] ( 5151): {[0117C97519336FA0AB3EE09418A7CAB57D10E18B251864D90267FAB942A47C129CED7674620A9A3A83759A5D0A42E292]}

D/InputMethodManagerService( 3535): windowGainedFocus mCurrentFocusedUserId - 0 and mSecureKeypadEnabled-false

I/GFX raster( 5151): took 0.811375ms for 172*172 texture 0

W/GFX DEBUGLOG GPUCompressionToBitmapDecoder( 5151): Bitmap=0x7f8b118e40 bitmapCt=12 bitmapW=172 bitmapH=172 BitmapInternalFormat=93b0, Counterpart=0x7f8b118580 counterpartCT=4 counterpartW=172 counterparth=172

E/        ( 5151): GFX convertToRaster() in Canvas.cpp HWACC for bitmap size 172x172

I/GFX raster( 5151): took 0.240542ms for 64*64 texture 0

W/GFX DEBUGLOG GPUCompressionToBitmapDecoder( 5151): Bitmap=0x7f8b0adc80 bitmapCt=12 bitmapW=64 bitmapH=64 BitmapInternalFormat=93b0, Counterpart=0x7f8b118580 counterpartCT=4 counterpartW=64 counterparth=64

E/        ( 5151): GFX convertToRaster() in Canvas.cpp HWACC for bitmap size 64x64

I/TZ_COMMON: tlc_key_db_util: ( 3535): DB Operation suceeded

I/TZ: client_server_communication( 3535): Cmd id = 46, len = 19456

I/TZ: client_server_communication( 3535): Calling Communicate()

I/TLC_SERVER( 3786): BnTLCServer::onTransact(2) 16

I/TLC_SERVER( 3786): COMM

I/InjectionManager( 2894): Inside getClassLibPath + mLibMap{0=, 1=}

D/PanelView( 4020): There is/are notification(s) 

D/PanelView( 4020): kidsfalse mQsExpansionEnabled:true

I/Timeline( 4536): Timeline: Activity_idle id: android.os.BinderProxy@193343c9 time:32329647

W/CAE     ( 3535): getContextInfo(ContextAwareService.java:457) - [getContext 01] Mutex is locked for ACTIVITY_TRACKER_BATCH_CURRENT_INFO

V/CAE     ( 3535): enable(ActivityTrackerBatchCurrentInfoRunner.java:182)

V/CAE     ( 3535): clear(ActivityTrackerBatchCurrentInfoRunner.java:206)

I/CAE     ( 3535): sendCmdToSensorHub(SensorHubCommManager.java:144) - -72, 26, 2, 0,

D/SensorHubManager( 3535): SendSensorHubData: send data = -72, 26, 2, 0

I/InjectionManager( 2894): Inside getClassLibPath caller 

D/Sensorhubs( 3014): sendContextData: -72, 26, 2, 0

D/PanelView( 4020): There is/are notification(s) 

D/PanelView( 4020): kidsfalse mQsExpansionEnabled:true

D/CAE     ( 3535): getFaultDetectionResult(ActivityTrackerBatchCurrentInfoRunner.java:218) - true

I/CAE     ( 3535): notifyCmdProcessResultObserver(ContextProvider.java:627) - CheckResult = 0, Cause = Success

E/JavaBinder( 3535): !!! FAILED BINDER TRANSACTION !!!

I/TZ_CCM_C_Finalize: ( 3535): DEBUG_CONTAINER_PROBLEM Exercising TZ_CCM_C_Finalize_TLC

I/TZ: client_server_communication( 3535): Cmd id = 41, len = 19456

I/TZ: client_server_communication( 3535): Calling Communicate()

I/TLC_SERVER( 3786): BnTLCServer::onTransact(2) 16

I/TLC_SERVER( 3786): COMM

W/CAE     ( 3535): getContextInfo(ContextAwareService.java:511) - [getContext 02] Mutex is unlocked for ACTIVITY_TRACKER_BATCH_CURRENT_INFO

D/SContextService( 3535): requestToUpdate() : service = Activity Batch

D/SContextManager( 3535):   .requestToUpdate : listener = com.samsung.location.lib.SContentManager$ISContextListener@185174b8, service=Activity Batch

I/TZ: client_server_communication( 3535): Client_Server_Close was called

I/TLC_SERVER( 3786): BnTLCServer::onTransact(1) 16

I/TLC_SERVER( 3786): CLOSESWCONN

I/TZ: client_server_communication( 3535): Client_Server_Close succeeded

I/FipsTimaKeyStore( 3535): CCM is available on this device

I/FipsTimaKeyStore( 3535): CCM is NOT enabled for this user

I/        ( 3535): TimaKeyStore: tima_KeyStore3_exist_JNI

I/        ( 3535): TimaKeyStore: callingUid is 1000

E/TLC_TZ_KEYSTORE: ( 3535): Inside TZ_KEYSTORE_encrypt_filename()

I/TLC_TZ_KEYSTORE: ( 3535): creating new keystore context...

I/TLC_TZ_KEYSTORE: ( 3535): initializing ccm context...

I/TLC_TZ_KEYSTORE: ( 3535): root = 0, root_strlen = 1

I/TLC_TZ_KEYSTORE: ( 3535): process = ffffffff000000000000000000000013, process_strlen = 32

I/TZ: mc_tlc_communication( 3535): input max_sendmsg_size = 1080

I/TZ: mc_tlc_communication( 3535): input max_recvmsg_size = 1080

I/TZ: mc_tlc_communication( 3535): root = 0, root_len = 1

I/TZ: mc_tlc_communication( 3535): process = ffffffff000000000000000000000013, process_strlen = 32

I/TZ: mc_tlc_communication( 3535): aligned max_sendmsg_size = 1088

I/TZ: mc_tlc_communication( 3535): aligned max_recvmsg_size = 1088

I/TZ: mc_tlc_communication( 3535): device_id = 0x0

I/TZ: mc_tlc_communication( 3535): tlc_open() was called

I/TZ: mc_tlc_communication( 3535): Opening MobiCore device

E/McClient( 3535):   *****************************

E/McClient( 3535):   *** ERROR: Device 0 already opened

E/McClient( 3535):   *** Detected in mcOpenDevice/205()

E/McClient( 3535):   *****************************

I/TZ: mc_tlc_communication( 3535): Allocating message buffer for TCI

I/TZ: mc_tlc_communication( 3535): Opening the session

D/Sensorhubs( 3014): readLargeContextData: 1, 1, 26, 4, 4, -103, -96, 12, 1, 1, 1, 5, 23, 89

D/SensorHubManager( 3535): onGetSensorHubDataLocked: library(14) = 1, 1, 26, 4, 4, -103, -96, 12, 1, 1, 1, 5, 23, 89

D/CAE     ( 3535): onGetSensorHubData(SensorHubParserProvider.java:92) - onGetSensorHubData Event [event buffer len :14], AP_WAKEUP

I/CAE     ( 3535): parse(SensorHubParserProvider.java:188) - buffer size = 14

I/CAE     ( 3535): parse(SensorHubParserProvider.java:199) - 1, 1, 26, 4, 4, -103, -96, 12, 1, 1, 1, 5, 23, 89,

W/CAE     ( 3535): parse(ActivityTrackerBatchRunner.java:236) - parse start

W/CAE     ( 3535): getContextInfo(ContextAwareService.java:457) - [getContext 01] Mutex is locked for ACTIVITY_TRACKER_BATCH_CURRENT_INFO

V/CAE     ( 3535): enable(ActivityTrackerBatchCurrentInfoRunner.java:182)

V/CAE     ( 3535): clear(ActivityTrackerBatchCurrentInfoRunner.java:206)

I/CAE     ( 3535): sendCmdToSensorHub(SensorHubCommManager.java:144) - -72, 26, 2, 0,

D/SensorHubManager( 3535): SendSensorHubData: send data = -72, 26, 2, 0

D/Sensorhubs( 3014): sendContextData: -72, 26, 2, 0

I/CAE     ( 3535): getMostActivity(ActivityTrackerBatchRunner.java:321) - size:10

D/CAE     ( 3535): display(ContextProvider.java:375) - ================= ACTIVITY_TRACKER_BATCH =================

I/CAE     ( 3535): display(ContextProvider.java:391) - Accuracy=[1], Duration=[333657], Count=[1], OperationMode=[2], ActivityType=[1], MostActivity=[1], TimeStamp=[1448486776844]

W/CAE     ( 3535): parse(ActivityTrackerBatchRunner.java:307) - parse end

D/SContextService( 3535): updateSContext() : event = Activity Batch

D/SLocation( 3535): TYPE_ACTIVITY_BATCH [2]

D/CAE     ( 3535): getFaultDetectionResult(ActivityTrackerBatchCurrentInfoRunner.java:218) - true

E/JavaBinder( 3535): !!! FAILED BINDER TRANSACTION !!!

I/CAE     ( 3535): notifyCmdProcessResultObserver(ContextProvider.java:627) - CheckResult = 0, Cause = Success

D/KnoxNotification( 4020): ----- inflateViews : modified publicViewLocal -----

I/MicroRecognitionRnrImpl( 4734): Starting detection.

I/MicrophoneInputStream( 4734): mic_starting com.google.android.apps.gsa.speech.audio.aa@3fd6b0a5

E/        ( 2986): BitTube(): close sendFd (93)

E/        ( 2986): BitTube(): close sendFd (113)

W/InputDispatcher( 3535): channel ~ Consumer closed input channel or an error occurred.  events=0x9

E/InputDispatcher( 3535): channel ~ Channel is unrecoverably broken and will be disposed!

I/Sensors ( 3535): Acc old sensor_state 33554433, new sensor_state : 33554432 en : 0

D/SensorService( 3535): cleanupConnection - size : 1, ref : 0

E/        ( 3535): BitTube(): close sendFd (631)

W/CAE     ( 3535): getContextInfo(ContextAwareService.java:511) - [getContext 02] Mutex is unlocked for ACTIVITY_TRACKER_BATCH_CURRENT_INFO

D/SContextService( 3535): requestToUpdate() : service = Activity Batch

D/SContextManager( 3535):   .requestToUpdate : listener = com.samsung.location.lib.SContentManager$ISContextListener@185174b8, service=Activity Batch

D/SLocation( 3535): last acc 54.228

D/KnoxNotification( 4020): ----- inflateViews : modified KnoxViewLocal -----

W/InputDispatcher( 3535): Attempted to unregister already unregistered input channel

V/audio_hw_primary( 3006): adev_open_input_stream config->channel_mask:0xc sample_rate:16000

I/SurfaceFlinger( 2986): id=4040 Removed TurfaceView (14/16)

V/audio_hw_primary( 3006): in->requested_rate:16000, pcm_config_in.rate:48000 in->config.channels=2

I/SurfaceFlinger( 2986): id=4040 Removed TurfaceView (-2/16)

D/audio_hw_primary( 3006): adev_open_input_stream call echoReference_init(12)

V/echo_reference_processing( 3006): echoReference_init +

I/audio_hw_primary( 3006): adev_open_input_stream input is null, set new input stream

I/AudioFlinger( 3006): AudioFlinger's thread 0xed844000 ready to run

I/TZ: mc_tlc_communication( 3535): tlc_open() succeeded

I/TLC_TZ_KEYSTORE: ( 3535): ctx = 0x7f7c277c80, comm = 0x7f54fff840, sendmsg = 0x7f7e40a000, recvmsg = 0x7f7e40a440

I/TLC_TZ_COMMON: get_filename: ( 3535): TZ_COMMON: Get_filename - allow_hashing: 0

I/TLC_TZ_COMMON: get_filename: ( 3535): TZ GetFN : priv_data.in_filename: 1000_KS_SKEY_PersonaPwdResetToken0, len: 34

I/TLC_TZ_COMMON: get_filename: ( 3535): TZ CCM : priv_data.in_fn_len: 34

