D/KeyguardViewMediator( 4020): adjustStatusBarLocked: mShowing=true mOccluded=false isSecure=? --> flags=0x3200000

D/RestrictionPolicy( 3535): isStatusBarExpansionAllowedAsUser : true, userId = 0

D/KeyguardPreviewContainer( 4020): refreshPhonePreviewIfNeeded - re-creating preview

D/KeyguardPreviewInflater( 4020): intent.getAction()=android.intent.action.DIAL

D/SettingsProvider( 3535): name = keyguard_current_wallpaper_file_path

D/SettingsProvider( 3535): edmUri: content://com.sec.knox.provider/RestrictionPolicy3

D/SettingsProvider( 3535): projectionArgs: isSettingsChangesAllowed

D/SettingsProvider( 3535): selectionArgs: false

D/SettingsProvider( 3535): selectionArgs: 10069

D/SecContentProvider( 3535): uri = 17 selection = isSettingsChangesAllowed

D/SettingsProvider( 3535): ret = 1

D/KeyguardPreviewInflater( 4020): switching default dialer action

D/KeyguardViewMediator( 4020): isPwdChangeRequested :: false

I/Choreographer( 4020): Skipped 49 frames!  The application may be doing too much work on its main thread.

D/SettingsProvider( 3535): name = keyguard_current_wallpaper_res_id

D/SettingsProvider( 3535): edmUri: content://com.sec.knox.provider/RestrictionPolicy3

D/SettingsProvider( 3535): projectionArgs: isSettingsChangesAllowed

D/SettingsProvider( 3535): selectionArgs: false

D/SettingsProvider( 3535): selectionArgs: 10069

D/SecContentProvider( 3535): uri = 17 selection = isSettingsChangesAllowed

D/SettingsProvider( 3535): ret = 1

D/KeyguardViewMediator( 4020): doKeyguard: SDP_USER_0 inside handleShow LOCKING SDP userid= 0 info SdpEngineInfo { alias:android_0 pkg:  id:0 userid:0 state:2 flags:3 version:4 type:1}

D/SdpServiceKeeper( 3535): SDP_USER_0 isAuthorized 4020 10069 SdpEngineInfo { alias:android_0 pkg:  id:0 userid:0 state:2 flags:3 version:4 type:1} com.android.systemui

D/SdpServiceKeeper( 3535): SDP_USER_0 isAuthorized true false true 1000

D/SdpManagerService( 3535): lockInternal 0

E/SDP.CRYPTO( 3535):     On Locked OK, id 0

D/SdpManagerService( 3535): clearCachedPassword (CMK) 0

E/SdpManagerService( 3535): sendBroadcastAsUser(INTENT_SDP_STATE_CHANGED, state:1)

D/KeyguardViewMediator( 4020): doKeyguard: SDP_USER_0 inside handleShow lock succesful.

D/KeyguardEffectViewUtil( 1931): checkWhiteLockscreenWallpaper() start

E/Zygote  ( 1952): MountEmulatedStorage()

E/Zygote  ( 1952): v2

I/SELinux ( 1952): Function: selinux_compare_spd_ram, SPD-policy is existed. and_ver=SEPF_SM-G925T_5.1.1 ver=38

I/SELinux ( 1952): Function: selinux_compare_spd_ram , priority [1] , priority version is VE=SEPF_SM-G925T_5.1.1_0038

E/Zygote  ( 1952): accessInfo : 0

E/SELinux ( 1952): [DEBUG] get_category: variable seinfo: platform sensitivity: NULL, cateogry: NULL

D/RestrictionPolicy( 3535): isStatusBarExpansionAllowedAsUser : true, userId = 0

D/TimaKeyStoreProvider( 1952): TimaSignature is unavailable

D/ActivityThread( 1952): Added TimaKeyStore provider

D/KeyguardEffectViewUtil( 1931): checkWhiteLockscreenWallpaper() end

D/InputDispatcher( 3535): Focus left window: 4536

D/InputDispatcher( 3535): Focus entered window: 4020

D/KeyguardEffectViewVignetting( 1931): applyBlendedFilter()

D/KeyguardEffectViewVignetting( 1931): getCenterCropRect()

D/KeyguardEffectViewVignetting( 1931): left and rigth are cropped

D/KeyguardEffectViewVignetting( 1931): extractedColor of top = 29

D/KeyguardEffectViewVignetting( 1931): extractedColor of bottom = 64

D/SecKeyguardStatusUtils( 1931): isUltraPowerSavingMode() :false

I/KeyguardWallpaperViewController( 1931): createLayoutParams

I/InjectionManager( 1952): Inside getClassLibPath + mLibMap{0=, 1=}

D/mali_winsys( 4020): new_window_surface returns 0x3000,  [1440x2560]-format:1

D/PointerIcon( 3535): setMouseIconStyle1 pointerType: 1001 iconType:101 flag:0 pid:3535 uid:1000

D/PointerIcon( 3535): setMouseCustomIcon IconType is same.101

D/mali_winsys( 4269): new_window_surface returns 0x3000,  [1x2560]-format:1

I/InjectionManager( 1952): Inside getClassLibPath caller 

I/SecureStorage( 3535): [INFO]: SPID(0x000000B5)Processing data has been completed

I/SecureStorage( 3036): [INFO]: SPID(0x000000B5)Secure Storage Daemon finished processing with result: 0

D/StatusBar-QSPanel( 4020): onLayout left:16 top:0 record.row:0

D/StatusBar-QSPanel( 4020): onLayout left:300 top:0 record.row:0

D/StatusBar-QSPanel( 4020): onLayout left:584 top:0 record.row:0

D/StatusBar-QSPanel( 4020): onLayout left:868 top:0 record.row:0

D/StatusBar-QSPanel( 4020): onLayout left:1152 top:0 record.row:0

D/OpenGLRenderer( 1931): Use EGL_SWAP_BEHAVIOR_PRESERVED: true

I/CenterBarWindow(16431): Remove drag and drop center bar image

I/CenterBarWindow(16431): drawCenterBar : positionX = 720, positionY = 1280

I/CenterBarWindow(16431): setImageToImageView

D/PhoneStatusBar( 4020): makeExpandedVisible:true

I/HINT_rq (31549): SimplePayVisibilityReceiver action :com.android.systemui.statusbar.ANIMATING

D/PanelView( 4020): mClearAll.setVisibility - mIsFullyOpened : false isShade : false mHasNotification : false mIsUpwardFling : false mQsFullyExpanded : false isShadeLocked : false mClearAllVisible : false

D/KeyguardWallpaperViewController( 1931): addView called

D/WaterDroplet_Keyguard( 1931): update

D/WaterDroplet_Keyguard( 1931): changeBackground()

D/WaterDroplet_Keyguard( 1931): setBackground

D/KeyguardEffectViewUtil( 1931): getCurrentWallpaper() mWallpaperPath : /data/data/com.sec.android.wallpapercropper2/files/lockscreen_wallpaper.jpg

I/CenterBarWindow(16431): Remove drag and drop center bar image

I/CenterBarWindow(16431): drawCenterBar : positionX = 720, positionY = 1280

I/CenterBarWindow(16431): setImageToImageView

D/PanelView( 4020): mClearAll.setVisibility - mIsFullyOpened : false isShade : false mHasNotification : false mIsUpwardFling : false mQsFullyExpanded : false isShadeLocked : false mClearAllVisible : false

D/PanelView( 4020): mClearAll.setVisibility - mIsFullyOpened : false isShade : false mHasNotification : false mIsUpwardFling : false mQsFullyExpanded : false isShadeLocked : false mClearAllVisible : false

D/KeyguardUpdateMonitor( 4020): handleKeyguardVisibilityChanged(1)

D/SecKeyguardStatusUtils( 4020): isUltraPowerSavingMode() :false

D/KeyguardEffectViewController( 4020): isCategoriesWallpaper = false, isLiveWallpaper = falseisHomeWallpaper = false

D/SecKeyguardClockView( 4020): updateCMASText() mOwnerInfo=android.widget.TextView{eb1c153 I.ED..C. ......ID 32,0-32,86 #7f0e03a3 app:id/keyguard_owner_info}

D/SecKeyguardClockView( 4020): disableNoti = true

D/SecKeyguardClockView( 4020): updateCMASText( )

D/RCPManagerService( 3535): exchangeData() failure , invalid userId

I/SecKeyguardClockSingleView( 4020): Ignore. Because it is same clock text

D/RCPManagerService( 3535): exchangeData() failure , invalid userId

I/SecKeyguardClockSingleView( 4020): Ignore. Because it is same clock text

I/SecKeyguardClockSingleView( 4020): Ignore. Because it is same clock text

D/PhoneStatusBar( 4020): disable: < expand ICONS alerts SYSTEM_INFO BACK* HOME* RECENT* clock SEARCH* >

D/KeyguardSPassUnlockView( 4020): onWindowFocusChanged(): hasWindowFocus=true

D/KeyguardSPassUnlockView( 4020): onWindowFocusChanged - get focus

D/KeyguardSPassUnlockView( 4020): reset()

D/KeyguardSPassUnlockView( 4020): max failed attempt for device disable :0

D/KeyguardSPassUnlockView( 4020): isDeviceDisabledForMaxFailedAttempt return :false

D/KeyguardSpassUnlockThread( 4020): reset()

D/RCPManagerService( 3535): exchangeData() failure , invalid userId

D/KeyguardSpassUnlockThread( 4020): handleStopIdentify()

D/KeyguardUnlockEventHandler( 4020): reset()

D/StatusBar-QSPanel( 4020): onLayout left:16 top:0 record.row:0

D/StatusBar-QSPanel( 4020): onLayout left:300 top:0 record.row:0

D/StatusBar-QSPanel( 4020): onLayout left:584 top:0 record.row:0

D/StatusBar-QSPanel( 4020): onLayout left:868 top:0 record.row:0

D/StatusBar-QSPanel( 4020): onLayout left:1152 top:0 record.row:0

D/PanelView( 4020): mClearAll.setVisibility - mIsFullyOpened : false isShade : false mHasNotification : false mIsUpwardFling : false mQsFullyExpanded : false isShadeLocked : false mClearAllVisible : false

D/KeyguardViewMediator( 4020): handleKeyguardDoneDrawing

D/Recents_AlternateRecentsComponent( 4211): dismissHelpPopup 

D/InjectionManager( 1952): InjectionManager

D/InjectionManager( 1952): fillFeatureStoreMap com.samsung.android.email.provider

I/InjectionManager( 1952): Constructor com.samsung.android.email.provider, Feature store :{}

I/InjectionManager( 1952): featureStore :{}

D/PanelView( 4020): mClearAll.setVisibility - mIsFullyOpened : false isShade : false mHasNotification : false mIsUpwardFling : false mQsFullyExpanded : false isShadeLocked : false mClearAllVisible : false

D/CatchNotificationsService(29762): Update badge

D/BadgeProvider(32708): sendNotify entered. [uri] : content://com.sec.badge/apps

D/BadgeProvider(32708): sendNotify, [notify] : null

D/BadgeProvider(32708): update, [uri] : content://com.sec.badge/apps

D/BadgeProvider(32708): update, [uri.query] : null

D/BadgeProvider(32708): update, [BadgeCount] : badgecount=0

D/BadgeProvider(32708): update, [UpdateCount] : 1

D/BadgeProvider(32708): sendNotify entered. [uri] : content://com.sec.badge/apps

D/BadgeProvider(32708): sendNotify, [notify] : null

D/BadgeProvider(32708): update, [uri] : content://com.sec.badge/apps

D/BadgeProvider(32708): update, [uri.query] : null

D/BadgeProvider(32708): update, [BadgeCount] : badgecount=0

D/BadgeProvider(32708): update, [UpdateCount] : 1

I/EmailComponentMonitor( 1952): onCreate

D/BadgeProvider(32708): query, [selection] : null

I/KeyguardEffectViewUtil( 1931): set current wallpaper info

D/SettingsProvider( 3535): name = keyguard_current_wallpaper_type

D/SettingsProvider( 3535): edmUri: content://com.sec.knox.provider/RestrictionPolicy3

D/SettingsProvider( 3535): projectionArgs: isSettingsChangesAllowed

D/SettingsProvider( 3535): selectionArgs: false

D/SettingsProvider( 3535): selectionArgs: 10069

D/SecContentProvider( 3535): uri = 17 selection = isSettingsChangesAllowed

D/SettingsProvider( 3535): ret = 1

D/SettingsProvider( 3535): name = keyguard_current_wallpaper_file_path

D/SettingsProvider( 3535): edmUri: content://com.sec.knox.provider/RestrictionPolicy3

D/SettingsProvider( 3535): projectionArgs: isSettingsChangesAllowed

D/SettingsProvider( 3535): selectionArgs: false

D/SettingsProvider( 3535): selectionArgs: 10069

D/SecContentProvider( 3535): uri = 17 selection = isSettingsChangesAllowed

D/SettingsProvider( 3535): ret = 1

D/SettingsProvider( 3535): name = keyguard_current_wallpaper_res_id

D/SettingsProvider( 3535): edmUri: content://com.sec.knox.provider/RestrictionPolicy3

D/SettingsProvider( 3535): projectionArgs: isSettingsChangesAllowed

D/SettingsProvider( 3535): selectionArgs: false

D/SettingsProvider( 3535): selectionArgs: 10069

D/SecContentProvider( 3535): uri = 17 selection = isSettingsChangesAllowed

D/SettingsProvider( 3535): ret = 1

D/KeyguardEffectViewUtil( 1931): checkWhiteLockscreenWallpaper() start

D/CatchNotificationsService(29762): Update badge

I/EmailComponentMonitor( 1952): started as a not sticky service 

I/EmailComponentMonitor( 1952): started as a not sticky service 

D/BadgeProvider(32708): query, [selection] : null

D/KeyguardEffectViewUtil( 1931): checkWhiteLockscreenWallpaper() end

D/WaterDroplet_Keyguard( 1931): pBitmap.width = 1376, pBitmap.height = 2445

D/WaterDroplet_WaterDropletEffect( 1931): changeBackground Mode = 0

D/WaterDroplet_WaterDropletRenderer( 1931): changeBackground

D/WaterDroplet_WaterDropletRenderer( 1931): setBackground mode = 0

D/BitmapTools( 1931): getCenterCropBitmap() - bitmap size.getWidth() : 1376

D/BitmapTools( 1931): getCenterCropBitmap() - bitmap size.getHeight() : 2445

D/BitmapTools( 1931): getCenterCropBitmap() - width : 1440, height : 2560

D/BitmapTools( 1931): getCenterCropBitmap() - bmp is horizontally

D/KeyguardWallpaperViewController( 1931): mWallpaperPath = /data/data/com.sec.android.wallpapercropper2/files/lockscreen_wallpaper.jpg

V/KeyguardEffectViewController( 4020): *** Keyguard wallpaper service connected (yay!)

I/art     ( 1931): Background sticky concurrent mark sweep GC freed 420(20KB) AllocSpace objects, 1(20KB) LOS objects, 0% free, 71MB/71MB, paused 6.049ms total 13.901ms

D/KeyguardWallpaperService( 1931): KeyguardWallpaperService executeCommand(1) called

I/SurfaceFlinger( 2986): id=4039 createSurf (1440x2560),1 flag=4, LeyguardWal

D/SRIB_DCS( 1931): log_dcs ThreadedRenderer::initialize entered! 

D/BitmapTools( 1931): getCenterCropBitmap() - bitmap size.getWidth() : 1376

D/BitmapTools( 1931): getCenterCropBitmap() - bitmap size.getHeight() : 2445

D/BitmapTools( 1931): getCenterCropBitmap() - width : 2560, height : 1440

D/BitmapTools( 1931): getCenterCropBitmap() - bmp is vertically

D/libEGL  ( 1931): loaded /vendor/lib64/egl/libGLES_mali.so

I/OpenGLRenderer( 1931): Initialized EGL, version 1.4

I/OpenGLRenderer( 1931): HWUI protection enabled for context ,  &this =0x7f972c5200 ,&mEglDisplay = 1 , &mEglConfig = -1961532752 

D/OpenGLRenderer( 1931): Get maximum texture size. GL_MAX_TEXTURE_SIZE is 8192

D/OpenGLRenderer( 1931): Enabling debug mode 0

D/mali_winsys( 1931): new_window_surface returns 0x3000,  [1440x2560]-format:1

I/WaterDroplet_Keyguard( 1931): onSizeChanged, width = 1440, height = 2560, oldw = 0, oldh =0

I/SurfaceFlinger( 2986): id=4040 createSurf (1440x2560),3 flag=404, TurfaceView

D/WaterDroplet_WaterDropletEffect( 1931): test createContext

D/mali_winsys( 1931): new_window_surface returns 0x3000,  [1440x2560]-format:1

D/bauth_FPBAuthService( 3032): FPBAuthService, 5372

D/bauth_FPBAuthService( 3032): FPBAuthService, 5495

I/TLC_BAUTH( 3032): Call FP cmd 0xc;1572

I/tlc_communication( 3032): Send Trustlet TCI Message;211

I/tlc_communication( 3032): mcNotify is completed;221

D/WaterDroplet_WaterDropletRenderer( 1931): onSurfaceCreated

I/WaterDroplet_JniWaterDropletRenderer( 1931): SetBitmapData 

I/S-Physics( 1931): PhysicsEngineJNI static void PhysicsEngineJNI::SetTexture(JNIEnv*, jclass, jstring, jobject, jboolean)

I/WaterDroplet_JniWaterDropletRenderer( 1931): SetBitmapData 

I/S-Physics( 1931): PhysicsEngineJNI static void PhysicsEngineJNI::SetTexture(JNIEnv*, jclass, jstring, jobject, jboolean)

D/WaterDroplet_WaterDropletRenderer( 1931): onSurfaceChanged, width = 1440, height = 2560

D/WaterDroplet_WaterDropletRenderer( 1931): Enable Mobile Keyboard

D/WaterDroplet_WaterDropletRenderer( 1931): Mobile Keyboard is deattached

D/WaterDroplet_WaterDropletRenderer( 1931): First onSurfaceChanged, Call the Init_PhysicsEngine

D/WaterDroplet_WaterDropletRenderer( 1931): Change opengl BG Texture, size = 2

D/WaterDroplet_WaterDropletRenderer( 1931): preSetPortraitBGTexture

D/WaterDroplet_WaterDropletRenderer( 1931): SetTexture(PortraitBG)

I/WaterDroplet_JniWaterDropletRenderer( 1931): SetBitmapData 

I/S-Physics( 1931): PhysicsEngineJNI static void PhysicsEngineJNI::SetTexture(JNIEnv*, jclass, jstring, jobject, jboolean)

I/tlc_communication( 3032): mcWaitNotification is completed;245

I/TLC_BAUTH( 3032): Check the Trustlet return code is completed;1665

D/bauth_FPBAuthService( 3032): check_opcode status = 5, opcode = 0, func_ret_val = 0, function_status = 0, timeout = 0

D/WaterDroplet_WaterDropletRenderer( 1931): mPortraitBG is recycled

D/WaterDroplet_WaterDropletRenderer( 1931): preSetLandscapeBGTexture

D/WaterDroplet_WaterDropletRenderer( 1931): SetTexture(LandscapeBG)

I/WaterDroplet_JniWaterDropletRenderer( 1931): SetBitmapData 

I/S-Physics( 1931): PhysicsEngineJNI static void PhysicsEngineJNI::SetTexture(JNIEnv*, jclass, jstring, jobject, jboolean)

D/bauth_FPBAuthService( 3032): FPBAuthService, 5552

I/TLC_BAUTH( 3032): Call FUNC ID 0x4;661

I/TLC_BAUTH( 3032): Free ION Memory;690

I/TLC_BAUTH( 3032): Call FUNC ID 0x20;224

I/TLC_BAUTH( 3032): FUNC ID 0x20 is completed;250

I/tlc_communication( 3032): tlc_close() called;151

I/tlc_communication( 3032): Closing the session;155

D/WaterDroplet_WaterDropletRenderer( 1931): mLandscapeBG is recycled

D/WaterDroplet_WaterDropletRenderer( 1931): isTablet() - false

I/S-Physics( 1931): PhysicsEngineJNI static void PhysicsEngineJNI::Init_PhysicsEngine(JNIEnv*, jclass, jint, jint, jint, jint)

I/S-Physics( 1931): SPSceneManager void SPhysics::SPSceneManager::makeSceneLayer(int, int)

I/S-Physics( 1931): Zero 20150527 mode

I/tlc_communication( 3032): Free WSM;171

I/tlc_communication( 3032): tlc_close() successed;198

I/TLC_BAUTH( 3032): FUNC ID 0x4 is completed;791

D/bauth_FPBAuthSensorControl( 3032): FPBAuthSensorControl, 218

D/bauth_FPBAuthService( 3032): FPBAuthService, 540

D/bauth_FPBAuthService( 3032): FPBAuthService, 5594

I/TLC_BAUTH( 3032): Call FUNC ID 0x3;444

I/tlc_communication( 3032): tlc_open() called;85

I/tlc_communication( 3032): Allocating WSM for TCI;102

I/tlc_communication( 3032): Opening the session;118

I/S-Physics( 1931): Load BG Texture

D/        ( 1931): [G3D][cpomp_get_shader_from_blob_cache][compile_status: 1][shader_size: 0][ir_size: 6382]

D/        ( 1931): [G3D][cpomp_get_shader_from_blob_cache][compile_status: 1][shader_size: 0][ir_size: 4850]

I/S-Physics( 1931): 95, 1440.000000, 2560.000000

I/S-Physics( 1931): PhysicsEngineJNI static void PhysicsEngineJNI::onSurfaceChangedEvent(JNIEnv*, jclass, jint, jint)

I/S-Physics( 1931): SurfaceChanged 20150627 - width : 1440, height : 2560

I/S-Physics( 1931): Load BG Texture

D/        ( 1931): [G3D][cpomp_get_shader_from_blob_cache][compile_status: 1][shader_size: 0][ir_size: 6382]

D/        ( 1931): [G3D][cpomp_get_shader_from_blob_cache][compile_status: 1][shader_size: 0][ir_size: 4850]

I/S-Physics( 1931): UV Bottom Offset : 0.000000

D/        ( 1931): [G3D][cpomp_get_shader_from_blob_cache][compile_status: 1][shader_size: 0][ir_size: 6803]

D/        ( 1931): [G3D][cpomp_get_shader_from_blob_cache][compile_status: 1][shader_size: 0][ir_size: 5128]

D/WaterDroplet_Keyguard( 1931): show

D/WaterDroplet_WaterDropletEffect( 1931): show

D/WaterDroplet_Keyguard( 1931): sound : new SoundPool

V/MediaPlayer( 1931): decode(48, 4588784, 9857)

V/MediaPlayerService( 3006): decode(42, 4588784, 9857)

V/MediaPlayerService( 3006): player type = 4

V/NuPlayerDriver( 3006): NuPlayerDriver(0xefcaa700)

V/NuPlayerDriver( 3006): setDataSource(0xefcaa700) file(42)

V/GenericSource( 3006): setDefault

V/NuPlayer( 3006): kWhatSetAudioSink

V/NuPlayer( 3006): kWhatSetDataSource

V/MediaPlayerService( 3006): prepare

V/NuPlayerDriver( 3006): prepareAsync(0xefcaa700)

V/MediaPlayerService( 3006): wait for prepare

V/GenericSource( 3006): prepareAsync

V/GenericSource( 3006): [Flag] set 0x8 -> mFlags = 0x8

V/GenericSource( 3006): onPrepareAsync

D/        ( 1931): [G3D][cpomp_get_shader_from_blob_cache][compile_status: 1][shader_size: 0][ir_size: 6803]

I/OggExtractor( 3006): OggSource::OggSource() mExtractor ref count = 4

I/AnotherPacketSource( 3006): setFormat() audio

V/GenericSource( 3006): setDefault

I/GenericSource( 3006): NuPlayer Ormode enabled

V/GenericSource( 3006): send mUnsupportedAudio = 0 mUnsupportedVideo = 0 mHaveAudio = 1 mHaveVideo = 0

V/GenericSource( 3006): onPrepareAsyncEvent() done

V/NuPlayer( 3006): prepare posted successfully.

V/NuPlayer( 3006): mUnsupportedAudio = 0, mUnsupportedVideo = 0, mHaveAudioTrack = 1, mHaveVideoTrack = 0

V/NuPlayer( 3006): msg : 200, ext1 : 973, ext2 : 0

V/AudioCache( 3006): notify(0xec932c40, 200, 973, 0)

V/AudioCache( 3006): ignored

V/NuPlayer( 3006): extractMetadata Tracks : 1

V/NuPlayer( 3006): enableInbandTextFromExtr

V/AudioCache( 3006): notify(0xec932c40, 1, 0, 0)

V/AudioCache( 3006): prepared

V/AudioCache( 3006): wait - success

V/MediaPlayerService( 3006): start

D/NuPlayerDriver( 3006): start(0xefcaa700)

V/MediaPlayerService( 3006): wait for playback complete

V/NuPlayer( 3006): kWhatStart

I/GenericSource( 3006): start

V/NuPlayer( 3006): checkOffloadExceptions is true, call canOffloadStream

I/NuSecMediaClock( 3006): NuSecMediaClock constructor

I/NuSecMediaClock( 3006): reset

I/NuSecMediaClock( 3006): init success

I/NuSecMediaClock( 3006): setClockMargin mMinClockModificationCondition (70000), mMaxClockCorrection (30000)

I/NuPlayerRenderer( 3006): setParamForMediaClock() out

I/NuPlayerRenderer( 3006): setDuration (274489)

V/NuPlayer( 3006): scanning sources haveAudio=0, haveVideo=0

D/        ( 1931): [G3D][cpomp_get_shader_from_blob_cache][compile_status: 1][shader_size: 0][ir_size: 5128]

V/NuPlayer( 3006): checkOffloadExceptions is true, call canOffloadStream

V/NuPlayer( 3006): make Decoder (audio)

V/NuPlayer( 3006): executePendingSecSeek - There ara not any pending seek!

I/ACodec  ( 3006):  [] Now uninitialized

I/ACodec  ( 3006): >>> getPortFormat 16, OMX.google.vorbis.decoder

I/ACodec  ( 3006): [OMX.google.vorbis.decoder] Now Executing

D/        ( 1931): [G3D][cpomp_get_shader_from_blob_cache][compile_status: 1][shader_size: 0][ir_size: 7856]

I/ACodec  ( 3006): [OMX.google.vorbis.decoder] Now Executing

I/ACodec  ( 3006): >>> getPortFormat 16, OMX.google.vorbis.decoder

D/        ( 1931): [G3D][cpomp_get_shader_from_blob_cache][compile_status: 1][shader_size: 0][ir_size: 11228]

I/NuPlayerDecoder( 3006): openAudioSink_l

I/NuPlayerRenderer( 3006): openAudioSink: offloadOnly(0) offloadingAudio(0)

I/NuPlayerRenderer( 3006): openAudioSink: open AudioSink in NON-offload mode audioFormat : 1, flags : 0

I/NuPlayerRenderer( 3006): use bufferCount 4

V/AudioCache( 3006): open(44100, 2, 0x0, 1, 0)

I/NuSecMediaClock( 3006): reset

I/NuPlayerRenderer( 3006): setAudioFirstAnchorTimeIfNeeded mAudioFirstAnchorTimeMediaUs : -1, new mediaTimeUs : 13061

V/NuPlayer( 3006): media rendering started

V/NuPlayer( 3006): msg : 6, ext1 : 0, ext2 : 0

V/AudioCache( 3006): notify(0xec932c40, 6, 0, 0)

V/AudioCache( 3006): ignored

I/NuPlayerDecoder( 3006): End of Stream

I/NuPlayerDecoder( 3006): Set EOS for DRM

I/NuPlayerDecoder( 3006): End of Stream

I/NuPlayerDecoder( 3006): Set EOS for DRM

I/NuPlayerRenderer( 3006): onQueueEOS audio finalResult : -1011

I/NuPlayerRenderer( 3006): [audio] notifyEOS() End of Stream, delayUs : 2

V/NuPlayer( 3006): reached audio EOS

V/NuPlayer( 3006): msg : 2, ext1 : 0, ext2 : 0

V/AudioCache( 3006): notify(0xec932c40, 2, 0, 0)

V/AudioCache( 3006): playback complete

V/AudioCache( 3006): wait - success

V/GenericSource( 3006): pause

D/NuPlayerDriver( 3006): reset(0xefcaa700)

V/GenericSource( 3006): [Flag] clear 0x1 -> mFlags = 0x8

V/AudioCache( 3006): notify(0xec932c40, 8, 0, 0)

I/GenericSource( 3006): mDRMEOS is true, check with -1

V/AudioCache( 3006): ignored

V/NuPlayer( 3006): kWhatReset

I/NuPlayerRenderer( 3006): onPause

V/NuPlayer( 3006): performDecoderFlush audio=2, video=2

V/NuPlayer( 3006): [audio] flushDecoder needShutdown=1

V/NuPlayer( 3006): postponing action mFlushingAudio=2, mFlushingVideo=0

I/NuPlayerRenderer( 3006): flush audio, notifyComplete 1, shutdown Yes

V/NuPlayer( 3006): Testing logs : mResetInProgress=1, mVideoEOS =0, mAudioEOS =0

V/NuPlayer( 3006): (mAudioDecoder != NULL) = true, (mVideoDecoder != NULL) = false

D/NuPlayerRenderer( 3006): signalTimeDiscontinuity() mHasAudio = 1 , mHasVideo = 0

I/NuPlayerRenderer( 3006): flushing audio

I/NuPlayerRenderer( 3006): onFlush mAudioQueueGeneration : 2

I/ACodec  ( 3006): [OMX.google.vorbis.decoder] signalFlush

V/NuPlayer( 3006): renderer audio flush completed.

I/ACodec  ( 3006): [OMX.google.vorbis.decoder] ExecutingState flushing now (codec owns 0/4 input, 2/4 output).

I/ACodec  ( 3006): [OMX.google.vorbis.decoder] Now Flushing

I/ACodec  ( 3006): [OMX.google.vorbis.decoder] FlushingState onOMXEvent(0,1,0)

I/ACodec  ( 3006): [OMX.google.vorbis.decoder] FlushingState onOMXEvent(0,1,1)

I/ACodec  ( 3006): [OMX.google.vorbis.decoder] Now Executing

V/NuPlayer( 3006): Got valid new generation 2 

V/NuPlayer( 3006): decoder audio flush completed

V/NuPlayer( 3006): initiating audio decoder shutdown

I/ACodec  ( 3006):  [OMX.google.vorbis.decoder] Now uninitialized

V/NuPlayer( 3006): Got valid new generation 3 

V/NuPlayer( 3006): audio shutdown completed

V/NuPlayer( 3006): both audio and video are flushed now.

V/NuPlayer( 3006): Reset was postponed execute processDeferredActions

V/NuPlayer( 3006): performReset

I/NuSecMediaClock( 3006): NuSecMediaClock destructor

V/GenericSource( 3006): stop()

V/GenericSource( 3006): PREPARE_CANCELLED set to true

V/GenericSource( 3006): [Flag] set 0x40 -> mFlags = 0x48

V/GenericSource( 3006): [Flag] clear 0x8 -> mFlags = 0x40

V/GenericSource( 3006): stop() end

V/GenericSource( 3006): ~GenericSource()

I/OggExtractor( 3006): OggSource::stop() mExtractor ref count = 2

I/OggExtractor( 3006): ~OggSource --

D/NuPlayerDriver( 3006): notifyResetComplete(0xefcaa700)

V/NuPlayerDriver( 3006): ~NuPlayerDriver(0xefcaa700)

I/OggExtractor( 3006): ~OggExtractor ++

I/OggExtractor( 3006): ~MyVorbisExtractor ++ 

I/OggExtractor( 3006): ~MyVorbisExtractor --

I/OggExtractor( 3006): ~OggExtractor --

D/WaterDroplet_Keyguard( 1931): sound : onLoadComplete

I/tlc_communication( 3032): tlc_open() successed;138

I/TLC_BAUTH( 3032): Check TCI buffer;480

I/TLC_BAUTH( 3032): Call FP cmd 0xf;298

I/tlc_communication( 3032): Send Trustlet TCI Message;211

I/tlc_communication( 3032): mcNotify is completed;221

I/tlc_communication( 3032): mcWaitNotification is completed;245

I/TLC_BAUTH( 3032): Check the Trustlet return code is completed;333

I/TLC_BAUTH( 3032): Call FUNC ID 0x10;174

I/TLC_BAUTH( 3032): FUNC ID 0x10 is completed;206

I/TLC_BAUTH( 3032): Call FP cmd 0x10;350

I/tlc_communication( 3032): Send Trustlet TCI Message;211

I/tlc_communication( 3032): mcNotify is completed;221

I/S-Physics( 1931): loadTexture called

I/S-Physics( 1931): UV Bottom Offset : 0.000000

I/S-Physics( 1931): 1 step, only BG load & draw

I/tlc_communication( 3032): mcWaitNotification is completed;245

I/TLC_BAUTH( 3032): Check the Trustlet return code is completed;377

D/        ( 1931): [G3D][cpomp_get_shader_from_blob_cache][compile_status: 1][shader_size: 0][ir_size: 6863]

I/TLC_BAUTH( 3032): FUNC ID 0x3 is completed;644

D/bauth_FPBAuthService( 3032): FPBAuthService, 5675

D/bauth_FPBAuthService( 3032): FPBAuthService, 5693

D/bauth_FPBAuthService( 3032): FPBAuthService, 5395

D/        ( 1931): [G3D][cpomp_get_shader_from_blob_cache][compile_status: 1][shader_size: 0][ir_size: 5365]

D/WaterDroplet_WaterDropletRenderer( 1931): FPS = 1

D/WaterDroplet_WaterDropletRenderer( 1931): show

D/WaterDroplet_WaterDropletRenderer( 1931): mDrawCount == 1, call mIEffectListener.onReceive()

D/WaterDroplet_Keyguard( 1931): KeyguardEffectViewWaterDroplet : mKeyguardWindowCallback is called!!!

I/S-Physics( 1931): 2 step, load other texture

I/S-Physics( 1931): loadTexture called

I/S-Physics( 1931): UV Bottom Offset : 0.000000

D/        ( 1931): [G3D][cpomp_get_shader_from_blob_cache][compile_status: 1][shader_size: 0][ir_size: 6382]

D/        ( 1931): [G3D][cpomp_get_shader_from_blob_cache][compile_status: 1][shader_size: 0][ir_size: 4850]

D/        ( 1931): [G3D][cpomp_get_shader_from_blob_cache][compile_status: 1][shader_size: 0][ir_size: 6803]

D/        ( 1931): [G3D][cpomp_get_shader_from_blob_cache][compile_status: 1][shader_size: 0][ir_size: 5128]

D/        ( 1931): [G3D][cpomp_get_shader_from_blob_cache][compile_status: 1][shader_size: 0][ir_size: 6803]

D/        ( 1931): [G3D][cpomp_get_shader_from_blob_cache][compile_status: 1][shader_size: 0][ir_size: 5128]

D/        ( 1931): [G3D][cpomp_get_shader_from_blob_cache][compile_status: 1][shader_size: 0][ir_size: 7856]

D/        ( 1931): [G3D][cpomp_get_shader_from_blob_cache][compile_status: 1][shader_size: 0][ir_size: 11228]

D/        ( 1931): [G3D][cpomp_get_shader_from_blob_cache][compile_status: 1][shader_size: 0][ir_size: 6863]

D/        ( 1931): [G3D][cpomp_get_shader_from_blob_cache][compile_status: 1][shader_size: 0][ir_size: 5365]

D/KeyguardSPassUnlockView( 4020): handleShowFingerPrintInstruction( show finger pirnt instructions )

D/WaterDroplet_WaterDropletRenderer( 1931): FPS = 57

D/WaterDroplet_WaterDropletRenderer( 1931): mJniWaterDroplet is Empty

D/WaterDroplet_WaterDropletRenderer( 1931): mJniWaterDroplet is Empty

D/WaterDroplet_WaterDropletRenderer( 1931): mJniWaterDroplet is Empty

D/WaterDroplet_WaterDropletRenderer( 1931): checkDirtyMode() Drity Mode

I/Tethering( 3535): BATTERY_CHANGED, level = 71lowBatteryThreshold = 15

D/KeyguardUpdateMonitor( 4020): received broadcast android.intent.action.BATTERY_CHANGED

I/PERF    ( 4020): received broadcast android.intent.action.BATTERY_CHANGED

D/KeyguardUpdateMonitor( 4020): handleBatteryUpdate

D/BatteryMonitor( 3990): new battery level: 71

D/QSTile.TorchLightTile( 4020): ACTION_BATTERY_CHANGED - Level :: 71, Status :: 2

D/RcsSettingsUtils( 3990): new battery level: 71

D/CommonServiceConfiguration( 3990): getStringValueSetting

D/RcsSettingsUtils( 3990): read setting battery level: null

I/Process ( 1952): Sending signal. PID: 1952 SIG: 9

D/com.facebook.a.a( 9290): Got unexpected exception: java.io.WriteAbortedException: Read an exception; java.io.NotSerializableException: org.json.JSONObject

I/Tethering( 3535): BATTERY_CHANGED, level = 71lowBatteryThreshold = 15

D/KeyguardUpdateMonitor( 4020): received broadcast android.intent.action.BATTERY_CHANGED

I/PERF    ( 4020): received broadcast android.intent.action.BATTERY_CHANGED

D/KeyguardUpdateMonitor( 4020): handleBatteryUpdate

D/BatteryMonitor( 3990): new battery level: 71

D/ApplicationPolicy( 3535): isStatusBarNotificationAllowedAsUser: packageName = com.android.systemui,userId = -1

V/ApplicationPolicy( 3535): isApplicationStateBlocked userId -1 pkgname com.android.systemui

D/QSTile.TorchLightTile( 4020): ACTION_BATTERY_CHANGED - Level :: 71, Status :: 2

D/RcsSettingsUtils( 3990): new battery level: 71

D/CommonServiceConfiguration( 3990): getStringValueSetting

D/RcsSettingsUtils( 3990): read setting battery level: null

D/StatusBar( 4020): ----- contentsUnchanged : true, bigContentsUnchanged - true, headsUpContentsUnchanged - true , publicUnchanged true

D/NotificationStackScrollLayout( 4020): hasNotification()-C:6

D/NotificationStackScrollLayout( 4020): hasNotification()-0-N:false

D/NotificationStackScrollLayout( 4020): hasNotification()-0-V:8

D/NotificationStackScrollLayout( 4020): hasNotification()-1-N:false

D/NotificationStackScrollLayout( 4020): hasNotification()-1-V:8

D/NotificationStackScrollLayout( 4020): hasNotification()-2-N:true

D/NotificationStackScrollLayout( 4020): hasNotification()-2-V:8

D/NotificationStackScrollLayout( 4020): hasNotification()-3-N:true

D/NotificationStackScrollLayout( 4020): hasNotification()-3-V:8

D/NotificationStackScrollLayout( 4020): hasNotification()-4-N:true

D/NotificationStackScrollLayout( 4020): hasNotification()-4-V:8

D/NotificationStackScrollLayout( 4020): hasNotification()-5-N:false

D/NotificationStackScrollLayout( 4020): hasNotification()-5-V:8

D/PanelView( 4020): There is/are no notification(s) 

D/PanelView( 4020): kidsfalse mQsExpansionEnabled:true

D/NotificationStackScrollLayout( 4020): hasNotification()-C:6

D/NotificationStackScrollLayout( 4020): hasNotification()-0-N:false

D/NotificationStackScrollLayout( 4020): hasNotification()-0-V:8

D/NotificationStackScrollLayout( 4020): hasNotification()-1-N:false

D/NotificationStackScrollLayout( 4020): hasNotification()-1-V:8

D/NotificationStackScrollLayout( 4020): hasNotification()-2-N:true

D/NotificationStackScrollLayout( 4020): hasNotification()-2-V:8

D/NotificationStackScrollLayout( 4020): hasNotification()-3-N:true

D/NotificationStackScrollLayout( 4020): hasNotification()-3-V:8

D/NotificationStackScrollLayout( 4020): hasNotification()-4-N:true

D/NotificationStackScrollLayout( 4020): hasNotification()-4-V:8

D/NotificationStackScrollLayout( 4020): hasNotification()-5-N:false

D/NotificationStackScrollLayout( 4020): hasNotification()-5-V:8

D/PanelView( 4020): There is/are no notification(s) 

D/PanelView( 4020): kidsfalse mQsExpansionEnabled:true

D/PanelView( 4020): mClearAll.setVisibility - mIsFullyOpened : false isShade : false mHasNotification : false mIsUpwardFling : false mQsFullyExpanded : false isShadeLocked : false mClearAllVisible : false

D/PanelView( 4020): mClearAll.setVisibility - mIsFullyOpened : false isShade : false mHasNotification : false mIsUpwardFling : false mQsFullyExpanded : false isShadeLocked : false mClearAllVisible : false

D/KeyguardUpdateMonitor( 4020): received broadcast android.intent.action.TIME_TICK

I/PERF    ( 4020): received broadcast android.intent.action.TIME_TICK

D/KeyguardUpdateMonitor( 4020): handleTimeUpdate

D/SecKeyguardClockView( 4020): onTimeChanged() : mShouldShowDualClock - false, isDualClockSet() -false

I/BackgroundCompactionService( 3535): onStart. jobID=801

I/BackgroundCompactionService( 3535): onStart done. jobID=801

I/BackgroundCompactionService( 3535): Execute BGCompaction (type1). (229 times)

I/BackgroundCompactionService( 3535): compact_memory command done

D/SecKeyguardClockView( 4020): mTimeZone:null,   hour:4,   isShortMaxWidth:false

D/[zero daemon] (19562): {[C6B53529A4E9A61B6E9DFAC2EC352F35413B8423020D39F21C4F88CE3B9B87CFDCC0B81B0A5ED41F6DFA9549B8ADE1F4BACF4D40B7B8E99052DE9FA88E767D1DEF99F3B50EBB0BE2EA7D97147503802808B0F46342E4D32B53ACCA63815BEAA3E6A19B15B6D34AFADF3249A820F62444]}

I/[zero daemon] (19562): {[A32E1AC369E42B6168CFC8ECFBFA9951C42133C77ADF9B218D854990F6269E392BB582333EA1FB9A3DD83C292BF89A20]}

D/SecKeyguardStatusUtils( 4020): regionalDateFormat = 11/22/3333 isRTLlanguage = false returnDateFormat = E, MMMM d

D/KeyguardMessageArea( 4020): onTimeChanged( mCharging = true )

D/DateView( 4020): regionalDateFormat = 11/22/3333 isRTLlanguage = false returnDateFormat = E, MMMM d

D/DateView( 4020): regionalDateFormat = 11/22/3333 isRTLlanguage = false returnDateFormat = E, MMMM d

D/DateView( 4020): regionalDateFormat = 11/22/3333 isRTLlanguage = false returnDateFormat = E, MMMM d

D/SecKeyguardStatusUtils( 4020): regionalDateFormat = 11/22/3333 isRTLlanguage = false returnDateFormat = E, MMMM d

D/KeyguardEffectViewController( 4020): onReceive action : android.intent.action.TIME_TICK

D/SnetService(19485): snet destroyed

I/Tethering( 3535): BATTERY_CHANGED, level = 71lowBatteryThreshold = 15

D/KeyguardUpdateMonitor( 4020): received broadcast android.intent.action.BATTERY_CHANGED

I/PERF    ( 4020): received broadcast android.intent.action.BATTERY_CHANGED

D/KeyguardUpdateMonitor( 4020): handleBatteryUpdate

D/BatteryMonitor( 3990): new battery level: 71

D/QSTile.TorchLightTile( 4020): ACTION_BATTERY_CHANGED - Level :: 71, Status :: 2

D/RcsSettingsUtils( 3990): new battery level: 71

D/CommonServiceConfiguration( 3990): getStringValueSetting

D/RcsSettingsUtils( 3990): read setting battery level: null

I/art     ( 3535): Background sticky concurrent mark sweep GC freed 90944(5MB) AllocSpace objects, 32(1136KB) LOS objects, 8% free, 76MB/83MB, paused 3.847ms total 130.822ms

I/ClearcutLoggerApiImpl( 5293): disconnect managed GoogleApiClient

D/com.facebook.a.a( 9290): Got unexpected exception: java.io.WriteAbortedException: Read an exception; java.io.NotSerializableException: org.json.JSONObject

I/TLC_TIMA_PKM_measure_kernel( 3535): TIMA: response_id = 3

I/TLC_TIMA_PKM_measure_kernel( 3535): TIMA: response ret = 0, result_ondemand = MSG=Kernel Verification Success;

I/Tethering( 3535): BATTERY_CHANGED, level = 71lowBatteryThreshold = 15

D/KeyguardUpdateMonitor( 4020): received broadcast android.intent.action.BATTERY_CHANGED

I/PERF    ( 4020): received broadcast android.intent.action.BATTERY_CHANGED

D/KeyguardUpdateMonitor( 4020): handleBatteryUpdate

D/BatteryMonitor( 3990): new battery level: 71

D/QSTile.TorchLightTile( 4020): ACTION_BATTERY_CHANGED - Level :: 71, Status :: 2

D/RcsSettingsUtils( 3990): new battery level: 71

D/CommonServiceConfiguration( 3990): getStringValueSetting

D/RcsSettingsUtils( 3990): read setting battery level: null

D/com.facebook.a.a( 9290): Got unexpected exception: java.io.WriteAbortedException: Read an exception; java.io.NotSerializableException: org.json.JSONObject

I/Tethering( 3535): BATTERY_CHANGED, level = 71lowBatteryThreshold = 15

D/KeyguardUpdateMonitor( 4020): received broadcast android.intent.action.BATTERY_CHANGED

I/PERF    ( 4020): received broadcast android.intent.action.BATTERY_CHANGED

D/KeyguardUpdateMonitor( 4020): handleBatteryUpdate

D/BatteryMonitor( 3990): new battery level: 71

D/ApplicationPolicy( 3535): isStatusBarNotificationAllowedAsUser: packageName = com.android.systemui,userId = -1

V/ApplicationPolicy( 3535): isApplicationStateBlocked userId -1 pkgname com.android.systemui

D/QSTile.TorchLightTile( 4020): ACTION_BATTERY_CHANGED - Level :: 71, Status :: 2

D/RcsSettingsUtils( 3990): new battery level: 71

D/CommonServiceConfiguration( 3990): getStringValueSetting

D/RcsSettingsUtils( 3990): read setting battery level: null

D/StatusBar( 4020): ----- contentsUnchanged : true, bigContentsUnchanged - true, headsUpContentsUnchanged - true , publicUnchanged true

D/NotificationStackScrollLayout( 4020): hasNotification()-C:6

D/NotificationStackScrollLayout( 4020): hasNotification()-0-N:false

D/NotificationStackScrollLayout( 4020): hasNotification()-0-V:8

D/NotificationStackScrollLayout( 4020): hasNotification()-1-N:false

D/NotificationStackScrollLayout( 4020): hasNotification()-1-V:8

D/NotificationStackScrollLayout( 4020): hasNotification()-2-N:true

D/NotificationStackScrollLayout( 4020): hasNotification()-2-V:8

D/NotificationStackScrollLayout( 4020): hasNotification()-3-N:true

D/NotificationStackScrollLayout( 4020): hasNotification()-3-V:8

D/NotificationStackScrollLayout( 4020): hasNotification()-4-N:true

D/NotificationStackScrollLayout( 4020): hasNotification()-4-V:8

D/NotificationStackScrollLayout( 4020): hasNotification()-5-N:false

D/NotificationStackScrollLayout( 4020): hasNotification()-5-V:8

D/PanelView( 4020): There is/are no notification(s) 

D/PanelView( 4020): kidsfalse mQsExpansionEnabled:true

D/NotificationStackScrollLayout( 4020): hasNotification()-C:6

D/NotificationStackScrollLayout( 4020): hasNotification()-0-N:false

D/NotificationStackScrollLayout( 4020): hasNotification()-0-V:8

D/NotificationStackScrollLayout( 4020): hasNotification()-1-N:false

D/NotificationStackScrollLayout( 4020): hasNotification()-1-V:8

D/NotificationStackScrollLayout( 4020): hasNotification()-2-N:true

D/NotificationStackScrollLayout( 4020): hasNotification()-2-V:8

D/NotificationStackScrollLayout( 4020): hasNotification()-3-N:true

D/NotificationStackScrollLayout( 4020): hasNotification()-3-V:8

D/NotificationStackScrollLayout( 4020): hasNotification()-4-N:true

D/NotificationStackScrollLayout( 4020): hasNotification()-4-V:8

D/NotificationStackScrollLayout( 4020): hasNotification()-5-N:false

D/NotificationStackScrollLayout( 4020): hasNotification()-5-V:8

D/PanelView( 4020): There is/are no notification(s) 

D/PanelView( 4020): kidsfalse mQsExpansionEnabled:true

D/PanelView( 4020): mClearAll.setVisibility - mIsFullyOpened : false isShade : false mHasNotification : false mIsUpwardFling : false mQsFullyExpanded : false isShadeLocked : false mClearAllVisible : false

D/PanelView( 4020): mClearAll.setVisibility - mIsFullyOpened : false isShade : false mHasNotification : false mIsUpwardFling : false mQsFullyExpanded : false isShadeLocked : false mClearAllVisible : false

I/Tethering( 3535): BATTERY_CHANGED, level = 71lowBatteryThreshold = 15

D/KeyguardUpdateMonitor( 4020): received broadcast android.intent.action.BATTERY_CHANGED

I/PERF    ( 4020): received broadcast android.intent.action.BATTERY_CHANGED

D/KeyguardUpdateMonitor( 4020): handleBatteryUpdate

D/BatteryMonitor( 3990): new battery level: 71

D/QSTile.TorchLightTile( 4020): ACTION_BATTERY_CHANGED - Level :: 71, Status :: 2

D/RcsSettingsUtils( 3990): new battery level: 71

D/CommonServiceConfiguration( 3990): getStringValueSetting

D/RcsSettingsUtils( 3990): read setting battery level: null

D/com.facebook.a.a( 9290): Got unexpected exception: java.io.WriteAbortedException: Read an exception; java.io.NotSerializableException: org.json.JSONObject

I/Tethering( 3535): BATTERY_CHANGED, level = 71lowBatteryThreshold = 15

D/KeyguardUpdateMonitor( 4020): received broadcast android.intent.action.BATTERY_CHANGED

I/PERF    ( 4020): received broadcast android.intent.action.BATTERY_CHANGED

D/KeyguardUpdateMonitor( 4020): handleBatteryUpdate

D/BatteryMonitor( 3990): new battery level: 71

D/ApplicationPolicy( 3535): isStatusBarNotificationAllowedAsUser: packageName = com.android.systemui,userId = -1

V/ApplicationPolicy( 3535): isApplicationStateBlocked userId -1 pkgname com.android.systemui

D/QSTile.TorchLightTile( 4020): ACTION_BATTERY_CHANGED - Level :: 71, Status :: 2

D/RcsSettingsUtils( 3990): new battery level: 71

D/CommonServiceConfiguration( 3990): getStringValueSetting

D/RcsSettingsUtils( 3990): read setting battery level: null

D/StatusBar( 4020): ----- contentsUnchanged : true, bigContentsUnchanged - true, headsUpContentsUnchanged - true , publicUnchanged true

D/NotificationStackScrollLayout( 4020): hasNotification()-C:6

D/NotificationStackScrollLayout( 4020): hasNotification()-0-N:false

D/NotificationStackScrollLayout( 4020): hasNotification()-0-V:8

D/NotificationStackScrollLayout( 4020): hasNotification()-1-N:false

D/NotificationStackScrollLayout( 4020): hasNotification()-1-V:8

D/NotificationStackScrollLayout( 4020): hasNotification()-2-N:true

D/NotificationStackScrollLayout( 4020): hasNotification()-2-V:8

D/NotificationStackScrollLayout( 4020): hasNotification()-3-N:true

D/NotificationStackScrollLayout( 4020): hasNotification()-3-V:8

D/NotificationStackScrollLayout( 4020): hasNotification()-4-N:true

D/NotificationStackScrollLayout( 4020): hasNotification()-4-V:8

D/NotificationStackScrollLayout( 4020): hasNotification()-5-N:false

D/NotificationStackScrollLayout( 4020): hasNotification()-5-V:8

D/PanelView( 4020): There is/are no notification(s) 

D/PanelView( 4020): kidsfalse mQsExpansionEnabled:true

D/NotificationStackScrollLayout( 4020): hasNotification()-C:6

D/NotificationStackScrollLayout( 4020): hasNotification()-0-N:false

D/NotificationStackScrollLayout( 4020): hasNotification()-0-V:8

D/NotificationStackScrollLayout( 4020): hasNotification()-1-N:false

D/NotificationStackScrollLayout( 4020): hasNotification()-1-V:8

D/NotificationStackScrollLayout( 4020): hasNotification()-2-N:true

D/NotificationStackScrollLayout( 4020): hasNotification()-2-V:8

D/NotificationStackScrollLayout( 4020): hasNotification()-3-N:true

D/NotificationStackScrollLayout( 4020): hasNotification()-3-V:8

D/NotificationStackScrollLayout( 4020): hasNotification()-4-N:true

D/NotificationStackScrollLayout( 4020): hasNotification()-4-V:8

D/NotificationStackScrollLayout( 4020): hasNotification()-5-N:false

D/NotificationStackScrollLayout( 4020): hasNotification()-5-V:8

D/PanelView( 4020): There is/are no notification(s) 

D/PanelView( 4020): kidsfalse mQsExpansionEnabled:true

D/PanelView( 4020): mClearAll.setVisibility - mIsFullyOpened : false isShade : false mHasNotification : false mIsUpwardFling : false mQsFullyExpanded : false isShadeLocked : false mClearAllVisible : false

D/PanelView( 4020): mClearAll.setVisibility - mIsFullyOpened : false isShade : false mHasNotification : false mIsUpwardFling : false mQsFullyExpanded : false isShadeLocked : false mClearAllVisible : false

D/com.facebook.a.a( 9290): Got unexpected exception: java.io.WriteAbortedException: Read an exception; java.io.NotSerializableException: org.json.JSONObject

I/Tethering( 3535): BATTERY_CHANGED, level = 71lowBatteryThreshold = 15

D/KeyguardUpdateMonitor( 4020): received broadcast android.intent.action.BATTERY_CHANGED

I/PERF    ( 4020): received broadcast android.intent.action.BATTERY_CHANGED

D/KeyguardUpdateMonitor( 4020): handleBatteryUpdate

D/BatteryMonitor( 3990): new battery level: 71

D/QSTile.TorchLightTile( 4020): ACTION_BATTERY_CHANGED - Level :: 71, Status :: 2

D/RcsSettingsUtils( 3990): new battery level: 71

D/CommonServiceConfiguration( 3990): getStringValueSetting

D/RcsSettingsUtils( 3990): read setting battery level: null

I/Tethering( 3535): BATTERY_CHANGED, level = 71lowBatteryThreshold = 15

D/KeyguardUpdateMonitor( 4020): received broadcast android.intent.action.BATTERY_CHANGED

I/PERF    ( 4020): received broadcast android.intent.action.BATTERY_CHANGED

D/KeyguardUpdateMonitor( 4020): handleBatteryUpdate

D/BatteryMonitor( 3990): new battery level: 71

D/ApplicationPolicy( 3535): isStatusBarNotificationAllowedAsUser: packageName = com.android.systemui,userId = -1

V/ApplicationPolicy( 3535): isApplicationStateBlocked userId -1 pkgname com.android.systemui

D/QSTile.TorchLightTile( 4020): ACTION_BATTERY_CHANGED - Level :: 71, Status :: 2

D/RcsSettingsUtils( 3990): new battery level: 71

D/CommonServiceConfiguration( 3990): getStringValueSetting

D/RcsSettingsUtils( 3990): read setting battery level: null

D/StatusBar( 4020): ----- contentsUnchanged : true, bigContentsUnchanged - true, headsUpContentsUnchanged - true , publicUnchanged true

D/NotificationStackScrollLayout( 4020): hasNotification()-C:6

D/NotificationStackScrollLayout( 4020): hasNotification()-0-N:false

D/NotificationStackScrollLayout( 4020): hasNotification()-0-V:8

D/NotificationStackScrollLayout( 4020): hasNotification()-1-N:false

D/NotificationStackScrollLayout( 4020): hasNotification()-1-V:8

D/NotificationStackScrollLayout( 4020): hasNotification()-2-N:true

D/NotificationStackScrollLayout( 4020): hasNotification()-2-V:8

D/NotificationStackScrollLayout( 4020): hasNotification()-3-N:true

D/NotificationStackScrollLayout( 4020): hasNotification()-3-V:8

D/NotificationStackScrollLayout( 4020): hasNotification()-4-N:true

D/NotificationStackScrollLayout( 4020): hasNotification()-4-V:8

D/NotificationStackScrollLayout( 4020): hasNotification()-5-N:false

D/NotificationStackScrollLayout( 4020): hasNotification()-5-V:8

D/PanelView( 4020): There is/are no notification(s) 

D/PanelView( 4020): kidsfalse mQsExpansionEnabled:true

D/NotificationStackScrollLayout( 4020): hasNotification()-C:6

D/NotificationStackScrollLayout( 4020): hasNotification()-0-N:false

D/NotificationStackScrollLayout( 4020): hasNotification()-0-V:8

D/NotificationStackScrollLayout( 4020): hasNotification()-1-N:false

D/NotificationStackScrollLayout( 4020): hasNotification()-1-V:8

D/NotificationStackScrollLayout( 4020): hasNotification()-2-N:true

D/NotificationStackScrollLayout( 4020): hasNotification()-2-V:8

D/NotificationStackScrollLayout( 4020): hasNotification()-3-N:true

D/NotificationStackScrollLayout( 4020): hasNotification()-3-V:8

D/NotificationStackScrollLayout( 4020): hasNotification()-4-N:true

D/NotificationStackScrollLayout( 4020): hasNotification()-4-V:8

D/NotificationStackScrollLayout( 4020): hasNotification()-5-N:false

D/NotificationStackScrollLayout( 4020): hasNotification()-5-V:8

D/PanelView( 4020): There is/are no notification(s) 

D/PanelView( 4020): kidsfalse mQsExpansionEnabled:true

D/PanelView( 4020): mClearAll.setVisibility - mIsFullyOpened : false isShade : false mHasNotification : false mIsUpwardFling : false mQsFullyExpanded : false isShadeLocked : false mClearAllVisible : false

D/PanelView( 4020): mClearAll.setVisibility - mIsFullyOpened : false isShade : false mHasNotification : false mIsUpwardFling : false mQsFullyExpanded : false isShadeLocked : false mClearAllVisible : false

D/com.facebook.a.a( 9290): Got unexpected exception: java.io.WriteAbortedException: Read an exception; java.io.NotSerializableException: org.json.JSONObject

I/Tethering( 3535): BATTERY_CHANGED, level = 71lowBatteryThreshold = 15

D/KeyguardUpdateMonitor( 4020): received broadcast android.intent.action.BATTERY_CHANGED

I/PERF    ( 4020): received broadcast android.intent.action.BATTERY_CHANGED

D/KeyguardUpdateMonitor( 4020): handleBatteryUpdate

D/BatteryMonitor( 3990): new battery level: 71

D/QSTile.TorchLightTile( 4020): ACTION_BATTERY_CHANGED - Level :: 71, Status :: 2

D/RcsSettingsUtils( 3990): new battery level: 71

D/CommonServiceConfiguration( 3990): getStringValueSetting

D/RcsSettingsUtils( 3990): read setting battery level: null

D/com.facebook.a.a( 9290): Got unexpected exception: java.io.WriteAbortedException: Read an exception; java.io.NotSerializableException: org.json.JSONObject

I/GCM     ( 4845): GCM message org.telegram.messenger 0:1448486975455207%8eeb79b0f9fd7ecd

D/AudioSAEffectSec( 3006): EffectRelease - session 2301

D/AudioSAEffectSec( 3006): EffectRelease : All effects are no longer instantiated

D/AudioSAEffectSec( 3006): AudioSAEffectSec::releaseSA 

D/AudioSASec( 3006): AudioSASec::Close 

D/AudioSAEffectSec( 3006): AudioSAEffectSec::~AudioSAEffectSec 

D/AudioSASec( 3006): AudioSASec::~AudioSASec() + 

D/AudioSASec( 3006): Samsung_SoundAlive_play_Factory::Destroy(mSoundAlive)

I/HMT     ( 3006): ********Destroy******

I/HMT     ( 3006): ********libHMT Release******

D/AudioSASec( 3006): SoundAlive_HMT_Factory::Destroy(mFX_HMT)

D/AudioSASec( 3006): AudioSASec::~AudioSASec() - 

D/Badge::BadgeCountReceiver(32708): badge intent : Intent { act=android.intent.action.BADGE_COUNT_UPDATE flg=0x10 cmp=com.sec.android.provider.badge/.BadgeCountReceiver (has extras) }

D/Badge::BadgeCountReceiver(32708): packageName: org.telegram.messenger, className: org.telegram.ui.LaunchActivity, count: 1

D/BadgeProvider(32708): sendNotify entered. [uri] : content://com.sec.badge/apps

D/BadgeProvider(32708): sendNotify, [notify] : null

D/BadgeProvider(32708): update, [uri] : content://com.sec.badge/apps

D/BadgeProvider(32708): update, [uri.query] : null

D/BadgeProvider(32708): update, [BadgeCount] : badgecount=1

D/BadgeProvider(32708): update, [UpdateCount] : 1

