D/PanelView( 4020): There is/are no notification(s) 

D/PanelView( 4020): kidsfalse mQsExpansionEnabled:true

I/WriterFactory( 4775): [#DCM#] verifyLuceneDB OK 

I/InjectionManager( 4821): Inside getClassLibPath caller 

D/Recents_AlternateRecentsComponent( 4211): dismissHelpPopup 

I/WriterFactory( 4775): [#DCM#] initIndexWriter finished 

I/AutoEnhanceTask( 4775): [#DCM#] AutoEnhanceTask task created  

I/DCMController( 4775): [#DCM#] isCommitOk:  true, isIntentFinished: true, isRebuildDone = true

I/DCMConfig( 4775): [#DCM#] setSuccessState =  true

D/PanelView( 4020): mClearAll.setVisibility - mIsFullyOpened : false isShade : true mHasNotification : false mIsUpwardFling : false mQsFullyExpanded : false isShadeLocked : false mClearAllVisible : false

D/PanelView( 4020): mClearAll.setVisibility - mIsFullyOpened : false isShade : true mHasNotification : false mIsUpwardFling : false mQsFullyExpanded : false isShadeLocked : false mClearAllVisible : false

D/InjectionManager( 4821): InjectionManager

D/InjectionManager( 4821): fillFeatureStoreMap com.sec.android.app.music

I/InjectionManager( 4821): Constructor com.sec.android.app.music, Feature store :{}

I/InjectionManager( 4821): featureStore :{}

D/MusicWidget( 4821): notifyWidgetList() data set changed

E/Zygote  ( 4839): MountEmulatedStorage()

E/Zygote  ( 4839): v2

I/SELinux ( 4839): Function: selinux_compare_spd_ram, SPD-policy is existed. and_ver=SEPF_SM-G925T_5.1.1 ver=38

I/SELinux ( 4839): Function: selinux_compare_spd_ram , priority [1] , priority version is VE=SEPF_SM-G925T_5.1.1_0038

E/Zygote  ( 4839): accessInfo : 0

E/SELinux ( 4839): [DEBUG] get_category: variable seinfo: platform sensitivity: NULL, cateogry: NULL

D/TimaKeyStoreProvider( 4839): TimaSignature is unavailable

D/ActivityThread( 4839): Added TimaKeyStore provider

I/InjectionManager( 4839): Inside getClassLibPath + mLibMap{0=, 1=}

D/SLocation( 3535): SCurrentLocationGeoCodingAsyncRequest doInBackground : success to get address

D/SLocation( 3535): reportAddressPendingMap value size : 1

W/SLocation( 3535): don't receive data : id : 1 mRequestNum = 10 mAddressArrayIdx = 9 mPoisArrayIdx = 10

I/InjectionManager( 4839): Inside getClassLibPath caller 

I/Gallery_Performance( 4839): GalleryAppImpl onCreate Start

D/RCPManagerService( 3535): exchangeData() failure , invalid userId

I/Gallery_Performance( 4839): GalleryAppImpl onCreate End

D/InjectionManager( 4839): InjectionManager

D/InjectionManager( 4839): fillFeatureStoreMap com.sec.android.gallery3d

I/InjectionManager( 4839): Constructor com.sec.android.gallery3d, Feature store :{}

I/InjectionManager( 4839): featureStore :{}

D/MediaScannerReceiver( 4839): Receive action.ACTION_MEDIA_SCANNER_FINISHED

D/MediaScannerReceiver( 4839): handleMeidaScanFinish()

D/MediaProvider(13341): Received intent : Intent { act=com.samsung.get_address_poi flg=0x10 (has extras) } Call UpdateAddressThread

D/SLocation( 3535): PendingIntent onSendFinished intent :PendingIntent{9b4cb91: PendingIntentRecord{3b270af6 com.android.providers.media broadcastIntent}}

D/SLocation( 3535): removeSCurrentLocationToPoiReceiver id : 3

D/FaceInterface( 4839): requestFaceScan() is called.

I/FaceInterface( 4839): startFaceScan() : waiting 5 sec

E/Zygote  ( 4874): MountEmulatedStorage()

E/Zygote  ( 4874): v2

I/SELinux ( 4874): Function: selinux_compare_spd_ram, SPD-policy is existed. and_ver=SEPF_SM-G925T_5.1.1 ver=38

I/SELinux ( 4874): Function: selinux_compare_spd_ram , priority [1] , priority version is VE=SEPF_SM-G925T_5.1.1_0038

E/Zygote  ( 4874): accessInfo : 0

E/SELinux ( 4874): [DEBUG] get_category: variable seinfo: platform sensitivity: NULL, cateogry: NULL

D/TimaKeyStoreProvider( 4874): TimaSignature is unavailable

D/ActivityThread( 4874): Added TimaKeyStore provider

I/InjectionManager( 4874): Inside getClassLibPath + mLibMap{0=, 1=}

I/InjectionManager( 4874): Inside getClassLibPath caller 

D/InjectionManager( 4874): InjectionManager

D/InjectionManager( 4874): fillFeatureStoreMap com.samsung.android.MtpApplication

I/InjectionManager( 4874): Constructor com.samsung.android.MtpApplication, Feature store :{}

I/InjectionManager( 4874): featureStore :{}

E/MTPRx   ( 4874): In MtpReceiverandroid.hardware.usb.action.USB_STATE

D/SecContentProvider2( 3535): uri = 14 selection = getSealedState

D/SecContentProvider2( 3535): mCursor = null

D/SecContentProvider2( 3535): uri = 14 selection = getSealedUsbMassStorageState

D/SecContentProvider2( 3535): mCursor = null

V/MTPRx   ( 4874): sealedState: false

V/MTPRx   ( 4874): sealedUsbMassStorageState: false

E/MTPRx   ( 4874): check value of boot_completed is1

E/MTPRx   ( 4874): check booting is completed_sys.boot_completed

E/MTPRx   ( 4874): Sd-Card path/storage/UsbDriveA

E/MTPRx   ( 4874): Status for mount/Unmount :removed

E/MTPRx   ( 4874): SDcard is not available

W/MTPRx   ( 4874): value of connected isfalse

W/MTPRx   ( 4874): value of configured isfalse

W/MTPRx   ( 4874): value of mtpEnabled istrue

W/MTPRx   ( 4874): value of ptpEnabled isfalse

E/MTPRx   ( 4874): Received USB_STATE with sdCardLaunch = 0

E/MTPRx   ( 4874): Unexpected Disconnection. call usbRemoved.

W/MTPRx   ( 4874): MTP_RUNNING_STATUS = 0

E/MTPRx   ( 4874):  sendbooster is false!

E/MTPRx   ( 4874): configured is false

V/ApplicationPolicy( 3535): isApplicationStateBlocked userId 0 pkgname com.android.providers.media

D/MediaProvider(13341): Received intent : Intent { act=com.samsung.get_address_poi flg=0x10 (has extras) } Call UpdateAddressThread

D/SLocation( 3535): PendingIntent onSendFinished intent :PendingIntent{2d35fdda: PendingIntentRecord{23f1b20b com.android.providers.media broadcastIntent}}

D/SLocation( 3535): removeSCurrentLocationToPoiReceiver id : 4

D/MediaProvider(13341): Received intent : Intent { act=com.samsung.get_address_poi flg=0x10 (has extras) } Call UpdateAddressThread

D/SLocation( 3535): PendingIntent onSendFinished intent :PendingIntent{31aa58e8: PendingIntentRecord{380ebb01 com.android.providers.media broadcastIntent}}

D/SLocation( 3535): removeSCurrentLocationToPoiReceiver id : 5

D/MediaProvider(13341): Network connect success, Call RequestAddressThread

E/CscFactoryReceiver( 4516): onReceive android.intent.action.MEDIA_SCANNER_FINISHED

D/CscFactoryReceiver( 4516): Media DB Scanner finished.

D/CscFactoryReceiver( 4516): start service to Set Ringtone

D/CscFactoryReceiver( 4516): start service to Set Notification

D/CscFactoryReceiver( 4516): start service to Set Alarmtone

D/CscUpdateService( 4516): onStart

E/CscUpdateService( 4516): costomer file is exists : it has been preconfiged.

D/CscUpdateService( 4516): only ringtone update

D/CscUpdateService( 4516): onStart

E/CscUpdateService( 4516): costomer file is exists : it has been preconfiged.

D/CscUpdateService( 4516): only notification update

D/CscUpdateService( 4516): onStart

E/CscUpdateService( 4516): costomer file is exists : it has been preconfiged.

E/CscParser( 4516): update(): xml file exist

D/CscUpdateService( 4516): only alarmtone update

E/CscParser( 4516): update(): xml file exist

I/SystemBroadcastReceiver( 4775): [#DCM#] Calling notifyListeners. 

E/CscParser( 4516): update(): xml file exist

D/MediaProvider(13341): request id : [778, 1080, 1792, 1793, 1901, 2375, 2450, 2509, 2648, 2714]

D/SLocation( 3535): requestLocationToPoi add id : 3, request size :  10

W/CSCSettings( 4516): Setting Ringtones (type) : 1

D/CscParser( 4516): RingTone: null

W/CSCSettings( 4516): 1. Tag_Str: null

D/MusicWidget( 4821): notifyWidgetList() data set changed

D/SLocation( 3535): use cache data

D/SLocation( 3535): reportAddressPendingMap value size : 1

W/SLocation( 3535): don't receive data : id : 3 mRequestNum = 10 mAddressArrayIdx = 1 mPoisArrayIdx = 10

D/SLocation( 3535): use cache data

D/SLocation( 3535): reportAddressPendingMap value size : 1

W/SLocation( 3535): don't receive data : id : 3 mRequestNum = 10 mAddressArrayIdx = 2 mPoisArrayIdx = 10

D/SLocation( 3535): use cache data

D/SLocation( 3535): reportAddressPendingMap value size : 3

W/SLocation( 3535): don't receive data : id : 3 mRequestNum = 10 mAddressArrayIdx = 3 mPoisArrayIdx = 10

W/SLocation( 3535): don't receive data : id : 3 mRequestNum = 10 mAddressArrayIdx = 4 mPoisArrayIdx = 10

W/SLocation( 3535): don't receive data : id : 3 mRequestNum = 10 mAddressArrayIdx = 5 mPoisArrayIdx = 10

D/SLocation( 3535): use cache data

D/SLocation( 3535): reportAddressPendingMap value size : 1

W/SLocation( 3535): don't receive data : id : 3 mRequestNum = 10 mAddressArrayIdx = 6 mPoisArrayIdx = 10

D/SLocation( 3535): use cache data

D/SLocation( 3535): reportAddressPendingMap value size : 1

W/SLocation( 3535): don't receive data : id : 3 mRequestNum = 10 mAddressArrayIdx = 7 mPoisArrayIdx = 10

D/SLocation( 3535): use cache data

D/SLocation( 3535): reportAddressPendingMap value size : 1

W/SLocation( 3535): don't receive data : id : 3 mRequestNum = 10 mAddressArrayIdx = 8 mPoisArrayIdx = 10

D/SLocation( 3535): use cache data

D/SLocation( 3535): reportAddressPendingMap value size : 1

W/SLocation( 3535): don't receive data : id : 3 mRequestNum = 10 mAddressArrayIdx = 9 mPoisArrayIdx = 10

D/MediaScannerReceiver( 4839): Receive action.ACTION_MEDIA_SCANNER_FINISHED

D/MediaProvider(13341): request id : [2715, 2718, 2719, 2720, 2721, 2722, 2723, 2724, 2814, 2816]

D/MediaScannerReceiver( 4839): handleMeidaScanFinish()

D/FaceInterface( 4839): requestFaceScan() is called.

D/SLocation( 3535): requestLocationToPoi add id : 4, request size :  10

I/FaceInterface( 4839): startFaceScan() : waiting 5 sec

W/CSCSettings( 4516): Setting Ringtones (type) : 2

D/CscParser( 4516): MessageTone: null

W/CSCSettings( 4516): 1. Tag_Str: null

I/StorageController( 4775): [#DCM#] Bundle =  Bundle[{path=file:///storage/emulated/0, CleanBuffer=false}]

I/StorageController( 4775): [#DCM#] Sending intent for OS Upgrade for Phone contents 

D/SLocation( 3535): use cache data

D/SLocation( 3535): reportAddressPendingMap value size : 2

W/CSCSettings( 4516): Setting Ringtones (type) : 4

W/SLocation( 3535): don't receive data : id : 4 mRequestNum = 10 mAddressArrayIdx = 1 mPoisArrayIdx = 10

W/SLocation( 3535): don't receive data : id : 4 mRequestNum = 10 mAddressArrayIdx = 2 mPoisArrayIdx = 10

D/SLocation( 3535): use cache data

D/SLocation( 3535): reportAddressPendingMap value size : 1

W/SLocation( 3535): don't receive data : id : 4 mRequestNum = 10 mAddressArrayIdx = 3 mPoisArrayIdx = 10

D/SLocation( 3535): use cache data

D/SLocation( 3535): reportAddressPendingMap value size : 6

W/SLocation( 3535): don't receive data : id : 4 mRequestNum = 10 mAddressArrayIdx = 4 mPoisArrayIdx = 10

W/SLocation( 3535): don't receive data : id : 4 mRequestNum = 10 mAddressArrayIdx = 5 mPoisArrayIdx = 10

W/SLocation( 3535): don't receive data : id : 4 mRequestNum = 10 mAddressArrayIdx = 6 mPoisArrayIdx = 10

W/SLocation( 3535): don't receive data : id : 4 mRequestNum = 10 mAddressArrayIdx = 7 mPoisArrayIdx = 10

W/SLocation( 3535): don't receive data : id : 4 mRequestNum = 10 mAddressArrayIdx = 8 mPoisArrayIdx = 10

W/SLocation( 3535): don't receive data : id : 4 mRequestNum = 10 mAddressArrayIdx = 9 mPoisArrayIdx = 10

D/CscParser( 4516): AlarmTone: null

D/MediaProvider(13341): request id : [2847, 2849, 2851, 2852, 2929, 2930, 3495, 3505, 3620, 3822]

W/CSCSettings( 4516): 1. Tag_Str: null

D/SLocation( 3535): requestLocationToPoi add id : 5, request size :  10

D/SLocation( 3535): use cache data

D/SLocation( 3535): reportAddressPendingMap value size : 1

W/SLocation( 3535): don't receive data : id : 5 mRequestNum = 10 mAddressArrayIdx = 1 mPoisArrayIdx = 10

D/SLocation( 3535): use cache data

D/SLocation( 3535): reportAddressPendingMap value size : 4

W/SLocation( 3535): don't receive data : id : 5 mRequestNum = 10 mAddressArrayIdx = 2 mPoisArrayIdx = 10

W/SLocation( 3535): don't receive data : id : 5 mRequestNum = 10 mAddressArrayIdx = 3 mPoisArrayIdx = 10

W/SLocation( 3535): don't receive data : id : 5 mRequestNum = 10 mAddressArrayIdx = 4 mPoisArrayIdx = 10

W/SLocation( 3535): don't receive data : id : 5 mRequestNum = 10 mAddressArrayIdx = 5 mPoisArrayIdx = 10

D/SLocation( 3535): use cache data

D/SLocation( 3535): reportAddressPendingMap value size : 4

W/SLocation( 3535): don't receive data : id : 5 mRequestNum = 10 mAddressArrayIdx = 6 mPoisArrayIdx = 10

W/SLocation( 3535): don't receive data : id : 5 mRequestNum = 10 mAddressArrayIdx = 7 mPoisArrayIdx = 10

W/SLocation( 3535): don't receive data : id : 5 mRequestNum = 10 mAddressArrayIdx = 8 mPoisArrayIdx = 10

W/SLocation( 3535): don't receive data : id : 5 mRequestNum = 10 mAddressArrayIdx = 9 mPoisArrayIdx = 10

D/SLocation( 3535): use cache data

D/SLocation( 3535): reportAddressPendingMap value size : 1

D/SLocation( 3535): success sendPendingIntent id : 5

D/MediaProvider(13341): request id : [4121, 4122, 4123, 4131, 4132, 4138, 4139, 4140, 4141, 4151]

D/SLocation( 3535): requestLocationToPoi add id : 6, request size :  10

D/MediaProvider(13341): Received intent : Intent { act=com.samsung.get_address_poi flg=0x10 (has extras) } Call UpdateAddressThread

D/SLocation( 3535): PendingIntent onSendFinished intent :PendingIntent{fc39065: PendingIntentRecord{3b270af6 com.android.providers.media broadcastIntent}}

D/SLocation( 3535): removeSCurrentLocationToPoiReceiver id : 5

D/SLocation( 3535): use cache data

D/SLocation( 3535): reportAddressPendingMap value size : 10

W/SLocation( 3535): don't receive data : id : 6 mRequestNum = 10 mAddressArrayIdx = 1 mPoisArrayIdx = 10

W/SLocation( 3535): don't receive data : id : 6 mRequestNum = 10 mAddressArrayIdx = 2 mPoisArrayIdx = 10

W/SLocation( 3535): don't receive data : id : 6 mRequestNum = 10 mAddressArrayIdx = 3 mPoisArrayIdx = 10

W/SLocation( 3535): don't receive data : id : 6 mRequestNum = 10 mAddressArrayIdx = 4 mPoisArrayIdx = 10

W/SLocation( 3535): don't receive data : id : 6 mRequestNum = 10 mAddressArrayIdx = 5 mPoisArrayIdx = 10

W/SLocation( 3535): don't receive data : id : 6 mRequestNum = 10 mAddressArrayIdx = 6 mPoisArrayIdx = 10

W/SLocation( 3535): don't receive data : id : 6 mRequestNum = 10 mAddressArrayIdx = 7 mPoisArrayIdx = 10

W/SLocation( 3535): don't receive data : id : 6 mRequestNum = 10 mAddressArrayIdx = 8 mPoisArrayIdx = 10

W/SLocation( 3535): don't receive data : id : 6 mRequestNum = 10 mAddressArrayIdx = 9 mPoisArrayIdx = 10

D/SLocation( 3535): success sendPendingIntent id : 6

D/MediaProvider(13341): request id : [4152, 4161, 4165]

D/SLocation( 3535): requestLocationToPoi add id : 5, request size :  3

D/SLocation( 3535): use cache data

D/SLocation( 3535): reportAddressPendingMap value size : 2

W/SLocation( 3535): don't receive data : id : 5 mRequestNum = 3 mAddressArrayIdx = 1 mPoisArrayIdx = 3

D/MediaProvider(13341): Received intent : Intent { act=com.samsung.get_address_poi flg=0x10 (has extras) } Call UpdateAddressThread

W/SLocation( 3535): don't receive data : id : 5 mRequestNum = 3 mAddressArrayIdx = 2 mPoisArrayIdx = 3

D/SLocation( 3535): use cache data

D/SLocation( 3535): reportAddressPendingMap value size : 1

D/SLocation( 3535): success sendPendingIntent id : 5

D/SLocation( 3535): PendingIntent onSendFinished intent :PendingIntent{2ba46b48: PendingIntentRecord{23f1b20b com.android.providers.media broadcastIntent}}

D/SLocation( 3535): removeSCurrentLocationToPoiReceiver id : 6

D/MediaProvider(13341): Received intent : Intent { act=com.samsung.get_address_poi flg=0x10 (has extras) } Call UpdateAddressThread

D/SLocation( 3535): PendingIntent onSendFinished intent :PendingIntent{138f3f4: PendingIntentRecord{380ebb01 com.android.providers.media broadcastIntent}}

D/SLocation( 3535): removeSCurrentLocationToPoiReceiver id : 5

I/audio_hw_primary( 3006): do_out_standby +

D/audio_hw_primary( 3006): output_devices devices:0

I/audio_hw_primary( 3006): is_voice_wakeup : ret =  0  , wakeup_baby_cry_enabled = 0  ,  wakeup_mic_enabled = 0 

I/audio_hw_primary( 3006): get_input_snd_device_id device:0xb

V/audio_hw_primary( 3006): select_devices output_scenario:-1 input_scenario:27 out_snd_device 0x0 in_snd_device:0xb

I/audio_route( 3006): 

I/audio_route( 3006): > audio_route_reset :

I/audio_route( 3006): 

I/audio_route( 3006): > audio_route_apply_path : "recognition-mic"

V/audio_hw_primary( 3006): select_devices() input_route "recognition-mic" 

I/audio_route( 3006): 

I/audio_route( 3006): > audio_route_apply_path : "gain-recognition-mic"

V/audio_hw_primary( 3006): select_devices() input_gain "gain-recognition-mic" 

I/audio_route( 3006): 

I/audio_route( 3006): > audio_route_update_mixer : +

I/audio_route( 3006): > audio_route_update_mixer : changed(7) -

I/audio_hw_primary( 3006): select_devices - 

I/audio_hw_primary( 3006): do_out_standby -

I/Process ( 4656): Sending signal. PID: 4656 SIG: 9

D/NetworkStatsFactory( 3535): UpdateStatsForKnox updated

D/StatusBar.NetworkController( 4020): onDataActivity: direction=0

D/NetworkStatsFactory( 3535): UpdateStatsForKnox updated

D/EPDG -- [EPDGService]( 3535): onDataActivity: direction=0

D/StatusBar.NetworkController( 4020): updateDataIcon, mDataDirectionIconId = com.android.systemui:drawable/stat_sys_signal_no_inout_tmo mDataConnected = true

D/StatusBar.NetworkController( 4020): refreshViews connected={ data } level=4 combinedSignalIconId=0x7f020695/com.android.systemui:drawable/tw_stat_sys_5_level_signal_4_auto_rotate mobileLabel=T-Mobile wifiLabel= emergencyOnly=false combinedLabel=T-Mobile mAirplaneMode=false mDataActivity=0 mPhoneSignalIconId=0x7f020695/com.android.systemui:drawable/tw_stat_sys_5_level_signal_4_auto_rotate mQSPhoneSignalIconId=0x7f020116/com.android.systemui:drawable/ic_qs_signal_4 mDataDirectionIconId=0x7f02051a/com.android.systemui:drawable/stat_sys_signal_no_inout_tmo mDataSignalIconId=0x7f020695/com.android.systemui:drawable/tw_stat_sys_5_level_signal_4_auto_rotate mDataTypeIconId=0x7f020346/com.android.systemui:drawable/stat_sys_data_connected_lte_tmo mQSDataTypeIconId=0x0/(null) mNoSimIconId=0x0/(null) mWifiIconId=0x0/(null) mQSWifiIconId=0x0/(null) mWifiActivityIconId=0x7f020519/com.android.systemui:drawable/stat_sys_signal_no_inout mBluetoothTetherIconId=0x7f02053f/com.android.systemui:drawable/stat_sys_tether_bluetooth

D/STATUSBAR-WifiTile( 4020): onWifiSignalChanged enabled=false enabledDesc:null

D/StatusBar.NetworkController( 4020): refreshNwBoosterIndicator - setNWBoosterIndicators(false)

D/StatusBar.NetworkController( 4020): applyTMO

D/StatusBar.NetworkController( 4020): refreshNwBoosterIndicator - setNWBoosterIndicators(false)

D/StatusBar.NetworkController( 4020): applyTMO

D/StatusBar.NetworkController( 4020): refreshNwBoosterIndicator - setNWBoosterIndicators(false)

D/StatusBar.NetworkController( 4020): applyTMO

D/StatusBar.NetworkController( 4020): refreshNwBoosterIndicator - setNWBoosterIndicators(false)

D/StatusBar.NetworkController( 4020): applyTMO

I/Tethering( 3535): BATTERY_CHANGED, level = 72lowBatteryThreshold = 15

D/SettingsProvider( 3535): name = wifi_ap_plugged_type

D/KeyguardUpdateMonitor( 4020): received broadcast android.intent.action.BATTERY_CHANGED

I/PERF    ( 4020): received broadcast android.intent.action.BATTERY_CHANGED

D/KeyguardUpdateMonitor( 4020): handleBatteryUpdate

D/SecKeyguardStatusUtils( 4020): regionalDateFormat = 11/22/3333 isRTLlanguage = false returnDateFormat = E, MMMM d

D/BatteryMonitor( 3990): new battery level: 72

D/RcsSettingsUtils( 3990): new battery level: 72

D/CommonServiceConfiguration( 3990): getStringValueSetting

D/RcsSettingsUtils( 3990): read setting battery level: null

I/Tethering( 3535): Plugged

I/CAE     ( 3535): handleMessage(CaPowerManager.java:193) - POWER_CONNECTED

I/CAE     ( 3535): sendCmdToSensorHub(SensorHubCommManager.java:144) - -76, 13, -42, 0,

D/SensorHubManager( 3535): SendSensorHubData: send data = -76, 13, -42, 0

D/Sensorhubs( 3014): sendContextData: -76, 13, -42, 0

I/iu.Environment(19485): update battery state; isPlugged? true*

V/MediaPlayer-JNI( 4020): native_setup

D/ApplicationPolicy( 3535): isStatusBarNotificationAllowedAsUser: packageName = com.android.systemui,userId = -1

V/ApplicationPolicy( 3535): isApplicationStateBlocked userId -1 pkgname com.android.systemui

I/iu.UploadsManager(19485): num queued entries: 0

V/MediaPlayer( 4020): constructor

I/iu.UploadsManager(19485): num updated entries: 0

I/iu.SyncManager(19485): NEXT; no task

D/QSTile.TorchLightTile( 4020): ACTION_BATTERY_CHANGED - Level :: 72, Status :: 2

V/MediaPlayer( 4020): setListener

V/MediaPlayer-JNI( 4020): setParameter: key 1400

V/MediaPlayer( 4020): MediaPlayer::setParameter(1400)

V/MediaPlayer-JNI( 4020): setAudioStreamType: 5

V/MediaPlayer( 4020): MediaPlayer::setAudioStreamType

V/MediaPlayer-JNI( 4020): setDataSourceFD: fd 90

V/MediaPlayer( 4020): setDataSource(90, 0, 576460752303423487)

V/MediaPlayerService( 3006): MediaFader constructor

V/MediaPlayerService( 3006): Create new client(228) from pid 4020, uid 10069, 

V/MediaPlayerService( 3006): MediaFader IDLE before wait, there is not output

V/MediaPlayerService( 3006): setDataSource fd=33, offset=0, length=576460752303423487

V/MediaPlayerService( 3006): st_dev  = 65024

V/MediaPlayerService( 3006): st_ino  = 3457

V/MediaPlayerService( 3006): st_mode = 33188

V/MediaPlayerService( 3006): st_uid  = 0

V/MediaPlayerService( 3006): st_gid  = 0

V/MediaPlayerService( 3006): st_size = 10868

V/MediaPlayerService( 3006): calculated length = 10868

V/MediaPlayerService( 3006): player type = 4

V/NuPlayerDriver( 3006): NuPlayerDriver(0xefcab4c0)

V/AudioSink( 3006): AudioOutput(2599)

V/NuPlayerDriver( 3006): setDataSource(0xefcab4c0) file(33)

V/NuPlayer( 3006): kWhatSetAudioSink

V/GenericSource( 3006): setDefault

V/NuPlayer( 3006): kWhatSetDataSource

V/MediaPlayerService( 3006): [228] setParameter(1604)

V/NuPlayer( 3006): setParameter = 1604

V/NuPlayer( 3006): Current Content PID : 4020

V/MediaPlayerService( 3006): [228] getParameter(1700)

V/MediaPlayer-JNI( 4020): setLooping: 0

V/MediaPlayer( 4020): MediaPlayer::setLooping

V/MediaPlayerService( 3006): [228] setLooping(0)

V/MediaPlayer( 4020): setVideoSurfaceTexture

I/iu.FingerprintManager(19485): Start processing all media

V/MediaPlayerService( 3006): [228] setVideoSurfaceTexture(0x0)

V/MediaPlayer( 4020): prepare

V/MediaPlayerService( 3006): [228] setAudioStreamType(5)

V/MediaPlayerService( 3006): [228] setParameter(1400)

V/MediaPlayerService( 3006): setAudioAttributes_l() usage=5 content=4 flags=0x0 tags=

V/MediaPlayerService( 3006): [228] prepareAsync

V/NuPlayerDriver( 3006): prepareAsync(0xefcab4c0)

V/GenericSource( 3006): prepareAsync

I/iu.FingerprintManager(19485): Start processing media store URI: content://media/external/images/media

V/GenericSource( 3006): [Flag] set 0x8 -> mFlags = 0x8

V/GenericSource( 3006): onPrepareAsync

I/OggExtractor( 3006): OggSource::OggSource() mExtractor ref count = 4

I/AnotherPacketSource( 3006): setFormat() audio

V/GenericSource( 3006): setDefault

I/GenericSource( 3006): NuPlayer Ormode enabled

V/GenericSource( 3006): send mUnsupportedAudio = 0 mUnsupportedVideo = 0 mHaveAudio = 1 mHaveVideo = 0

V/NuPlayer( 3006): prepare posted successfully.

V/GenericSource( 3006): onPrepareAsyncEvent() done

V/NuPlayer( 3006): mUnsupportedAudio = 0, mUnsupportedVideo = 0, mHaveAudioTrack = 1, mHaveVideoTrack = 0

V/NuPlayer( 3006): msg : 200, ext1 : 973, ext2 : 0

V/MediaPlayerService( 3006): [228] notify (0xed75c1c0, 200, 973, 0)

V/NuPlayer( 3006): extractMetadata Tracks : 1

V/NuPlayer( 3006): enableInbandTextFromExtr

V/MediaPlayerService( 3006): [228] notify (0xed75c1c0, 1, 0, 0)

V/MediaPlayer( 4020): message received msg=200, ext1=973, ext2=0

W/MediaPlayer( 4020): info/warning (973, 0)

V/MediaPlayer( 4020): callback application

V/MediaPlayer( 4020): back from callback

V/MediaPlayer( 4020): message received msg=1, ext1=0, ext2=0

V/MediaPlayer( 4020): prepared

V/MediaPlayer( 4020): signal application thread

V/MediaPlayer( 4020): callback application

V/MediaPlayer( 4020): prepare complete - status=0

V/MediaPlayer( 4020): back from callback

E/MediaPlayer( 4020): Should have subtitle controller already set

I/MediaFocusControl( 3535):  AudioFocus  requestAudioFocus() from android.media.AudioManager$5e8e056 req=3flags=0x0

D/KnoxNotification( 4020): ----- inflateViews : modified publicViewLocal -----

V/MediaPlayer-JNI( 4020): start

V/MediaPlayer( 4020): start

V/MediaPlayerService( 3006): [228] setLooping(0)

V/MediaPlayerService( 3006): [228] setVolume(1.000000, 1.000000)

V/AudioSink( 3006): setVolume(1.000000, 1.000000)

V/MediaPlayerService( 3006): [228] setAuxEffectSendLevel(0.000000)

V/AudioSink( 3006): setAuxEffectSendLevel(0.000000)

V/MediaPlayerService( 3006): [228] start

V/MediaPlayerService( 3006): getClientDuration

V/MediaPlayerService( 3006): getDuration

V/MediaPlayerService( 3006): [228] getDuration = 558

V/MediaPlayerService( 3006): mUnavailableRange = 16

E/MediaPlayerService( 3006): WFD client is not created 

D/NuPlayerDriver( 3006): start(0xefcab4c0)

V/NuPlayer( 3006): kWhatStart

I/GenericSource( 3006): start

V/MediaPlayer-JNI( 4020): release

V/MediaPlayer( 4020): setListener

V/MediaPlayer( 4020): disconnect

V/MediaPlayerService( 3006): disconnect(225) from pid 4020

D/NuPlayerDriver( 3006): reset(0xeffa7c00)

V/NuPlayer( 3006): kWhatReset

V/NuPlayer( 3006): performDecoderFlush audio=2, video=2

V/NuPlayer( 3006): [audio] flushDecoder needShutdown=1

V/NuPlayer( 3006): postponing action mFlushingAudio=2, mFlushingVideo=0

V/NuPlayer( 3006): Testing logs : mResetInProgress=1, mVideoEOS =0, mAudioEOS =0

I/NuPlayerRenderer( 3006): flush audio, notifyComplete 1, shutdown Yes

V/NuPlayer( 3006): (mAudioDecoder != NULL) = true, (mVideoDecoder != NULL) = false

D/NuPlayerRenderer( 3006): signalTimeDiscontinuity() mHasAudio = 1 , mHasVideo = 0

I/NuPlayerRenderer( 3006): flushing audio

I/NuPlayerRenderer( 3006): onFlush mAudioQueueGeneration : 2

I/ACodec  ( 3006): [OMX.google.vorbis.decoder] signalFlush

V/NuPlayer( 3006): renderer audio flush completed.

I/ACodec  ( 3006): [OMX.google.vorbis.decoder] ExecutingState flushing now (codec owns 0/4 input, 0/4 output).

I/ACodec  ( 3006): [OMX.google.vorbis.decoder] Now Flushing

I/ACodec  ( 3006): [OMX.google.vorbis.decoder] FlushingState onOMXEvent(0,1,0)

I/ACodec  ( 3006): [OMX.google.vorbis.decoder] FlushingState onOMXEvent(0,1,1)

I/ACodec  ( 3006): [OMX.google.vorbis.decoder] Now Executing

I/iu.FingerprintManager(19485): Start processing media store URI: content://media/external/video/media

V/NuPlayer( 3006): Got valid new generation 2 

V/NuPlayer( 3006): decoder audio flush completed

V/NuPlayer( 3006): initiating audio decoder shutdown

V/NuPlayer( 3006): checkOffloadExceptions is true, call canOffloadStream

I/NuSecMediaClock( 3006): NuSecMediaClock constructor

I/NuSecMediaClock( 3006): reset

I/NuSecMediaClock( 3006): init success

I/NuSecMediaClock( 3006): setClockMargin mMinClockModificationCondition (70000), mMaxClockCorrection (30000)

I/NuPlayerRenderer( 3006): setParamForMediaClock() out

I/NuPlayerRenderer( 3006): setDuration (558480)

V/NuPlayer( 3006): scanning sources haveAudio=0, haveVideo=0

V/NuPlayer( 3006): checkOffloadExceptions is true, call canOffloadStream

V/NuPlayer( 3006): make Decoder (audio)

V/NuPlayer( 3006): executePendingSecSeek - There ara not any pending seek!

I/ACodec  ( 3006):  [] Now uninitialized

D/KnoxNotification( 4020): ----- inflateViews : modified KnoxViewLocal -----

I/ACodec  ( 3006):  [OMX.google.vorbis.decoder] Now uninitialized

V/NuPlayer( 3006): Got valid new generation 3 

V/NuPlayer( 3006): audio shutdown completed

V/NuPlayer( 3006): both audio and video are flushed now.

V/NuPlayer( 3006): Reset was postponed execute processDeferredActions

V/NuPlayer( 3006): performReset

I/NuSecMediaClock( 3006): NuSecMediaClock destructor

V/GenericSource( 3006): stop()

V/GenericSource( 3006): PREPARE_CANCELLED set to true

V/GenericSource( 3006): [Flag] set 0x40 -> mFlags = 0x48

V/GenericSource( 3006): [Flag] clear 0x8 -> mFlags = 0x40

V/GenericSource( 3006): stop() end

V/GenericSource( 3006): ~GenericSource()

I/OggExtractor( 3006): OggSource::stop() mExtractor ref count = 2

I/OggExtractor( 3006): ~OggSource --

D/NuPlayerDriver( 3006): notifyResetComplete(0xeffa7c00)

V/NuPlayerDriver( 3006): ~NuPlayerDriver(0xeffa7c00)

I/OggExtractor( 3006): ~OggExtractor ++

I/OggExtractor( 3006): ~MyVorbisExtractor ++ 

I/OggExtractor( 3006): ~MyVorbisExtractor --

I/OggExtractor( 3006): ~OggExtractor --

V/MediaPlayer( 4020): destructor

I/ACodec  ( 3006): >>> getPortFormat 16, OMX.google.vorbis.decoder

I/ACodec  ( 3006): [OMX.google.vorbis.decoder] Now Executing

V/MediaPlayerService( 3006): Client(225) destructor pid = 4020

V/MediaPlayerService( 3006): MediaFader destructor++

V/MediaPlayerService( 3006): MediaFader kill++

V/MediaPlayerService( 3006): MediaFader IDLE after wait me->mState=0

D/MediaPlayerService( 3006): MediaFader stopped

V/MediaPlayerService( 3006): MediaFader kill--

V/MediaPlayerService( 3006): MediaFader destructor--

V/MediaPlayer( 4020): disconnect

V/AudioSink( 3006): +++ close

E/NetworkScheduler.SchedulerReceiver( 4845): Invalid parameter app

E/NetworkScheduler.SchedulerReceiver( 4845): Invalid package name : Perhaps you didn't include a PendingIntent in the extras?

V/AudioSink( 3006): --- close

E/MediaPlayer( 4020): Should have subtitle controller already set

V/MediaPlayerService( 3006): disconnect(225) from pid 4020

I/ACodec  ( 3006): [OMX.google.vorbis.decoder] Now Executing

I/ACodec  ( 3006): >>> getPortFormat 16, OMX.google.vorbis.decoder

I/NuPlayerDecoder( 3006): openAudioSink_l

I/NuPlayerRenderer( 3006): openAudioSink: offloadOnly(0) offloadingAudio(0)

I/NuPlayerRenderer( 3006): openAudioSink: open AudioSink in NON-offload mode audioFormat : 1, flags : 0

V/AudioSink( 3006): +++ close

V/AudioSink( 3006): --- close

V/AudioSink( 3006): open(44100, 2, 0x0, 0x1, 0, 8 0xa27)

V/AudioSink( 3006): no track available to recycle

V/AudioSink( 3006): creating new AudioTrack

V/AudioSink( 3006): deleteRecycledTrack

V/AudioSink( 3006): setVolume

V/AudioSink( 3006): open() DONE status 0

V/AudioSink( 3006): start

W/AudioPolicyIntefaceImpl( 3006): Skipped to add effects on session 2599

I/AudioPolicyManager( 3006): startOutput() output 2, stream 5, session 2599

I/AudioPolicyManager( 3006): changeRefCount() stream 5, count 1

I/AudioPolicyManager( 3006): setOutputDevice() setting same device 0002 or null device for output 2

I/NuSecMediaClock( 3006): reset

I/NuPlayerRenderer( 3006): setAudioFirstAnchorTimeIfNeeded mAudioFirstAnchorTimeMediaUs : -1, new mediaTimeUs : 13061

V/audio_hw_primary( 3006): start_output_stream+, out->device : 00000002 , out->type = 0

V/NuPlayer( 3006): media rendering started

V/NuPlayer( 3006): msg : 6, ext1 : 0, ext2 : 0

V/MediaPlayerService( 3006): [228] notify (0xed75c1c0, 6, 0, 0)

D/audio_hw_primary( 3006): start_output_stream (0xefff2360) out->config.rate:48000 out->config.format:0 out->period_size:1440

V/MediaPlayer( 4020): message received msg=6, ext1=0, ext2=0

I/audio_hw_primary( 3006): is_voice_wakeup : ret =  0  , wakeup_baby_cry_enabled = 0  ,  wakeup_mic_enabled = 0 

I/audio_hw_primary( 3006): get_input_snd_device_id device:0xb

V/audio_hw_primary( 3006): select_devices output_scenario:0 input_scenario:27 out_snd_device 0x2 in_snd_device:0xb

I/audio_route( 3006): 

I/audio_route( 3006): > audio_route_reset :

I/audio_route( 3006): 

I/audio_route( 3006): > audio_route_apply_path : "recognition-mic"

V/MediaPlayer( 4020): Received MEDIA_STARTED

V/MediaPlayer( 4020): callback application

V/MediaPlayer( 4020): back from callback

V/audio_hw_primary( 3006): select_devices() input_route "recognition-mic" 

I/audio_route( 3006): 

I/audio_route( 3006): > audio_route_apply_path : "media-speaker"

V/MediaPlayer-JNI( 4020): getCurrentPosition: 13 (msec)

I/GCoreUlr( 5293): Starting service, intent=Intent { act=com.google.android.location.reporting.ACTION_UPDATE_WORLD cmp=com.google.android.gms/com.google.android.location.reporting.service.DispatchingService (has extras) }, extras=Bundle[{receiverAction=android.intent.action.ACTION_POWER_CONNECTED}]

V/MediaPlayer-JNI( 4020): isPlaying: 1

I/GCoreUlr( 5293): DispatchingService.onCreate()

W/System.err( 5293): remove failed: ENOENT (No such file or directory) : /data/data/com.google.android.gms/databases/gcore_ulr_ActivityDetection.db

I/WifiApBroadcastReceiver( 1414): onReceive: action com.samsung.settings.wifi.PLUG_STATE_CHANGED

I/WifiApBroadcastReceiver( 1414): Plugged

W/System.err( 5293): remove failed: ENOENT (No such file or directory) : /data/data/com.google.android.gms/databases/gcore_ulr_ActivityDetection.db-journal

W/System.err( 5293): remove failed: ENOENT (No such file or directory) : /data/data/com.google.android.gms/databases/gcore_ulr_ActivityDetection.db-shm

W/System.err( 5293): remove failed: ENOENT (No such file or directory) : /data/data/com.google.android.gms/databases/gcore_ulr_ActivityDetection.db-wal

W/System.err( 5293): remove failed: ENOENT (No such file or directory) : /data/data/com.google.android.gms/databases/gcore_ulr_ApiMetadata.db

W/System.err( 5293): remove failed: ENOENT (No such file or directory) : /data/data/com.google.android.gms/databases/gcore_ulr_ApiMetadata.db-journal

W/System.err( 5293): remove failed: ENOENT (No such file or directory) : /data/data/com.google.android.gms/databases/gcore_ulr_ApiMetadata.db-shm

W/System.err( 5293): remove failed: ENOENT (No such file or directory) : /data/data/com.google.android.gms/databases/gcore_ulr_ApiMetadata.db-wal

W/System.err( 5293): remove failed: ENOENT (No such file or directory) : /data/data/com.google.android.gms/databases/gcore_ulr_UlrLocation.db

W/System.err( 5293): remove failed: ENOENT (No such file or directory) : /data/data/com.google.android.gms/databases/gcore_ulr_UlrLocation.db-journal

W/System.err( 5293): remove failed: ENOENT (No such file or directory) : /data/data/com.google.android.gms/databases/gcore_ulr_UlrLocation.db-shm

W/System.err( 5293): remove failed: ENOENT (No such file or directory) : /data/data/com.google.android.gms/databases/gcore_ulr_UlrLocation.db-wal

E/Zygote  ( 4935): MountEmulatedStorage()

E/Zygote  ( 4935): v2

I/SELinux ( 4935): Function: selinux_compare_spd_ram, SPD-policy is existed. and_ver=SEPF_SM-G925T_5.1.1 ver=38

I/iu.FingerprintManager(19485): Start processing media store URI: content://media/phoneStorage/images/media

I/SELinux ( 4935): Function: selinux_compare_spd_ram , priority [1] , priority version is VE=SEPF_SM-G925T_5.1.1_0038

E/Zygote  ( 4935): accessInfo : 0

E/SELinux ( 4935): [DEBUG] get_category: variable seinfo: platform sensitivity: NULL, cateogry: NULL

I/iu.FingerprintManager(19485): Start processing media store URI: content://media/phoneStorage/video/media

V/audio_hw_primary( 3006): select_devices() output_route "media-speaker" 

I/audio_route( 3006): 

I/audio_route( 3006): > audio_route_apply_path : "gain-recognition-mic"

V/audio_hw_primary( 3006): select_devices() input_gain "gain-recognition-mic" 

I/audio_route( 3006): 

I/audio_route( 3006): > audio_route_apply_path : "gain-media-speaker"

V/audio_hw_primary( 3006): select_devices() output_gain "gain-media-speaker" 

I/audio_route( 3006): 

I/audio_route( 3006): > audio_route_update_mixer : +

I/audio_route( 3006): > audio_route_update_mixer : changed(0) -

I/audio_hw_primary( 3006): select_devices - 

V/audio_hw_primary( 3006): start_output_stream-

D/EnterpriseDeviceManagerService( 3535): isManagedProfileUser(): userId = 0

D/AudioMixer( 3006): setResampler format 1, data ch 2, src 44100, dst 48000, dnmix 0, reformat 0

D/SecContentProvider( 3535): uri = 18 selection = isUsbMediaPlayerAvailable

D/SoundAliveResampler( 3006): [SoundAliveResampler] Init+++

I/System.out( 5293): (HTTPLog)-Static: isSBSettingEnabled false

I/iu.FingerprintManager(19485): Finished generating fingerprints; 0.180 seconds

I/iu.FingerprintManager(19485):   numSeen=333 numGenerated=0 numDeleted=0 numFailed=0

I/qtaguid ( 5293): Tagging socket 53 with tag 60000000000{1536,0} uid -1, pid: 5293, getuid(): 10017

D/ApplicationPolicy( 3535): isStatusBarNotificationAllowedAsUser: packageName = android,userId = -1

V/ApplicationPolicy( 3535): isApplicationStateBlocked userId -1 pkgname android

D/TimaKeyStoreProvider( 4935): TimaSignature is unavailable

D/ActivityThread( 4935): Added TimaKeyStore provider

D/EnterpriseDeviceManagerService( 3535): isManagedProfileUser(): userId = 0

D/SecContentProvider( 3535): uri = 18 selection = isUsbMediaPlayerAvailable

D/PanelView( 4020): There is/are notification(s) 

D/PanelView( 4020): kidsfalse mQsExpansionEnabled:true

D/PanelView( 4020): There is/are notification(s) 

D/PanelView( 4020): kidsfalse mQsExpansionEnabled:true

I/InjectionManager( 4935): Inside getClassLibPath + mLibMap{0=, 1=}

I/NuPlayerDecoder( 3006): End of Stream

I/NuPlayerDecoder( 3006): Set EOS for DRM

I/InjectionManager( 4935): Inside getClassLibPath caller 

D/InjectionManager( 4935): InjectionManager

D/InjectionManager( 4935): fillFeatureStoreMap com.sec.android.app.popupuireceiver

I/InjectionManager( 4935): Constructor com.sec.android.app.popupuireceiver, Feature store :{}

I/InjectionManager( 4935): featureStore :{}

D/PopupuiReceiver( 4935): onReceive() getAction : com.samsung.systemui.power.action.ACTION_CABLE_CONNECTED

D/SecContentProvider2( 3535): uri = -1 selection = getSealedState

D/SecContentProvider2( 3535): mCursor = null

I/PopupuiReceiver_KNOX( 4935): getSealedState : true

D/SecContentProvider2( 3535): uri = 15 selection = getSealedHideNotificationMessages

D/SecContentProvider2( 3535): mCursor = null

I/GCoreUlr( 5293): WorldUpdater received intent Intent { act=com.google.android.location.reporting.ACTION_UPDATE_WORLD cmp=com.google.android.gms/com.google.android.location.reporting.service.DispatchingService (has extras) } with receiverAction android.intent.action.ACTION_POWER_CONNECTED

I/PopupuiReceiver_KNOX( 4935): getSealedHideNotificationMessages : 0

D/SecContentProvider2( 3535): uri = 15 selection = getCheckCoverPopupState

D/SecContentProvider2( 3535): mCursor = null

D/SLocation( 3535): SCurrentLocationGeoCodingAsyncRequest doInBackground : success to get address

D/SLocation( 3535): reportAddressPendingMap value size : 2

D/SLocation( 3535): success sendPendingIntent id : 2

D/SLocation( 3535): success sendPendingIntent id : 4

D/KnoxNotification( 4020): ----- inflateViews : modified publicViewLocal -----

I/PopupuiReceiver_KNOX( 4935): getCheckCoverPopupState : true

D/PopupuiReceiver( 4935): Action cable connected ! on - 

I/PowerSharing.BatteryReceiver( 4754): onReceive : com.samsung.systemui.power.action.ACTION_CABLE_CONNECTED

D/KnoxNotification( 4020): ----- inflateViews : modified KnoxViewLocal -----

I/NuPlayerRenderer( 3006): onQueueEOS audio finalResult : -1011

D/PanelView( 4020): There is/are notification(s) 

D/PanelView( 4020): kidsfalse mQsExpansionEnabled:true

E/MTPRx   ( 4874): In MtpReceiverandroid.hardware.usb.action.USB_STATE

D/SecContentProvider2( 3535): uri = 14 selection = getSealedState

D/SecContentProvider2( 3535): mCursor = null

E/NetworkScheduler.ActiveTaskContext( 4845): Trying to release unacquired lock: com.google.android.gms/.games.chimera.GamesSyncServiceMainProxy

D/SecContentProvider2( 3535): uri = 14 selection = getSealedUsbMassStorageState

D/SecContentProvider2( 3535): mCursor = null

V/MTPRx   ( 4874): sealedState: false

V/MTPRx   ( 4874): sealedUsbMassStorageState: false

E/MTPRx   ( 4874): check value of boot_completed is1

E/MTPRx   ( 4874): check booting is completed_sys.boot_completed

E/MTPRx   ( 4874): Sd-Card path/storage/UsbDriveA

E/MTPRx   ( 4874): Status for mount/Unmount :removed

E/MTPRx   ( 4874): SDcard is not available

D/PanelView( 4020): There is/are notification(s) 

D/PanelView( 4020): kidsfalse mQsExpansionEnabled:true

W/MTPRx   ( 4874): value of connected istrue

W/MTPRx   ( 4874): value of configured istrue

W/MTPRx   ( 4874): value of mtpEnabled istrue

W/MTPRx   ( 4874): value of ptpEnabled isfalse

E/MTPRx   ( 4874): Received USB_STATE with sdCardLaunch = 0

E/MTPRx   ( 4874): DevIcon is not exist in CSC, so return.

E/MTPRx   ( 4874): mFirstTime: false

D/PanelView( 4020): mClearAll.setVisibility - mIsFullyOpened : false isShade : true mHasNotification : true mIsUpwardFling : false mQsFullyExpanded : false isShadeLocked : false mClearAllVisible : false

D/PanelView( 4020): mClearAll.setVisibility - mIsFullyOpened : false isShade : true mHasNotification : true mIsUpwardFling : false mQsFullyExpanded : false isShadeLocked : false mClearAllVisible : false

I/NuPlayerRenderer( 3006): [audio] notifyEOS() End of Stream, delayUs : 354679

V/AudioSink( 3006): stop

D/        ( 4874): MTP: reading debug level property

E/MTPJNIInterface( 4874): Getting CryptionKey from JAVA

E/MTPRx   ( 4874): currentUserId is 0

D/PanelView( 4020): mClearAll.setVisibility - mIsFullyOpened : false isShade : true mHasNotification : true mIsUpwardFling : false mQsFullyExpanded : false isShadeLocked : false mClearAllVisible : false

E/MTPRx   ( 4874): Start observing USB_STATE_MATCH 

E/MTPRx   ( 4874): usbMode is 0200

E/MTPRx   ( 4874): is_Privatemode is NOT 1

D/SettingsProvider( 3535): name = mtp_usb_conditions_met

D/SecContentProvider( 3535): uri = 18 selection = isUsbMediaPlayerAvailable

E/MTPRx   ( 4874): sending MTP_ICON_ENABLED to stack

I/GCoreUlr( 5293): WorldUpdater:android.intent.action.ACTION_POWER_CONNECTED: Ensuring that reporting is stopped because of reasons: {account#-13#=[InactiveReason{mVersionCode=0, mIdentifier=6, mName='ReportingNotEnabled'}]}

D/SettingsProvider( 3535): name = mtp_running_status

D/PanelView( 4020): mClearAll.setVisibility - mIsFullyOpened : false isShade : true mHasNotification : true mIsUpwardFling : false mQsFullyExpanded : false isShadeLocked : false mClearAllVisible : false

D/SettingsProvider( 3535): name = mtp_usb_conditions_met

E/MTPRx   ( 4874): else part ... so first time!!!

E/MTPPlaObsrvr( 4874): inside setContext()

E/MTPPlaObsrvr( 4874):  inside createplafiles

I/GCoreUlr( 5293): Unbound from all location providers

E/MTPPlaObsrvr( 4874): playlist count is0

E/MTPPlaObsrvr( 4874):  inside try branch createplafiles

E/MTPPlaObsrvr( 4874):  inside deleteing plas createplafiles

E/MTPPlaObsrvr( 4874): Inside registerContentObserver

E/MtpAdbObserver( 4874): inside setContext()

E/MtpAdbObserver( 4874): Inside registerContentObserver

W/Settings( 4874): Setting adb_enabled has moved from android.provider.Settings.System to android.provider.Settings.Global, returning read-only global URI.

I/SecKeyguardClockSingleView( 4020): Ignore. Because it is same clock text

D/SettingsProvider( 3535): name = mtp_drive_display

V/MtpMediaDBManager( 4874): inside deleteAllDB

D/SettingsProvider( 3535): name = mtp_running_status

D/SettingsProvider( 3535): name = mtp_usb_conditions_met

E/MtpService( 4874): onCreate.

E/MtpService( 4874): < MTP > Registering BroadCast receiver :::::

E/MtpService( 4874): < MTP > Registering BroadCast registerBroadCastPolicyRec :::::

E/MtpService( 4874): < MTP > Registering BroadCast registerBroadCastEmergencyRec :::::

E/MtpService( 4874): onStartCommand.

W/MTPRx   ( 4874): calling native method

E/MTPJNIInterface( 4874): < MTP > Registering BroadCast receiver :::::

E/MtpService( 4874): handleMessage. msg= { when=0 what=0 arg1=1 obj=Intent { cmp=com.samsung.android.MtpApplication/.MtpService } target=com.samsung.android.MtpApplication.MtpService$ServiceHandler }

E/MTPJNIInterface( 4874): < MTP > Registering BroadCast receiver :::::::

E/MTPJNIInterface( 4874): noti = 10

V/MtpMediaDBManager( 4874): inside Thread updateDB

E/MtpService( 4874): onStartCommand.

W/MTPRx   ( 4874): calling native method

E/MTPRx   ( 4874): Checking the driver time out

E/MTPJNIInterface( 4874): noti = 2

D/        ( 4874): deleting sockets before message queue initialization

D/        ( 4874): event handler thread is created, so set the flag

E/MTPRx   ( 4874): called native method

E/MTPJNIInterface( 4874): setting Media scanner status0

E/MTPJNIInterface( 4874): After setting Media scanner status0

E/        ( 4874): Unable to get Object Class and clearing cls 2 [int check_media_scanner_status() 594]

W/MTPRx   ( 4874): notification from stack 1

E/MTPJNIInterface( 4874): Getting media scanner status0

D/MtpService(13341): updating state; isCurrentUser=true, mMtpLocked=false

E/MTPJNIInterface( 4874): DeviceName is Null in System

E/MTPJNIInterface( 4874): DeviceName is Galaxy S6 edge

D/MtpService(13341): addStorageLocked 65537 /storage/emulated/0

E/MtpService( 4874): handleMessage. msg= { when=-22ms what=0 arg1=2 obj=Intent { cmp=com.samsung.android.MtpApplication/.MtpService } target=com.samsung.android.MtpApplication.MtpService$ServiceHandler }

W/CursorWindow(13341): Window is full: requested allocation 1068 bytes, free space 199 bytes, window size 2097152 bytes

V/NuPlayer( 3006): reached audio EOS

V/NuPlayer( 3006): msg : 2, ext1 : 0, ext2 : 0

V/MediaPlayerService( 3006): [228] notify (0xed75c1c0, 2, 0, 0)

V/GenericSource( 3006): pause

V/GenericSource( 3006): [Flag] clear 0x1 -> mFlags = 0x8

I/GenericSource( 3006): mDRMEOS is true, check with -1

V/MediaPlayer( 4020): message received msg=2, ext1=0, ext2=0

I/NuPlayerRenderer( 3006): onPause

V/AudioSink( 3006): pause

V/MediaPlayer( 4020): playback complete

V/MediaPlayer( 4020): callback application

V/MediaPlayer( 4020): back from callback

I/MediaFocusControl( 3535):  AudioFocus  abandonAudioFocus() from android.media.AudioManager$5e8e056

I/AudioPolicyManager( 3006): stopOutput() output 2, stream 5, session 2599

I/AudioPolicyManager( 3006): changeRefCount() stream 5, count 0

I/AudioPolicyManager( 3006): setOutputDevice() setting same device 0000 or null device for output 2

I/art     ( 3535): Explicit concurrent mark sweep GC freed 42849(2MB) AllocSpace objects, 2(40KB) LOS objects, 17% free, 74MB/90MB, paused 2.001ms total 244.860ms

E/MtpMediaDBManager( 4874): count : 3740

D/MtpService(13341): updating state; isCurrentUser=true, mMtpLocked=false

D/MediaScanner(13341): Constructor set externalStorageSdPath : null

D/MtpService(13341): starting MTP server in MTP mode

E/MtpServerJNI(13341): could not open MTP driver, errno: 2

D/MtpService(13341): addStorageLocked 65537 /storage/emulated/0

E/MtpServerJNI(13341): server is null in add_storage

E/MtpServerJNI(13341): server is null in run

E/MtpServerJNI(13341): server is null in cleanup

I/GCoreUlr( 5293): DispatchingService.onDestroy()

I/GCoreUlr( 5293): Stopping handler for UlrDispSvcFast

D/MediaProvider(13341): Received intent : Intent { act=com.samsung.get_address_poi flg=0x10 (has extras) } Call UpdateAddressThread

D/SLocation( 3535): PendingIntent onSendFinished intent :PendingIntent{3e198c1b: PendingIntentRecord{317311b8 com.android.providers.media broadcastIntent}}

D/SLocation( 3535): removeSCurrentLocationToPoiReceiver id : 2

E/MtpServerJNI(13341): server is null in send_object_removed

D/MediaProvider(13341): Received intent : Intent { act=com.samsung.get_address_poi flg=0x10 (has extras) } Call UpdateAddressThread

D/SLocation( 3535): PendingIntent onSendFinished intent :PendingIntent{3929555c: PendingIntentRecord{317311b8 com.android.providers.media broadcastIntent}}

D/SLocation( 3535): removeSCurrentLocationToPoiReceiver id : 4

I/GCoreUlr( 5293): Unbound from all location providers

D/EPDG -- [EPDGService]( 3535): onDataActivity: direction=3

D/StatusBar.NetworkController( 4020): onDataActivity: direction=3

D/StatusBar.NetworkController( 4020): updateDataIcon, mDataDirectionIconId = com.android.systemui:drawable/stat_sys_signal_inout_tmo mDataConnected = true

D/StatusBar.NetworkController( 4020): refreshViews connected={ data } level=4 combinedSignalIconId=0x7f020695/com.android.systemui:drawable/tw_stat_sys_5_level_signal_4_auto_rotate mobileLabel=T-Mobile wifiLabel= emergencyOnly=false combinedLabel=T-Mobile mAirplaneMode=false mDataActivity=3 mPhoneSignalIconId=0x7f020695/com.android.systemui:drawable/tw_stat_sys_5_level_signal_4_auto_rotate mQSPhoneSignalIconId=0x7f020116/com.android.systemui:drawable/ic_qs_signal_4 mDataDirectionIconId=0x7f020517/com.android.systemui:drawable/stat_sys_signal_inout_tmo mDataSignalIconId=0x7f020695/com.android.systemui:drawable/tw_stat_sys_5_level_signal_4_auto_rotate mDataTypeIconId=0x7f020346/com.android.systemui:drawable/stat_sys_data_connected_lte_tmo mQSDataTypeIconId=0x0/(null) mNoSimIconId=0x0/(null) mWifiIconId=0x0/(null) mQSWifiIconId=0x0/(null) mWifiActivityIconId=0x7f020519/com.android.systemui:drawable/stat_sys_signal_no_inout mBluetoothTetherIconId=0x7f02053f/com.android.systemui:drawable/stat_sys_tether_bluetooth

D/STATUSBAR-WifiTile( 4020): onWifiSignalChanged enabled=false enabledDesc:null

D/StatusBar.NetworkController( 4020): refreshNwBoosterIndicator - setNWBoosterIndicators(false)

D/StatusBar.NetworkController( 4020): applyTMO

D/StatusBar.NetworkController( 4020): refreshNwBoosterIndicator - setNWBoosterIndicators(false)

D/StatusBar.NetworkController( 4020): applyTMO

D/StatusBar.NetworkController( 4020): refreshNwBoosterIndicator - setNWBoosterIndicators(false)

D/StatusBar.NetworkController( 4020): applyTMO

D/StatusBar.NetworkController( 4020): refreshNwBoosterIndicator - setNWBoosterIndicators(false)

D/StatusBar.NetworkController( 4020): applyTMO

I/art     (13341): Explicit concurrent mark sweep GC freed 75757(3MB) AllocSpace objects, 0(0B) LOS objects, 35% free, 29MB/45MB, paused 882us total 46.564ms

I/art     (13341): WaitForGcToComplete blocked for 46.934ms for cause Explicit

