D/NotificationStackScrollLayout( 4020): hasNotification()-1-V:8

D/NotificationStackScrollLayout( 4020): hasNotification()-2-N:true

D/NotificationStackScrollLayout( 4020): hasNotification()-2-V:8

D/NotificationStackScrollLayout( 4020): hasNotification()-3-N:true

D/NotificationStackScrollLayout( 4020): hasNotification()-3-V:8

D/NotificationStackScrollLayout( 4020): hasNotification()-4-N:true

D/NotificationStackScrollLayout( 4020): hasNotification()-4-V:8

D/NotificationStackScrollLayout( 4020): hasNotification()-5-N:false

D/NotificationStackScrollLayout( 4020): hasNotification()-5-V:8

D/PanelView( 4020): There is/are no notification(s) 

W/SecureStorage( 3535): [WARN]: SPID(0x000000B8)transition_table [first_perm][second_perm] != 0

W/SecureStorage( 3535): [WARN]: SPID(0x000000B8)first_perm = 8

W/SecureStorage( 3535): [WARN]: SPID(0x000000B8)second_perm = 8

D/KeyguardSPassUnlockView( 4020): onAttachedToWindow()

V/KeyguardUpdateMonitor( 4020): *** register callback for com.android.keyguard.EmergencyButton$1@3421a52a

V/KeyguardUpdateMonitor( 4020): *** unregister callback for null

D/SecContentProvider2( 3535): uri = 15 selection = getLockScreenHiddenItems

D/SecContentProvider2( 3535): mCursor = null

D/SecContentProvider2( 3535): uri = 15 selection = getLockScreenHiddenItems

D/SecContentProvider2( 3535): mCursor = null

D/SecContentProvider2( 3535): uri = 15 selection = getLockScreenHiddenItems

D/SecContentProvider2( 3535): mCursor = null

D/SecKeyguardCircleView( 4020): onAttachedToWindow

V/KeyguardUpdateMonitor( 4020): *** register callback for com.android.keyguard.sec.SecKeyguardCircleView$1@1b224f1b

V/KeyguardUpdateMonitor( 4020): *** unregister callback for null

D/KeyguardWallpaperViewController( 3975): isPreloadedWallpaper=false

V/KeyguardUpdateMonitor( 4020): *** register callback for com.android.keyguard.sec.SecKeyguardCircleEmergencyView$1@b9818b8

V/KeyguardUpdateMonitor( 4020): *** unregister callback for null

D/SecKeyguardCircleEmergencyView( 4020): updateCurrentView()

D/SecContentProvider2( 3535): uri = 15 selection = getLockScreenHiddenItems

D/SecContentProvider2( 3535): mCursor = null

D/KeyguardWallpaperViewController( 3975): Apply BlendedFilter from addViewWindow()

D/KeyguardEffectViewUtil( 3975): getCurrentWallpaper() mWallpaperPath : /data/data/com.sec.android.wallpapercropper2/files/lockscreen_wallpaper.jpg

D/SecKeyguardCircleEmergencyView( 4020): updateCurrentView()

D/SecContentProvider2( 3535): uri = 15 selection = getLockScreenHiddenItems

D/SecContentProvider2( 3535): mCursor = null

D/SecKeyguardCircleEmergencyView( 4020): updateCurrentView()

D/SecContentProvider2( 3535): uri = 15 selection = getLockScreenHiddenItems

D/SecContentProvider2( 3535): mCursor = null

V/KeyguardUpdateMonitor( 4020): *** register callback for com.android.keyguard.KeyguardMessageArea$3@1d9ac691

V/KeyguardUpdateMonitor( 4020): *** unregister callback for null

D/SecContentProvider2( 3535): uri = 15 selection = getLockScreenHiddenItems

D/SecContentProvider2( 3535): mCursor = null

D/KeyguardMessageArea( 4020): onTimeChanged( mCharging = true )

D/SecKeyguardCircleView( 4020): onAttachedToWindow

V/KeyguardUpdateMonitor( 4020): *** register callback for com.android.keyguard.sec.SecKeyguardCircleView$1@288ce9f6

V/KeyguardUpdateMonitor( 4020): *** unregister callback for null

I/SecAttributionInfoView( 4020): onAttachedToWindow

D/SecKeyguardStatusUtils( 4020): isUltraPowerSavingMode() :false

D/SecKeyguardStatusUtils( 4020): isUltraPowerSavingMode() :false

D/KeyguardEffectViewController( 4020): isCategoriesWallpaper = false, isLiveWallpaper = falseisHomeWallpaper = false

D/SecKeyguardStatusUtils( 4020): isUltraPowerSavingMode() :false

D/SecKeyguardStatusUtils( 4020): isUltraPowerSavingMode() :false

D/KeyguardEffectViewController( 4020): isCategoriesWallpaper = false, isLiveWallpaper = falseisHomeWallpaper = false

D/KeyguardUpdateMonitor( 4020): sendKeyguardVisibilityChanged(true)

D/KeyguardViewMediator( 4020): adjustStatusBarLocked: mShowing=true mOccluded=false isSecure=? --> flags=0x3200000

D/RestrictionPolicy( 3535): isStatusBarExpansionAllowedAsUser : true, userId = 0

D/KeyguardPreviewContainer( 4020): refreshPhonePreviewIfNeeded - re-creating preview

D/KeyguardPreviewInflater( 4020): intent.getAction()=android.intent.action.DIAL

D/KeyguardPreviewInflater( 4020): switching default dialer action

D/KeyguardViewMediator( 4020): isPwdChangeRequested :: false

I/Choreographer( 4020): Skipped 52 frames!  The application may be doing too much work on its main thread.

D/KeyguardViewMediator( 4020): doKeyguard: SDP_USER_0 inside handleShow LOCKING SDP userid= 0 info SdpEngineInfo { alias:android_0 pkg:  id:0 userid:0 state:2 flags:3 version:4 type:1}

D/SdpServiceKeeper( 3535): SDP_USER_0 isAuthorized 4020 10069 SdpEngineInfo { alias:android_0 pkg:  id:0 userid:0 state:2 flags:3 version:4 type:1} com.android.systemui

D/SdpServiceKeeper( 3535): SDP_USER_0 isAuthorized true false true 1000

D/SdpManagerService( 3535): lockInternal 0

E/SDP.CRYPTO( 3535):     On Locked OK, id 0

D/SdpManagerService( 3535): clearCachedPassword (CMK) 0

E/SdpManagerService( 3535): sendBroadcastAsUser(INTENT_SDP_STATE_CHANGED, state:1)

D/KeyguardViewMediator( 4020): doKeyguard: SDP_USER_0 inside handleShow lock succesful.

I/SecureStorage( 3535): [INFO]: SPID(0x000000B8)Processing data has been completed

I/SecureStorage( 3036): [INFO]: SPID(0x000000B8)Secure Storage Daemon finished processing with result: 0

D/RestrictionPolicy( 3535): isStatusBarExpansionAllowedAsUser : true, userId = 0

D/InputDispatcher( 3535): Focus left window: 4536

D/InputDispatcher( 3535): Focus entered window: 4020

D/PointerIcon( 3535): setMouseIconStyle1 pointerType: 1001 iconType:101 flag:0 pid:3535 uid:1000

D/PointerIcon( 3535): setMouseCustomIcon IconType is same.101

D/mali_winsys( 4020): new_window_surface returns 0x3000,  [1440x2560]-format:1

D/StatusBar-QSPanel( 4020): onLayout left:16 top:0 record.row:0

D/StatusBar-QSPanel( 4020): onLayout left:300 top:0 record.row:0

D/StatusBar-QSPanel( 4020): onLayout left:584 top:0 record.row:0

D/StatusBar-QSPanel( 4020): onLayout left:868 top:0 record.row:0

D/StatusBar-QSPanel( 4020): onLayout left:1152 top:0 record.row:0

D/PhoneStatusBar( 4020): makeExpandedVisible:true

I/CenterBarWindow(16431): Remove drag and drop center bar image

I/CenterBarWindow(16431): drawCenterBar : positionX = 720, positionY = 1280

I/CenterBarWindow(16431): setImageToImageView

I/HINT_rq (31549): SimplePayVisibilityReceiver action :com.android.systemui.statusbar.ANIMATING

D/PanelView( 4020): mClearAll.setVisibility - mIsFullyOpened : false isShade : false mHasNotification : false mIsUpwardFling : false mQsFullyExpanded : false isShadeLocked : false mClearAllVisible : false

D/mali_winsys( 4269): new_window_surface returns 0x3000,  [1x2560]-format:1

D/PanelView( 4020): mClearAll.setVisibility - mIsFullyOpened : false isShade : false mHasNotification : false mIsUpwardFling : false mQsFullyExpanded : false isShadeLocked : false mClearAllVisible : false

D/PanelView( 4020): mClearAll.setVisibility - mIsFullyOpened : false isShade : false mHasNotification : false mIsUpwardFling : false mQsFullyExpanded : false isShadeLocked : false mClearAllVisible : false

D/KeyguardUpdateMonitor( 4020): handleKeyguardVisibilityChanged(1)

D/SecKeyguardStatusUtils( 4020): isUltraPowerSavingMode() :false

D/KeyguardEffectViewController( 4020): isCategoriesWallpaper = false, isLiveWallpaper = falseisHomeWallpaper = false

D/SecKeyguardClockView( 4020): updateCMASText() mOwnerInfo=android.widget.TextView{eb1c153 I.ED..C. ......ID 32,0-32,86 #7f0e03a3 app:id/keyguard_owner_info}

D/SecKeyguardClockView( 4020): disableNoti = true

D/SecKeyguardClockView( 4020): updateCMASText( )

D/PhoneStatusBar( 4020): disable: < expand ICONS alerts SYSTEM_INFO BACK* HOME* RECENT* clock SEARCH* >

D/KeyguardSPassUnlockView( 4020): onWindowFocusChanged(): hasWindowFocus=true

D/KeyguardSPassUnlockView( 4020): onWindowFocusChanged - get focus

D/KeyguardSPassUnlockView( 4020): reset()

I/CenterBarWindow(16431): Remove drag and drop center bar image

I/CenterBarWindow(16431): drawCenterBar : positionX = 720, positionY = 1280

I/CenterBarWindow(16431): setImageToImageView

D/KeyguardSPassUnlockView( 4020): max failed attempt for device disable :0

D/KeyguardSPassUnlockView( 4020): isDeviceDisabledForMaxFailedAttempt return :false

D/KeyguardSpassUnlockThread( 4020): reset()

D/KeyguardUnlockEventHandler( 4020): reset()

D/KeyguardSpassUnlockThread( 4020): handleStopIdentify()

D/StatusBar-QSPanel( 4020): onLayout left:16 top:0 record.row:0

D/StatusBar-QSPanel( 4020): onLayout left:300 top:0 record.row:0

D/StatusBar-QSPanel( 4020): onLayout left:584 top:0 record.row:0

D/StatusBar-QSPanel( 4020): onLayout left:868 top:0 record.row:0

D/StatusBar-QSPanel( 4020): onLayout left:1152 top:0 record.row:0

I/KeyguardEffectViewUtil( 3975): set current wallpaper info

D/SettingsProvider( 3535): name = keyguard_current_wallpaper_type

D/SettingsProvider( 3535): edmUri: content://com.sec.knox.provider/RestrictionPolicy3

D/SettingsProvider( 3535): projectionArgs: isSettingsChangesAllowed

D/SettingsProvider( 3535): selectionArgs: false

D/SettingsProvider( 3535): selectionArgs: 10069

D/SecContentProvider( 3535): uri = 17 selection = isSettingsChangesAllowed

D/SettingsProvider( 3535): ret = 1

D/KeyguardViewMediator( 4020): handleKeyguardDoneDrawing

D/Recents_AlternateRecentsComponent( 4211): dismissHelpPopup 

D/PanelView( 4020): mClearAll.setVisibility - mIsFullyOpened : false isShade : false mHasNotification : false mIsUpwardFling : false mQsFullyExpanded : false isShadeLocked : false mClearAllVisible : false

D/PanelView( 4020): mClearAll.setVisibility - mIsFullyOpened : false isShade : false mHasNotification : false mIsUpwardFling : false mQsFullyExpanded : false isShadeLocked : false mClearAllVisible : false

I/art     ( 3535): Explicit concurrent mark sweep GC freed 123530(7MB) AllocSpace objects, 38(1260KB) LOS objects, 17% free, 75MB/91MB, paused 1.986ms total 262.598ms

D/SettingsProvider( 3535): name = keyguard_current_wallpaper_file_path

D/SettingsProvider( 3535): edmUri: content://com.sec.knox.provider/RestrictionPolicy3

D/SettingsProvider( 3535): projectionArgs: isSettingsChangesAllowed

D/SettingsProvider( 3535): selectionArgs: false

D/SettingsProvider( 3535): selectionArgs: 10069

D/SecContentProvider( 3535): uri = 17 selection = isSettingsChangesAllowed

D/SettingsProvider( 3535): ret = 1

D/SettingsProvider( 3535): name = keyguard_current_wallpaper_res_id

D/SettingsProvider( 3535): edmUri: content://com.sec.knox.provider/RestrictionPolicy3

D/SettingsProvider( 3535): projectionArgs: isSettingsChangesAllowed

D/SettingsProvider( 3535): selectionArgs: false

D/SettingsProvider( 3535): selectionArgs: 10069

D/SecContentProvider( 3535): uri = 17 selection = isSettingsChangesAllowed

D/SettingsProvider( 3535): ret = 1

D/SecKeyguardStatusUtils( 4020): regionalDateFormat = 11/22/3333 isRTLlanguage = false returnDateFormat = E, MMMM d

D/KeyguardEffectViewUtil( 3975): checkWhiteLockscreenWallpaper() start

I/SecKeyguardClockSingleView( 4020): Ignore. Because it is same clock text

I/SecKeyguardClockSingleView( 4020): Ignore. Because it is same clock text

D/KeyguardEffectViewUtil( 3975): checkWhiteLockscreenWallpaper() end

D/KeyguardEffectViewVignetting( 3975): applyBlendedFilter()

D/KeyguardEffectViewVignetting( 3975): getCenterCropRect()

D/KeyguardEffectViewVignetting( 3975): left and rigth are cropped

D/KeyguardEffectViewVignetting( 3975): extractedColor of top = 29

D/KeyguardEffectViewVignetting( 3975): extractedColor of bottom = 64

D/SecKeyguardStatusUtils( 3975): isUltraPowerSavingMode() :false

I/KeyguardWallpaperViewController( 3975): createLayoutParams

D/OpenGLRenderer( 3975): Use EGL_SWAP_BEHAVIOR_PRESERVED: true

D/KeyguardWallpaperViewController( 3975): addView called

D/WaterDroplet_Keyguard( 3975): update

D/WaterDroplet_Keyguard( 3975): changeBackground()

D/WaterDroplet_Keyguard( 3975): setBackground

D/KeyguardEffectViewUtil( 3975): getCurrentWallpaper() mWallpaperPath : /data/data/com.sec.android.wallpapercropper2/files/lockscreen_wallpaper.jpg

I/KeyguardEffectViewUtil( 3975): set current wallpaper info

D/SettingsProvider( 3535): name = keyguard_current_wallpaper_type

D/SettingsProvider( 3535): edmUri: content://com.sec.knox.provider/RestrictionPolicy3

D/SettingsProvider( 3535): projectionArgs: isSettingsChangesAllowed

D/SettingsProvider( 3535): selectionArgs: false

D/SettingsProvider( 3535): selectionArgs: 10069

D/SecContentProvider( 3535): uri = 17 selection = isSettingsChangesAllowed

D/SettingsProvider( 3535): ret = 1

D/SettingsProvider( 3535): name = keyguard_current_wallpaper_file_path

D/SettingsProvider( 3535): edmUri: content://com.sec.knox.provider/RestrictionPolicy3

D/SettingsProvider( 3535): projectionArgs: isSettingsChangesAllowed

D/SettingsProvider( 3535): selectionArgs: false

D/SettingsProvider( 3535): selectionArgs: 10069

D/SecContentProvider( 3535): uri = 17 selection = isSettingsChangesAllowed

D/SettingsProvider( 3535): ret = 1

D/SettingsProvider( 3535): name = keyguard_current_wallpaper_res_id

D/SettingsProvider( 3535): edmUri: content://com.sec.knox.provider/RestrictionPolicy3

D/SettingsProvider( 3535): projectionArgs: isSettingsChangesAllowed

D/SettingsProvider( 3535): selectionArgs: false

D/SettingsProvider( 3535): selectionArgs: 10069

D/SecContentProvider( 3535): uri = 17 selection = isSettingsChangesAllowed

D/SettingsProvider( 3535): ret = 1

D/KeyguardEffectViewUtil( 3975): checkWhiteLockscreenWallpaper() start

D/bauth_FPBAuthService( 3032): FPBAuthService, 5372

D/bauth_FPBAuthService( 3032): FPBAuthService, 5495

I/TLC_BAUTH( 3032): Call FP cmd 0xc;1572

I/tlc_communication( 3032): Send Trustlet TCI Message;211

I/tlc_communication( 3032): mcNotify is completed;221

D/KeyguardEffectViewUtil( 3975): checkWhiteLockscreenWallpaper() end

D/WaterDroplet_Keyguard( 3975): pBitmap.width = 1376, pBitmap.height = 2445

D/WaterDroplet_WaterDropletEffect( 3975): changeBackground Mode = 0

D/WaterDroplet_WaterDropletRenderer( 3975): changeBackground

D/WaterDroplet_WaterDropletRenderer( 3975): setBackground mode = 0

D/BitmapTools( 3975): getCenterCropBitmap() - bitmap size.getWidth() : 1376

D/BitmapTools( 3975): getCenterCropBitmap() - bitmap size.getHeight() : 2445

D/BitmapTools( 3975): getCenterCropBitmap() - width : 1440, height : 2560

D/BitmapTools( 3975): getCenterCropBitmap() - bmp is horizontally

D/KeyguardWallpaperViewController( 3975): mWallpaperPath = /data/data/com.sec.android.wallpapercropper2/files/lockscreen_wallpaper.jpg

V/KeyguardEffectViewController( 4020): *** Keyguard wallpaper service connected (yay!)

D/KeyguardWallpaperService( 3975): KeyguardWallpaperService executeCommand(1) called

I/art     ( 3975): Background sticky concurrent mark sweep GC freed 451(22KB) AllocSpace objects, 1(20KB) LOS objects, 0% free, 71MB/71MB, paused 5.698ms total 18.058ms

D/BitmapTools( 3975): getCenterCropBitmap() - bitmap size.getWidth() : 1376

D/BitmapTools( 3975): getCenterCropBitmap() - bitmap size.getHeight() : 2445

D/BitmapTools( 3975): getCenterCropBitmap() - width : 2560, height : 1440

D/BitmapTools( 3975): getCenterCropBitmap() - bmp is vertically

I/SurfaceFlinger( 2986): id=4049 createSurf (1x1),1 flag=4, LeyguardWal

I/tlc_communication( 3032): mcWaitNotification is completed;245

I/TLC_BAUTH( 3032): Check the Trustlet return code is completed;1665

D/bauth_FPBAuthService( 3032): check_opcode status = 5, opcode = 0, func_ret_val = 0, function_status = 0, timeout = 0

D/SRIB_DCS( 3975): log_dcs ThreadedRenderer::initialize entered! 

D/bauth_FPBAuthService( 3032): FPBAuthService, 5552

I/TLC_BAUTH( 3032): Call FUNC ID 0x4;661

I/TLC_BAUTH( 3032): Free ION Memory;690

I/TLC_BAUTH( 3032): Call FUNC ID 0x20;224

I/TLC_BAUTH( 3032): FUNC ID 0x20 is completed;250

I/tlc_communication( 3032): tlc_close() called;151

I/tlc_communication( 3032): Closing the session;155

I/tlc_communication( 3032): Free WSM;171

I/tlc_communication( 3032): tlc_close() successed;198

I/TLC_BAUTH( 3032): FUNC ID 0x4 is completed;791

D/bauth_FPBAuthSensorControl( 3032): FPBAuthSensorControl, 218

D/bauth_FPBAuthService( 3032): FPBAuthService, 540

D/bauth_FPBAuthService( 3032): FPBAuthService, 5594

I/TLC_BAUTH( 3032): Call FUNC ID 0x3;444

I/tlc_communication( 3032): tlc_open() called;85

I/tlc_communication( 3032): Allocating WSM for TCI;102

I/tlc_communication( 3032): Opening the session;118

D/libEGL  ( 3975): loaded /vendor/lib64/egl/libGLES_mali.so

I/OpenGLRenderer( 3975): Initialized EGL, version 1.4

I/OpenGLRenderer( 3975): HWUI protection enabled for context ,  &this =0x7f972c5200 ,&mEglDisplay = 1 , &mEglConfig = -1961532752 

D/OpenGLRenderer( 3975): Get maximum texture size. GL_MAX_TEXTURE_SIZE is 8192

D/OpenGLRenderer( 3975): Enabling debug mode 0

D/mali_winsys( 3975): new_window_surface returns 0x3000,  [1440x2560]-format:1

I/WaterDroplet_Keyguard( 3975): onSizeChanged, width = 1440, height = 2560, oldw = 0, oldh =0

I/SurfaceFlinger( 2986): id=4050 createSurf (1440x2560),3 flag=404, TurfaceView

D/WaterDroplet_WaterDropletEffect( 3975): test createContext

D/mali_winsys( 3975): new_window_surface returns 0x3000,  [1440x2560]-format:1

D/WaterDroplet_WaterDropletRenderer( 3975): onSurfaceCreated

I/WaterDroplet_JniWaterDropletRenderer( 3975): SetBitmapData 

I/S-Physics( 3975): PhysicsEngineJNI static void PhysicsEngineJNI::SetTexture(JNIEnv*, jclass, jstring, jobject, jboolean)

I/WaterDroplet_JniWaterDropletRenderer( 3975): SetBitmapData 

I/S-Physics( 3975): PhysicsEngineJNI static void PhysicsEngineJNI::SetTexture(JNIEnv*, jclass, jstring, jobject, jboolean)

D/WaterDroplet_Keyguard( 3975): show

D/WaterDroplet_WaterDropletEffect( 3975): show

D/WaterDroplet_Keyguard( 3975): sound : new SoundPool

D/WaterDroplet_WaterDropletRenderer( 3975): onSurfaceChanged, width = 1440, height = 2560

D/WaterDroplet_WaterDropletRenderer( 3975): Enable Mobile Keyboard

D/WaterDroplet_WaterDropletRenderer( 3975): Mobile Keyboard is deattached

D/WaterDroplet_WaterDropletRenderer( 3975): First onSurfaceChanged, Call the Init_PhysicsEngine

D/WaterDroplet_WaterDropletRenderer( 3975): Change opengl BG Texture, size = 2

D/WaterDroplet_WaterDropletRenderer( 3975): preSetPortraitBGTexture

D/WaterDroplet_WaterDropletRenderer( 3975): SetTexture(PortraitBG)

I/WaterDroplet_JniWaterDropletRenderer( 3975): SetBitmapData 

I/S-Physics( 3975): PhysicsEngineJNI static void PhysicsEngineJNI::SetTexture(JNIEnv*, jclass, jstring, jobject, jboolean)

D/WaterDroplet_WaterDropletRenderer( 3975): mPortraitBG is recycled

D/WaterDroplet_WaterDropletRenderer( 3975): preSetLandscapeBGTexture

D/WaterDroplet_WaterDropletRenderer( 3975): SetTexture(LandscapeBG)

I/WaterDroplet_JniWaterDropletRenderer( 3975): SetBitmapData 

I/S-Physics( 3975): PhysicsEngineJNI static void PhysicsEngineJNI::SetTexture(JNIEnv*, jclass, jstring, jobject, jboolean)

D/WaterDroplet_WaterDropletRenderer( 3975): mLandscapeBG is recycled

D/WaterDroplet_WaterDropletRenderer( 3975): isTablet() - false

I/S-Physics( 3975): PhysicsEngineJNI static void PhysicsEngineJNI::Init_PhysicsEngine(JNIEnv*, jclass, jint, jint, jint, jint)

I/S-Physics( 3975): SPSceneManager void SPhysics::SPSceneManager::makeSceneLayer(int, int)

I/S-Physics( 3975): Zero 20150527 mode

I/S-Physics( 3975): Load BG Texture

D/        ( 3975): [G3D][cpomp_get_shader_from_blob_cache][compile_status: 1][shader_size: 0][ir_size: 6382]

D/        ( 3975): [G3D][cpomp_get_shader_from_blob_cache][compile_status: 1][shader_size: 0][ir_size: 4850]

I/S-Physics( 3975): 95, 1440.000000, 2560.000000

I/S-Physics( 3975): PhysicsEngineJNI static void PhysicsEngineJNI::onSurfaceChangedEvent(JNIEnv*, jclass, jint, jint)

I/S-Physics( 3975): SurfaceChanged 20150627 - width : 1440, height : 2560

I/S-Physics( 3975): Load BG Texture

D/        ( 3975): [G3D][cpomp_get_shader_from_blob_cache][compile_status: 1][shader_size: 0][ir_size: 6382]

D/        ( 3975): [G3D][cpomp_get_shader_from_blob_cache][compile_status: 1][shader_size: 0][ir_size: 4850]

I/S-Physics( 3975): UV Bottom Offset : 0.000000

D/        ( 3975): [G3D][cpomp_get_shader_from_blob_cache][compile_status: 1][shader_size: 0][ir_size: 6803]

D/        ( 3975): [G3D][cpomp_get_shader_from_blob_cache][compile_status: 1][shader_size: 0][ir_size: 5128]

D/        ( 3975): [G3D][cpomp_get_shader_from_blob_cache][compile_status: 1][shader_size: 0][ir_size: 6803]

D/        ( 3975): [G3D][cpomp_get_shader_from_blob_cache][compile_status: 1][shader_size: 0][ir_size: 5128]

D/        ( 3975): [G3D][cpomp_get_shader_from_blob_cache][compile_status: 1][shader_size: 0][ir_size: 7856]

D/        ( 3975): [G3D][cpomp_get_shader_from_blob_cache][compile_status: 1][shader_size: 0][ir_size: 11228]

I/tlc_communication( 3032): tlc_open() successed;138

I/TLC_BAUTH( 3032): Check TCI buffer;480

I/TLC_BAUTH( 3032): Call FP cmd 0xf;298

I/tlc_communication( 3032): Send Trustlet TCI Message;211

I/tlc_communication( 3032): mcNotify is completed;221

V/MediaPlayer( 3975): decode(45, 4588784, 9857)

I/tlc_communication( 3032): mcWaitNotification is completed;245

I/TLC_BAUTH( 3032): Check the Trustlet return code is completed;333

I/TLC_BAUTH( 3032): Call FUNC ID 0x10;174

I/TLC_BAUTH( 3032): FUNC ID 0x10 is completed;206

I/TLC_BAUTH( 3032): Call FP cmd 0x10;350

I/tlc_communication( 3032): Send Trustlet TCI Message;211

I/tlc_communication( 3032): mcNotify is completed;221

V/MediaPlayerService( 3006): decode(40, 4588784, 9857)

I/tlc_communication( 3032): mcWaitNotification is completed;245

I/TLC_BAUTH( 3032): Check the Trustlet return code is completed;377

I/TLC_BAUTH( 3032): FUNC ID 0x3 is completed;644

D/bauth_FPBAuthService( 3032): FPBAuthService, 5675

D/bauth_FPBAuthService( 3032): FPBAuthService, 5693

D/bauth_FPBAuthService( 3032): FPBAuthService, 5395

V/MediaPlayerService( 3006): player type = 4

V/NuPlayerDriver( 3006): NuPlayerDriver(0xefcaa660)

V/NuPlayerDriver( 3006): setDataSource(0xefcaa660) file(40)

V/NuPlayer( 3006): kWhatSetAudioSink

V/GenericSource( 3006): setDefault

V/NuPlayer( 3006): kWhatSetDataSource

V/MediaPlayerService( 3006): prepare

V/NuPlayerDriver( 3006): prepareAsync(0xefcaa660)

V/MediaPlayerService( 3006): wait for prepare

V/GenericSource( 3006): prepareAsync

V/GenericSource( 3006): [Flag] set 0x8 -> mFlags = 0x8

V/GenericSource( 3006): onPrepareAsync

I/OggExtractor( 3006): OggSource::OggSource() mExtractor ref count = 4

I/AnotherPacketSource( 3006): setFormat() audio

V/GenericSource( 3006): setDefault

I/GenericSource( 3006): NuPlayer Ormode enabled

V/GenericSource( 3006): send mUnsupportedAudio = 0 mUnsupportedVideo = 0 mHaveAudio = 1 mHaveVideo = 0

V/GenericSource( 3006): onPrepareAsyncEvent() done

V/NuPlayer( 3006): prepare posted successfully.

V/NuPlayer( 3006): mUnsupportedAudio = 0, mUnsupportedVideo = 0, mHaveAudioTrack = 1, mHaveVideoTrack = 0

V/NuPlayer( 3006): msg : 200, ext1 : 973, ext2 : 0

V/AudioCache( 3006): notify(0xecc7bb50, 200, 973, 0)

V/AudioCache( 3006): ignored

V/NuPlayer( 3006): extractMetadata Tracks : 1

V/NuPlayer( 3006): enableInbandTextFromExtr

V/AudioCache( 3006): notify(0xecc7bb50, 1, 0, 0)

V/AudioCache( 3006): prepared

V/AudioCache( 3006): wait - success

V/MediaPlayerService( 3006): start

D/NuPlayerDriver( 3006): start(0xefcaa660)

V/MediaPlayerService( 3006): wait for playback complete

V/NuPlayer( 3006): kWhatStart

I/GenericSource( 3006): start

V/NuPlayer( 3006): checkOffloadExceptions is true, call canOffloadStream

I/NuSecMediaClock( 3006): NuSecMediaClock constructor

I/NuSecMediaClock( 3006): reset

I/NuSecMediaClock( 3006): init success

I/NuSecMediaClock( 3006): setClockMargin mMinClockModificationCondition (70000), mMaxClockCorrection (30000)

I/NuPlayerRenderer( 3006): setParamForMediaClock() out

I/NuPlayerRenderer( 3006): setDuration (274489)

V/NuPlayer( 3006): scanning sources haveAudio=0, haveVideo=0

V/NuPlayer( 3006): checkOffloadExceptions is true, call canOffloadStream

V/NuPlayer( 3006): make Decoder (audio)

V/NuPlayer( 3006): executePendingSecSeek - There ara not any pending seek!

I/ACodec  ( 3006):  [] Now uninitialized

I/ACodec  ( 3006): >>> getPortFormat 16, OMX.google.vorbis.decoder

I/ACodec  ( 3006): [OMX.google.vorbis.decoder] Now Executing

I/S-Physics( 3975): loadTexture called

I/S-Physics( 3975): UV Bottom Offset : 0.000000

I/S-Physics( 3975): 1 step, only BG load & draw

D/        ( 3975): [G3D][cpomp_get_shader_from_blob_cache][compile_status: 1][shader_size: 0][ir_size: 6863]

D/        ( 3975): [G3D][cpomp_get_shader_from_blob_cache][compile_status: 1][shader_size: 0][ir_size: 5365]

I/ACodec  ( 3006): [OMX.google.vorbis.decoder] Now Executing

I/ACodec  ( 3006): >>> getPortFormat 16, OMX.google.vorbis.decoder

I/NuPlayerDecoder( 3006): openAudioSink_l

I/NuPlayerRenderer( 3006): openAudioSink: offloadOnly(0) offloadingAudio(0)

I/NuPlayerRenderer( 3006): openAudioSink: open AudioSink in NON-offload mode audioFormat : 1, flags : 0

I/NuPlayerRenderer( 3006): use bufferCount 4

V/AudioCache( 3006): open(44100, 2, 0x0, 1, 0)

I/NuSecMediaClock( 3006): reset

I/NuPlayerRenderer( 3006): setAudioFirstAnchorTimeIfNeeded mAudioFirstAnchorTimeMediaUs : -1, new mediaTimeUs : 13061

V/NuPlayer( 3006): media rendering started

V/NuPlayer( 3006): msg : 6, ext1 : 0, ext2 : 0

V/AudioCache( 3006): notify(0xecc7bb50, 6, 0, 0)

V/AudioCache( 3006): ignored

D/WaterDroplet_WaterDropletRenderer( 3975): FPS = 1

I/NuPlayerDecoder( 3006): End of Stream

I/NuPlayerDecoder( 3006): Set EOS for DRM

I/NuPlayerDecoder( 3006): End of Stream

I/NuPlayerDecoder( 3006): Set EOS for DRM

I/NuPlayerDecoder( 3006): End of Stream

I/NuPlayerDecoder( 3006): Set EOS for DRM

I/NuPlayerRenderer( 3006): onQueueEOS audio finalResult : -1011

I/NuPlayerRenderer( 3006): [audio] notifyEOS() End of Stream, delayUs : 2

V/NuPlayer( 3006): reached audio EOS

V/NuPlayer( 3006): msg : 2, ext1 : 0, ext2 : 0

V/AudioCache( 3006): notify(0xecc7bb50, 2, 0, 0)

V/AudioCache( 3006): playback complete

V/AudioCache( 3006): wait - success

V/GenericSource( 3006): pause

D/NuPlayerDriver( 3006): reset(0xefcaa660)

V/GenericSource( 3006): [Flag] clear 0x1 -> mFlags = 0x8

V/AudioCache( 3006): notify(0xecc7bb50, 8, 0, 0)

I/GenericSource( 3006): mDRMEOS is true, check with -1

V/AudioCache( 3006): ignored

V/NuPlayer( 3006): kWhatReset

I/NuPlayerRenderer( 3006): onPause

V/NuPlayer( 3006): performDecoderFlush audio=2, video=2

V/NuPlayer( 3006): [audio] flushDecoder needShutdown=1

V/NuPlayer( 3006): postponing action mFlushingAudio=2, mFlushingVideo=0

I/NuPlayerRenderer( 3006): flush audio, notifyComplete 1, shutdown Yes

V/NuPlayer( 3006): Testing logs : mResetInProgress=1, mVideoEOS =0, mAudioEOS =0

V/NuPlayer( 3006): (mAudioDecoder != NULL) = true, (mVideoDecoder != NULL) = false

D/NuPlayerRenderer( 3006): signalTimeDiscontinuity() mHasAudio = 1 , mHasVideo = 0

I/NuPlayerRenderer( 3006): flushing audio

I/NuPlayerRenderer( 3006): onFlush mAudioQueueGeneration : 2

I/ACodec  ( 3006): [OMX.google.vorbis.decoder] signalFlush

V/NuPlayer( 3006): renderer audio flush completed.

I/ACodec  ( 3006): [OMX.google.vorbis.decoder] ExecutingState flushing now (codec owns 0/4 input, 2/4 output).

I/ACodec  ( 3006): [OMX.google.vorbis.decoder] Now Flushing

I/ACodec  ( 3006): [OMX.google.vorbis.decoder] FlushingState onOMXEvent(0,1,0)

I/ACodec  ( 3006): [OMX.google.vorbis.decoder] FlushingState onOMXEvent(0,1,1)

I/ACodec  ( 3006): [OMX.google.vorbis.decoder] Now Executing

V/NuPlayer( 3006): Got valid new generation 2 

V/NuPlayer( 3006): decoder audio flush completed

V/NuPlayer( 3006): initiating audio decoder shutdown

I/ACodec  ( 3006):  [OMX.google.vorbis.decoder] Now uninitialized

V/NuPlayer( 3006): Got valid new generation 3 

V/NuPlayer( 3006): audio shutdown completed

V/NuPlayer( 3006): both audio and video are flushed now.

V/NuPlayer( 3006): Reset was postponed execute processDeferredActions

V/NuPlayer( 3006): performReset

I/NuSecMediaClock( 3006): NuSecMediaClock destructor

V/GenericSource( 3006): stop()

V/GenericSource( 3006): PREPARE_CANCELLED set to true

V/GenericSource( 3006): [Flag] set 0x40 -> mFlags = 0x48

V/GenericSource( 3006): [Flag] clear 0x8 -> mFlags = 0x40

V/GenericSource( 3006): stop() end

V/GenericSource( 3006): ~GenericSource()

I/OggExtractor( 3006): OggSource::stop() mExtractor ref count = 2

I/OggExtractor( 3006): ~OggSource --

D/NuPlayerDriver( 3006): notifyResetComplete(0xefcaa660)

V/NuPlayerDriver( 3006): ~NuPlayerDriver(0xefcaa660)

I/OggExtractor( 3006): ~OggExtractor ++

I/OggExtractor( 3006): ~MyVorbisExtractor ++ 

I/OggExtractor( 3006): ~MyVorbisExtractor --

I/OggExtractor( 3006): ~OggExtractor --

D/WaterDroplet_WaterDropletRenderer( 3975): show

D/WaterDroplet_WaterDropletRenderer( 3975): mDrawCount == 1, call mIEffectListener.onReceive()

D/WaterDroplet_Keyguard( 3975): KeyguardEffectViewWaterDroplet : mKeyguardWindowCallback is called!!!

I/S-Physics( 3975): 2 step, load other texture

I/S-Physics( 3975): loadTexture called

I/S-Physics( 3975): UV Bottom Offset : 0.000000

D/        ( 3975): [G3D][cpomp_get_shader_from_blob_cache][compile_status: 1][shader_size: 0][ir_size: 6382]

D/        ( 3975): [G3D][cpomp_get_shader_from_blob_cache][compile_status: 1][shader_size: 0][ir_size: 4850]

D/        ( 3975): [G3D][cpomp_get_shader_from_blob_cache][compile_status: 1][shader_size: 0][ir_size: 6803]

D/        ( 3975): [G3D][cpomp_get_shader_from_blob_cache][compile_status: 1][shader_size: 0][ir_size: 5128]

D/        ( 3975): [G3D][cpomp_get_shader_from_blob_cache][compile_status: 1][shader_size: 0][ir_size: 6803]

D/WaterDroplet_Keyguard( 3975): sound : onLoadComplete

D/        ( 3975): [G3D][cpomp_get_shader_from_blob_cache][compile_status: 1][shader_size: 0][ir_size: 5128]

D/        ( 3975): [G3D][cpomp_get_shader_from_blob_cache][compile_status: 1][shader_size: 0][ir_size: 7856]

D/        ( 3975): [G3D][cpomp_get_shader_from_blob_cache][compile_status: 1][shader_size: 0][ir_size: 11228]

D/        ( 3975): [G3D][cpomp_get_shader_from_blob_cache][compile_status: 1][shader_size: 0][ir_size: 6863]

D/        ( 3975): [G3D][cpomp_get_shader_from_blob_cache][compile_status: 1][shader_size: 0][ir_size: 5365]

D/NetworkStatsFactory( 3535): UpdateStatsForKnox updated

D/NetworkStatsFactory( 3535): UpdateStatsForKnox updated

D/KeyguardSPassUnlockView( 4020): handleShowFingerPrintInstruction( show finger pirnt instructions )

D/WaterDroplet_WaterDropletRenderer( 3975): FPS = 46

D/WaterDroplet_WaterDropletRenderer( 3975): mJniWaterDroplet is Empty

D/WaterDroplet_WaterDropletRenderer( 3975): mJniWaterDroplet is Empty

D/WaterDroplet_WaterDropletRenderer( 3975): mJniWaterDroplet is Empty

D/WaterDroplet_WaterDropletRenderer( 3975): checkDirtyMode() Drity Mode

I/Process ( 3308): Sending signal. PID: 3308 SIG: 9

D/com.facebook.a.a( 9290): Got unexpected exception: java.io.WriteAbortedException: Read an exception; java.io.NotSerializableException: org.json.JSONObject

D/KeyguardUpdateMonitor( 4020): received broadcast android.intent.action.TIME_TICK

I/PERF    ( 4020): received broadcast android.intent.action.TIME_TICK

D/KeyguardUpdateMonitor( 4020): handleTimeUpdate

D/SecKeyguardClockView( 4020): onTimeChanged() : mShouldShowDualClock - false, isDualClockSet() -false

D/SecKeyguardClockView( 4020): mTimeZone:null,   hour:4,   isShortMaxWidth:false

D/[zero daemon] (19562): {[C6B53529A4E9A61B6E9DFAC2EC352F35413B8423020D39F21C4F88CE3B9B87CFDCC0B81B0A5ED41F6DFA9549B8ADE1F4BACF4D40B7B8E99052DE9FA88E767D1DEF99F3B50EBB0BE2EA7D97147503802808B0F46342E4D32B53ACCA63815BEAA3E6A19B15B6D34AFADF3249A820F62444]}

I/[zero daemon] (19562): {[A32E1AC369E42B6168CFC8ECFBFA9951C42133C77ADF9B218D854990F6269E39E070AB82AF1D92181C1190CEE7CA9CBA]}

D/SecKeyguardStatusUtils( 4020): regionalDateFormat = 11/22/3333 isRTLlanguage = false returnDateFormat = E, MMMM d

D/KeyguardMessageArea( 4020): onTimeChanged( mCharging = true )

D/DateView( 4020): regionalDateFormat = 11/22/3333 isRTLlanguage = false returnDateFormat = E, MMMM d

D/DateView( 4020): regionalDateFormat = 11/22/3333 isRTLlanguage = false returnDateFormat = E, MMMM d

D/DateView( 4020): regionalDateFormat = 11/22/3333 isRTLlanguage = false returnDateFormat = E, MMMM d

I/SecKeyguardClockSingleView( 4020): Ignore. Because it is same clock text

D/KeyguardEffectViewController( 4020): onReceive action : android.intent.action.TIME_TICK

I/Tethering( 3535): BATTERY_CHANGED, level = 72lowBatteryThreshold = 15

D/KeyguardUpdateMonitor( 4020): received broadcast android.intent.action.BATTERY_CHANGED

I/PERF    ( 4020): received broadcast android.intent.action.BATTERY_CHANGED

D/KeyguardUpdateMonitor( 4020): handleBatteryUpdate

D/BatteryMonitor( 3990): new battery level: 72

D/QSTile.TorchLightTile( 4020): ACTION_BATTERY_CHANGED - Level :: 72, Status :: 2

D/RcsSettingsUtils( 3990): new battery level: 72

D/CommonServiceConfiguration( 3990): getStringValueSetting

D/RcsSettingsUtils( 3990): read setting battery level: null

I/Tethering( 3535): BATTERY_CHANGED, level = 72lowBatteryThreshold = 15

D/KeyguardUpdateMonitor( 4020): received broadcast android.intent.action.BATTERY_CHANGED

I/PERF    ( 4020): received broadcast android.intent.action.BATTERY_CHANGED

D/KeyguardUpdateMonitor( 4020): handleBatteryUpdate

D/BatteryMonitor( 3990): new battery level: 72

D/ApplicationPolicy( 3535): isStatusBarNotificationAllowedAsUser: packageName = com.android.systemui,userId = -1

V/ApplicationPolicy( 3535): isApplicationStateBlocked userId -1 pkgname com.android.systemui

D/QSTile.TorchLightTile( 4020): ACTION_BATTERY_CHANGED - Level :: 72, Status :: 2

D/RcsSettingsUtils( 3990): new battery level: 72

D/CommonServiceConfiguration( 3990): getStringValueSetting

D/RcsSettingsUtils( 3990): read setting battery level: null

D/StatusBar( 4020): ----- contentsUnchanged : true, bigContentsUnchanged - true, headsUpContentsUnchanged - true , publicUnchanged true

D/NotificationStackScrollLayout( 4020): hasNotification()-C:6

D/NotificationStackScrollLayout( 4020): hasNotification()-0-N:false

D/NotificationStackScrollLayout( 4020): hasNotification()-0-V:8

D/NotificationStackScrollLayout( 4020): hasNotification()-1-N:false

D/NotificationStackScrollLayout( 4020): hasNotification()-1-V:8

D/NotificationStackScrollLayout( 4020): hasNotification()-2-N:true

D/NotificationStackScrollLayout( 4020): hasNotification()-2-V:8

D/NotificationStackScrollLayout( 4020): hasNotification()-3-N:true

D/NotificationStackScrollLayout( 4020): hasNotification()-3-V:8

D/NotificationStackScrollLayout( 4020): hasNotification()-4-N:true

D/NotificationStackScrollLayout( 4020): hasNotification()-4-V:8

D/NotificationStackScrollLayout( 4020): hasNotification()-5-N:false

D/NotificationStackScrollLayout( 4020): hasNotification()-5-V:8

D/PanelView( 4020): There is/are no notification(s) 

D/PanelView( 4020): kidsfalse mQsExpansionEnabled:true

D/NotificationStackScrollLayout( 4020): hasNotification()-C:6

D/NotificationStackScrollLayout( 4020): hasNotification()-0-N:false

D/NotificationStackScrollLayout( 4020): hasNotification()-0-V:8

D/NotificationStackScrollLayout( 4020): hasNotification()-1-N:false

D/NotificationStackScrollLayout( 4020): hasNotification()-1-V:8

D/NotificationStackScrollLayout( 4020): hasNotification()-2-N:true

D/NotificationStackScrollLayout( 4020): hasNotification()-2-V:8

D/NotificationStackScrollLayout( 4020): hasNotification()-3-N:true

D/NotificationStackScrollLayout( 4020): hasNotification()-3-V:8

D/NotificationStackScrollLayout( 4020): hasNotification()-4-N:true

D/NotificationStackScrollLayout( 4020): hasNotification()-4-V:8

D/NotificationStackScrollLayout( 4020): hasNotification()-5-N:false

D/NotificationStackScrollLayout( 4020): hasNotification()-5-V:8

D/PanelView( 4020): There is/are no notification(s) 

D/PanelView( 4020): kidsfalse mQsExpansionEnabled:true

D/PanelView( 4020): mClearAll.setVisibility - mIsFullyOpened : false isShade : false mHasNotification : false mIsUpwardFling : false mQsFullyExpanded : false isShadeLocked : false mClearAllVisible : false

D/PanelView( 4020): mClearAll.setVisibility - mIsFullyOpened : false isShade : false mHasNotification : false mIsUpwardFling : false mQsFullyExpanded : false isShadeLocked : false mClearAllVisible : false

D/com.facebook.a.a( 9290): Got unexpected exception: java.io.WriteAbortedException: Read an exception; java.io.NotSerializableException: org.json.JSONObject

D/StatusBar.NetworkController( 4020): onDataActivity: direction=0

D/NetworkStatsFactory( 3535): UpdateStatsForKnox updated

D/EPDG -- [NETMGMT]( 3535): Interface Data activity changed : label: 0 : active: false

D/EPDG -- [EPDGService]( 3535): onDataActivity: direction=0

D/EPDG -- [EPDGService]( 3535): onDataActivity: direction=4

D/StatusBar.NetworkController( 4020): updateDataIcon, mDataDirectionIconId = com.android.systemui:drawable/stat_sys_signal_no_inout_tmo mDataConnected = true

D/StatusBar.NetworkController( 4020): refreshViews connected={ data } level=4 combinedSignalIconId=0x7f020695/com.android.systemui:drawable/tw_stat_sys_5_level_signal_4_auto_rotate mobileLabel=T-Mobile wifiLabel= emergencyOnly=false combinedLabel=T-Mobile mAirplaneMode=false mDataActivity=0 mPhoneSignalIconId=0x7f020695/com.android.systemui:drawable/tw_stat_sys_5_level_signal_4_auto_rotate mQSPhoneSignalIconId=0x7f020116/com.android.systemui:drawable/ic_qs_signal_4 mDataDirectionIconId=0x7f02051a/com.android.systemui:drawable/stat_sys_signal_no_inout_tmo mDataSignalIconId=0x7f020695/com.android.systemui:drawable/tw_stat_sys_5_level_signal_4_auto_rotate mDataTypeIconId=0x7f020346/com.android.systemui:drawable/stat_sys_data_connected_lte_tmo mQSDataTypeIconId=0x0/(null) mNoSimIconId=0x0/(null) mWifiIconId=0x0/(null) mQSWifiIconId=0x0/(null) mWifiActivityIconId=0x7f020519/com.android.systemui:drawable/stat_sys_signal_no_inout mBluetoothTetherIconId=0x7f02053f/com.android.systemui:drawable/stat_sys_tether_bluetooth

D/STATUSBAR-WifiTile( 4020): onWifiSignalChanged enabled=false enabledDesc:null

D/StatusBar.NetworkController( 4020): refreshNwBoosterIndicator - setNWBoosterIndicators(false)

D/StatusBar.NetworkController( 4020): applyTMO

D/StatusBar.NetworkController( 4020): refreshNwBoosterIndicator - setNWBoosterIndicators(false)

D/StatusBar.NetworkController( 4020): applyTMO

D/StatusBar.NetworkController( 4020): refreshNwBoosterIndicator - setNWBoosterIndicators(false)

D/StatusBar.NetworkController( 4020): applyTMO

D/StatusBar.NetworkController( 4020): refreshNwBoosterIndicator - setNWBoosterIndicators(false)

D/StatusBar.NetworkController( 4020): applyTMO

D/StatusBar.NetworkController( 4020): onDataActivity: direction=4

D/StatusBar.NetworkController( 4020): updateDataIcon, mDataDirectionIconId = com.android.systemui:drawable/stat_sys_signal_no_inout_tmo mDataConnected = true

D/StatusBar.NetworkController( 4020): refreshViews connected={ data } level=4 combinedSignalIconId=0x7f020695/com.android.systemui:drawable/tw_stat_sys_5_level_signal_4_auto_rotate mobileLabel=T-Mobile wifiLabel= emergencyOnly=false combinedLabel=T-Mobile mAirplaneMode=false mDataActivity=4 mPhoneSignalIconId=0x7f020695/com.android.systemui:drawable/tw_stat_sys_5_level_signal_4_auto_rotate mQSPhoneSignalIconId=0x7f020116/com.android.systemui:drawable/ic_qs_signal_4 mDataDirectionIconId=0x7f02051a/com.android.systemui:drawable/stat_sys_signal_no_inout_tmo mDataSignalIconId=0x7f020695/com.android.systemui:drawable/tw_stat_sys_5_level_signal_4_auto_rotate mDataTypeIconId=0x7f020346/com.android.systemui:drawable/stat_sys_data_connected_lte_tmo mQSDataTypeIconId=0x0/(null) mNoSimIconId=0x0/(null) mWifiIconId=0x0/(null) mQSWifiIconId=0x0/(null) mWifiActivityIconId=0x7f020519/com.android.systemui:drawable/stat_sys_signal_no_inout mBluetoothTetherIconId=0x7f02053f/com.android.systemui:drawable/stat_sys_tether_bluetooth

D/STATUSBAR-WifiTile( 4020): onWifiSignalChanged enabled=false enabledDesc:null

D/StatusBar.NetworkController( 4020): refreshNwBoosterIndicator - setNWBoosterIndicators(false)

D/StatusBar.NetworkController( 4020): applyTMO

D/StatusBar.NetworkController( 4020): refreshNwBoosterIndicator - setNWBoosterIndicators(false)

D/StatusBar.NetworkController( 4020): applyTMO

D/StatusBar.NetworkController( 4020): refreshNwBoosterIndicator - setNWBoosterIndicators(false)

D/StatusBar.NetworkController( 4020): applyTMO

D/StatusBar.NetworkController( 4020): refreshNwBoosterIndicator - setNWBoosterIndicators(false)

D/StatusBar.NetworkController( 4020): applyTMO

I/TLC_TIMA_PKM_measure_kernel( 3535): TIMA: response_id = 3

I/TLC_TIMA_PKM_measure_kernel( 3535): TIMA: response ret = 0, result_ondemand = MSG=Kernel Verification Success;

I/BackgroundCompactionService( 3535): onStart. jobID=801

I/BackgroundCompactionService( 3535): onStart done. jobID=801

I/BackgroundCompactionService( 3535): Execute BGCompaction (type1). (230 times)

I/BackgroundCompactionService( 3535): compact_memory command done

I/GCM     ( 4845): GCM message GSYNC_TICKLE 0:1448487209625840%e7a7135331877607

I/GCM     ( 4845): GCM message GSYNC_TICKLE 0:1448487209625236%e7a7135305759a8e

I/SubscribedFeeds( 4845): Received message

I/SubscribedFeeds( 4845): Received message

I/Tethering( 3535): BATTERY_CHANGED, level = 72lowBatteryThreshold = 15

D/KeyguardUpdateMonitor( 4020): received broadcast android.intent.action.BATTERY_CHANGED

I/PERF    ( 4020): received broadcast android.intent.action.BATTERY_CHANGED

D/KeyguardUpdateMonitor( 4020): handleBatteryUpdate

D/BatteryMonitor( 3990): new battery level: 72

D/QSTile.TorchLightTile( 4020): ACTION_BATTERY_CHANGED - Level :: 72, Status :: 2

D/RcsSettingsUtils( 3990): new battery level: 72

D/CommonServiceConfiguration( 3990): getStringValueSetting

D/RcsSettingsUtils( 3990): read setting battery level: null

W/System.err( 3535): remove failed: ENOENT (No such file or directory) : /data/system/sync/pending.xml.bak

E/Zygote  ( 4192): MountEmulatedStorage()

E/Zygote  ( 4192): v2

I/SELinux ( 4192): Function: selinux_compare_spd_ram, SPD-policy is existed. and_ver=SEPF_SM-G925T_5.1.1 ver=38

I/SELinux ( 4192): Function: selinux_compare_spd_ram , priority [1] , priority version is VE=SEPF_SM-G925T_5.1.1_0038

E/Zygote  ( 4192): accessInfo : 0

E/SELinux ( 4192): [DEBUG] get_category: variable seinfo: default sensitivity: NULL, cateogry: NULL

D/EnterpriseDeviceManagerService( 3535): isManagedProfileUser(): userId = 0

D/TimaKeyStoreProvider( 4192): TimaSignature is unavailable

D/ActivityThread( 4192): Added TimaKeyStore provider

I/InjectionManager( 4192): Inside getClassLibPath + mLibMap{0=, 1=}

I/InjectionManager( 4192): Inside getClassLibPath caller 

W/bta     ( 4192): BigTopApplication I am version 1.15 (107643877) PID: 4192 release

V/GLSActivity( 4845): AuthDelegateWrapperCreated with selected intent: Intent { cmp=com.google.android.gms/.auth.DefaultAuthDelegateService }

V/GLSActivity( 4845): AuthDelegateWrapperCreated with selected intent: Intent { cmp=com.google.android.gms/.auth.DefaultAuthDelegateService }

D/InjectionManager( 4192): InjectionManager

D/InjectionManager( 4192): fillFeatureStoreMap com.google.android.apps.inbox

I/InjectionManager( 4192): Constructor com.google.android.apps.inbox, Feature store :{}

I/InjectionManager( 4192): featureStore :{}

D/ConnectivityManager( 4192): CallingUid : 10040, CallingPid : 4192

D/ConnectivityManager.CallbackHandler( 4192): CM callback handler got msg 524290

D/ConnectivityManager.CallbackHandler( 4192): CM callback handler got msg 524290

W/System.err( 4192): mkdir failed: EEXIST (File exists) : /data/data/com.google.android.apps.inbox/app_cumulusIdb/IDX-136180877

D/IDB IDB_HISTOGRAM( 4192): third_party/indexeddb/src/jni/../other_webkit_deps/HistogramSupport.h(14): WebCore.IndexedDB.BackingStore.OpenStatus: 1/7

W/ksd     ( 4192): Flushing events without any listeners

I/InjectionManager( 4192): Inside getClassLibPath caller 

V/JNIHelp ( 4192): Registering com/google/android/gms/org/conscrypt/NativeCrypto's 241 native methods...

I/ProviderInstaller( 4192): Installed default security provider GmsCore_OpenSSL

V/GLSActivity( 4845): AuthDelegateWrapperCreated with selected intent: Intent { cmp=com.google.android.gms/.auth.DefaultAuthDelegateService }

D/EnterpriseDeviceManagerService( 3535): isManagedProfileUser(): userId = 0

I/System.out( 4845): (HTTPLog)-Static: isSBSettingEnabled false

D/EnterpriseController( 2998): mIsMarkChainAdded is 0 mIsBlockChainAdded is 0 netId is 0

D/Netd    ( 2998): getNetworkForDns: using netid 519 for uid 10017

V/NativeCrypto( 4845): SSL shutdown failed: ssl=0x7f8fcf0100: I/O error during system call, Connection timed out

V/NativeCrypto( 4845): SSL shutdown failed: ssl=0x7f7b7ac000: I/O error during system call, Connection timed out

I/System.out( 4845): KnoxVpnUidStorageknoxVpnSupported API value returned is false

I/qtaguid ( 4845): Tagging socket 58 with tag 1000040100000000{268436481,0} uid 10017, pid: 4845, getuid(): 10017

I/qtaguid ( 4845): Tagging socket 70 with tag 1000040100000000{268436481,0} uid 10017, pid: 4845, getuid(): 10017

V/NativeCrypto( 4845): SSL shutdown failed: ssl=0x7f7b7ab900: I/O error during system call, Connection timed out

D/EnterpriseDeviceManagerService( 3535): isManagedProfileUser(): userId = 0

D/EnterpriseDeviceManagerService( 3535): isManagedProfileUser(): userId = 0

D/EnterpriseDeviceManagerService( 3535): isManagedProfileUser(): userId = 0

I/System.out( 4192): (HTTPLog)-Static: isSBSettingEnabled false

I/System.out( 4192): (HTTPLog)-Static: isShipBuild true

I/System.out( 4192): (HTTPLog)-Thread-13347-983711271: SmartBonding Enabling is false, SHIP_BUILD is true, log to file is false, DBG is false

I/System.out( 4192): (HTTPLog)-Thread-13347-983711271: SMARTBONDING_FEATURE_ENABLED is true

I/System.out( 4192): (HTTPLog)-Static: isSBSettingEnabled false

D/EnterpriseController( 2998): mIsMarkChainAdded is 0 mIsBlockChainAdded is 0 netId is 0

D/Netd    ( 2998): getNetworkForDns: using netid 519 for uid 10040

I/System.out( 4192): KnoxVpnUidStorageknoxVpnSupported API value returned is false

W/jzs     ( 4192): No metrics helper associate with query version 1 for SAPI_LL_TYPE_SETTINGS

W/jzs     ( 4192): No metrics helper associate with query version 1 for SAPI_LL_TYPE_SETTINGS

W/jzs     ( 4192): No metrics helper associate with query version 1 for SAPI_LL_TYPE_SETTINGS

W/jzs     ( 4192): No metrics helper associate with query version 1 for SAPI_LL_TYPE_SETTINGS

I/System.out( 4192): (HTTPLog)-Static: isSBSettingEnabled false

W/jzs     ( 4192): No metrics helper associate with query version 1 for SAPI_LL_TYPE_SETTINGS

I/System.out( 4192): (HTTPLog)-Static: isSBSettingEnabled false

D/com.facebook.a.a( 9290): Got unexpected exception: java.io.WriteAbortedException: Read an exception; java.io.NotSerializableException: org.json.JSONObject

W/bta     ( 4192): cwz Fetched unseen inbox items successfully. Size: 1

W/bta     ( 4192): cwz No supported items to notify for. Cancelling current notifications.

W/khk     ( 4192): sections == null.  missed changes on list jsf{type=SAPI_LL_TYPE_THROTTLED_INBOX, priority=DEFAULT, isPaused=false, #elements=0}

W/khk     ( 4192): sections == null.  missed changes on list jsf{type=SAPI_LL_TYPE_UPCOMING_NOTIFICATIONS, priority=DEFAULT, isPaused=false, #elements=0}

I/Tethering( 3535): BATTERY_CHANGED, level = 72lowBatteryThreshold = 15

D/KeyguardUpdateMonitor( 4020): received broadcast android.intent.action.BATTERY_CHANGED

I/PERF    ( 4020): received broadcast android.intent.action.BATTERY_CHANGED

D/KeyguardUpdateMonitor( 4020): handleBatteryUpdate

D/BatteryMonitor( 3990): new battery level: 72

D/QSTile.TorchLightTile( 4020): ACTION_BATTERY_CHANGED - Level :: 72, Status :: 2

D/RcsSettingsUtils( 3990): new battery level: 72

D/CommonServiceConfiguration( 3990): getStringValueSetting

D/RcsSettingsUtils( 3990): read setting battery level: null

I/Tethering( 3535): BATTERY_CHANGED, level = 72lowBatteryThreshold = 15

D/KeyguardUpdateMonitor( 4020): received broadcast android.intent.action.BATTERY_CHANGED

I/PERF    ( 4020): received broadcast android.intent.action.BATTERY_CHANGED

D/KeyguardUpdateMonitor( 4020): handleBatteryUpdate

D/BatteryMonitor( 3990): new battery level: 72

D/ApplicationPolicy( 3535): isStatusBarNotificationAllowedAsUser: packageName = com.android.systemui,userId = -1

V/ApplicationPolicy( 3535): isApplicationStateBlocked userId -1 pkgname com.android.systemui

D/QSTile.TorchLightTile( 4020): ACTION_BATTERY_CHANGED - Level :: 72, Status :: 2

D/RcsSettingsUtils( 3990): new battery level: 72

D/CommonServiceConfiguration( 3990): getStringValueSetting

D/RcsSettingsUtils( 3990): read setting battery level: null

D/StatusBar( 4020): ----- contentsUnchanged : true, bigContentsUnchanged - true, headsUpContentsUnchanged - true , publicUnchanged true

D/NotificationStackScrollLayout( 4020): hasNotification()-C:6

D/NotificationStackScrollLayout( 4020): hasNotification()-0-N:false

D/NotificationStackScrollLayout( 4020): hasNotification()-0-V:8

D/NotificationStackScrollLayout( 4020): hasNotification()-1-N:false

D/NotificationStackScrollLayout( 4020): hasNotification()-1-V:8

D/NotificationStackScrollLayout( 4020): hasNotification()-2-N:true

D/NotificationStackScrollLayout( 4020): hasNotification()-2-V:8

D/NotificationStackScrollLayout( 4020): hasNotification()-3-N:true

D/NotificationStackScrollLayout( 4020): hasNotification()-3-V:8

D/NotificationStackScrollLayout( 4020): hasNotification()-4-N:true

D/NotificationStackScrollLayout( 4020): hasNotification()-4-V:8

