D/NotificationStackScrollLayout( 4020): hasNotification()-5-V:8

D/NotificationStackScrollLayout( 4020): hasNotification()-6-N:false

D/NotificationStackScrollLayout( 4020): hasNotification()-6-V:8

D/PanelView( 4020): There is/are no notification(s) 

V/MediaPlayer-JNI( 4020): native_finalize

V/MediaPlayer-JNI( 4020): release

D/MISC PowerHAL( 3535): sysfs_write -: /sys/class/input/event0/device/enabled: 1

D/GpsLocationProvider( 3535): receive broadcast intent, action: android.intent.action.SCREEN_ON

D/MISC PowerHAL( 3535): sysfs_write +: /sys/class/power_supply/battery/lcd: 1

D/MISC PowerHAL( 3535): sysfs_write -: /sys/class/power_supply/battery/lcd: 1

D/PowerManagerService-JNI( 3535): Excessive delay in MISC setInteractive(true) while turning screen on: 176ms

D/PdnController( 3990): handleAnyDataConnectionStateChange: state [CONNECTED] reason [SCREEN_ON] apnType [ims] 

D/PdnController( 3990): isConnected  [true] networktype [11]

D/PdnController( 3990): CONNECTIVITY_ACTION: networkType 11 isConnected true

D/PdnController( 3990): isSuspended [false] networktype [11]

D/PdnController( 3990): isSuspended : []

D/PdnController( 3990): Ignore Notifying Same Result to LocalIP Registrants!

D/WfcConnectivityReceiver( 4714): onReceive(): action = TelephonyIntents.ACTION_ANY_DATA_CONNECTION_STATE_CHANGED, nw type = 13, reason = SCREEN_ON

D/PdnController( 3990): handleAnyDataConnectionStateChange: state [CONNECTED] reason [SCREEN_ON] apnType [default] 

D/PdnController( 3990): isConnected  [true] networktype [0]

D/PdnController( 3990): CONNECTIVITY_ACTION: networkType 0 isConnected true

D/PdnController( 3990): isSuspended [false] networktype [0]

D/PdnController( 3990): isSuspended : []

D/PdnController( 3990): Ignore Notifying Same Result to LocalIP Registrants!

D/WfcConnectivityReceiver( 4714): onReceive(): action = TelephonyIntents.ACTION_ANY_DATA_CONNECTION_STATE_CHANGED, nw type = 13, reason = SCREEN_ON

D/StatusBar.NetworkController( 4020): onDataActivity: direction=0

I/tlc_communication( 3032): mcWaitNotification is completed;245

I/TLC_BAUTH( 3032): Check the Trustlet return code is completed;866

D/bauth_FPBAuthService( 3032): check_opcode status = 0, opcode = 7, func_ret_val = 0, function_status = 0, timeout = 0

I/TLC_BAUTH( 3032): Call FP cmd 0x1;809

I/tlc_communication( 3032): Send Trustlet TCI Message;211

I/tlc_communication( 3032): mcNotify is completed;221

D/EPDG -- [EPDGService]( 3535): onDataActivity: direction=0

D/AbsListView( 4269): Get MotionRecognitionManager

D/StatusBar.NetworkController( 4020): updateDataIcon, mDataDirectionIconId = com.android.systemui:drawable/stat_sys_signal_no_inout_tmo mDataConnected = true

D/StatusBar.NetworkController( 4020): refreshViews connected={ data } level=5 combinedSignalIconId=0x7f020697/com.android.systemui:drawable/tw_stat_sys_5_level_signal_5_auto_rotate mobileLabel=T-Mobile wifiLabel= emergencyOnly=false combinedLabel=T-Mobile mAirplaneMode=false mDataActivity=0 mPhoneSignalIconId=0x7f020697/com.android.systemui:drawable/tw_stat_sys_5_level_signal_5_auto_rotate mQSPhoneSignalIconId=0x7f020116/com.android.systemui:drawable/ic_qs_signal_4 mDataDirectionIconId=0x7f02051a/com.android.systemui:drawable/stat_sys_signal_no_inout_tmo mDataSignalIconId=0x7f020697/com.android.systemui:drawable/tw_stat_sys_5_level_signal_5_auto_rotate mDataTypeIconId=0x7f020346/com.android.systemui:drawable/stat_sys_data_connected_lte_tmo mQSDataTypeIconId=0x0/(null) mNoSimIconId=0x0/(null) mWifiIconId=0x0/(null) mQSWifiIconId=0x0/(null) mWifiActivityIconId=0x7f020519/com.android.systemui:drawable/stat_sys_signal_no_inout mBluetoothTetherIconId=0x7f02053f/com.android.systemui:drawable/stat_sys_tether_bluetooth

D/STATUSBAR-WifiTile( 4020): onWifiSignalChanged enabled=false enabledDesc:null

D/StatusBar.NetworkController( 4020): refreshNwBoosterIndicator - setNWBoosterIndicators(false)

D/StatusBar.NetworkController( 4020): applyTMO

D/StatusBar.NetworkController( 4020): refreshNwBoosterIndicator - setNWBoosterIndicators(false)

D/StatusBar.NetworkController( 4020): applyTMO

D/StatusBar.NetworkController( 4020): refreshNwBoosterIndicator - setNWBoosterIndicators(false)

D/StatusBar.NetworkController( 4020): applyTMO

D/StatusBar.NetworkController( 4020): refreshNwBoosterIndicator - setNWBoosterIndicators(false)

D/StatusBar.NetworkController( 4020): applyTMO

D/EPDG -- [EPDGService]( 3535): onDataActivity: direction=0

D/StatusBar.NetworkController( 4020): onDataActivity: direction=0

D/StatusBar.NetworkController( 4020): updateDataIcon, mDataDirectionIconId = com.android.systemui:drawable/stat_sys_signal_no_inout_tmo mDataConnected = true

D/StatusBar.NetworkController( 4020): refreshViews connected={ data } level=5 combinedSignalIconId=0x7f020697/com.android.systemui:drawable/tw_stat_sys_5_level_signal_5_auto_rotate mobileLabel=T-Mobile wifiLabel= emergencyOnly=false combinedLabel=T-Mobile mAirplaneMode=false mDataActivity=0 mPhoneSignalIconId=0x7f020697/com.android.systemui:drawable/tw_stat_sys_5_level_signal_5_auto_rotate mQSPhoneSignalIconId=0x7f020116/com.android.systemui:drawable/ic_qs_signal_4 mDataDirectionIconId=0x7f02051a/com.android.systemui:drawable/stat_sys_signal_no_inout_tmo mDataSignalIconId=0x7f020697/com.android.systemui:drawable/tw_stat_sys_5_level_signal_5_auto_rotate mDataTypeIconId=0x7f020346/com.android.systemui:drawable/stat_sys_data_connected_lte_tmo mQSDataTypeIconId=0x0/(null) mNoSimIconId=0x0/(null) mWifiIconId=0x0/(null) mQSWifiIconId=0x0/(null) mWifiActivityIconId=0x7f020519/com.android.systemui:drawable/stat_sys_signal_no_inout mBluetoothTetherIconId=0x7f02053f/com.android.systemui:drawable/stat_sys_tether_bluetooth

D/STATUSBAR-WifiTile( 4020): onWifiSignalChanged enabled=false enabledDesc:null

D/StatusBar.NetworkController( 4020): refreshNwBoosterIndicator - setNWBoosterIndicators(false)

D/StatusBar.NetworkController( 4020): applyTMO

D/StatusBar.NetworkController( 4020): refreshNwBoosterIndicator - setNWBoosterIndicators(false)

D/StatusBar.NetworkController( 4020): applyTMO

D/StatusBar.NetworkController( 4020): refreshNwBoosterIndicator - setNWBoosterIndicators(false)

D/StatusBar.NetworkController( 4020): applyTMO

D/StatusBar.NetworkController( 4020): refreshNwBoosterIndicator - setNWBoosterIndicators(false)

D/StatusBar.NetworkController( 4020): applyTMO

D/PhoneApp( 4516): PhoneAppBroadcastReceiver onReceive android.intent.action.ANY_DATA_STATE

I/tlc_communication( 3032): mcWaitNotification is completed;245

I/TLC_BAUTH( 3032): Check the Trustlet return code is completed;866

D/bauth_FPBAuthService( 3032): check_opcode status = 0, opcode = 0, func_ret_val = 0, function_status = 0, timeout = 0

D/bauth_FPBAuthSensorControl( 3032): FPBAuthSensorControl, 315

D/bauth_FPBAuthService( 3032): cOp : 16

I/TLC_BAUTH( 3032): Call FP cmd 0xc;1572

I/TLC_BAUTH( 3032): Check Input Data Param buf addr = 0 , length = 0;1628

I/tlc_communication( 3032): Send Trustlet TCI Message;211

I/tlc_communication( 3032): mcNotify is completed;221

D/FileWriteThread_Telephony( 4516): FileWriteThread : threadType = 3

D/PhoneApp( 4516): PhoneAppBroadcastReceiver onReceive android.intent.action.ANY_DATA_STATE

D/CoverManagerWhiteLists( 3535): isAllowedToUse : SIGNATURE_MATCH

D/FileWriteThread_Telephony( 4516): dataChargingCutOff : data_call = 48

D/FileWriteThread_Telephony( 4516): FileWriteThread : threadType = 2

I/NfcService( 4502): When receiving ACTION_SCREEN_ON, S view cover is already opened. So screenState is ON_LOCKED by isKeyguardLocked()

D/FileWriteThread_Telephony( 4516): dataChargingCutOff : data_call = 49

D/NfcService( 4502): call the applyRouting

D/[AccuPhone] ( 5151): {[52CE859A78A3616ADF8A4FC0BF62D7DE554B86DFCCB5497B1342E6541025CE36A2A714A005543A3DF7BD6A8BB0C6E7542BE0E2FC5C1C2F31334C822C66C8DEA9]}

D/[AccuPhone] ( 5151): {[1CE7B1953F008ACC1F2AF64344663622A77E656C3CEF93F554AE9C87BBBB9AA671BC37CA08A612223D09A70064F9E0BB]}

I/tlc_communication( 3032): mcWaitNotification is completed;245

I/TLC_BAUTH( 3032): Check the Trustlet return code is completed;1665

D/bauth_FPBAuthService( 3032): check_opcode status = 5, opcode = 0, func_ret_val = 0, function_status = 0, timeout = 0

D/bauth_FPBAuthService( 3032): FPBAuthService, 4184

D/bauth_FPBAuthService( 3032): FPBAuthService, 5442

D/bauth_service( 3032): BAuthService, 463

D/[AccuPhone] ( 5151): {[0ED9661ABD437918DB34745D7098FD24949C80EDCCAD24E208044BDCE49D9970BB8385B3D3842B123951CD36E38A9B57]}

D/[AccuPhone] ( 5151): {[2F34A6CEF94618667831304640B2AB22A14D175B549E9DC8CB18523F5734C11ABDFE24E307EA1DBB4B1397800181A6ACDF5CCDDF36688386F1D9BB41A6D74000B43931423F49FED597F7661629B205E3]}

D/[AccuPhone] ( 5151): {[FF4CBAF49F4DCB35C87E88C26B56ED00349E5F512206C0A0C2F65EDAA3B198C8AE796B1EA732FA645DB89FD0185C89FE3587579989D4CB944B337933D2AE31C6D3E992E723EF6D8468F2472831A7B748]}

D/[AccuPhone] ( 5151): {[AAFB47C02BB4CABB11B0D3C04DF6B9C05177AFD27D4F43C4ACA089137F08E6D429D7C3C530361CB7CCCEC654EFC1FECFB3780BBD58AA0E8A6CF0FE3E2A9F725627E35DDA267A984FDEC19720A080F0C2]}

D/[AccuPhone] ( 5151): {[4474D67FCCBDBAB857FF3ED9CD629234D88B7F1CF57B1604F7B56F0E790D7F83EA1C548063AE730A434746C75280CBE2B7BF5D5C9EC6D88D34B78451ED569C44]}

D/[AccuPhone] ( 5151): {[99ACEC17F13BEA71A4ADD4CB428ED710A4DFB6F288C1A983D3AB379AAC170229B0A2E775C34D7E10E73C2C1B3A8349520829A232EDC72D5896A7A04D71816AA2]}

D/[AccuPhone] ( 5151): {[C6F9727B3039549C04B82FD4645BAB220736CF8755AF3958DCB298572C682C9A241A360A2340B6D70D90D78A2A72A35019D356EE795282609A6B68070129B490]}

D/[AccuPhone] ( 5151): {[3576FAC6BB00D6C75B12246F1958B049D2404DEC944A2C19CB774B4BFB04CDDD2479734BB2ABC40BFE3FBBF3084E7D5B]}

D/[AccuPhone] ( 5151): {[0ED9661ABD437918DB34745D7098FD24949C80EDCCAD24E208044BDCE49D9970BB8385B3D3842B123951CD36E38A9B57]}

D/[AccuPhone] ( 5151): {[A9EEC5D76E409C6DAB2AA0BA9E12FF3A4C9DF9F323393F378490702E213D504CA8FFFCF8B39EFBD3879AB7C949F52AAFA8560483042C08FAB9D856CBE8E520AA]}

I/FPMS_SamsungFingerprintProxyFactory( 5367): getSensorStatus FP_PROXY FINISH (195ms) RESULT: 100040

D/KeyguardSpassUnlockThread( 4020): handleStartIdentify currentUserId = 0

I/FPMS_FingerprintManagerService( 5367): identifyForMultiUser: userId=0 from pid=4020

D/[AccuPhone] ( 5151): {[672257B02E381E6C23100D7B88AB9D38B0CC6A2687650498A9224CA2719FE11C3B1AB77E185F34ECA39439B4E09B0B976FC2A871DBA32C04F1117C09E9FE7F39]}

D/[AccuPhone] ( 5151): {[EFD10FCFA5A229FCFA577690909995E47EC1B7D704301FF0081203BAA73B12B7AFDD6ED2DB6A0DE2418D927C1AC7F71F]}

D/[AccuPhone] ( 5151): {[5CBF6308F26366769FFFB11141111F22529928DD3E2D7784E0B3722E209E20F67376880A19D0B595C61AC53F33F83CC1]}

D/PersonaManager( 5367): isKioskModeEnabled  persona 

W/FPMS_FingerprintManagerService( 5367): isKioskModeEnabled return :false

D/bauth_client(native)( 5367): BAuthServiceClient, 22

D/bauth_client(native)( 5367): getBAuthService - EXIT

D/bauth_BASCommunicator( 3032): IBAuthService, 361

D/bauth_BASCommunicator( 3032): IBAuthService, 558

D/bauth_service( 3032): BAuthService, 412

D/bauth_FPBAuthService( 3032): FPBAuthService, 4369

D/bauth_FPBAuthService( 3032): FPBAuthService, 4370

D/bauth_FPBAuthService( 3032): BAuthSessionOpen Skip

D/bauth_FPBAuthService( 3032): cOp : 16

I/TLC_BAUTH( 3032): Call FP cmd 0xc;1572

I/TLC_BAUTH( 3032): Check Input Data Param buf addr = 0 , length = 0;1628

I/tlc_communication( 3032): Send Trustlet TCI Message;211

I/tlc_communication( 3032): mcNotify is completed;221

D/[AccuPhone] ( 5151): {[54BCC25FBC6768E65FEDE168E6274DBB50B13B97BA943CE56FE00468DE407BE0057E0D545DE07E0C9DCA1E3292B94BCBB934B5CADC0642147A99415D152D14BC0ACE5CA5AA3AEA7C2ADED19EE60912AA]}

E/Minikin ( 5151): addFont failed to create font 

D/[AccuPhone] ( 5151): {[807B768DD967F021F08DB3E3873C61D3B0C777E3624214C17C99E76CA57B5CD92FB75D9E13447CBCE81E9A6170B1E1A8]}

D/[AccuPhone] ( 5151): {[B2AAD7AB4419DCBC21FCE8330F1C2CD9B6B2FE2F33FEFF397582CE31E0EB19F258ADCB11105DAC1B6C9F12CFB78C56B4]}

D/[AccuPhone] ( 5151): {[B2AAD7AB4419DCBC21FCE8330F1C2CD9B6B2FE2F33FEFF397582CE31E0EB19F258ADCB11105DAC1B6C9F12CFB78C56B4]}

D/[AccuPhone] ( 5151): {[EFD10FCFA5A229FCFA577690909995E47EC1B7D704301FF0081203BAA73B12B7AFDD6ED2DB6A0DE2418D927C1AC7F71F]}

D/[AccuPhone] ( 5151): {[EFD10FCFA5A229FCFA577690909995E47EC1B7D704301FF0081203BAA73B12B7AFDD6ED2DB6A0DE2418D927C1AC7F71F]}

D/[AccuPhone] ( 5151): {[EFD10FCFA5A229FCFA577690909995E47EC1B7D704301FF0081203BAA73B12B7AFDD6ED2DB6A0DE2418D927C1AC7F71F]}

I/tlc_communication( 3032): mcWaitNotification is completed;245

I/TLC_BAUTH( 3032): Check the Trustlet return code is completed;1665

D/bauth_FPBAuthService( 3032): check_opcode status = 5, opcode = 0, func_ret_val = 0, function_status = 0, timeout = 0

D/bauth_FPBAuthService( 3032): FPBAuthService, 4184

D/bauth_FPBAuthService( 3032): FPBAuthService, 5442

D/bauth_service( 3032): BAuthService, 463

I/FPMS_SamsungFingerprintProxyFactory( 5367): getSensorStatus FP_PROXY FINISH (7ms) RESULT: 100040

D/bauth_client(native)( 5367): BAuthServiceClient, 22

D/bauth_client(native)( 5367): getBAuthService - EXIT

D/bauth_BASCommunicator( 3032): IBAuthService, 361

D/bauth_BASCommunicator( 3032): IBAuthService, 502

D/bauth_service( 3032): BAuthService, 744

D/bauth_FPBAuthService( 3032): FPBAuthService, 3684

D/bauth_FPBAuthService( 3032): FPBAuthService, 3776

D/bauth_FPBAuthService( 3032): FPBAuthService, 3784

D/bauth_FPBAuthService( 3032): FPBAuthService, 5442

D/bauth_service( 3032): BAuthService, 763

I/FPMS_SamsungFingerprintProxyFactory( 5367): getFingerprintIndexList FP_PROXY FINISH (2ms) RESULT: [I@26222108

D/bauth_client(native)( 5367): BAuthServiceClient, 22

D/bauth_client(native)( 5367): getBAuthService - EXIT

D/bauth_BASCommunicator( 5367): IBAuthService, 67

D/bauth_BASCommunicator( 3032): IBAuthService, 361

D/bauth_BASCommunicator( 3032): IBAuthService, 398

D/bauth_service( 3032): BAuthService, 216

D/bauth_FPBAuthService( 3032): BAuthSessionOpen Skip

D/bauth_FPBAuthServiceStorage( 3032): FPBAuthServiceStorage, 525

D/bauth_FPBAuthSensorControl( 3032): FPBAuthSensorControl, 315

I/TLC_BAUTH( 3032): Call FP cmd 0x5;1082

I/tlc_communication( 3032): Send Trustlet TCI Message;211

I/tlc_communication( 3032): mcNotify is completed;221

D/        ( 3032): Worker, 51

D/bauth_FPBAuthService( 3032): FPBAuthService, 5442

D/bauth_service( 3032): BAuthService, 239

D/bauth_BASCommunicator( 5367): IBAuthService, 73

I/FPMS_SamsungFingerprintProxyFactory( 5367): identify FP_PROXY FINISH (11ms) RESULT: 0

D/KeyguardSpassUnlockThread( 4020): identify OK

I/tlc_communication( 3032): mcWaitNotification is completed;245

I/TLC_BAUTH( 3032): Check the Trustlet return code is completed;1145

D/bauth_FPBAuthSensorControl( 3032): FPBAuthSensorControl, 315

D/bauth_FPBAuthService( 3032): FPBAuthService, 2410

D/bauth_FPBAuthService( 3032): check_opcode status = 2, opcode = 0, func_ret_val = 0, function_status = 0, timeout = 0

D/bauth_FPBAuthService( 3032): FPBAuthService, 855

D/bauth_FPBAuthService( 3032): fpop : 100020

D/[AccuPhone] ( 5151): {[0ED9661ABD437918DB34745D7098FD24949C80EDCCAD24E208044BDCE49D9970BB8385B3D3842B123951CD36E38A9B57]}

D/[AccuPhone] ( 5151): {[B2AAD7AB4419DCBC21FCE8330F1C2CD9B6B2FE2F33FEFF397582CE31E0EB19F258ADCB11105DAC1B6C9F12CFB78C56B4]}

D/bauth_BpBAuthServiceListener( 5367): IBAuthServiceListener, 46

D/bauth_client(native)( 5367): BAuthServiceClient, 184

D/[AccuPhone] ( 5151): {[EFD10FCFA5A229FCFA577690909995E47EC1B7D704301FF0081203BAA73B12B7AFDD6ED2DB6A0DE2418D927C1AC7F71F]}

D/[AccuPhone] ( 5151): {[5062D17BB8B8508A13FDDE98D0A56F4EE09F3F791EB5F1EE5605BA8D40FD7943882D1639B316F154B3A95342CFEA9CFA]}

D/FPMS_SamsungFingerprintLibraryImpl( 5367): onFingerprintEvent: eventId=100020, evt=null

D/bauth_FPBAuthUserInfo( 3032): FPBAuthUserInfo, 168

D/FPMS_FingerprintClientRecord( 5367): onEvent: commandName=identify, 11, 0, 0

D/ListView( 4269): change accessibility focus position = 0

D/KeyguardSpassUnlockThread( 4020): handleMessage : EVENT_IDENTIFY_READY

I/GFX raster( 5151): took 0.913417ms for 172*172 texture 0

W/GFX DEBUGLOG GPUCompressionToBitmapDecoder( 5151): Bitmap=0x7f8b118e00 bitmapCt=12 bitmapW=172 bitmapH=172 BitmapInternalFormat=93b0, Counterpart=0x7f8b118f80 counterpartCT=4 counterpartW=172 counterparth=172

E/        ( 5151): GFX convertToRaster() in Canvas.cpp HWACC for bitmap size 172x172

I/GFX raster( 5151): took 0.305792ms for 64*64 texture 0

W/GFX DEBUGLOG GPUCompressionToBitmapDecoder( 5151): Bitmap=0x7f8b0adc80 bitmapCt=12 bitmapW=64 bitmapH=64 BitmapInternalFormat=93b0, Counterpart=0x7f8b118f80 counterpartCT=4 counterpartW=64 counterparth=64

E/        ( 5151): GFX convertToRaster() in Canvas.cpp HWACC for bitmap size 64x64

I/GFX raster( 5151): took 0.897667ms for 172*172 texture 0

W/GFX DEBUGLOG GPUCompressionToBitmapDecoder( 5151): Bitmap=0x7f8b118e00 bitmapCt=12 bitmapW=172 bitmapH=172 BitmapInternalFormat=93b0, Counterpart=0x7f8b118f80 counterpartCT=4 counterpartW=172 counterparth=172

E/        ( 5151): GFX convertToRaster() in Canvas.cpp HWACC for bitmap size 172x172

I/GFX raster( 5151): took 0.293500ms for 64*64 texture 0

W/GFX DEBUGLOG GPUCompressionToBitmapDecoder( 5151): Bitmap=0x7f8b0adc80 bitmapCt=12 bitmapW=64 bitmapH=64 BitmapInternalFormat=93b0, Counterpart=0x7f8b118f80 counterpartCT=4 counterpartW=64 counterparth=64

E/        ( 5151): GFX convertToRaster() in Canvas.cpp HWACC for bitmap size 64x64

D/bauth_FPBAuthSensorControl( 3032): FPBAuthSensorControl, 315

D/bauth_FPBAuthService( 3032): FPBAuthService, 2472

I/TLC_BAUTH( 3032): Call FP cmd 0x6;1160

I/tlc_communication( 3032): Send Trustlet TCI Message;211

I/tlc_communication( 3032): mcNotify is completed;221

D/HINT_SpayQuickPayService(31549): android.intent.action.SCREEN_ON

D/[zero daemon] (19562): {[BC21B34B88A20EA5822C8C20EF5DDD55D3F558D2B40B6148AA902B8E755F2C7F]}

D/[zero daemon] (19562): {[8789C083E82D8E1F2FE32DACFF2426AF37580887DD35C973BB8F1C3B3A7E7B29]}

D/[zero daemon] (19562): {[908160387EB28735CDF27ED8FF956F6CEAC288AA20CDFBE1C1E4943840AE7B0046E34CF475BF3E5E845A34D788B89C87]}

D/[zero daemon] (19562): {[C6B53529A4E9A61B6E9DFAC2EC352F35413B8423020D39F21C4F88CE3B9B87CFDCC0B81B0A5ED41F6DFA9549B8ADE1F4BACF4D40B7B8E99052DE9FA88E767D1DEF99F3B50EBB0BE2EA7D97147503802808B0F46342E4D32B53ACCA63815BEAA3E6A19B15B6D34AFADF3249A820F62444]}

I/[zero daemon] (19562): {[A32E1AC369E42B6168CFC8ECFBFA9951C42133C77ADF9B218D854990F6269E39BD1DFD8FE5406161EB812B412E9E41FA]}

D/[zero daemon] (19562): {[C6B53529A4E9A61B6E9DFAC2EC352F35413B8423020D39F21C4F88CE3B9B87CFDCC0B81B0A5ED41F6DFA9549B8ADE1F4BACF4D40B7B8E99052DE9FA88E767D1DEF99F3B50EBB0BE2EA7D97147503802808B0F46342E4D32B53ACCA63815BEAA3E6A19B15B6D34AFADF3249A820F62444]}

I/[zero daemon] (19562): {[A32E1AC369E42B6168CFC8ECFBFA9951C42133C77ADF9B218D854990F6269E396BCB11BEB3F5B339C9A8D47415526840]}

D/[zero daemon] (19562): {[C6B53529A4E9A61B6E9DFAC2EC352F35413B8423020D39F21C4F88CE3B9B87CFDCC0B81B0A5ED41F6DFA9549B8ADE1F4BACF4D40B7B8E99052DE9FA88E767D1DEF99F3B50EBB0BE2EA7D97147503802808B0F46342E4D32B53ACCA63815BEAA3ED276C39FA95340FD01BAF963F21FFFB]}

I/[zero daemon] (19562): {[A32E1AC369E42B6168CFC8ECFBFA9951C42133C77ADF9B218D854990F6269E39BD1DFD8FE5406161EB812B412E9E41FA]}

D/[zero daemon] (19562): {[91E3A58D6C79CBF652B0FB9F40C14A1F37B0DF3F42C52CEDC69E513B22BF2177ECDEA89716239038843A6BBE4E4A4F61665A2F5AB0892851548351227B948A66]}

D/[zero daemon] (19562): {[48FB64758F0CCCCA96AAED4BD13C795CB0DB1BB9876E2E3B9C811DC016ED0F3B30E72885FCAF1B653F0229082BD5BD40BD761A6FE7553A554CA971F240AE8D04C4B11130D0507A1E34F20BC95E0A614C111296055329C1B880B82CADC05CD2FDA8704761D7B4230B6F6E5A01EF7FB9DD]}

D/[zero daemon] (19562): {[4DCBFD37265D4724AEB97273938FF09AD5C998F70EFCE83E6289B9A5B4CE8AEA3569ACA99749A6A0730B832E7E241C2339FD666E5AA8F11374EF03345E7D204D]}

D/[zero daemon] (19562): {[C83DFF45438A3A2275F86659CC9B3CE70AAFC6F52CCEA0FD12EAEDA6E2FEF8086D43C1403706BA11D39ED34F9BF70E8E479FD20183B280AFF19503318ACFFA78AE3BE949809989ABC2591B8428E534B0FFE5C56161444C80AF9C4C7FDB9720CFF7D7229F0369811B209B6DA4507CAA40]}

D/[zero daemon] (19562): {[8CE84E0A21E6D630506FC207F511E70B95F0552FC3BADB5758CAAA9D3E2FC6ED2F28F7CB032CF1E51BF9E28FD0FDC5947D4375F79093BAA069608AD5F2CD2A5D]}

D/[zero daemon] (19562): {[8C592D94750385923CCEB03C141B8F64F8B7A82FE66A1AF6DADFAB35DE2AB9A548B8847FEB24D8AE5AB09381AD9431364F10FF5D706DBF8886EAA23532685023]}

D/[zero daemon] (19562): {[C6B53529A4E9A61B6E9DFAC2EC352F35413B8423020D39F21C4F88CE3B9B87CFDCC0B81B0A5ED41F6DFA9549B8ADE1F4BACF4D40B7B8E99052DE9FA88E767D1DEF99F3B50EBB0BE2EA7D97147503802808B0F46342E4D32B53ACCA63815BEAA3E6A19B15B6D34AFADF3249A820F62444]}

I/Tethering( 3535): BATTERY_CHANGED, level = 73lowBatteryThreshold = 15

I/[zero daemon] (19562): {[A32E1AC369E42B6168CFC8ECFBFA9951C42133C77ADF9B218D854990F6269E396BCB11BEB3F5B339C9A8D47415526840]}

D/[zero daemon] (19562): {[CA4B38B8E06585E6FE4F621A8E8C62AF7FFD1838C50ED777282584FABE8F79F96F0E16034318CC5CC2FBD698EC255D5A127B23967CE442FBF87F8EEF558C3FF6]}

D/[zero daemon] (19562): {[FC6304897E0E4536E89DE49022657B1B51B9FCED941DF29F99DD7038C3FBABBD4C247A6129C579528521709CB0B77853]}

D/[zero daemon] (19562): {[0E60114A538ACE861A186EF8CF274303D4AD721476CD58FE536966DE4C9651DED2DA08CE19A38664D51D6E3E7C4D0277]}

D/KeyguardUpdateMonitor( 4020): received broadcast android.intent.action.BATTERY_CHANGED

I/PERF    ( 4020): received broadcast android.intent.action.BATTERY_CHANGED

D/[zero daemon] (19562): {[C6B53529A4E9A61B6E9DFAC2EC352F35413B8423020D39F21C4F88CE3B9B87CFDCC0B81B0A5ED41F6DFA9549B8ADE1F4BACF4D40B7B8E99052DE9FA88E767D1DEF99F3B50EBB0BE2EA7D97147503802808B0F46342E4D32B53ACCA63815BEAA3661D49CEEC71D712BCDD095687E1082A]}

I/[zero daemon] (19562): {[A32E1AC369E42B6168CFC8ECFBFA9951C42133C77ADF9B218D854990F6269E396BCB11BEB3F5B339C9A8D47415526840]}

D/BatteryMonitor( 3990): new battery level: 73

D/KeyguardUpdateMonitor( 4020): handleBatteryUpdate

D/[zero daemon] (19562): {[9B8F94D1D620CDA1E18486846988612FC8AB384B69DBE1344F3AB7E46DD5174AE3595115D095A94945AB03779CC1F5CC]}

D/[zero daemon] (19562): {[BC21B34B88A20EA5822C8C20EF5DDD55D3F558D2B40B6148AA902B8E755F2C7F]}

D/QSTile.TorchLightTile( 4020): ACTION_BATTERY_CHANGED - Level :: 73, Status :: 2

D/[zero daemon] (19562): {[8789C083E82D8E1F2FE32DACFF2426AF37580887DD35C973BB8F1C3B3A7E7B29]}

D/RcsSettingsUtils( 3990): new battery level: 73

D/CommonServiceConfiguration( 3990): getStringValueSetting

D/[zero daemon] (19562): {[908160387EB28735CDF27ED8FF956F6CEAC288AA20CDFBE1C1E4943840AE7B0046E34CF475BF3E5E845A34D788B89C87]}

D/[zero daemon] (19562): {[B49B5A644E0DAB6ECFF741DC5E239CC0BAC9638A27FD69F2E995249588399E92]}

D/RcsSettingsUtils( 3990): read setting battery level: null

I/tlc_communication( 3032): mcWaitNotification is completed;245

I/TLC_BAUTH( 3032): Check the Trustlet return code is completed;1227

D/bauth_FPBAuthService( 3032): check_opcode status = 2, opcode = 4, func_ret_val = 0, function_status = 1, timeout = -1

D/bauth_FPBAuthService( 3032): FPBAuthService, 890

D/bauth_FPBAuthSensorControl( 3032): FPBAuthSensorControl, 244

D/bauth_FPBAuthService( 3032): FPBAuthService, 905

D/bauth_FPBAuthSensorControl( 3032): FPBAuthSensorControl, 315

D/bauth_FPBAuthSensorControl( 3032): FPBAuthSensorControl, 270

D/bauth_FPBAuthService( 3032): FPBAuthService, 954

D/[zero daemon] (19562): {[C6B53529A4E9A61B6E9DFAC2EC352F35413B8423020D39F21C4F88CE3B9B87CFDCC0B81B0A5ED41F6DFA9549B8ADE1F4BACF4D40B7B8E99052DE9FA88E767D1DEF99F3B50EBB0BE2EA7D97147503802808B0F46342E4D32B53ACCA63815BEAA3661D49CEEC71D712BCDD095687E1082A]}

I/[zero daemon] (19562): {[A32E1AC369E42B6168CFC8ECFBFA9951C42133C77ADF9B218D854990F6269E396BCB11BEB3F5B339C9A8D47415526840]}

D/bauth_FPBAuthSensorControl( 3032): FPBAuthSensorControl, 315

D/bauth_FPBAuthService( 3032): FPBAuthService, 2472

I/TLC_BAUTH( 3032): Call FP cmd 0x6;1160

I/tlc_communication( 3032): Send Trustlet TCI Message;211

I/tlc_communication( 3032): mcNotify is completed;221

I/tlc_communication( 3032): mcWaitNotification is completed;245

I/TLC_BAUTH( 3032): Check the Trustlet return code is completed;1227

D/bauth_FPBAuthService( 3032): check_opcode status = 2, opcode = 4, func_ret_val = 0, function_status = 1, timeout = -1

D/bauth_FPBAuthService( 3032): FPBAuthService, 890

D/bauth_FPBAuthSensorControl( 3032): FPBAuthSensorControl, 244

D/bauth_FPBAuthService( 3032): FPBAuthService, 905

D/bauth_FPBAuthSensorControl( 3032): FPBAuthSensorControl, 315

D/bauth_FPBAuthSensorControl( 3032): FPBAuthSensorControl, 270

D/bauth_FPBAuthService( 3032): FPBAuthService, 954

D/bauth_FPBAuthSensorControl( 3032): FPBAuthSensorControl, 315

D/bauth_FPBAuthService( 3032): FPBAuthService, 2472

I/TLC_BAUTH( 3032): Call FP cmd 0x6;1160

I/tlc_communication( 3032): Send Trustlet TCI Message;211

I/tlc_communication( 3032): mcNotify is completed;221

I/tlc_communication( 3032): mcWaitNotification is completed;245

I/TLC_BAUTH( 3032): Check the Trustlet return code is completed;1227

D/bauth_FPBAuthService( 3032): check_opcode status = 2, opcode = 7, func_ret_val = 0, function_status = 1, timeout = 0

D/bauth_FPBAuthService( 3032): FPBAuthService, 2472

I/TLC_BAUTH( 3032): Call FP cmd 0x6;1160

I/tlc_communication( 3032): Send Trustlet TCI Message;211

I/tlc_communication( 3032): mcNotify is completed;221

D/ViewCaptureUtil( 4020): save captured file

I/SurfaceFlinger( 2986): id=4059 createSurf (1440x328),1 flag=4, 

D/SRIB_DCS( 4269): log_dcs ThreadedRenderer::initialize entered! 

D/mali_winsys( 4269): new_window_surface returns 0x3000,  [1440x328]-format:1

I/tlc_communication( 3032): mcWaitNotification is completed;245

I/TLC_BAUTH( 3032): Check the Trustlet return code is completed;1227

D/bauth_FPBAuthService( 3032): check_opcode status = 2, opcode = 4, func_ret_val = 0, function_status = 1, timeout = 50

D/bauth_FPBAuthService( 3032): FPBAuthService, 890

D/bauth_FPBAuthSensorControl( 3032): FPBAuthSensorControl, 244

D/bauth_FPBAuthService( 3032): FPBAuthService, 905

D/bauth_FPBAuthSensorControl( 3032): FPBAuthSensorControl, 270

D/bauth_FPBAuthService( 3032): FPBAuthService, 954

D/bauth_FPBAuthService( 3032): FPBAuthService, 2472

I/TLC_BAUTH( 3032): Call FP cmd 0x6;1160

I/tlc_communication( 3032): Send Trustlet TCI Message;211

I/tlc_communication( 3032): mcNotify is completed;221

I/tlc_communication( 3032): mcWaitNotification is completed;245

I/TLC_BAUTH( 3032): Check the Trustlet return code is completed;1227

D/bauth_FPBAuthService( 3032): check_opcode status = 2, opcode = 5, func_ret_val = 0, function_status = 1, timeout = 0

D/bauth_FPBAuthService( 3032): FPBAuthService, 1132

D/bauth_FPBAuthService( 3032): FPBAuthService, 1142

D/bauth_FPBAuthService( 3032): FPBAuthService, 1144

D/bauth_FPBAuthService( 3032): fpop : 100021

D/bauth_BpBAuthServiceListener( 5367): IBAuthServiceListener, 46

D/bauth_client(native)( 5367): BAuthServiceClient, 184

D/bauth_FPBAuthService( 3032): FPBAuthService, 2472

I/TLC_BAUTH( 3032): Call FP cmd 0x6;1160

D/FPMS_SamsungFingerprintLibraryImpl( 5367): onFingerprintEvent: eventId=100021, evt=null

I/tlc_communication( 3032): Send Trustlet TCI Message;211

I/tlc_communication( 3032): mcNotify is completed;221

D/FPMS_FingerprintClientRecord( 5367): onEvent: commandName=identify, 12, 0, 0

D/KeyguardSpassUnlockThread( 4020): handleMessage : EVENT_IDENTIFY_STARTED

D/KeyguardSPassUnlockView( 4020): setAttributionViewEnabled( enable = false )

I/tlc_communication( 3032): mcWaitNotification is completed;245

I/TLC_BAUTH( 3032): Check the Trustlet return code is completed;1227

D/bauth_FPBAuthService( 3032): check_opcode status = 2, opcode = 4, func_ret_val = 0, function_status = 1, timeout = 50

D/bauth_FPBAuthService( 3032): FPBAuthService, 890

D/bauth_FPBAuthSensorControl( 3032): FPBAuthSensorControl, 244

D/bauth_FPBAuthService( 3032): FPBAuthService, 905

D/bauth_FPBAuthSensorControl( 3032): FPBAuthSensorControl, 270

D/bauth_FPBAuthService( 3032): FPBAuthService, 954

D/bauth_FPBAuthService( 3032): FPBAuthService, 2472

I/TLC_BAUTH( 3032): Call FP cmd 0x6;1160

I/tlc_communication( 3032): Send Trustlet TCI Message;211

I/tlc_communication( 3032): mcNotify is completed;221

I/HINT_rq (31549): updateSimplepayVisible : hideTitle : false

D/HINT_rq (31549): show Simple pay on keyguard, false

D/HINT_SpayQuickPayService(31549): on Show SimplePay() card size : 3

D/ActivityMgr(31549): isFMM_LOCK supported? true

D/ActivityMgr(31549): isFMM_WIPEOUT supported? true

D/HINT_SpayQuickPayService(31549): isRunningMainApp() , HODLING_SIMPLE: false, HOLDING_MAIN: false

D/HINT_SpayQuickPayService(31549): on Show SimplePay() call show simple pay

D/HINT_SpayQuickPayService(31549): show SimplePay() :

D/HINT_SpayQuickPayService(31549): show SimplePay() :  cancle prevent timer 

I/HINT_SpayQuickPayService(31549): show simplepay() SettingNotFound : kids_home_mode

I/HINT_SpayQuickPayService(31549): changeLayoutParams : 3

I/Sally Service(31549): setAttributes()

I/HINT_SpayQuickPayService(31549): handle view layout3

I/Sally Service(31549): findViewById()

I/tlc_communication( 3032): mcWaitNotification is completed;245

I/TLC_BAUTH( 3032): Check the Trustlet return code is completed;1227

D/bauth_FPBAuthService( 3032): check_opcode status = 2, opcode = 4, func_ret_val = 0, function_status = 1, timeout = 50

D/bauth_FPBAuthService( 3032): FPBAuthService, 890

D/bauth_FPBAuthSensorControl( 3032): FPBAuthSensorControl, 244

D/bauth_FPBAuthService( 3032): FPBAuthService, 905

I/SurfaceFlinger( 2986): id=4060 createSurf (1440x88),1 flag=4, TpayQuickPa

D/SRIB_DCS(31549): log_dcs ThreadedRenderer::initialize entered! 

D/mali_winsys(31549): new_window_surface returns 0x3000,  [1440x88]-format:1

D/bauth_FPBAuthSensorControl( 3032): FPBAuthSensorControl, 270

D/bauth_FPBAuthService( 3032): FPBAuthService, 954

D/bauth_FPBAuthService( 3032): FPBAuthService, 2472

I/TLC_BAUTH( 3032): Call FP cmd 0x6;1160

I/tlc_communication( 3032): Send Trustlet TCI Message;211

I/tlc_communication( 3032): mcNotify is completed;221

D/PanelView( 4020): mClearAll.setVisibility - mIsFullyOpened : false isShade : false mHasNotification : false mIsUpwardFling : false mQsFullyExpanded : false isShadeLocked : false mClearAllVisible : false

I/tlc_communication( 3032): mcWaitNotification is completed;245

I/TLC_BAUTH( 3032): Check the Trustlet return code is completed;1227

D/bauth_FPBAuthService( 3032): check_opcode status = 2, opcode = 6, func_ret_val = 0, function_status = 1, timeout = 50

D/bauth_FPBAuthService( 3032): FPBAuthService, 868

D/bauth_FPBAuthService( 3032): FPBAuthService, 876

D/bauth_FPBAuthService( 3032): fpop : 100022

D/bauth_BpBAuthServiceListener( 5367): IBAuthServiceListener, 46

D/bauth_client(native)( 5367): BAuthServiceClient, 184

D/bauth_FPBAuthService( 3032): FPBAuthService, 2472

I/TLC_BAUTH( 3032): Call FP cmd 0x6;1160

I/tlc_communication( 3032): Send Trustlet TCI Message;211

D/FPMS_SamsungFingerprintLibraryImpl( 5367): onFingerprintEvent: eventId=100022, evt=null

I/tlc_communication( 3032): mcNotify is completed;221

D/FPMS_FingerprintClientRecord( 5367): onEvent: commandName=identify, 14, 0, 21

D/KeyguardSpassUnlockThread( 4020): handleMessage : EVENT_IDENTIFY_STATUS  

D/WaterDroplet_WaterDropletRenderer( 5133): FPS = 56

I/tlc_communication( 3032): mcWaitNotification is completed;245

I/TLC_BAUTH( 3032): Check the Trustlet return code is completed;1227

D/bauth_FPBAuthService( 3032): check_opcode status = 2, opcode = 0, func_ret_val = 0, function_status = 1, timeout = 50

D/bauth_FPBAuthSensorControl( 3032): FPBAuthSensorControl, 315

D/bauth_FPBAuthSensorControl( 3032): FPBAuthSensorControl, 315

D/bauth_FPBAuthService( 3032): FPBAuthService, 2662

D/bauth_FPBAuthService( 3032): fpop : 100024

D/bauth_BpBAuthServiceListener( 5367): IBAuthServiceListener, 46

D/bauth_client(native)( 5367): BAuthServiceClient, 184

D/bauth_FPBAuthService( 3032): FPBAuthService, 2718

E/FidoSession( 3032): BaseState : getPrepareIdentifyLocked not supported

D/bauth_FPBAuthService( 3032): FPBAuthService, 2747

D/FPMS_SamsungFingerprintLibraryImpl( 5367): onFingerprintEvent: eventId=100024, evt=FingerprintBitmap{ , quality=0 }

D/bauth_FPBAuthService( 3032): FPBAuthService, 2749

D/bauth_FPBAuthService( 3032): FPBAuthService, 2754

D/bauth_FPBAuthService( 3032): fpop : 100010

D/bauth_BpBAuthServiceListener( 5367): IBAuthServiceListener, 46

D/bauth_client(native)( 5367): BAuthServiceClient, 184

I/TLC_BAUTH( 3032): Call FP cmd 0x7;1242

D/FPMS_SamsungFingerprintLibraryImpl( 5367): onFingerprintEvent: eventId=100010, evt=IdentifyResult{ result=100010, index=2 }

I/tlc_communication( 3032): Send Trustlet TCI Message;211

I/tlc_communication( 3032): mcNotify is completed;221

D/FPMS_FingerprintClientRecord( 5367): onEvent: commandName=identify, 13, 0, 0

I/FPMS_FingerprintManagerService( 5367): insertSurveyLog: true, FPIS, com.android.systemui

D/KeyguardSpassUnlockThread( 4020): handleMessage : RESULT_SUCCESS

D/KeyguardSpassUnlockThread( 4020): handleUnlock()

D/KeyguardSpassUnlockThread( 4020): Spass boostCpuClock

D/KeyguardSPassUnlockView( 4020): dismissKeyguard()

D/KeyguardSpassUnlockThread( 4020): cleanUp()

D/KeyguardSecurityView( 4020): showNextSecurityScreenOrFinish(true)

D/KeyguardViewBase( 4020): finish mViewMediatorCallback.keyguardDone

D/KeyguardViewMediator( 4020): keyguardDone(true)

D/FingerprintManager( 4020): unBindFingerprintManagerService: called

I/FPMS_FingerprintManagerService( 5367): unregisterClient: pid=4020

D/FPMS_SamsungFingerprintLibraryImpl( 5367): cancel() in identify.requestCancel

D/bauth_client(native)( 5367): BAuthServiceClient, 22

D/bauth_client(native)( 5367): getBAuthService - EXIT

D/bauth_BASCommunicator( 3032): IBAuthService, 361

D/bauth_BASCommunicator( 3032): IBAuthService, 591

D/bauth_service( 3032): BAuthService, 525

D/bauth_FPBAuthService( 3032): FPBAuthService, 495

D/bauth_FPBAuthService( 3032): FPBAuthService, 714

I/FPMS_SamsungFingerprintProxyFactory( 5367): cancel FP_PROXY FINISH (0ms) RESULT: 0

D/KeyguardViewMediator( 4020): handleKeyguardDone

D/KeyguardViewMediator( 4020): handleHide

D/KeyguardSpassUnlockThread( 4020): unregisterClient() mToken = com.android.keyguard.sec.KeyguardSpassUnlockThread$1@1a7d2e2d

D/LockSettingsService( 3535): start checkFingerprintPassword for keystore

D/LockSettingsService( 3535): working checkFingerprintPassword for keystore

D/LockSettingsService.KeyMgnt( 3535): checkKnoxSupported ::: 2.0 is supported - true

D/KeyguardSPassUnlockView( 4020): setAttributionViewEnabled( enable = true )

D/KeyguardSpassUnlockThread( 4020): handleDestoryFingerPrintThread()

D/KeyguardViewMediator( 4020): isAutoUnlockEnabled in KeyguardViewMediator = true

D/KeyguardViewMediator( 4020): isPwdChangeRequested :: false

D/KeyguardViewMediator( 4020): SDP_USER_0 calling SDP UNLOCK pwdQuality= 397312

D/SdpServiceKeeper( 3535): SDP_USER_0 isAuthorized 4020 10069 SdpEngineInfo { alias:android_0 pkg:  id:0 userid:0 state:1 flags:3 version:4 type:1} com.android.systemui

D/SdpServiceKeeper( 3535): SDP_USER_0 isAuthorized true false true 1000

D/SdpManagerService( 3535): unlockInternal 0

D/SdpManagerService( 3535): unlockInternal isFMMLockEnabled: false default user: true

D/SdpManagerService( 3535): onDeviceUnLocked from TIMA 0

I/TLC_TZ_KEYSTORE: ( 3535): TZ_KEYSTORE_fips_initialize

I/TLC_TZ_KEYSTORE: ( 3535): creating new keystore context...

I/TLC_TZ_KEYSTORE: ( 3535): initializing ccm context...

I/TLC_TZ_KEYSTORE: ( 3535): root = 0, root_strlen = 1

I/TLC_TZ_KEYSTORE: ( 3535): process = ffffffff000000000000000000000013, process_strlen = 32

I/TZ: mc_tlc_communication( 3535): input max_sendmsg_size = 1080

I/TZ: mc_tlc_communication( 3535): input max_recvmsg_size = 1080

I/TZ: mc_tlc_communication( 3535): root = 0, root_len = 1

I/TZ: mc_tlc_communication( 3535): process = ffffffff000000000000000000000013, process_strlen = 32

I/TZ: mc_tlc_communication( 3535): aligned max_sendmsg_size = 1088

I/TZ: mc_tlc_communication( 3535): aligned max_recvmsg_size = 1088

I/TZ: mc_tlc_communication( 3535): device_id = 0x0

I/TZ: mc_tlc_communication( 3535): tlc_open() was called

I/TZ: mc_tlc_communication( 3535): Opening MobiCore device

E/McClient( 3535):   *****************************

E/McClient( 3535):   *** ERROR: Device 0 already opened

E/McClient( 3535):   *** Detected in mcOpenDevice/205()

E/McClient( 3535):   *****************************

I/TZ: mc_tlc_communication( 3535): Allocating message buffer for TCI

I/TZ: mc_tlc_communication( 3535): Opening the session

D/KeyguardViewMediator( 4020): isSecure() = true

D/KeyguardEffectViewUtil( 4020): wallpaperType :1

W/AudioTrack( 4020): AUDIO_OUTPUT_FLAG_FAST denied by client

D/StatusBar-Window( 4020): fnf=false sanc=true, kni=false, sbf=true

D/CoverUI ( 4020): applyFocusableFlag() : Remove SAMSUNG_FLAG_SVIEW_COVER

D/CoverUI ( 4020): applyHeight h = -1, oc = true, ex = true, fa = false, ac = false, sc = false

I/tlc_communication( 3032): mcWaitNotification is completed;245

I/TLC_BAUTH( 3032): Check the Trustlet return code is completed;1292

D/bauth_FPBAuthService( 3032): FPBAuthService, 724

D/bauth_FPBAuthSensorControl( 3032): FPBAuthSensorControl, 244

D/bauth_FPBAuthService( 3032): FPBAuthService, 737

I/TLC_BAUTH( 3032): Call FP cmd 0xa;1519

I/tlc_communication( 3032): Send Trustlet TCI Message;211

I/tlc_communication( 3032): mcNotify is completed;221

W/AudioPolicyIntefaceImpl( 3006): Skipped to add effects on session 2606

I/AudioPolicyManager( 3006): startOutput() output 4, stream 1, session 2606

I/AudioPolicyManager( 3006): changeRefCount() stream 1, count 1

I/AudioPolicyManager( 3006): setOutputDevice() setting same device 0002 or null device for output 4

D/AudioMixer( 3006): setResampler format 1, data ch 2, src 44100, dst 48000, dnmix 0, reformat 0

D/SoundAliveResampler( 3006): [SoundAliveResampler] Init+++

V/audio_hw_primary( 3006): start_output_stream+, out->device : 00000002 , out->type = 1

D/PhoneStatusBar( 4020): makeExpandedInvisible: mExpandedVisible=true

D/StatusBar-QSPanel( 4020): setSingleLine:true

D/StatusBar-QSPanel( 4020): adjustCellWidth mButtonWidth : 272, displayWidth : 1440

D/StatusBar-QSPanel( 4020): updateButtonInfo mButtonWidth : 272 mColumns:5 orien: 1 mButtonCorrectionWidth:32

D/StatusBar-QSPanel( 4020): setSingleLine height:384

I/HINT_rq (31549): SimplePayVisibilityReceiver action :com.samsung.systemui.statusbar.COLLAPSED

E/KioskModeService( 3535): There's no matched data

D/PhoneStatusBar( 4020): updateQSpanelHeight: 384 height:608

D/NotificationStackScrollLayout( 4020): hasNotification()-C:7

D/NotificationStackScrollLayout( 4020): hasNotification()-0-N:false

D/NotificationStackScrollLayout( 4020): hasNotification()-0-V:8

D/NotificationStackScrollLayout( 4020): hasNotification()-1-N:false

D/NotificationStackScrollLayout( 4020): hasNotification()-1-V:8

D/NotificationStackScrollLayout( 4020): hasNotification()-2-N:true

D/NotificationStackScrollLayout( 4020): hasNotification()-2-V:8

D/NotificationStackScrollLayout( 4020): hasNotification()-3-N:true

D/NotificationStackScrollLayout( 4020): hasNotification()-3-V:8

D/NotificationStackScrollLayout( 4020): hasNotification()-4-N:true

D/NotificationStackScrollLayout( 4020): hasNotification()-4-V:8

D/NotificationStackScrollLayout( 4020): hasNotification()-5-N:true

D/NotificationStackScrollLayout( 4020): hasNotification()-5-V:8

D/NotificationStackScrollLayout( 4020): hasNotification()-6-N:false

D/NotificationStackScrollLayout( 4020): hasNotification()-6-V:8

D/PanelView( 4020): There is/are no notification(s) 

D/KeyguardEffectViewUtil( 4020): wallpaperType :1

D/StatusBar-Window( 4020): fnf=false sanc=true, kni=false, sbf=true

D/CoverUI ( 4020): applyFocusableFlag() : Remove SAMSUNG_FLAG_SVIEW_COVER

D/CoverUI ( 4020): applyHeight h = -1, oc = true, ex = true, fa = false, ac = false, sc = false

D/PanelView( 4020): flingSettings mQsMin:0 mQsMax:788 mQsEx:788.0mQsPeek:608

I/tlc_communication( 3032): mcWaitNotification is completed;245

I/TLC_BAUTH( 3032): Check the Trustlet return code is completed;1555

D/bauth_FPBAuthService( 3032): FPBAuthService, 2776

D/bauth_BpBAuthServiceListener( 5367): IBAuthServiceListener, 46

D/bauth_client(native)( 5367): BAuthServiceClient, 184

D/FPMS_SamsungFingerprintLibraryImpl( 5367): onFingerprintEvent: eventId=100011, evt=IdentifyResult{ result=100012, index=0 }

E/FPMS_FingerprintManagerService( 5367): handleFingerprintEvent: mFocusedClient is null so this event will be skipped.

I/TZ: mc_tlc_communication( 3535): tlc_open() succeeded

I/TLC_TZ_KEYSTORE: ( 3535): ctx = 0x7f7cf7e0c0, comm = 0x7f7be7a200, sendmsg = 0x7f7e40a000, recvmsg = 0x7f7e40a440

I/TZ_init: ( 3535): TZ_init: fips_init_TLC sending initialization request...

I/TZ_init: ( 3535): TZ_init: sending initialization request...

D/bauth_FPBAuthSensorControl( 3032): FPBAuthSensorControl, 315

D/bauth_FPBAuthService( 3032): FPBAuthService, 755

D/        ( 3032): Worker, 75

D/NotificationStackScrollLayout( 4020): hasNotification()-C:7

D/NotificationStackScrollLayout( 4020): hasNotification()-0-N:false

D/NotificationStackScrollLayout( 4020): hasNotification()-0-V:8

D/NotificationStackScrollLayout( 4020): hasNotification()-1-N:false

D/NotificationStackScrollLayout( 4020): hasNotification()-1-V:8

D/NotificationStackScrollLayout( 4020): hasNotification()-2-N:true

D/NotificationStackScrollLayout( 4020): hasNotification()-2-V:8

D/NotificationStackScrollLayout( 4020): hasNotification()-3-N:true

D/NotificationStackScrollLayout( 4020): hasNotification()-3-V:8

D/NotificationStackScrollLayout( 4020): hasNotification()-4-N:true

D/NotificationStackScrollLayout( 4020): hasNotification()-4-V:8

D/NotificationStackScrollLayout( 4020): hasNotification()-5-N:true

D/NotificationStackScrollLayout( 4020): hasNotification()-5-V:8

D/NotificationStackScrollLayout( 4020): hasNotification()-6-N:false

D/NotificationStackScrollLayout( 4020): hasNotification()-6-V:8

D/PanelView( 4020): There is/are no notification(s) 

D/PanelView( 4020): kidsfalse mQsExpansionEnabled:true

D/NotificationStackScrollLayout( 4020): hasNotification()-C:7

D/NotificationStackScrollLayout( 4020): hasNotification()-0-N:false

D/NotificationStackScrollLayout( 4020): hasNotification()-0-V:8

D/NotificationStackScrollLayout( 4020): hasNotification()-1-N:false

D/NotificationStackScrollLayout( 4020): hasNotification()-1-V:8

D/NotificationStackScrollLayout( 4020): hasNotification()-2-N:true

D/NotificationStackScrollLayout( 4020): hasNotification()-2-V:8

D/NotificationStackScrollLayout( 4020): hasNotification()-3-N:true

D/NotificationStackScrollLayout( 4020): hasNotification()-3-V:8

D/NotificationStackScrollLayout( 4020): hasNotification()-4-N:true

D/NotificationStackScrollLayout( 4020): hasNotification()-4-V:8

D/NotificationStackScrollLayout( 4020): hasNotification()-5-N:true

D/NotificationStackScrollLayout( 4020): hasNotification()-5-V:8

D/NotificationStackScrollLayout( 4020): hasNotification()-6-N:false

D/NotificationStackScrollLayout( 4020): hasNotification()-6-V:8

D/PanelView( 4020): There is/are no notification(s) 

D/audio_hw_primary( 3006): start_output_stream (0xf0c77ec0) out->config.rate:48000 out->config.format:0 out->period_size:240

V/audio_hw_primary( 3006): select_devices output_scenario:0 input_scenario:-1 out_snd_device 0x2 in_snd_device:0x0

I/audio_route( 3006): 

I/audio_route( 3006): > audio_route_reset :

I/audio_route( 3006): 

I/audio_route( 3006): > audio_route_apply_path : "media-speaker"

D/KeyguardEffectViewUtil( 4020): wallpaperType :1

D/StatusBar-Window( 4020): fnf=false sanc=true, kni=false, sbf=true

D/CoverUI ( 4020): applyFocusableFlag() : Remove SAMSUNG_FLAG_SVIEW_COVER

D/CoverUI ( 4020): applyHeight h = -1, oc = true, ex = true, fa = false, ac = false, sc = false

I/TZ_init: ( 3535): TZ_init: successful initialization

I/TLC_TZ_KEYSTORE: fips_self_test: ( 3535): TZ_KEYSTORE_fips_self_test_START...

D/NotificationStackScrollLayout( 4020): hasNotification()-C:7

D/NotificationStackScrollLayout( 4020): hasNotification()-0-N:false

D/NotificationStackScrollLayout( 4020): hasNotification()-0-V:8

D/NotificationStackScrollLayout( 4020): hasNotification()-1-N:false

D/NotificationStackScrollLayout( 4020): hasNotification()-1-V:8

D/NotificationStackScrollLayout( 4020): hasNotification()-2-N:true

D/NotificationStackScrollLayout( 4020): hasNotification()-2-V:8

D/NotificationStackScrollLayout( 4020): hasNotification()-3-N:true

D/NotificationStackScrollLayout( 4020): hasNotification()-3-V:8

D/NotificationStackScrollLayout( 4020): hasNotification()-4-N:true

D/NotificationStackScrollLayout( 4020): hasNotification()-4-V:8

D/NotificationStackScrollLayout( 4020): hasNotification()-5-N:true

D/NotificationStackScrollLayout( 4020): hasNotification()-5-V:8

D/NotificationStackScrollLayout( 4020): hasNotification()-6-N:false

D/NotificationStackScrollLayout( 4020): hasNotification()-6-V:8

D/PanelView( 4020): There is/are no notification(s) 

D/KeyguardEffectViewUtil( 4020): wallpaperType :1

D/StatusBar-Window( 4020): fnf=false sanc=true, kni=false, sbf=false

D/CoverUI ( 4020): applyFocusableFlag() : Remove SAMSUNG_FLAG_SVIEW_COVER

D/CoverUI ( 4020): applyHeight h = -1, oc = true, ex = false, fa = false, ac = false, sc = false

I/TLC_TZ_KEYSTORE: fips_self_test: ( 3535): TZ_KEYSTORE_fips_self_test_END...

E/TLC_TZ_KEYSTORE: ( 3535): Self Test Succeded

I/TZ: mc_tlc_communication( 3535): tlc_close() was called

I/TZ: mc_tlc_communication( 3535): Closing the session

D/PhoneStatusBar( 4020): disable: < expand icons* alerts system_info* BACK HOME RECENT clock SEARCH >

D/PhoneStatusBar( 4020): updateKeyguardState :0

I/KeyguardEffectViewController( 4020): setKeyguardShowing = false

W/KeyguardEffectViewController( 4020): setKeyguardShowing: **** SHOWN CALLED to turn on forcingly ****

D/KeyguardEffectViewController( 4020): cleanUp()

D/VisualEffectCircleUnlockEffect( 4020): KeyguardEffectViewNone : cleanUp

D/VisualEffectCircleUnlockEffect( 4020): KeyguardEffectViewNone : cleanUp

V/KeyguardUpdateMonitor( 4020): *** unregister callback for com.android.keyguard.sec.effect.KeyguardEffectViewController$2@3f1b342a

D/KeyguardEffectViewController( 4020): isFestivalActivated()false

I/KeyguardEffectViewController( 4020): setFestivalKeyguardShowing = false ,:false

D/KeyguardEffectViewController( 4020): isFestivalActivated()false

I/HINT_rq (31549): SimplePayVisibilityReceiver action :com.samsung.systemui.statusbar.NOTIFICATION_EXPAND

I/HINT_rq (31549): expandState : false, isKeyguardLocked : false, keygaurd State : 1114113

I/HINT_rq (31549): Hide simple pay : user launched quick camera in Swipe lock screen

I/HINT_SpayQuickPayService(31549): hideSimplePay() 

D/StatusBarKeyguardViewManager( 4020): setNeedAnimationFlag...  false

D/StatusBarKeyguardViewManager( 4020): setNeedAnimationFlag...  false

D/StatusBarKeyguardViewManager( 4020): setNeedAnimationFlag...  false

D/PanelView( 4020): There is/are notification(s) 

D/PanelView( 4020): kidsfalse mQsExpansionEnabled:true

I/TZ: mc_tlc_communication( 3535): Freeing message buffer

I/TZ: mc_tlc_communication( 3535): Closing MobiCore device

I/TZ: mc_tlc_communication( 3535): tlc_close() succeeded

E/TLC_TZ_KEYSTORE: ( 3535): Count : 1, Ret : 0

D/TimaHelper( 3535): getTimaStatus() - Tima Status : 0

D/TimaHelper( 3535): checkTimaStatus() - Version FIPS3.0, Status0, Validation : true

D/PhoneStatusBar( 4020): updateKeyguardPreviousState :1

D/PhoneStatusBar( 4020): HomeCitySettingsDialog available = false, show = false

D/StatusBar-Window( 4020): fnf=true sanc=false, kni=false, sbf=false

D/CoverUI ( 4020): applyFocusableFlag() : Remove SAMSUNG_FLAG_SVIEW_COVER

D/CoverUI ( 4020): applyHeight h = 100, oc = false, ex = false, fa = false, ac = false, sc = false

D/KeyguardSPassUnlockView( 4020): onPause()

D/KeyguardSpassUnlockThread( 4020): onPause()

D/KeyguardSPassUnlockView( 4020): handleShowErrorMessage( mBackupPasswordButton )

V/KeyguardUpdateMonitor( 4020): *** unregister callback for com.android.keyguard.EmergencyButton$1@30df604c

V/KeyguardUpdateMonitor( 4020): *** unregister callback for com.android.keyguard.sec.SecKeyguardCircleView$1@253b5895

V/KeyguardUpdateMonitor( 4020): *** unregister callback for com.android.keyguard.sec.SecKeyguardCircleEmergencyView$1@7804daa

V/KeyguardUpdateMonitor( 4020): *** unregister callback for com.android.keyguard.KeyguardMessageArea$3@4c70d9b

V/KeyguardUpdateMonitor( 4020): *** unregister callback for com.android.keyguard.sec.SecKeyguardCircleView$1@fc83538

D/KeyguardSPassUnlockView( 4020): onDetachedFromWindow()

D/KeyguardSPassUnlockView( 4020): cleanUp()

D/KeyguardSpassUnlockThread( 4020): cleanUp()

I/SecAttributionInfoView( 4020): onDetachedFromWindow

V/KeyguardUpdateMonitor( 4020): *** unregister callback for com.android.keyguard.KeyguardSimpleHostView$1@321e3ab

D/KeyguardUpdateMonitor( 4020): sendKeyguardVisibilityChanged(false)

I/TLC_TZ_KEYSTORE: ( 3535): TZ_KEYSTORE_fips_initialize

I/TLC_TZ_KEYSTORE: ( 3535): creating new keystore context...

I/TLC_TZ_KEYSTORE: ( 3535): initializing ccm context...

I/TLC_TZ_KEYSTORE: ( 3535): root = 0, root_strlen = 1

I/TLC_TZ_KEYSTORE: ( 3535): process = ffffffff000000000000000000000013, process_strlen = 32

I/TZ: mc_tlc_communication( 3535): input max_sendmsg_size = 1080

I/TZ: mc_tlc_communication( 3535): input max_recvmsg_size = 1080

I/TZ: mc_tlc_communication( 3535): root = 0, root_len = 1

I/TZ: mc_tlc_communication( 3535): process = ffffffff000000000000000000000013, process_strlen = 32

I/TZ: mc_tlc_communication( 3535): aligned max_sendmsg_size = 1088

I/TZ: mc_tlc_communication( 3535): aligned max_recvmsg_size = 1088

I/TZ: mc_tlc_communication( 3535): device_id = 0x0

I/TZ: mc_tlc_communication( 3535): tlc_open() was called

I/TZ: mc_tlc_communication( 3535): Opening MobiCore device

E/McClient( 3535):   *****************************

E/McClient( 3535):   *** ERROR: Device 0 already opened

