D/RegistrationManager( 3990): RCS switch: true, version: 20150707, mIsRcsAutoconfigComplete: true

D/RegistrationManager( 3990): getNetworkType [13]

D/ImsProfile( 3990): getServiceSet : network [13] isNetworkEnabled [true] forceToGetAllService [false] 

D/ImsProfile( 3990): getServiceSet : network [13] isNetworkEnabled [true] forceToGetAllService [false] 

D/ImsProfile( 3990): getServiceSet : network [13] isNetworkEnabled [true] forceToGetAllService [false] 

D/RegistrationManager( 3990): getServiceSet [[mmtel-video, presence, ft, euc, im, mmtel, smsip]]

D/RegistrationManager( 3990): isDelayedAutoConfigSuccess [false]

D/InputDispatcher( 3535): Focus left window: 4020

D/InputDispatcher( 3535): Focus entered window: 4536

D/ImsServiceSwitch( 3990): isDefaultMessageAppInUse : Result [false] Name [com.google.android.talk] 

D/RegistrationManager( 3990): setFilterForService : pdnType [ims] service [im] enabled [true] 

D/RegistrationManager( 3990): setFilterForService : pdnType [ims] service [ft] enabled [true] 

D/RegistrationManager( 3990): setFilterForService : pdnType [ims] service [ft_http] enabled [true] 

D/RegistrationManager( 3990): setFilterForService : pdnType [ims] service [slm] enabled [true] 

D/RegistrationManager( 3990): setFilterForService : pdnType [ims] service [vs] enabled [true] 

D/RegistrationManager( 3990): setFilterForService : pdnType [ims] service [is] enabled [true] 

D/RegistrationManager( 3990): isFilterAppliedForService : pdnType [ims] service [euc] result [false] 

D/RegistrationManager( 3990): isFilterAppliedForService : pdnType [ims] service [ft] result [true] 

D/RegistrationManager( 3990): applyServiceFilter [ims] ft removed

D/RegistrationManager( 3990): isFilterAppliedForService : pdnType [ims] service [im] result [true] 

D/RegistrationManager( 3990): applyServiceFilter [ims] im removed

D/RegistrationManager( 3990): isFilterAppliedForService : pdnType [ims] service [smsip] result [false] 

D/RegistrationManager( 3990): isFilterAppliedForService : pdnType [ims] service [presence] result [false] 

D/RegistrationManager( 3990): isFilterAppliedForService : pdnType [ims] service [mmtel-video] result [false] 

D/RegistrationManager( 3990): isFilterAppliedForService : pdnType [ims] service [mmtel] result [false] 

D/RegistrationManager( 3990): getNetworkType [13]

D/RegistrationManager( 3990): requestPDNUpForProfile : Profile [T-Mobile VoLTE/RCS] Service Set [[mmtel-video, presence, euc, mmtel, smsip]] Register Reason [CONNECTIVITY_STATUS_CHANGE]

D/PdnController( 3990): getState : network [11] state [1]

D/RegistrationManager( 3990): requestPDNUpForProfile : Profile [T-Mobile VoLTE/RCS] Network Type [11] PDN State [1]

D/RegistrationManager( 3990): createServiceLink : Attaching service [[mmtel-video, presence, euc, mmtel, smsip]] to pdn [ims] 

D/CoreStackAdaptor( 3990): isStackShuttingDownOrAlreadyShutDown [false]

D/RegistrationManager( 3990): isVolteCallInProgress [false]

D/RegistrationManager( 3990): getNetworkType [13]

D/RegistrationManager( 3990): notifyServiceLink

D/ImsProfile( 3990): getServiceSet : network [13] isNetworkEnabled [true] forceToGetAllService [false] 

D/RegistrationManager( 3990): isFilterAppliedForService : pdnType [ims] service [mmtel] result [false] 

D/RegistrationManager( 3990): isImsiBasedRegistration [false]

D/RegistrationManager( 3990): updateVoiceCallState : networkType [11] mLastVoiceCallState [ENABLED] forceUpdate [false] enabled [false] isFilterApplied [false] isImsiBased [false] 

D/CoreStackAdaptor( 3990): updateVolteEnabledStatus : forceUpdate [false] networkType [11] volteEnabled [true] 

D/ImsProfile( 3990): getServiceSet : network [13] isNetworkEnabled [true] forceToGetAllService [false] 

D/RegistrationManager( 3990): isFilterAppliedForService : pdnType [ims] service [mmtel-video] result [false] 

D/RegistrationManager( 3990): isImsiBasedRegistration [false]

D/RegistrationManager( 3990): updateVideoCallState : networkType [11] mLastVideoCallState [ENABLED] forceUpdate [false] enabled [false] isFilterApplied [false] isImsiBased [false] 

D/CoreStackAdaptor( 3990): updateVideoCallSetting : forceUpdate [false] mobile [true] wifi [true] inet [true] 

D/CoreStackAdaptor( 3990): updateServiceLink

D/CoreStackAdaptor( 3990): updateCoreServiceSet : service [presence]

D/CoreStackAdaptor( 3990): updateCoreServiceSet : service [mmtel-video]

D/CoreStackAdaptor( 3990): updateCoreServiceSet : service [euc]

D/CoreStackAdaptor( 3990): updateCoreServiceSet : service [smsip]

D/CoreStackAdaptor( 3990): updateCoreServiceSet : service [mmtel]

D/CoreStackAdaptor( 3990): filterEnabledCoreService :original [[VOLTE, SMS, OPTIONS, EUC, PRESENCE]]modified [[OPTIONS, VOLTE, SMS, PRESENCE, EUC]]

D/Spec    ( 3990): setAttachedServices : [OPTIONS, VOLTE, SMS, PRESENCE, EUC]

D/CoreStackAdaptor( 3990): Updated: Spec [mRatControllerEnablers=com.sec.internal.ims.imsservice.jni.RatControllerEnablers@108a814, mNwkSvcType=XAN_NWK_TYPE_HDR_IMS, mNetworkType=11, mId=3, mAttachedProfile=ImsProfile [mId= 10, mEnableStatus=2, mName=T-Mobile VoLTE/RCS, mMcc=310, mMnc=260, mImpi=null, mImpuList=[], mPdn=[ims], mActiveNetwork=13, mServiceSetMap={18=[euc, ft, im, smsip, presence, mmtel-video, mmtel], 13=[euc, ft, im, smsip, presence, mmtel-video, mmtel]}, mNetworkEnabledMap={18=true, 13=true}, mPriority=0, mAuthName=null, mPcscfList=[], mPcscfPreference=0, mSipPort=5060, mTransport=1, MTU_SIZE=1300, mIpVer=2, mRegistrationAlgorithm=AKAv1-MD5, mIsIpSecEnabledtrue, mSaClientPort=5000, mSaServerPort=6000, mTimer1=500, mTimer2=16000, mTimer4=17000, mTimerF=44000, defaultMccMnc=310260], mAttachedServices=[PRESENCE, OPTIONS, EUC, VOLTE, SMS], mSpecState=com.sec.internal.ims.imsservice.Spec$RegisteredState@4a8ada3, mLastConnected=true, mLastInetAddrList=[/2607:fb90:1f09:b08b:0:3b:acea:f401], mLastDNSAddrList=[/fd00:976a::9], mLastNetworkType=XAN_SVC_NETWORK_SVCTYPE_LTE, mLastDedicatedPDNType=IMS, mStackState=XAN_IMS_SYSTEM_STATUS_IND_READY, mPCOIpGetter=com.sec.internal.ims.imsservice.PCOIpGetter@3a2d0eb2, mRegisteredIPAddr=fd00:976a:c206:58::1]

I/RatControllerEnablers( 3990): svcUpdateAppLists([XAN_CFG_Applist{spec_id=2, iNumApp=0, appNames=[]}, XAN_CFG_Applist{spec_id=1, iNumApp=0, appNames=[]}, XAN_CFG_Applist{spec_id=3, iNumApp=4, appNames=[org.jsr281.PRES, org.jsr281.euc, org.jsr281.vv, org.jsr281.SMS]}, XAN_CFG_Applist{spec_id=4, iNumApp=0, appNames=[]}])

D/CoreStackAdaptor( 3990): getEpdgState [NONE]

D/CoreStackAdaptor( 3990): notifyServiceLink : New Services for Spec [3] [EUC, VOLTE, OPTIONS, PRESENCE, VT, SMS] Old Services for Spec [3] [EUC, VOLTE, OPTIONS, PRESENCE, VT, SMS]

D/CoreStackAdaptor( 3990): notifyServiceLink : Linkage not changed

D/RegistrationManager( 3990): updateServiceLink

D/PdnController( 3990): isIfaceDisconnected result [true] networkType [0] interfaceName [null] 

D/PdnController( 3990): isConnected  [false] networktype [0]

D/PdnController( 3990): isIfaceDisconnected result [true] networkType [12] interfaceName [null] 

D/PdnController( 3990): isConnected  [false] networktype [12]

D/PdnController( 3990): Failed to find NetworkInfo for networkType [27]

D/RegistrationManager( 3990): createServiceLink : PDN [internet] Connected [false]

D/RegistrationManager( 3990): getNetworkType [13]

D/RegistrationManager( 3990): disallowReRegistrationForEPDN : isRATChanged [false] isIWAN [false] isEmergencyPDN [false] isInRegisteredState [false] 

D/ImsProfile( 3990): getServiceSet : network [13] isNetworkEnabled [true] forceToGetAllService [false] 

D/RegistrationManager( 3990): createServiceFilter

D/RegistrationManager( 3990): createServiceFilterWithImsiBased

D/RegistrationManager( 3990): isImsiBasedRegistration [false]

D/RegistrationManager( 3990): setFilterForService : pdnType [internet] service [mmtel] enabled [false] 

D/RegistrationManager( 3990): setFilterForService : pdnType [internet] service [mmtel-video] enabled [false] 

D/RegistrationManager( 3990): setFilterForService : pdnType [internet] service [smsip] enabled [false] 

D/RegistrationManager( 3990): setFilterForService : pdnType [internet] service [ss] enabled [false] 

D/RegistrationManager( 3990): setFilterForService : pdnType [internet] service [options] enabled [false] 

D/RegistrationManager( 3990): setFilterForService : pdnType [internet] service [presence] enabled [false] 

D/RegistrationManager( 3990): setFilterForService : pdnType [internet] service [xdm] enabled [false] 

D/RegistrationManager( 3990): setFilterForService : pdnType [internet] service [im] enabled [false] 

D/RegistrationManager( 3990): setFilterForService : pdnType [internet] service [ft] enabled [false] 

D/RegistrationManager( 3990): setFilterForService : pdnType [internet] service [ft_http] enabled [false] 

D/RegistrationManager( 3990): setFilterForService : pdnType [internet] service [slm] enabled [false] 

D/RegistrationManager( 3990): setFilterForService : pdnType [internet] service [is] enabled [false] 

D/RegistrationManager( 3990): setFilterForService : pdnType [internet] service [vs] enabled [false] 

D/RegistrationManager( 3990): setFilterForService : pdnType [internet] service [euc] enabled [false] 

D/RegistrationManager( 3990): setFilterForService : pdnType [internet] service [gls] enabled [false] 

D/RegistrationManager( 3990): setFilterForService : pdnType [internet] service [profile] enabled [false] 

D/RegistrationManager( 3990): setFilterForService : pdnType [internet] service [smsip] enabled [false] 

D/RegistrationManager( 3990): isImsiBasedRegistration [false]

D/RegistrationManager( 3990): createServiceFilterForVoLTE

D/ImsSettingsProvider( 3990): query Uri: content://com.sec.ims.settings/simdata

D/ImsSettingsProvider( 3990): match 10

V/ImsSettingsProvider( 3990): query Uri[content://com.sec.ims.settings/simdata], selection [null]

D/ImsSettingsProvider( 3990): querySimData

D/ImsSettingsProvider( 3990): query Uri: content://com.sec.ims.settings/simdata

D/ImsSettingsProvider( 3990): match 10

V/ImsSettingsProvider( 3990): query Uri[content://com.sec.ims.settings/simdata], selection [null]

D/ImsSettingsProvider( 3990): querySimData

E/GlobalSettings( 3990): selection=name="TMO-US"

D/ImsSettingsProvider( 3990): query Uri: content://com.sec.ims.settings/global

D/ImsSettingsProvider( 3990): match 4

V/ImsSettingsProvider( 3990): query Uri[content://com.sec.ims.settings/global], selection [name="TMO-US"]

D/GlobalSettings( 3990): loadSettings: count 1

D/DragAndDrop( 4536): dragCancel(false)

D/RegistrationManager( 3990): isEPDGAvailable [false]

D/RegistrationManager( 3990): isEABPublishFailed [NOT_INIALIZED]

D/RegistrationManager( 3990): isInviteForbidden : false

D/RegistrationManager( 3990): getNetworkType [13]

D/RegistrationManager( 3990): isVoiceCallAvailable : result [true] pdnType [internet] isVolteEnabled [true] isEPDGAvailable [false] needToCheckVoPS [true] isVoPSEnabled [true] isSSACEnabled [true] isPublishFailed [false] isDmVolteEnabled [true] isInviteForbidden [false] 

D/RegistrationManager( 3990): createServiceFilterForVoLTE : voice enabled

D/PointerIcon( 3535): setMouseIconStyle1 pointerType: 1001 iconType:101 flag:0 pid:3535 uid:1000

D/RegistrationManager( 3990): setFilterForService : pdnType [internet] service [mmtel] enabled [false] 

D/PointerIcon( 3535): setMouseCustomIcon IconType is same.101

D/ImsSettingsProvider( 3990): query Uri: content://com.sec.ims.settings/simdata

D/ImsSettingsProvider( 3990): match 10

V/ImsSettingsProvider( 3990): query Uri[content://com.sec.ims.settings/simdata], selection [null]

D/ImsSettingsProvider( 3990): querySimData

D/ImsSettingsProvider( 3990): query Uri: content://com.sec.ims.settings/simdata

D/ImsSettingsProvider( 3990): match 10

V/ImsSettingsProvider( 3990): query Uri[content://com.sec.ims.settings/simdata], selection [null]

D/ImsSettingsProvider( 3990): querySimData

E/GlobalSettings( 3990): selection=name="TMO-US"

D/ImsSettingsProvider( 3990): query Uri: content://com.sec.ims.settings/global

D/ImsSettingsProvider( 3990): match 4

V/ImsSettingsProvider( 3990): query Uri[content://com.sec.ims.settings/global], selection [name="TMO-US"]

D/GlobalSettings( 3990): loadSettings: count 1

D/RegistrationManager( 3990): isEPDGAvailable [false]

D/RegistrationManager( 3990): isEABPublishFailed [NOT_INIALIZED]

D/RegistrationManager( 3990): isInviteForbidden : false

D/RegistrationManager( 3990): getNetworkType [13]

D/RegistrationManager( 3990): isVoiceCallAvailable : result [true] pdnType [internet] isVolteEnabled [true] isEPDGAvailable [false] needToCheckVoPS [true] isVoPSEnabled [true] isSSACEnabled [true] isPublishFailed [false] isDmVolteEnabled [true] isInviteForbidden [false] 

D/ImsSettingsProvider( 3990): query Uri: content://com.sec.ims.settings/simdata

D/ImsSettingsProvider( 3990): match 10

V/ImsSettingsProvider( 3990): query Uri[content://com.sec.ims.settings/simdata], selection [null]

D/ImsSettingsProvider( 3990): querySimData

E/GlobalSettings( 3990): selection=name="TMO-US"

D/ImsSettingsProvider( 3990): query Uri: content://com.sec.ims.settings/global

D/ImsSettingsProvider( 3990): match 4

V/ImsSettingsProvider( 3990): query Uri[content://com.sec.ims.settings/global], selection [name="TMO-US"]

D/GlobalSettings( 3990): loadSettings: count 1

D/InputMethodManagerService( 3535): windowGainedFocus mCurrentFocusedUserId - 0 and mSecureKeypadEnabled-false

D/RegistrationManager( 3990): isMobileDataEnabled [true]

D/RegistrationManager( 3990): isVideoCallAvailable : result [true] isLvcEnabled [true] isDmLvcEnabled [true] isDmEabEnabled [true] isIR94VideoAuth [true] isMobileDataEnabled [true] 

D/RegistrationManager( 3990): createServiceFilterForVoLTE : video enabled

D/RegistrationManager( 3990): setFilterForService : pdnType [internet] service [mmtel-video] enabled [false] 

D/RegistrationManager( 3990): RCS switch: true, version: 20150707, mIsRcsAutoconfigComplete: true

D/RegistrationManager( 3990): createServiceFilterForRCS : isRcsEnabled [true]

D/RegistrationManager( 3990): setFilterForService : pdnType [internet] service [options] enabled [false] 

D/RegistrationManager( 3990): setFilterForService : pdnType [internet] service [presence] enabled [false] 

D/RegistrationManager( 3990): setFilterForService : pdnType [internet] service [xdm] enabled [false] 

D/RegistrationManager( 3990): setFilterForService : pdnType [internet] service [im] enabled [false] 

D/RegistrationManager( 3990): setFilterForService : pdnType [internet] service [ft] enabled [false] 

D/RegistrationManager( 3990): setFilterForService : pdnType [internet] service [ft_http] enabled [false] 

D/RegistrationManager( 3990): setFilterForService : pdnType [internet] service [slm] enabled [false] 

D/RegistrationManager( 3990): setFilterForService : pdnType [internet] service [is] enabled [false] 

D/RegistrationManager( 3990): setFilterForService : pdnType [internet] service [vs] enabled [false] 

D/RegistrationManager( 3990): setFilterForService : pdnType [internet] service [euc] enabled [false] 

D/RegistrationManager( 3990): setFilterForService : pdnType [internet] service [gls] enabled [false] 

D/RegistrationManager( 3990): setFilterForService : pdnType [internet] service [profile] enabled [false] 

D/mali_winsys( 4020): new_window_surface returns 0x3000,  [1440x100]-format:1

D/RegistrationManager( 3990): RCS switch: true, version: 20150707, mIsRcsAutoconfigComplete: true

D/RegistrationManager( 3990): getNetworkType [13]

D/ImsProfile( 3990): getServiceSet : network [13] isNetworkEnabled [true] forceToGetAllService [false] 

D/ImsProfile( 3990): getServiceSet : network [13] isNetworkEnabled [true] forceToGetAllService [false] 

D/ImsProfile( 3990): getServiceSet : network [13] isNetworkEnabled [true] forceToGetAllService [false] 

D/RegistrationManager( 3990): getServiceSet [[xdm]]

D/RegistrationManager( 3990): isDelayedAutoConfigSuccess [false]

D/ImsServiceSwitch( 3990): isDefaultMessageAppInUse : Result [false] Name [com.google.android.talk] 

D/RegistrationManager( 3990): setFilterForService : pdnType [internet] service [im] enabled [true] 

D/RegistrationManager( 3990): setFilterForService : pdnType [internet] service [ft] enabled [true] 

D/RegistrationManager( 3990): setFilterForService : pdnType [internet] service [ft_http] enabled [true] 

D/RegistrationManager( 3990): setFilterForService : pdnType [internet] service [slm] enabled [true] 

D/RegistrationManager( 3990): setFilterForService : pdnType [internet] service [vs] enabled [true] 

D/RegistrationManager( 3990): setFilterForService : pdnType [internet] service [is] enabled [true] 

D/RegistrationManager( 3990): isFilterAppliedForService : pdnType [internet] service [xdm] result [false] 

D/RegistrationManager( 3990): getNetworkType [13]

D/RegistrationManager( 3990): requestPDNUpForProfile : Profile [T-Mobile Internet VoLTE/RCS] Service Set [[xdm]] Register Reason [CONNECTIVITY_STATUS_CHANGE]

D/PdnController( 3990): getState : network [0] state [-1]

D/RegistrationManager( 3990): requestPDNUpForProfile : Profile [T-Mobile Internet VoLTE/RCS] Network Type [0] PDN State [-1]

D/RegistrationManager( 3990): requestPDNUpForProfile : Network Type 0 is not allowed!

D/CoreStackAdaptor( 3990): isStackShuttingDownOrAlreadyShutDown [false]

D/RegistrationManager( 3990): isVolteCallInProgress [false]

D/RegistrationManager( 3990): notifyServiceLink

D/ImsProfile( 3990): getServiceSet : network [13] isNetworkEnabled [true] forceToGetAllService [false] 

D/ImsProfile( 3990): getServiceSet : network [13] isNetworkEnabled [true] forceToGetAllService [false] 

D/CoreStackAdaptor( 3990): updateServiceLink

D/CoreStackAdaptor( 3990): filterEnabledCoreService :original [[]]modified [[]]

D/Spec    ( 3990): setAttachedServices : []

D/CoreStackAdaptor( 3990): Updated: Spec [mRatControllerEnablers=com.sec.internal.ims.imsservice.jni.RatControllerEnablers@108a814, mNwkSvcType=XAN_NWK_TYPE_HDR_INET, mNetworkType=0, mId=1, mAttachedProfile=ImsProfile [mId= 11, mEnableStatus=2, mName=T-Mobile Internet VoLTE/RCS, mMcc=310, mMnc=260, mImpi=null, mImpuList=[], mPdn=[internet], mActiveNetwork=13, mServiceSetMap={13=[xdm]}, mNetworkEnabledMap={13=true}, mPriority=0, mAuthName=null, mPcscfList=[], mPcscfPreference=0, mSipPort=5060, mTransport=1, MTU_SIZE=1300, mIpVer=2, mRegistrationAlgorithm=AKAv1-MD5, mIsIpSecEnabledtrue, mSaClientPort=5000, mSaServerPort=6000, mTimer1=500, mTimer2=16000, mTimer4=17000, mTimerF=44000, defaultMccMnc=310260], mAttachedServices=[], mSpecState=com.sec.internal.ims.imsservice.Spec$AwaitingConnectionState@127da4ce, mLastConnected=false, mLastInetAddrList=[], mLastDNSAddrList=[], mLastNetworkType=XAN_SVC_NETWORK_SVCTYPE_LTE, mLastDedicatedPDNType=NONE, mStackState=XAN_IMS_SYSTEM_STATUS_IND_RDY_FOR_APP_REG, mPCOIpGetter=com.sec.internal.ims.imsservice.PCOIpGetter@3bd23180, mRegisteredIPAddr=null]

I/RatControllerEnablers( 3990): svcUpdateAppLists([XAN_CFG_Applist{spec_id=2, iNumApp=0, appNames=[]}, XAN_CFG_Applist{spec_id=1, iNumApp=0, appNames=[]}, XAN_CFG_Applist{spec_id=3, iNumApp=4, appNames=[org.jsr281.PRES, org.jsr281.euc, org.jsr281.vv, org.jsr281.SMS]}, XAN_CFG_Applist{spec_id=4, iNumApp=0, appNames=[]}])

D/CoreStackAdaptor( 3990): notifyServiceLink : New Services for Spec [1] [] Old Services for Spec [1] []

D/CoreStackAdaptor( 3990): notifyServiceLink : Linkage not changed

D/RegistrationManager( 3990): updateServiceLink

D/PanelView( 4020): mClearAll.setVisibility - mIsFullyOpened : false isShade : true mHasNotification : true mIsUpwardFling : false mQsFullyExpanded : true isShadeLocked : false mClearAllVisible : false

D/StatusBar.NetworkController( 4020): onDataActivity: direction=0

D/PdnController( 3990): isConnected  [false] networktype [1]

D/RegistrationManager( 3990): createServiceLink : PDN [wifi] Connected [false]

D/CoreStackAdaptor( 3990): isStackShuttingDownOrAlreadyShutDown [false]

D/RegistrationManager( 3990): isVolteCallInProgress [false]

D/RegistrationManager( 3990): notifyServiceLink

D/ImsProfile( 3990): getServiceSet : network [18] isNetworkEnabled [true] forceToGetAllService [false] 

D/ImsProfile( 3990): getServiceSet : network [18] isNetworkEnabled [true] forceToGetAllService [false] 

D/CoreStackAdaptor( 3990): updateServiceLink

D/CoreStackAdaptor( 3990): filterEnabledCoreService :original [[]]modified [[]]

D/Spec    ( 3990): setAttachedServices : []

D/CoreStackAdaptor( 3990): Updated: Spec [mRatControllerEnablers=com.sec.internal.ims.imsservice.jni.RatControllerEnablers@108a814, mNwkSvcType=XAN_NWK_TYPE_WLAN, mNetworkType=1, mId=2, mAttachedProfile=ImsProfile [mId= 12, mEnableStatus=2, mName=T-Mobile Wi-Fi VoLTE/RCS, mMcc=310, mMnc=260, mImpi=null, mImpuList=[], mPdn=[wifi], mActiveNetwork=18, mServiceSetMap={18=[xdm]}, mNetworkEnabledMap={18=true}, mPriority=0, mAuthName=null, mPcscfList=[], mPcscfPreference=0, mSipPort=5060, mTransport=1, MTU_SIZE=1300, mIpVer=1, mRegistrationAlgorithm=AKAv1-MD5, mIsIpSecEnabledtrue, mSaClientPort=5000, mSaServerPort=6000, mTimer1=500, mTimer2=16000, mTimer4=17000, mTimerF=44000, defaultMccMnc=310260], mAttachedServices=[], mSpecState=com.sec.internal.ims.imsservice.Spec$ClosingState@2d0a1fef, mLastConnected=false, mLastInetAddrList=[], mLastDNSAddrList=[], mLastNetworkType=XAN_SVC_NETWORK_SVCTYPE_WIFI, mLastDedicatedPDNType=NONE, mStackState=XAN_IMS_SYSTEM_STATUS_IND_RDY_FOR_APP_REG, mPCOIpGetter=com.sec.internal.ims.imsservice.PCOIpGetter@21d963fe, mRegisteredIPAddr=null]

I/RatControllerEnablers( 3990): svcUpdateAppLists([XAN_CFG_Applist{spec_id=2, iNumApp=0, appNames=[]}, XAN_CFG_Applist{spec_id=1, iNumApp=0, appNames=[]}, XAN_CFG_Applist{spec_id=3, iNumApp=4, appNames=[org.jsr281.PRES, org.jsr281.euc, org.jsr281.vv, org.jsr281.SMS]}, XAN_CFG_Applist{spec_id=4, iNumApp=0, appNames=[]}])

D/CoreStackAdaptor( 3990): notifyServiceLink : New Services for Spec [2] [] Old Services for Spec [2] []

D/CoreStackAdaptor( 3990): notifyServiceLink : Linkage not changed

D/RegistrationManager( 3990): updateServiceLink

D/RegistrationManager( 3990): createServiceLink : PDN [emergency] Connected [false]

D/RegistrationManager( 3990): getNetworkType [13]

D/RegistrationManager( 3990): disallowReRegistrationForEPDN : isRATChanged [false] isIWAN [false] isEmergencyPDN [true] isInRegisteredState [false] 

D/ImsProfile( 3990): getServiceSet : network [13] isNetworkEnabled [true] forceToGetAllService [false] 

D/RegistrationManager( 3990): createServiceFilter

D/RegistrationManager( 3990): createServiceFilterWithImsiBased

D/RegistrationManager( 3990): isImsiBasedRegistration [false]

D/RegistrationManager( 3990): setFilterForService : pdnType [emergency] service [mmtel] enabled [false] 

D/RegistrationManager( 3990): setFilterForService : pdnType [emergency] service [mmtel-video] enabled [false] 

D/RegistrationManager( 3990): setFilterForService : pdnType [emergency] service [smsip] enabled [false] 

D/RegistrationManager( 3990): setFilterForService : pdnType [emergency] service [ss] enabled [false] 

D/RegistrationManager( 3990): setFilterForService : pdnType [emergency] service [options] enabled [false] 

D/RegistrationManager( 3990): setFilterForService : pdnType [emergency] service [presence] enabled [false] 

D/RegistrationManager( 3990): setFilterForService : pdnType [emergency] service [xdm] enabled [false] 

D/RegistrationManager( 3990): setFilterForService : pdnType [emergency] service [im] enabled [false] 

D/RegistrationManager( 3990): setFilterForService : pdnType [emergency] service [ft] enabled [false] 

D/RegistrationManager( 3990): setFilterForService : pdnType [emergency] service [ft_http] enabled [false] 

D/RegistrationManager( 3990): setFilterForService : pdnType [emergency] service [slm] enabled [false] 

D/RegistrationManager( 3990): setFilterForService : pdnType [emergency] service [is] enabled [false] 

D/RegistrationManager( 3990): setFilterForService : pdnType [emergency] service [vs] enabled [false] 

D/RegistrationManager( 3990): setFilterForService : pdnType [emergency] service [euc] enabled [false] 

D/RegistrationManager( 3990): setFilterForService : pdnType [emergency] service [gls] enabled [false] 

D/RegistrationManager( 3990): setFilterForService : pdnType [emergency] service [profile] enabled [false] 

D/RegistrationManager( 3990): setFilterForService : pdnType [emergency] service [smsip] enabled [false] 

D/RegistrationManager( 3990): isImsiBasedRegistration [false]

D/RegistrationManager( 3990): createServiceFilterForVoLTE

D/ImsSettingsProvider( 3990): query Uri: content://com.sec.ims.settings/simdata

D/ImsSettingsProvider( 3990): match 10

V/ImsSettingsProvider( 3990): query Uri[content://com.sec.ims.settings/simdata], selection [null]

D/ImsSettingsProvider( 3990): querySimData

D/ImsSettingsProvider( 3990): query Uri: content://com.sec.ims.settings/simdata

D/ImsSettingsProvider( 3990): match 10

V/ImsSettingsProvider( 3990): query Uri[content://com.sec.ims.settings/simdata], selection [null]

D/ImsSettingsProvider( 3990): querySimData

E/GlobalSettings( 3990): selection=name="TMO-US"

D/ImsSettingsProvider( 3990): query Uri: content://com.sec.ims.settings/global

D/ImsSettingsProvider( 3990): match 4

V/ImsSettingsProvider( 3990): query Uri[content://com.sec.ims.settings/global], selection [name="TMO-US"]

D/GlobalSettings( 3990): loadSettings: count 1

D/RegistrationManager( 3990): isEPDGAvailable [false]

D/RegistrationManager( 3990): isEABPublishFailed [NOT_INIALIZED]

D/RegistrationManager( 3990): isInviteForbidden : false

D/RegistrationManager( 3990): getNetworkType [13]

D/RegistrationManager( 3990): isVoiceCallAvailable : result [true] pdnType [emergency] isVolteEnabled [true] isEPDGAvailable [false] needToCheckVoPS [true] isVoPSEnabled [true] isSSACEnabled [true] isPublishFailed [false] isDmVolteEnabled [true] isInviteForbidden [false] 

D/RegistrationManager( 3990): createServiceFilterForVoLTE : voice enabled

D/RegistrationManager( 3990): setFilterForService : pdnType [emergency] service [mmtel] enabled [false] 

D/ImsSettingsProvider( 3990): query Uri: content://com.sec.ims.settings/simdata

D/ImsSettingsProvider( 3990): match 10

V/ImsSettingsProvider( 3990): query Uri[content://com.sec.ims.settings/simdata], selection [null]

D/ImsSettingsProvider( 3990): querySimData

D/ImsSettingsProvider( 3990): query Uri: content://com.sec.ims.settings/simdata

D/ImsSettingsProvider( 3990): match 10

V/ImsSettingsProvider( 3990): query Uri[content://com.sec.ims.settings/simdata], selection [null]

D/ImsSettingsProvider( 3990): querySimData

E/GlobalSettings( 3990): selection=name="TMO-US"

D/ImsSettingsProvider( 3990): query Uri: content://com.sec.ims.settings/global

D/ImsSettingsProvider( 3990): match 4

V/ImsSettingsProvider( 3990): query Uri[content://com.sec.ims.settings/global], selection [name="TMO-US"]

D/GlobalSettings( 3990): loadSettings: count 1

D/RegistrationManager( 3990): isEPDGAvailable [false]

D/RegistrationManager( 3990): isEABPublishFailed [NOT_INIALIZED]

D/RegistrationManager( 3990): isInviteForbidden : false

D/RegistrationManager( 3990): getNetworkType [13]

D/RegistrationManager( 3990): isVoiceCallAvailable : result [true] pdnType [emergency] isVolteEnabled [true] isEPDGAvailable [false] needToCheckVoPS [true] isVoPSEnabled [true] isSSACEnabled [true] isPublishFailed [false] isDmVolteEnabled [true] isInviteForbidden [false] 

D/ImsSettingsProvider( 3990): query Uri: content://com.sec.ims.settings/simdata

D/ImsSettingsProvider( 3990): match 10

V/ImsSettingsProvider( 3990): query Uri[content://com.sec.ims.settings/simdata], selection [null]

D/ImsSettingsProvider( 3990): querySimData

E/GlobalSettings( 3990): selection=name="TMO-US"

D/ImsSettingsProvider( 3990): query Uri: content://com.sec.ims.settings/global

D/ImsSettingsProvider( 3990): match 4

V/ImsSettingsProvider( 3990): query Uri[content://com.sec.ims.settings/global], selection [name="TMO-US"]

D/GlobalSettings( 3990): loadSettings: count 1

D/RegistrationManager( 3990): isMobileDataEnabled [true]

D/RegistrationManager( 3990): isVideoCallAvailable : result [true] isLvcEnabled [true] isDmLvcEnabled [true] isDmEabEnabled [true] isIR94VideoAuth [true] isMobileDataEnabled [true] 

D/RegistrationManager( 3990): createServiceFilterForVoLTE : video enabled

D/RegistrationManager( 3990): setFilterForService : pdnType [emergency] service [mmtel-video] enabled [false] 

D/RegistrationManager( 3990): RCS switch: true, version: 20150707, mIsRcsAutoconfigComplete: true

D/RegistrationManager( 3990): createServiceFilterForRCS : isRcsEnabled [true]

D/RegistrationManager( 3990): setFilterForService : pdnType [emergency] service [options] enabled [false] 

D/RegistrationManager( 3990): setFilterForService : pdnType [emergency] service [presence] enabled [false] 

D/RegistrationManager( 3990): setFilterForService : pdnType [emergency] service [xdm] enabled [false] 

D/RegistrationManager( 3990): setFilterForService : pdnType [emergency] service [im] enabled [false] 

D/RegistrationManager( 3990): setFilterForService : pdnType [emergency] service [ft] enabled [false] 

D/RegistrationManager( 3990): setFilterForService : pdnType [emergency] service [ft_http] enabled [false] 

D/RegistrationManager( 3990): setFilterForService : pdnType [emergency] service [slm] enabled [false] 

D/RegistrationManager( 3990): setFilterForService : pdnType [emergency] service [is] enabled [false] 

D/RegistrationManager( 3990): setFilterForService : pdnType [emergency] service [vs] enabled [false] 

D/RegistrationManager( 3990): setFilterForService : pdnType [emergency] service [euc] enabled [false] 

D/RegistrationManager( 3990): setFilterForService : pdnType [emergency] service [gls] enabled [false] 

D/RegistrationManager( 3990): setFilterForService : pdnType [emergency] service [profile] enabled [false] 

D/StatusBar.NetworkController( 4020): updateDataIcon, mDataDirectionIconId = (null) mDataConnected = false

D/RegistrationManager( 3990): RCS switch: true, version: 20150707, mIsRcsAutoconfigComplete: true

D/RegistrationManager( 3990): getNetworkType [13]

D/ImsProfile( 3990): getServiceSet : network [13] isNetworkEnabled [true] forceToGetAllService [false] 

D/ImsProfile( 3990): getServiceSet : network [13] isNetworkEnabled [true] forceToGetAllService [false] 

D/ImsProfile( 3990): getServiceSet : network [13] isNetworkEnabled [true] forceToGetAllService [false] 

D/RegistrationManager( 3990): getServiceSet [[mmtel]]

D/RegistrationManager( 3990): setFilterForService : pdnType [emergency] service [options] enabled [true] 

D/RegistrationManager( 3990): setFilterForService : pdnType [emergency] service [presence] enabled [true] 

D/RegistrationManager( 3990): setFilterForService : pdnType [emergency] service [xdm] enabled [true] 

D/RegistrationManager( 3990): setFilterForService : pdnType [emergency] service [im] enabled [true] 

D/RegistrationManager( 3990): setFilterForService : pdnType [emergency] service [ft] enabled [true] 

D/RegistrationManager( 3990): setFilterForService : pdnType [emergency] service [ft_http] enabled [true] 

D/RegistrationManager( 3990): setFilterForService : pdnType [emergency] service [slm] enabled [true] 

D/RegistrationManager( 3990): setFilterForService : pdnType [emergency] service [is] enabled [true] 

D/RegistrationManager( 3990): setFilterForService : pdnType [emergency] service [vs] enabled [true] 

D/RegistrationManager( 3990): setFilterForService : pdnType [emergency] service [euc] enabled [true] 

D/RegistrationManager( 3990): setFilterForService : pdnType [emergency] service [gls] enabled [true] 

D/RegistrationManager( 3990): setFilterForService : pdnType [emergency] service [profile] enabled [true] 

D/StatusBar.NetworkController( 4020): Nothing, mRoamingIconId = 0

D/StatusBar.NetworkController( 4020): refreshViews connected={ } level=4 combinedSignalIconId=0x7f020695/com.android.systemui:drawable/tw_stat_sys_5_level_signal_4_auto_rotate mobileLabel=T-Mobile wifiLabel= emergencyOnly=false combinedLabel=No Internet connection mAirplaneMode=false mDataActivity=0 mPhoneSignalIconId=0x7f020695/com.android.systemui:drawable/tw_stat_sys_5_level_signal_4_auto_rotate mQSPhoneSignalIconId=0x7f020116/com.android.systemui:drawable/ic_qs_signal_4 mDataDirectionIconId=0x0/(null) mDataSignalIconId=0x7f020695/com.android.systemui:drawable/tw_stat_sys_5_level_signal_4_auto_rotate mDataTypeIconId=0x0/(null) mQSDataTypeIconId=0x0/(null) mNoSimIconId=0x0/(null) mWifiIconId=0x0/(null) mQSWifiIconId=0x0/(null) mWifiActivityIconId=0x7f020519/com.android.systemui:drawable/stat_sys_signal_no_inout mBluetoothTetherIconId=0x7f02053f/com.android.systemui:drawable/stat_sys_tether_bluetooth

D/STATUSBAR-WifiTile( 4020): onWifiSignalChanged enabled=false enabledDesc:null

D/StatusBar.NetworkController( 4020): refreshNwBoosterIndicator - setNWBoosterIndicators(false)

D/StatusBar.NetworkController( 4020): applyTMO

D/StatusBar.NetworkController( 4020): No Data Icon

D/StatusBar.NetworkController( 4020): refreshNwBoosterIndicator - setNWBoosterIndicators(false)

D/StatusBar.NetworkController( 4020): applyTMO

D/StatusBar.NetworkController( 4020): No Data Icon

D/StatusBar.NetworkController( 4020): refreshNwBoosterIndicator - setNWBoosterIndicators(false)

D/StatusBar.NetworkController( 4020): applyTMO

D/StatusBar.NetworkController( 4020): No Data Icon

D/StatusBar.NetworkController( 4020): refreshNwBoosterIndicator - setNWBoosterIndicators(false)

D/StatusBar.NetworkController( 4020): applyTMO

D/StatusBar.NetworkController( 4020): No Data Icon

D/ImsServiceSwitch( 3990): isDefaultMessageAppInUse : Result [false] Name [com.google.android.talk] 

D/RegistrationManager( 3990): setFilterForService : pdnType [emergency] service [im] enabled [true] 

D/RegistrationManager( 3990): setFilterForService : pdnType [emergency] service [ft] enabled [true] 

D/RegistrationManager( 3990): setFilterForService : pdnType [emergency] service [ft_http] enabled [true] 

D/RegistrationManager( 3990): setFilterForService : pdnType [emergency] service [slm] enabled [true] 

D/RegistrationManager( 3990): setFilterForService : pdnType [emergency] service [vs] enabled [true] 

D/RegistrationManager( 3990): setFilterForService : pdnType [emergency] service [is] enabled [true] 

D/RegistrationManager( 3990): isFilterAppliedForService : pdnType [emergency] service [mmtel] result [false] 

D/RegistrationManager( 3990): getNetworkType [13]

D/RegistrationManager( 3990): requestPDNUpForProfile : Profile [T-Mobile E911] Service Set [[mmtel]] Register Reason [CONNECTIVITY_STATUS_CHANGE]

D/CoreStackAdaptor( 3990): isStackShuttingDownOrAlreadyShutDown [false]

D/RegistrationManager( 3990): notifyServiceLink

D/ImsProfile( 3990): getServiceSet : network [13] isNetworkEnabled [true] forceToGetAllService [false] 

D/ImsProfile( 3990): getServiceSet : network [13] isNetworkEnabled [true] forceToGetAllService [false] 

D/CoreStackAdaptor( 3990): updateServiceLink

D/CoreStackAdaptor( 3990): filterEnabledCoreService :original [[]]modified [[]]

D/Spec    ( 3990): setAttachedServices : []

D/CoreStackAdaptor( 3990): Updated: Spec [mRatControllerEnablers=com.sec.internal.ims.imsservice.jni.RatControllerEnablers@108a814, mNwkSvcType=XAN_NWK_TYPE_HDR_EMERGENCY, mNetworkType=-1, mId=4, mAttachedProfile=ImsProfile [mId= 13, mEnableStatus=2, mName=T-Mobile E911, mMcc=310, mMnc=260, mImpi=null, mImpuList=[], mPdn=[emergency], mActiveNetwork=13, mServiceSetMap={18=[mmtel], 13=[mmtel]}, mNetworkEnabledMap={18=true, 13=true}, mPriority=0, mAuthName=null, mPcscfList=[], mPcscfPreference=0, mSipPort=5060, mTransport=1, MTU_SIZE=1300, mIpVer=2, mRegistrationAlgorithm=AKAv1-MD5, mIsIpSecEnabledtrue, mSaClientPort=5000, mSaServerPort=6000, mTimer1=500, mTimer2=16000, mTimer4=17000, mTimerF=44000, defaultMccMnc=310260], mAttachedServices=[], mSpecState=com.sec.internal.ims.imsservice.Spec$AwaitingConnectionState@308e2192, mLastConnected=false, mLastInetAddrList=null, mLastDNSAddrList=null, mLastNetworkType=null, mLastDedicatedPDNType=null, mStackState=XAN_IMS_SYSTEM_STATUS_IND_NONE, mPCOIpGetter=com.sec.internal.ims.imsservice.PCOIpGetter@3ee8e5ac, mRegisteredIPAddr=null]

I/RatControllerEnablers( 3990): svcUpdateAppLists([XAN_CFG_Applist{spec_id=2, iNumApp=0, appNames=[]}, XAN_CFG_Applist{spec_id=1, iNumApp=0, appNames=[]}, XAN_CFG_Applist{spec_id=3, iNumApp=4, appNames=[org.jsr281.PRES, org.jsr281.euc, org.jsr281.vv, org.jsr281.SMS]}, XAN_CFG_Applist{spec_id=4, iNumApp=0, appNames=[]}])

D/CoreStackAdaptor( 3990): notifyServiceLink : New Services for Spec [4] [] Old Services for Spec [4] []

D/CoreStackAdaptor( 3990): notifyServiceLink : Linkage not changed

D/RegistrationManager( 3990): performExtraHandlingForEachReason : registerReason [CONNECTIVITY_STATUS_CHANGE]

D/PanelView( 4020): mClearAll.setVisibility - mIsFullyOpened : false isShade : true mHasNotification : true mIsUpwardFling : false mQsFullyExpanded : true isShadeLocked : false mClearAllVisible : false

D/VisualEffectCircleUnlockEffect( 4020): clearEffect

D/VisualEffectCircleUnlockEffect( 4020): cancelAllAnimator

D/VisualEffectCircleUnlockEffect( 4020): clearEffect

D/CoreStackAdaptor( 3990): notifyStackBearerDeregisterAn nwkBearerId [18] nwkType [XAN_NWK_TYPE_WLAN] 

D/VisualEffectCircleUnlockEffect( 4020): cancelAllAnimator

D/Spec    ( 3990): [XAN_NWK_TYPE_WLAN] changeState to (OffState)

D/CoreStackAdaptor( 3990): notifyStackBearerRegisterAn nwkBearerId [18] nwkType [XAN_NWK_TYPE_WLAN] svcType [XAN_SVC_TYPE_PS] 

I/CellLocationSupport( 3990): onCellLocationChanged

D/CellLocationSupport( 3990): Voice over PS indication:1

D/CellLocationSupport( 3990): ignore updating VoPS. already set! value:true

D/TranslatorCollection( 3990): translateToNwkSvcType: networkType XAN_NWK_TYPE_HDR_IMS

I/wpa_supplicant( 3939): CTRL-EVENT-DISCONNECTED bssid=94.67.4B reason=3 locally_generated=1

I/wpa_supplicant( 3939): wlan0: State: COMPLETED -> DISCONNECTED

I/wpa_supplicant( 3939): CTRL-EVENT-STATE-CHANGE id=1 state=0 BSSID=94.67.4B SSID=42757374657232

I/wpa_supplicant( 3939): wlan0: State: DISCONNECTED -> DISCONNECTED

D/Tethering( 3535): interfaceLinkStateChanged wlan0, true

D/Tethering( 3535): interfaceStatusChanged wlan0, true

D/EPDG -- [NETMGMT]( 3535): Interface wlan0 link up

D/EPDG -- [EPDGService]( 3535): Interface wlan0 link up

D/EPDG -- [EPDGService]( 3535): mobileIntfPrefix is rmnet

D/EPDG -- [EPDGService]( 3535): Not Mobile Interface. Ignoring Interface State Change Event

D/PdnController( 3990): Interface Changed wlan0 link up

D/EnterpriseDeviceManagerService( 3535): isManagedProfileUser(): userId = 0

D/Tethering( 3535): interfaceLinkStateChanged wlan0, true

D/Tethering( 3535): interfaceStatusChanged wlan0, true

D/EPDG -- [NETMGMT]( 3535): Interface wlan0 link up

D/EPDG -- [EPDGService]( 3535): Interface wlan0 link up

D/EPDG -- [EPDGService]( 3535): mobileIntfPrefix is rmnet

D/EPDG -- [EPDGService]( 3535): Not Mobile Interface. Ignoring Interface State Change Event

D/PdnController( 3990): Interface Changed wlan0 link up

D/EnterpriseDeviceManagerService( 3535): isManagedProfileUser(): userId = 0

I/MicroRecognitionRnrImpl( 4734): Starting detection.

I/MicrophoneInputStream( 4734): mic_starting com.google.android.apps.gsa.speech.audio.aa@124d5534

V/audio_hw_primary( 3006): adev_open_input_stream config->channel_mask:0xc sample_rate:16000

V/audio_hw_primary( 3006): in->requested_rate:16000, pcm_config_in.rate:48000 in->config.channels=2

D/audio_hw_primary( 3006): adev_open_input_stream call echoReference_init(12)

V/echo_reference_processing( 3006): echoReference_init +

I/audio_hw_primary( 3006): adev_open_input_stream input is null, set new input stream

I/AudioFlinger( 3006): AudioFlinger's thread 0xed844000 ready to run

D/StackConfiguration( 3990): Network [XAN_NWK_TYPE_HDR_IMS] svcSetPLANIString(3GPP-E-UTRAN-FDD;utran-cell-id-3gpp=31026059000ca1101)

D/SLK     ( 3990): PLF(139375)4145 xan_bearer_updateAccessNwkInfo:Entry nwkType <512>

D/SLK     ( 3990): COMM(139376)2504 GetSpecIdFromBearer:_g_Multibearer_info.user_spec[iIndex = 1].i32_specId = 1

D/SLK     ( 3990): COMM(139377)2504 GetSpecIdFromBearer:_g_Multibearer_info.user_spec[iIndex = 2].i32_specId = 2

D/SLK     ( 3990): COMM(139378)2504 GetSpecIdFromBearer:_g_Multibearer_info.user_spec[iIndex = 3].i32_specId = 3

I/AudioPolicyManager( 3006): startInput() input 2595

D/CellLocationSupport( 3990): setLastAccessNetworkInfo...

D/audio_hw_primary( 3006): in_set_parameters: enter: kvpairs: input_source=6;keyIsHotword=true;routing=-2147483644

V/audio_hw_primary( 3006): set_processing_type (6,0)

I/audio_hw_primary( 3006): do_in_standby : in->standby 1

D/Spec    ( 3990): [XAN_NWK_TYPE_WLAN] changeState to (AwaitingConnectionState)

I/samsungRecord( 3006): [samsungrecord] MicCalonoff 1

I/MicrophoneInputStream( 4734): mic_started com.google.android.apps.gsa.speech.audio.aa@124d5534

D/PanelView( 4020): mClearAll.setVisibility - mIsFullyOpened : false isShade : true mHasNotification : true mIsUpwardFling : false mQsFullyExpanded : true isShadeLocked : false mClearAllVisible : false

D/NtpTrustedTime( 3535): currentTimeMillis() cache hit

V/audio_hw_primary( 3006): start_input_stream: set_hw_echoReference_enable(false)

V/echo_reference_processing( 3006): start_echoReference_effect +

V/echo_reference_processing( 3006): start_echoReference_effect(): channel_count:[2] reqeusted_samplerate:[16000]

W/audio_hw_primary( 3006): start_input_stream() echoReference effect is not created.

D/audio_hw_primary( 3006): start_input_stream (0xef46a6e0) in->config.rate:48000 in->config.format:0

D/PreProcess( 3006): new SamsungRecord

D/PreProcess( 3006): new NS

I/samsungRecord( 3006): [samsungrecord] SamsungRecInit 

I/samsungRecord( 3006): [samsungrecordMIC]Use HardCoding Values

E/samsungRecord( 3006): miccalib file can't created. (/data/snd/miccalib.txt)

I/samsungRecord( 3006): 1

D/SamsungRecord_NS( 3006): [SamsungRecord_NS] Init SR 16000

D/SamsungRecord_NS( 3006): [SamsungRecord_NS] getLevel inputsource 6, ret_level 3

I/samsungRecord( 3006): [samsungrecord] MicCalonoff 1

I/audio_hw_primary( 3006): is_voice_wakeup : ret =  0  , wakeup_baby_cry_enabled = 0  ,  wakeup_mic_enabled = 0 

I/audio_hw_primary( 3006): get_input_snd_device_id device:0xb

V/audio_hw_primary( 3006): select_devices output_scenario:0 input_scenario:27 out_snd_device 0x2 in_snd_device:0xb

I/audio_route( 3006): 

I/audio_route( 3006): > audio_route_reset :

D/NtpTrustedTime( 3535): currentTimeMillis() cache hit

I/audio_route( 3006): 

I/audio_route( 3006): > audio_route_apply_path : "recognition-mic"

D/PdnController( 3990): handleAnyDataConnectionStateChange: state [DISCONNECTED] reason [dataEnabled] apnType [supl] 

D/PhoneApp( 4516): PhoneAppBroadcastReceiver onReceive android.intent.action.ANY_DATA_STATE

V/audio_hw_primary( 3006): select_devices() input_route "recognition-mic" 

I/audio_route( 3006): 

I/audio_route( 3006): > audio_route_apply_path : "media-speaker"

D/FileWriteThread_Telephony( 4516): FileWriteThread : threadType = 3

D/PdnController( 3990): handleAnyDataConnectionStateChange: state [DISCONNECTED] reason [dataEnabled] apnType [bip] 

D/PhoneApp( 4516): PhoneAppBroadcastReceiver onReceive android.intent.action.ANY_DATA_STATE

V/audio_hw_primary( 3006): select_devices() output_route "media-speaker" 

I/audio_route( 3006): 

I/audio_route( 3006): > audio_route_apply_path : "gain-recognition-mic"

V/audio_hw_primary( 3006): select_devices() input_gain "gain-recognition-mic" 

I/audio_route( 3006): 

I/audio_route( 3006): > audio_route_apply_path : "gain-media-speaker"

V/audio_hw_primary( 3006): select_devices() output_gain "gain-media-speaker" 

I/audio_route( 3006): 

I/audio_route( 3006): > audio_route_update_mixer : +

I/audio_route( 3006): > audio_route_update_mixer : changed(0) -

I/audio_hw_primary( 3006): select_devices - 

V/audio_hw_primary( 3006): start_input_stream -

D/WfcConnectivityReceiver( 4714): onReceive(): action = TelephonyIntents.ACTION_ANY_DATA_CONNECTION_STATE_CHANGED, nw type = 13, reason = dataEnabled

D/FileWriteThread_Telephony( 4516): FileWriteThread : threadType = 3

D/PdnController( 3990): handleAnyDataConnectionStateChange: state [DISCONNECTED] reason [dataEnabled] apnType [ent2] 

D/PhoneApp( 4516): PhoneAppBroadcastReceiver onReceive android.intent.action.ANY_DATA_STATE

D/WfcConnectivityReceiver( 4714): onReceive(): action = TelephonyIntents.ACTION_ANY_DATA_CONNECTION_STATE_CHANGED, nw type = 13, reason = dataEnabled

D/FileWriteThread_Telephony( 4516): FileWriteThread : threadType = 3

D/WfcConnectivityReceiver( 4714): onReceive(): action = TelephonyIntents.ACTION_ANY_DATA_CONNECTION_STATE_CHANGED, nw type = 13, reason = dataEnabled

D/PdnController( 3990): handleAnyDataConnectionStateChange: state [DISCONNECTED] reason [dataEnabled] apnType [ent1] 

D/PhoneApp( 4516): PhoneAppBroadcastReceiver onReceive android.intent.action.ANY_DATA_STATE

D/FileWriteThread_Telephony( 4516): FileWriteThread : threadType = 3

D/WfcConnectivityReceiver( 4714): onReceive(): action = TelephonyIntents.ACTION_ANY_DATA_CONNECTION_STATE_CHANGED, nw type = 13, reason = dataEnabled

D/PdnController( 3990): handleAnyDataConnectionStateChange: state [DISCONNECTED] reason [dataEnabled] apnType [hipri] 

D/PhoneApp( 4516): PhoneAppBroadcastReceiver onReceive android.intent.action.ANY_DATA_STATE

D/FileWriteThread_Telephony( 4516): FileWriteThread : threadType = 3

D/WfcConnectivityReceiver( 4714): onReceive(): action = TelephonyIntents.ACTION_ANY_DATA_CONNECTION_STATE_CHANGED, nw type = 13, reason = dataEnabled

D/PdnController( 3990): handleAnyDataConnectionStateChange: state [DISCONNECTED] reason [dataEnabled] apnType [mms] 

D/PhoneApp( 4516): PhoneAppBroadcastReceiver onReceive android.intent.action.ANY_DATA_STATE

D/FileWriteThread_Telephony( 4516): FileWriteThread : threadType = 3

D/WfcConnectivityReceiver( 4714): onReceive(): action = TelephonyIntents.ACTION_ANY_DATA_CONNECTION_STATE_CHANGED, nw type = 13, reason = dataEnabled

D/PdnController( 3990): handleAnyDataConnectionStateChange: state [DISCONNECTED] reason [dataEnabled] apnType [cbs] 

D/PhoneApp( 4516): PhoneAppBroadcastReceiver onReceive android.intent.action.ANY_DATA_STATE

D/FileWriteThread_Telephony( 4516): FileWriteThread : threadType = 3

D/PdnController( 3990): handleAnyDataConnectionStateChange: state [DISCONNECTED] reason [dataEnabled] apnType [ia] 

D/WfcConnectivityReceiver( 4714): onReceive(): action = TelephonyIntents.ACTION_ANY_DATA_CONNECTION_STATE_CHANGED, nw type = 13, reason = dataEnabled

D/PhoneApp( 4516): PhoneAppBroadcastReceiver onReceive android.intent.action.ANY_DATA_STATE

D/FileWriteThread_Telephony( 4516): FileWriteThread : threadType = 3

D/WfcConnectivityReceiver( 4714): onReceive(): action = TelephonyIntents.ACTION_ANY_DATA_CONNECTION_STATE_CHANGED, nw type = 13, reason = dataEnabled

D/PdnController( 3990): handleAnyDataConnectionStateChange: state [DISCONNECTED] reason [dataEnabled] apnType [dun] 

D/PhoneApp( 4516): PhoneAppBroadcastReceiver onReceive android.intent.action.ANY_DATA_STATE

D/FileWriteThread_Telephony( 4516): FileWriteThread : threadType = 3

D/WfcConnectivityReceiver( 4714): onReceive(): action = TelephonyIntents.ACTION_ANY_DATA_CONNECTION_STATE_CHANGED, nw type = 13, reason = dataEnabled

E/Zygote  ( 3119): MountEmulatedStorage()

E/Zygote  ( 3119): v2

I/SELinux ( 3119): Function: selinux_compare_spd_ram, SPD-policy is existed. and_ver=SEPF_SM-G925T_5.1.1 ver=38

I/SELinux ( 3119): Function: selinux_compare_spd_ram , priority [1] , priority version is VE=SEPF_SM-G925T_5.1.1_0038

E/Zygote  ( 3119): accessInfo : 0

E/SELinux ( 3119): [DEBUG] get_category: variable seinfo: untrusted sensitivity: NULL, cateogry: NULL

D/TimaKeyStoreProvider( 3119): TimaSignature is unavailable

D/ActivityThread( 3119): Added TimaKeyStore provider

W/MicroDetectionWorkerImp( 4734): Tag [MicroDetectionWorkerImpl] is too long; truncated to [MicroDetectionWorkerImp]

I/MicroDetectionWorkerImp( 4734): onReady

E/Zygote  ( 3141): MountEmulatedStorage()

E/Zygote  ( 3141): v2

I/SELinux ( 3141): Function: selinux_compare_spd_ram, SPD-policy is existed. and_ver=SEPF_SM-G925T_5.1.1 ver=38

I/SELinux ( 3141): Function: selinux_compare_spd_ram , priority [1] , priority version is VE=SEPF_SM-G925T_5.1.1_0038

E/Zygote  ( 3141): accessInfo : 0

E/SELinux ( 3141): [DEBUG] get_category: variable seinfo: platform sensitivity: NULL, cateogry: NULL

D/TimaKeyStoreProvider( 3141): TimaSignature is unavailable

D/ActivityThread( 3141): Added TimaKeyStore provider

I/HINT_rq (31549): updateSimplepayVisible : hideTitle : false

I/HINT_rp (31549): ensureHomePackagesLoaded - mHomePackageNameMap : [com.sec.android.app.easylauncher, com.sec.android.app.launcher]

I/HINT_rp (31549): isHomePackageRunning topPkgName = com.sec.android.app.launcher, return true

D/HINT_SpayQuickPayService(31549): quickpay service unholding - is SimplePay : true

D/HINT_SpayQuickPayService(31549): quickpay service unholding - is SimplePay : false

I/HINT_rq (31549): show Simple pay on Home

D/HINT_SpayQuickPayService(31549): on Show SimplePay() card size : 3

D/ActivityMgr(31549): isFMM_LOCK supported? true

D/ActivityMgr(31549): isFMM_WIPEOUT supported? true

D/HINT_SpayQuickPayService(31549): isRunningMainApp() , HODLING_SIMPLE: false, HOLDING_MAIN: false

D/HINT_SpayQuickPayService(31549): on Show SimplePay() call show simple pay

D/HINT_SpayQuickPayService(31549): show SimplePay() :

D/HINT_SpayQuickPayService(31549): show SimplePay() :  cancle prevent timer 

I/InjectionManager( 3119): Inside getClassLibPath + mLibMap{0=, 1=}

I/HINT_SpayQuickPayService(31549): show simplepay() SettingNotFound : kids_home_mode

I/HINT_SpayQuickPayService(31549): changeLayoutParams : 3

I/Sally Service(31549): setAttributes()

I/wpa_supplicant( 3939): Blacklist: Clear (all) 

