V/NuPlayer( 3006): postponing action mFlushingAudio=2, mFlushingVideo=0

I/NuPlayerRenderer( 3006): flush audio, notifyComplete 1, shutdown Yes

V/NuPlayer( 3006): Testing logs : mResetInProgress=1, mVideoEOS =0, mAudioEOS =0

V/NuPlayer( 3006): (mAudioDecoder != NULL) = true, (mVideoDecoder != NULL) = false

D/NuPlayerRenderer( 3006): signalTimeDiscontinuity() mHasAudio = 1 , mHasVideo = 0

I/NuPlayerRenderer( 3006): flushing audio

I/ACodec  ( 3006): [OMX.google.vorbis.decoder] signalFlush

I/NuPlayerRenderer( 3006): onFlush mAudioQueueGeneration : 2

I/ACodec  ( 3006): [OMX.google.vorbis.decoder] ExecutingState flushing now (codec owns 0/4 input, 2/4 output).

V/NuPlayer( 3006): renderer audio flush completed.

I/ACodec  ( 3006): [OMX.google.vorbis.decoder] Now Flushing

I/ACodec  ( 3006): [OMX.google.vorbis.decoder] FlushingState onOMXEvent(0,1,0)

I/ACodec  ( 3006): [OMX.google.vorbis.decoder] FlushingState onOMXEvent(0,1,1)

I/ACodec  ( 3006): [OMX.google.vorbis.decoder] Now Executing

V/NuPlayer( 3006): Got valid new generation 2 

V/NuPlayer( 3006): decoder audio flush completed

V/NuPlayer( 3006): initiating audio decoder shutdown

I/ACodec  ( 3006):  [OMX.google.vorbis.decoder] Now uninitialized

V/NuPlayer( 3006): Got valid new generation 3 

V/NuPlayer( 3006): audio shutdown completed

V/NuPlayer( 3006): both audio and video are flushed now.

V/NuPlayer( 3006): Reset was postponed execute processDeferredActions

V/NuPlayer( 3006): performReset

I/NuSecMediaClock( 3006): NuSecMediaClock destructor

V/GenericSource( 3006): stop()

V/GenericSource( 3006): PREPARE_CANCELLED set to true

V/GenericSource( 3006): [Flag] set 0x40 -> mFlags = 0x48

V/GenericSource( 3006): [Flag] clear 0x8 -> mFlags = 0x40

V/GenericSource( 3006): stop() end

V/GenericSource( 3006): ~GenericSource()

I/OggExtractor( 3006): OggSource::stop() mExtractor ref count = 2

I/OggExtractor( 3006): ~OggSource --

D/NuPlayerDriver( 3006): notifyResetComplete(0xefcabba0)

V/NuPlayerDriver( 3006): ~NuPlayerDriver(0xefcabba0)

I/OggExtractor( 3006): ~OggExtractor ++

I/OggExtractor( 3006): ~MyVorbisExtractor ++ 

I/OggExtractor( 3006): ~MyVorbisExtractor --

I/OggExtractor( 3006): ~OggExtractor --

D/PanelView( 4020): mClearAll.setVisibility - mIsFullyOpened : false isShade : true mHasNotification : true mIsUpwardFling : false mQsFullyExpanded : false isShadeLocked : false mClearAllVisible : true

D/ActivityManager( 3535): getContentProviderImpl callerProcessName:com.android.calendar, calleePkgName: com.android.providers.calendar

E/Zygote  ( 5354): MountEmulatedStorage()

E/Zygote  ( 5354): v2

I/SELinux ( 5354): Function: selinux_compare_spd_ram, SPD-policy is existed. and_ver=SEPF_SM-G925T_5.1.1 ver=38

I/SELinux ( 5354): Function: selinux_compare_spd_ram , priority [1] , priority version is VE=SEPF_SM-G925T_5.1.1_0038

E/ActivityManager( 3535): checkUser: useridlist=null, currentuser=0

E/ActivityManager( 3535): checkUser: useridlist=null, currentuser=0

E/ActivityManager( 3535): checkUser: useridlist=null, currentuser=0

E/ActivityManager( 3535): checkUser: useridlist=null, currentuser=0

I/libpersona( 5354): KNOX_SDCARD checking this for 10049

I/libpersona( 5354): KNOX_SDCARD not a persona

E/Zygote  ( 5354): accessInfo : 0

E/SELinux ( 5354): [DEBUG] get_category: variable seinfo: release sensitivity: NULL, cateogry: NULL

D/TimaKeyStoreProvider( 5354): TimaSignature is unavailable

I/ActivityManager( 3535): Start proc 5354:com.android.providers.calendar/u0a49 for content provider com.android.providers.calendar/.CalendarProvider2

D/ActivityThread( 5354): Added TimaKeyStore provider

I/InjectionManager( 5354): Inside getClassLibPath + mLibMap{0=, 1=}

I/InjectionManagerService -AppFeature( 3535): getCoreFeaturePkgList :[]

W/ResourcesManager( 5354): Asset path '/system/framework/android.test.runner.jar' does not exist or contains no resources.

I/InjectionManager( 5354): Inside getClassLibPath caller 

D/PhoneWindow( 5284): *FMB* installDecor mIsFloating : false

D/PhoneWindow( 5284): *FMB* installDecor flags : -2139028224

I/CalendarProvider2( 5354): CalendarProvider2.onCreate() called

I/AllInOneActivity( 5284): isEasyMode=false

D/RCPManagerService( 3535): exchangeData() failure , invalid userId

D/Activity( 5284): performCreate Call Injection manager

D/RCPManagerService( 3535): exchangeData() failure , invalid userId

I/HINT_rq (31549): updateSimplepayVisible : hideTitle : false

I/HINT_rp (31549): ensureHomePackagesLoaded - mHomePackageNameMap : [com.sec.android.app.easylauncher, com.sec.android.app.launcher]

I/HINT_rp (31549): isHomePackageRunning topPkgName = com.android.calendar, return false

I/HINT_rp (31549): ensureHomePackagesLoaded - mHomePackageNameMap : [com.sec.android.app.easylauncher, com.sec.android.app.launcher]

I/HINT_rp (31549): isHomePackageRunning topPkgName = com.android.calendar, return false

I/HINT_rq (31549): hide Simple: home pkg is not running

I/HINT_SpayQuickPayService(31549): hideSimplePay() 

I/InjectionManager( 5284): dispatchOnViewCreated > Target : com.android.calendar.d.d isFragment :true

I/InjectionManager( 5284): dispatchOnViewCreated > Target : com.android.calendar.AllInOneActivity isFragment :false

I/VerificationLog( 5284): ON-RESUME

D/RCPManagerService( 3535): exchangeData() failure , invalid userId

I/SurfaceFlinger( 2986): id=4061 Removed TpayQuickPa (16/16)

D/RCPManagerService( 3535): exchangeData() failure , invalid userId

I/SurfaceFlinger( 2986): id=4061 Removed TpayQuickPa (-2/16)

D/WindowManager( 3535): beginLayoutLw mStatusBar.isVisibleLw() = false, statusBarTransient=false, displayId=0

E/WindowState( 3535): getStack: Window{27bd45b6 u0 d0 com.android.calendar/com.android.calendar.event.EditEventActivity} couldn't find taskId=6438 Callers=com.android.server.wm.WindowState.getDisplayContent:1246 com.android.server.wm.WindowState.isDefaultDisplay:1936 com.android.server.wm.WindowState.getMultiWindowStyleLw:2520 com.android.internal.policy.impl.multiwindow.MultiPhoneWindowManager.shouldEnableLayoutInsetsBySoftInput:1601 

E/WindowState( 3535): getStack: Window{27bd45b6 u0 d0 com.android.calendar/com.android.calendar.event.EditEventActivity} couldn't find taskId=6438 Callers=com.android.server.wm.WindowState.getDisplayContent:1246 com.android.server.wm.WindowState.isDefaultDisplay:1936 com.android.server.wm.WindowState.getMultiWindowStyleLw:2520 com.android.internal.policy.impl.multiwindow.MultiPhoneWindowManager.shouldEnableLayoutInsetsBySoftInput:1601 

E/WindowState( 3535): getStack: Window{27bd45b6 u0 d0 com.android.calendar/com.android.calendar.event.EditEventActivity} couldn't find taskId=6438 Callers=com.android.server.wm.WindowState.getDisplayContent:1246 com.android.server.wm.WindowState.isDefaultDisplay:1936 com.android.server.wm.WindowState.getMultiWindowStyleLw:2520 com.android.internal.policy.impl.multiwindow.MultiPhoneWindowManager.shouldEnableLayoutInsetsBySoftInput:1601 

E/WindowState( 3535): getStack: Window{27bd45b6 u0 d0 com.android.calendar/com.android.calendar.event.EditEventActivity} couldn't find taskId=6438 Callers=com.android.server.wm.WindowState.getDisplayContent:1246 com.android.server.wm.WindowState.isDefaultDisplay:1936 com.android.server.wm.WindowState.getMultiWindowStyleLw:2520 com.android.internal.policy.impl.multiwindow.MultiPhoneWindowManager.shouldEnableLayoutInsetsBySoftInput:1601 

E/WindowState( 3535): getStack: Window{27bd45b6 u0 d0 com.android.calendar/com.android.calendar.event.EditEventActivity} couldn't find taskId=6438 Callers=com.android.server.wm.WindowState.getDisplayContent:1246 com.android.server.wm.WindowState.isDefaultDisplay:1936 com.android.server.wm.WindowState.getMultiWindowStyleLw:2520 com.android.internal.policy.impl.multiwindow.MultiPhoneWindowManager.shouldEnableLayoutInsetsBySoftInput:1601 

E/WindowState( 3535): getStack: Window{27bd45b6 u0 d0 com.android.calendar/com.android.calendar.event.EditEventActivity} couldn't find taskId=6438 Callers=com.android.server.wm.WindowState.getDisplayContent:1246 com.android.server.wm.WindowState.isDefaultDisplay:1936 com.android.server.wm.WindowState.getMultiWindowStyleLw:2520 com.android.internal.policy.impl.multiwindow.MultiPhoneWindowManager.shouldEnableLayoutInsetsBySoftInput:1601 

I/CalendarDatabaseHelper( 5354): forceRestoreStickerAsset

D/OpenGLRenderer( 5284): Use EGL_SWAP_BEHAVIOR_PRESERVED: true

D/ActivityManager( 3535): post active user change for 0 fullscreen true record.isFloatingActivity() false

D/KnoxTimeoutHandler( 3535): postActiveUserChange for user 0

I/KnoxTimeoutHandler( 3535): postActiveUserChange, showWhenLocked: false

D/KnoxTimeoutHandler( 3535): handleActiveUserChange for user 0

D/PhoneWindow( 5284): *FMB* isFloatingMenuEnabled mFloatingMenuBtn : null

D/PhoneWindow( 5284): *FMB* isFloatingMenuEnabled return false

V/WindowManager( 3535): Adding window Window{2564f10b u0 d0 com.android.calendar/com.android.calendar.AllInOneActivity} at 11 of 80 (before Window{55b57cc u0 d0 Starting com.android.calendar})

D/PersonaManagerService( 3535): getPersonasForUser(): returning null!

I/SurfaceFlinger( 2986): id=4036 Removed MauncherAct (9/15)

I/SurfaceFlinger( 2986): id=4035 Removed TurfaceView (8/14)

I/SurfaceFlinger( 2986): id=4036 Removed MauncherAct (-2/14)

I/SurfaceFlinger( 2986): id=4035 Removed TurfaceView (-2/14)

D/InjectionManager( 5354): InjectionManager

D/InjectionManager( 5354): fillFeatureStoreMap com.android.providers.calendar

I/InjectionManager( 5354): Constructor com.android.providers.calendar, Feature store :{}

I/InjectionManager( 5354): featureStore :{}

D/MultiPhoneWindow( 5284): performUpdateVisibility, same visibility false

D/MultiPhoneWindow( 5284): MinimizeAnimator::removeWindow

D/WindowManager( 3535): beginLayoutLw mStatusBar.isVisibleLw() = false, statusBarTransient=false, displayId=0

E/WindowState( 3535): getStack: Window{27bd45b6 u0 d0 com.android.calendar/com.android.calendar.event.EditEventActivity} couldn't find taskId=6438 Callers=com.android.server.wm.WindowState.getDisplayContent:1246 com.android.server.wm.WindowState.isDefaultDisplay:1936 com.android.server.wm.WindowState.getMultiWindowStyleLw:2520 com.android.internal.policy.impl.multiwindow.MultiPhoneWindowManager.shouldEnableLayoutInsetsBySoftInput:1601 

E/WindowState( 3535): getStack: Window{27bd45b6 u0 d0 com.android.calendar/com.android.calendar.event.EditEventActivity} couldn't find taskId=6438 Callers=com.android.server.wm.WindowState.getDisplayContent:1246 com.android.server.wm.WindowState.isDefaultDisplay:1936 com.android.server.wm.WindowState.getMultiWindowStyleLw:2520 com.android.internal.policy.impl.multiwindow.MultiPhoneWindowManager.shouldEnableLayoutInsetsBySoftInput:1601 

E/WindowState( 3535): getStack: Window{27bd45b6 u0 d0 com.android.calendar/com.android.calendar.event.EditEventActivity} couldn't find taskId=6438 Callers=com.android.server.wm.WindowState.getDisplayContent:1246 com.android.server.wm.WindowState.isDefaultDisplay:1936 com.android.server.wm.WindowState.getMultiWindowStyleLw:2520 com.android.internal.policy.impl.multiwindow.MultiPhoneWindowManager.shouldEnableLayoutInsetsBySoftInput:1601 

E/WindowState( 3535): getStack: Window{27bd45b6 u0 d0 com.android.calendar/com.android.calendar.event.EditEventActivity} couldn't find taskId=6438 Callers=com.android.server.wm.WindowState.getDisplayContent:1246 com.android.server.wm.WindowState.isDefaultDisplay:1936 com.android.server.wm.WindowState.getMultiWindowStyleLw:2520 com.android.internal.policy.impl.multiwindow.MultiPhoneWindowManager.shouldEnableLayoutInsetsBySoftInput:1601 

E/WindowState( 3535): getStack: Window{27bd45b6 u0 d0 com.android.calendar/com.android.calendar.event.EditEventActivity} couldn't find taskId=6438 Callers=com.android.server.wm.WindowState.getDisplayContent:1246 com.android.server.wm.WindowState.isDefaultDisplay:1936 com.android.server.wm.WindowState.getMultiWindowStyleLw:2520 com.android.internal.policy.impl.multiwindow.MultiPhoneWindowManager.shouldEnableLayoutInsetsBySoftInput:1601 

E/WindowState( 3535): getStack: Window{27bd45b6 u0 d0 com.android.calendar/com.android.calendar.event.EditEventActivity} couldn't find taskId=6438 Callers=com.android.server.wm.WindowState.getDisplayContent:1246 com.android.server.wm.WindowState.isDefaultDisplay:1936 com.android.server.wm.WindowState.getMultiWindowStyleLw:2520 com.android.internal.policy.impl.multiwindow.MultiPhoneWindowManager.shouldEnableLayoutInsetsBySoftInput:1601 

D/ActivityManager( 3535): startService callerProcessName:com.android.providers.calendar, calleePkgName: com.android.providers.calendar

D/ActivityManager( 3535): retrieveServiceLocked(): component = com.android.providers.calendar/com.android.providers.calendar.EmptyService; callingUser = 0; userId(target) = 0

I/SurfaceFlinger( 2986): id=4063 createSurf (1440x2560),1 flag=404, BllInOneAct

D/MultiWindowConverter( 3535): dismissGuide() : Before attaching the guide view, mForceDismissGuide : false

D/WindowManager( 3535): beginLayoutLw mStatusBar.isVisibleLw() = false, statusBarTransient=false, displayId=0

E/WindowState( 3535): getStack: Window{27bd45b6 u0 d0 com.android.calendar/com.android.calendar.event.EditEventActivity} couldn't find taskId=6438 Callers=com.android.server.wm.WindowState.getDisplayContent:1246 com.android.server.wm.WindowState.isDefaultDisplay:1936 com.android.server.wm.WindowState.getMultiWindowStyleLw:2520 com.android.internal.policy.impl.multiwindow.MultiPhoneWindowManager.shouldEnableLayoutInsetsBySoftInput:1601 

E/WindowState( 3535): getStack: Window{27bd45b6 u0 d0 com.android.calendar/com.android.calendar.event.EditEventActivity} couldn't find taskId=6438 Callers=com.android.server.wm.WindowState.getDisplayContent:1246 com.android.server.wm.WindowState.isDefaultDisplay:1936 com.android.server.wm.WindowState.getMultiWindowStyleLw:2520 com.android.internal.policy.impl.multiwindow.MultiPhoneWindowManager.shouldEnableLayoutInsetsBySoftInput:1601 

E/WindowState( 3535): getStack: Window{27bd45b6 u0 d0 com.android.calendar/com.android.calendar.event.EditEventActivity} couldn't find taskId=6438 Callers=com.android.server.wm.WindowState.getDisplayContent:1246 com.android.server.wm.WindowState.isDefaultDisplay:1936 com.android.server.wm.WindowState.getMultiWindowStyleLw:2520 com.android.internal.policy.impl.multiwindow.MultiPhoneWindowManager.shouldEnableLayoutInsetsBySoftInput:1601 

E/WindowState( 3535): getStack: Window{27bd45b6 u0 d0 com.android.calendar/com.android.calendar.event.EditEventActivity} couldn't find taskId=6438 Callers=com.android.server.wm.WindowState.getDisplayContent:1246 com.android.server.wm.WindowState.isDefaultDisplay:1936 com.android.server.wm.WindowState.getMultiWindowStyleLw:2520 com.android.internal.policy.impl.multiwindow.MultiPhoneWindowManager.shouldEnableLayoutInsetsBySoftInput:1601 

D/InputDispatcher( 3535): Focus entered window: 5284

E/SQLiteLog( 5354): (284) automatic index on TasksAccounts(selected)

D/PointerIcon( 3535): setMouseIconStyle1 pointerType: 1001 iconType:101 flag:0 pid:3535 uid:1000

D/PointerIcon( 3535): setMouseCustomIcon IconType is same.101

D/SRIB_DCS( 5284): log_dcs ThreadedRenderer::initialize entered! 

E/WindowState( 3535): getStack: Window{27bd45b6 u0 d0 com.android.calendar/com.android.calendar.event.EditEventActivity} couldn't find taskId=6438 Callers=com.android.server.wm.WindowState.getDisplayContent:1246 com.android.server.wm.WindowState.isDefaultDisplay:1936 com.android.server.wm.WindowState.getMultiWindowStyleLw:2520 com.android.internal.policy.impl.multiwindow.MultiPhoneWindowManager.shouldEnableLayoutInsetsBySoftInput:1601 

E/WindowState( 3535): getStack: Window{27bd45b6 u0 d0 com.android.calendar/com.android.calendar.event.EditEventActivity} couldn't find taskId=6438 Callers=com.android.server.wm.WindowState.getDisplayContent:1246 com.android.server.wm.WindowState.isDefaultDisplay:1936 com.android.server.wm.WindowState.getMultiWindowStyleLw:2520 com.android.internal.policy.impl.multiwindow.MultiPhoneWindowManager.shouldEnableLayoutInsetsBySoftInput:1601 

E/SQLiteLog( 5354): (284) automatic index on TasksAccounts(selected)

D/libEGL  ( 5284): loaded /vendor/lib64/egl/libGLES_mali.so

E/SQLiteLog( 5354): (284) automatic index on TasksAccounts(selected)

I/OpenGLRenderer( 5284): Initialized EGL, version 1.4

I/OpenGLRenderer( 5284): HWUI protection enabled for context ,  &this =0x7f8fc1bc40 ,&mEglDisplay = 1 , &mEglConfig = -1881767248 

D/OpenGLRenderer( 5284): Get maximum texture size. GL_MAX_TEXTURE_SIZE is 8192

D/OpenGLRenderer( 5284): Enabling debug mode 0

D/mali_winsys( 5284): new_window_surface returns 0x3000,  [1440x2560]-format:1

I/InjectionManager( 5284): dispatchCreateOptionsMenu :com.android.calendar.AllInOneActivity

I/InjectionManager( 5284): dispatchPrepareOptionsMenu :com.android.calendar.AllInOneActivity

D/InputMethodManagerService( 3535): windowGainedFocus mCurrentFocusedUserId - 0 and mSecureKeypadEnabled-false

D/PanelView( 4020): There is/are notification(s) 

I/ActivityManager( 3535): Displayed Component not be shown by security: +585ms

I/Timeline( 3535): Timeline: Activity_windows_visible id: ActivityRecord{38d606e u0 com.android.calendar/.AllInOneActivity t6440} time:32630039

D/WindowManager( 3535): beginLayoutLw mStatusBar.isVisibleLw() = false, statusBarTransient=false, displayId=0

E/WindowState( 3535): getStack: Window{27bd45b6 u0 d0 com.android.calendar/com.android.calendar.event.EditEventActivity} couldn't find taskId=6438 Callers=com.android.server.wm.WindowState.getDisplayContent:1246 com.android.server.wm.WindowState.isDefaultDisplay:1936 com.android.server.wm.WindowState.getMultiWindowStyleLw:2520 com.android.internal.policy.impl.multiwindow.MultiPhoneWindowManager.shouldEnableLayoutInsetsBySoftInput:1601 

E/WindowState( 3535): getStack: Window{27bd45b6 u0 d0 com.android.calendar/com.android.calendar.event.EditEventActivity} couldn't find taskId=6438 Callers=com.android.server.wm.WindowState.getDisplayContent:1246 com.android.server.wm.WindowState.isDefaultDisplay:1936 com.android.server.wm.WindowState.getMultiWindowStyleLw:2520 com.android.internal.policy.impl.multiwindow.MultiPhoneWindowManager.shouldEnableLayoutInsetsBySoftInput:1601 

E/WindowState( 3535): getStack: Window{27bd45b6 u0 d0 com.android.calendar/com.android.calendar.event.EditEventActivity} couldn't find taskId=6438 Callers=com.android.server.wm.WindowState.getDisplayContent:1246 com.android.server.wm.WindowState.isDefaultDisplay:1936 com.android.server.wm.WindowState.getMultiWindowStyleLw:2520 com.android.internal.policy.impl.multiwindow.MultiPhoneWindowManager.shouldEnableLayoutInsetsBySoftInput:1601 

E/WindowState( 3535): getStack: Window{27bd45b6 u0 d0 com.android.calendar/com.android.calendar.event.EditEventActivity} couldn't find taskId=6438 Callers=com.android.server.wm.WindowState.getDisplayContent:1246 com.android.server.wm.WindowState.isDefaultDisplay:1936 com.android.server.wm.WindowState.getMultiWindowStyleLw:2520 com.android.internal.policy.impl.multiwindow.MultiPhoneWindowManager.shouldEnableLayoutInsetsBySoftInput:1601 

E/WindowState( 3535): getStack: Window{27bd45b6 u0 d0 com.android.calendar/com.android.calendar.event.EditEventActivity} couldn't find taskId=6438 Callers=com.android.server.wm.WindowState.getDisplayContent:1246 com.android.server.wm.WindowState.isDefaultDisplay:1936 com.android.server.wm.WindowState.getMultiWindowStyleLw:2520 com.android.internal.policy.impl.multiwindow.MultiPhoneWindowManager.shouldEnableLayoutInsetsBySoftInput:1601 

E/WindowState( 3535): getStack: Window{27bd45b6 u0 d0 com.android.calendar/com.android.calendar.event.EditEventActivity} couldn't find taskId=6438 Callers=com.android.server.wm.WindowState.getDisplayContent:1246 com.android.server.wm.WindowState.isDefaultDisplay:1936 com.android.server.wm.WindowState.getMultiWindowStyleLw:2520 com.android.internal.policy.impl.multiwindow.MultiPhoneWindowManager.shouldEnableLayoutInsetsBySoftInput:1601 

D/WindowManager( 3535): beginLayoutLw mStatusBar.isVisibleLw() = false, statusBarTransient=false, displayId=0

E/WindowState( 3535): getStack: Window{27bd45b6 u0 d0 com.android.calendar/com.android.calendar.event.EditEventActivity} couldn't find taskId=6438 Callers=com.android.server.wm.WindowState.getDisplayContent:1246 com.android.server.wm.WindowState.isDefaultDisplay:1936 com.android.server.wm.WindowState.getMultiWindowStyleLw:2520 com.android.internal.policy.impl.multiwindow.MultiPhoneWindowManager.shouldEnableLayoutInsetsBySoftInput:1601 

E/WindowState( 3535): getStack: Window{27bd45b6 u0 d0 com.android.calendar/com.android.calendar.event.EditEventActivity} couldn't find taskId=6438 Callers=com.android.server.wm.WindowState.getDisplayContent:1246 com.android.server.wm.WindowState.isDefaultDisplay:1936 com.android.server.wm.WindowState.getMultiWindowStyleLw:2520 com.android.internal.policy.impl.multiwindow.MultiPhoneWindowManager.shouldEnableLayoutInsetsBySoftInput:1601 

E/WindowState( 3535): getStack: Window{27bd45b6 u0 d0 com.android.calendar/com.android.calendar.event.EditEventActivity} couldn't find taskId=6438 Callers=com.android.server.wm.WindowState.getDisplayContent:1246 com.android.server.wm.WindowState.isDefaultDisplay:1936 com.android.server.wm.WindowState.getMultiWindowStyleLw:2520 com.android.internal.policy.impl.multiwindow.MultiPhoneWindowManager.shouldEnableLayoutInsetsBySoftInput:1601 

E/WindowState( 3535): getStack: Window{27bd45b6 u0 d0 com.android.calendar/com.android.calendar.event.EditEventActivity} couldn't find taskId=6438 Callers=com.android.server.wm.WindowState.getDisplayContent:1246 com.android.server.wm.WindowState.isDefaultDisplay:1936 com.android.server.wm.WindowState.getMultiWindowStyleLw:2520 com.android.internal.policy.impl.multiwindow.MultiPhoneWindowManager.shouldEnableLayoutInsetsBySoftInput:1601 

E/WindowState( 3535): getStack: Window{27bd45b6 u0 d0 com.android.calendar/com.android.calendar.event.EditEventActivity} couldn't find taskId=6438 Callers=com.android.server.wm.WindowState.getDisplayContent:1246 com.android.server.wm.WindowState.isDefaultDisplay:1936 com.android.server.wm.WindowState.getMultiWindowStyleLw:2520 com.android.internal.policy.impl.multiwindow.MultiPhoneWindowManager.shouldEnableLayoutInsetsBySoftInput:1601 

E/WindowState( 3535): getStack: Window{27bd45b6 u0 d0 com.android.calendar/com.android.calendar.event.EditEventActivity} couldn't find taskId=6438 Callers=com.android.server.wm.WindowState.getDisplayContent:1246 com.android.server.wm.WindowState.isDefaultDisplay:1936 com.android.server.wm.WindowState.getMultiWindowStyleLw:2520 com.android.internal.policy.impl.multiwindow.MultiPhoneWindowManager.shouldEnableLayoutInsetsBySoftInput:1601 

D/CustomFrequencyManagerService( 3535): releaseDVFSLockLocked : Getting Lock type frm List : DVFS_MIN_LIMIT  frequency : 1800000  uid : 1000  pid : 3535  tag : ACTIVITY_RESUME_BOOSTER@6

W/ActivityManager( 3535): mDVFSHelper.release()

D/CustomFrequencyManagerService( 3535): acquireDVFSLockLocked : type : DVFS_MIN_LIMIT  frequency : 1800000  uid : 1000  pid : 3535  pkgName : ACTIVITY_RESUME_BOOSTER@10

D/WindowManager( 3535): beginLayoutLw mStatusBar.isVisibleLw() = false, statusBarTransient=false, displayId=0

E/WindowState( 3535): getStack: Window{27bd45b6 u0 d0 com.android.calendar/com.android.calendar.event.EditEventActivity} couldn't find taskId=6438 Callers=com.android.server.wm.WindowState.getDisplayContent:1246 com.android.server.wm.WindowState.isDefaultDisplay:1936 com.android.server.wm.WindowState.getMultiWindowStyleLw:2520 com.android.internal.policy.impl.multiwindow.MultiPhoneWindowManager.shouldEnableLayoutInsetsBySoftInput:1601 

E/WindowState( 3535): getStack: Window{27bd45b6 u0 d0 com.android.calendar/com.android.calendar.event.EditEventActivity} couldn't find taskId=6438 Callers=com.android.server.wm.WindowState.getDisplayContent:1246 com.android.server.wm.WindowState.isDefaultDisplay:1936 com.android.server.wm.WindowState.getMultiWindowStyleLw:2520 com.android.internal.policy.impl.multiwindow.MultiPhoneWindowManager.shouldEnableLayoutInsetsBySoftInput:1601 

E/WindowState( 3535): getStack: Window{27bd45b6 u0 d0 com.android.calendar/com.android.calendar.event.EditEventActivity} couldn't find taskId=6438 Callers=com.android.server.wm.WindowState.getDisplayContent:1246 com.android.server.wm.WindowState.isDefaultDisplay:1936 com.android.server.wm.WindowState.getMultiWindowStyleLw:2520 com.android.internal.policy.impl.multiwindow.MultiPhoneWindowManager.shouldEnableLayoutInsetsBySoftInput:1601 

E/WindowState( 3535): getStack: Window{27bd45b6 u0 d0 com.android.calendar/com.android.calendar.event.EditEventActivity} couldn't find taskId=6438 Callers=com.android.server.wm.WindowState.getDisplayContent:1246 com.android.server.wm.WindowState.isDefaultDisplay:1936 com.android.server.wm.WindowState.getMultiWindowStyleLw:2520 com.android.internal.policy.impl.multiwindow.MultiPhoneWindowManager.shouldEnableLayoutInsetsBySoftInput:1601 

E/WindowState( 3535): getStack: Window{27bd45b6 u0 d0 com.android.calendar/com.android.calendar.event.EditEventActivity} couldn't find taskId=6438 Callers=com.android.server.wm.WindowState.getDisplayContent:1246 com.android.server.wm.WindowState.isDefaultDisplay:1936 com.android.server.wm.WindowState.getMultiWindowStyleLw:2520 com.android.internal.policy.impl.multiwindow.MultiPhoneWindowManager.shouldEnableLayoutInsetsBySoftInput:1601 

I/Timeline( 5284): Timeline: Activity_idle id: android.os.BinderProxy@2db596a0 time:32630120

D/HomeFragment( 4536): onStop()

D/SurfaceWidgetView( 4536): Visibility changed to:4

D/DragAndDrop( 4536): dragCancel(false)

I/DALI-LIFECYCLE( 4536): void NativeViews::NativeApp::OnStop()

D/NativeApp( 4536): detachRootView: -511485760 this com.sec.daliviews.views.NativeApp@1b2e360Peer-194893280

D/LauncherActivity( 4536): onStop() com.sec.android.app.launcher.activities.LauncherActivity@1e2ba8a4

I/DALI-LIFECYCLE( 4536): void NativeViews::NativeApp::DetachRootView(NativeViews::ContainerViewBase*)

D/SurfaceWidgetClient$ISurfaceWidgetStub( 5151): [237392/18] Surface widget visibility changed visibility = false on instance = 1

I/LauncherActivity( 4536): setEnableHotWord : false

D/LauncherActivity( 4536): onTrimMemory. Level: 20

V/ActivityThread( 4536): updateVisibility : ActivityRecord{345cfab9 token=android.os.BinderProxy@193343c9 {com.sec.android.app.launcher/com.sec.android.app.launcher.activities.LauncherActivity}} show : false

I/HINT_rp (31549): onForegroundActivitiesChanged pid:4536 uid : 10073 foregroundActivities:false

D/HINT_rq (31549): onFourgroundActivitiesChanged

D/HINT_SpayQuickPayService(31549): onSetForegroundActChangedFlag

V/MultiWindowTrayService(16431): onForegroundActivitiesChanged  /arrangeState : 0

I/SurfaceFlinger( 2986): id=4062 Removed dalendar (10/14)

I/SurfaceFlinger( 2986): id=4062 Removed dalendar (-2/14)

D/WindowManager( 3535): beginLayoutLw mStatusBar.isVisibleLw() = false, statusBarTransient=false, displayId=0

E/WindowState( 3535): getStack: Window{27bd45b6 u0 d0 com.android.calendar/com.android.calendar.event.EditEventActivity} couldn't find taskId=6438 Callers=com.android.server.wm.WindowState.getDisplayContent:1246 com.android.server.wm.WindowState.isDefaultDisplay:1936 com.android.server.wm.WindowState.getMultiWindowStyleLw:2520 com.android.internal.policy.impl.multiwindow.MultiPhoneWindowManager.shouldEnableLayoutInsetsBySoftInput:1601 

E/WindowState( 3535): getStack: Window{27bd45b6 u0 d0 com.android.calendar/com.android.calendar.event.EditEventActivity} couldn't find taskId=6438 Callers=com.android.server.wm.WindowState.getDisplayContent:1246 com.android.server.wm.WindowState.isDefaultDisplay:1936 com.android.server.wm.WindowState.getMultiWindowStyleLw:2520 com.android.internal.policy.impl.multiwindow.MultiPhoneWindowManager.shouldEnableLayoutInsetsBySoftInput:1601 

E/WindowState( 3535): getStack: Window{27bd45b6 u0 d0 com.android.calendar/com.android.calendar.event.EditEventActivity} couldn't find taskId=6438 Callers=com.android.server.wm.WindowState.getDisplayContent:1246 com.android.server.wm.WindowState.isDefaultDisplay:1936 com.android.server.wm.WindowState.getMultiWindowStyleLw:2520 com.android.internal.policy.impl.multiwindow.MultiPhoneWindowManager.shouldEnableLayoutInsetsBySoftInput:1601 

E/WindowState( 3535): getStack: Window{27bd45b6 u0 d0 com.android.calendar/com.android.calendar.event.EditEventActivity} couldn't find taskId=6438 Callers=com.android.server.wm.WindowState.getDisplayContent:1246 com.android.server.wm.WindowState.isDefaultDisplay:1936 com.android.server.wm.WindowState.getMultiWindowStyleLw:2520 com.android.internal.policy.impl.multiwindow.MultiPhoneWindowManager.shouldEnableLayoutInsetsBySoftInput:1601 

E/WindowState( 3535): getStack: Window{27bd45b6 u0 d0 com.android.calendar/com.android.calendar.event.EditEventActivity} couldn't find taskId=6438 Callers=com.android.server.wm.WindowState.getDisplayContent:1246 com.android.server.wm.WindowState.isDefaultDisplay:1936 com.android.server.wm.WindowState.getMultiWindowStyleLw:2520 com.android.internal.policy.impl.multiwindow.MultiPhoneWindowManager.shouldEnableLayoutInsetsBySoftInput:1601 

D/CustomFrequencyManagerService( 3535): releaseDVFSLockLocked : Getting Lock type frm List : DVFS_MIN_LIMIT  frequency : 1800000  uid : 1000  pid : 3535  tag : ACTIVITY_RESUME_BOOSTER@10

D/CustomFrequencyManagerService( 3535): releaseDVFSLockLocked : Getting Lock type frm List : DVFS_MIN_LIMIT  frequency : 2100000  uid : 1000  pid : 3535  tag : LAUNCHER_APP_BOOSTER_CPU@3

I/HINT_rq (31549): updateSimplepayVisible : hideTitle : false

I/HINT_rp (31549): ensureHomePackagesLoaded - mHomePackageNameMap : [com.sec.android.app.easylauncher, com.sec.android.app.launcher]

I/HINT_rp (31549): isHomePackageRunning topPkgName = com.android.calendar, return false

I/HINT_rp (31549): ensureHomePackagesLoaded - mHomePackageNameMap : [com.sec.android.app.easylauncher, com.sec.android.app.launcher]

I/HINT_rp (31549): isHomePackageRunning topPkgName = com.android.calendar, return false

I/HINT_rq (31549): hide Simple: home pkg is not running

I/HINT_SpayQuickPayService(31549): hideSimplePay() 

D/WindowManager( 3535): beginLayoutLw mStatusBar.isVisibleLw() = false, statusBarTransient=false, displayId=0

E/WindowState( 3535): getStack: Window{27bd45b6 u0 d0 com.android.calendar/com.android.calendar.event.EditEventActivity} couldn't find taskId=6438 Callers=com.android.server.wm.WindowState.getDisplayContent:1246 com.android.server.wm.WindowState.isDefaultDisplay:1936 com.android.server.wm.WindowState.getMultiWindowStyleLw:2520 com.android.internal.policy.impl.multiwindow.MultiPhoneWindowManager.shouldEnableLayoutInsetsBySoftInput:1601 

E/WindowState( 3535): getStack: Window{27bd45b6 u0 d0 com.android.calendar/com.android.calendar.event.EditEventActivity} couldn't find taskId=6438 Callers=com.android.server.wm.WindowState.getDisplayContent:1246 com.android.server.wm.WindowState.isDefaultDisplay:1936 com.android.server.wm.WindowState.getMultiWindowStyleLw:2520 com.android.internal.policy.impl.multiwindow.MultiPhoneWindowManager.shouldEnableLayoutInsetsBySoftInput:1601 

E/WindowState( 3535): getStack: Window{27bd45b6 u0 d0 com.android.calendar/com.android.calendar.event.EditEventActivity} couldn't find taskId=6438 Callers=com.android.server.wm.WindowState.getDisplayContent:1246 com.android.server.wm.WindowState.isDefaultDisplay:1936 com.android.server.wm.WindowState.getMultiWindowStyleLw:2520 com.android.internal.policy.impl.multiwindow.MultiPhoneWindowManager.shouldEnableLayoutInsetsBySoftInput:1601 

E/WindowState( 3535): getStack: Window{27bd45b6 u0 d0 com.android.calendar/com.android.calendar.event.EditEventActivity} couldn't find taskId=6438 Callers=com.android.server.wm.WindowState.getDisplayContent:1246 com.android.server.wm.WindowState.isDefaultDisplay:1936 com.android.server.wm.WindowState.getMultiWindowStyleLw:2520 com.android.internal.policy.impl.multiwindow.MultiPhoneWindowManager.shouldEnableLayoutInsetsBySoftInput:1601 

E/WindowState( 3535): getStack: Window{27bd45b6 u0 d0 com.android.calendar/com.android.calendar.event.EditEventActivity} couldn't find taskId=6438 Callers=com.android.server.wm.WindowState.getDisplayContent:1246 com.android.server.wm.WindowState.isDefaultDisplay:1936 com.android.server.wm.WindowState.getMultiWindowStyleLw:2520 com.android.internal.policy.impl.multiwindow.MultiPhoneWindowManager.shouldEnableLayoutInsetsBySoftInput:1601 

I/CalendarProvider2( 5354): Sending notification intent: Intent { act=android.intent.action.PROVIDER_CHANGED dat=content://com.android.calendar }

V/ApplicationPolicy( 3535): isApplicationStateBlocked userId 0 pkgname com.android.providers.calendar

V/BroadcastQueue( 3535): [background] Process cur broadcast BroadcastRecord{32332c8a u0 android.intent.action.PROVIDER_CHANGED} DELIVERED for app ProcessRecord{341832fb 5284:com.android.calendar/u0a172}

D/ActivityManager( 3535): retrieveServiceLocked(): component = com.android.providers.calendar/com.android.providers.calendar.EmptyService; callingUser = 0; userId(target) = 0

D/ActivityManager( 3535): startService callerProcessName:com.android.calendar, calleePkgName: com.android.calendar

D/ActivityManager( 3535): retrieveServiceLocked(): component = com.android.calendar/com.android.calendar.alerts.AlertService; callingUser = 0; userId(target) = 0

V/BroadcastQueue( 3535): [background] Process cur broadcast BroadcastRecord{32332c8a u0 android.intent.action.PROVIDER_CHANGED} DELIVERED for app ProcessRecord{341832fb 5284:com.android.calendar/u0a172}

D/ActivityManager( 3535): startService callerProcessName:com.android.calendar, calleePkgName: com.android.calendar

D/ActivityManager( 3535): retrieveServiceLocked(): component = com.android.calendar/com.android.calendar.alerts.TaskAlertService; callingUser = 0; userId(target) = 0

D/SSRM:n  ( 3535): SIOP:: AP = 270, PST = 257 (W:10), CP = 235, CUR = 253, LCD = 10

D/BatteryService( 3535): !@BatteryListener : batteryPropertiesChanged!

D/BatteryService( 3535): level:73, scale:100, status:2, health:2, present:true, voltage: 4076, temperature: 262, technology: Li-ion, AC powered:false, USB powered:true, POGO powered:false, Wireless powered:false, icon:17303390, invalid charger:0

D/BatteryService( 3535): online:4, current avg:204, charge type:1, power sharing:false, high voltage charger:false, capacity:280000, current_now:-19

D/BatteryService( 3535): Sending ACTION_BATTERY_CHANGED.

I/Tethering( 3535): BATTERY_CHANGED, level = 73lowBatteryThreshold = 15

D/KeyguardUpdateMonitor( 4020): received broadcast android.intent.action.BATTERY_CHANGED

I/PERF    ( 4020): received broadcast android.intent.action.BATTERY_CHANGED

D/KeyguardUpdateMonitor( 4020): handleBatteryUpdate

D/BatteryMonitor( 3990): new battery level: 73

D/QSTile.TorchLightTile( 4020): ACTION_BATTERY_CHANGED - Level :: 73, Status :: 2

I/MotionRecognitionService( 3535): Plugged

I/MotionRecognitionService( 3535): isTAConnected | current backoffstate  = 32768

D/MotionRecognitionService( 3535):  TA connected ,  32768

I/MotionRecognitionService( 3535): skip setTransmitPower. 

D/MotionRecognitionService( 3535):   cableConnection= 1

D/MotionRecognitionService( 3535): setPowerConnected | current backoffstate  = 32768 , state =32768

D/MotionRecognitionService( 3535): skip setTransmitPower. 

D/PowerUI.Notification( 4020): showChargingNotice chargingType : 1 oldChargingTime : 6009000 mChargingTime : 6009000

D/PowerUI.Notification( 4020): showChargingNotice chargingType : 1 oldChargingTime : 6009000 mChargingTime : 6009000

V/EmergencyMode( 4481): [EmergencyStateReceiver] onReceive : android.intent.action.BATTERY_CHANGED

V/EmergencyMode( 4481): [EmergencyStateReceiver] ACTION_BATTERY_CHANGED mBatteryLevelForLogging = 73

D/RcsSettingsUtils( 3990): new battery level: 73

D/CommonServiceConfiguration( 3990): getStringValueSetting

D/RcsSettingsUtils( 3990): read setting battery level: null

D/BatteryMeterView( 4020): ACTION_BATTERY_CHANGED : level:73 status:2 health:2

D/BatteryMeterView( 4020): ACTION_BATTERY_CHANGED : level:73 status:2 health:2

D/BatteryMeterView( 4020): ACTION_BATTERY_CHANGED : level:73 status:2 health:2

D/InputReader( 3535): Input event(5): value=1 when=32631350275000

D/InputReader( 3535): Input event(5): value=1 when=32631350275000

I/InputReader( 3535): Touch event's action is 0x0 (deviceType=0) [pCnt=1, s=0.5637 ] when=32631350275000

D/InputReader( 3535): lastThreadEndTime = 32629375122552, currentThreadStartTime = 32629375125510, diff = 0

I/InputDispatcher( 3535): Delivering touch to (4269): action: 0x4, toolType: 1

I/InputDispatcher( 3535): Delivering touch to (5284): action: 0x0, toolType: 1

D/ViewRootImpl( 5284): ViewPostImeInputStage ACTION_DOWN

D/WindowManager( 3535): beginLayoutLw mStatusBar.isVisibleLw() = false, statusBarTransient=false, displayId=0

E/WindowState( 3535): getStack: Window{27bd45b6 u0 d0 com.android.calendar/com.android.calendar.event.EditEventActivity} couldn't find taskId=6438 Callers=com.android.server.wm.WindowState.getDisplayContent:1246 com.android.server.wm.WindowState.isDefaultDisplay:1936 com.android.server.wm.WindowState.getMultiWindowStyleLw:2520 com.android.internal.policy.impl.multiwindow.MultiPhoneWindowManager.shouldEnableLayoutInsetsBySoftInput:1601 

E/WindowState( 3535): getStack: Window{27bd45b6 u0 d0 com.android.calendar/com.android.calendar.event.EditEventActivity} couldn't find taskId=6438 Callers=com.android.server.wm.WindowState.getDisplayContent:1246 com.android.server.wm.WindowState.isDefaultDisplay:1936 com.android.server.wm.WindowState.getMultiWindowStyleLw:2520 com.android.internal.policy.impl.multiwindow.MultiPhoneWindowManager.shouldEnableLayoutInsetsBySoftInput:1601 

E/WindowState( 3535): getStack: Window{27bd45b6 u0 d0 com.android.calendar/com.android.calendar.event.EditEventActivity} couldn't find taskId=6438 Callers=com.android.server.wm.WindowState.getDisplayContent:1246 com.android.server.wm.WindowState.isDefaultDisplay:1936 com.android.server.wm.WindowState.getMultiWindowStyleLw:2520 com.android.internal.policy.impl.multiwindow.MultiPhoneWindowManager.shouldEnableLayoutInsetsBySoftInput:1601 

E/WindowState( 3535): getStack: Window{27bd45b6 u0 d0 com.android.calendar/com.android.calendar.event.EditEventActivity} couldn't find taskId=6438 Callers=com.android.server.wm.WindowState.getDisplayContent:1246 com.android.server.wm.WindowState.isDefaultDisplay:1936 com.android.server.wm.WindowState.getMultiWindowStyleLw:2520 com.android.internal.policy.impl.multiwindow.MultiPhoneWindowManager.shouldEnableLayoutInsetsBySoftInput:1601 

E/WindowState( 3535): getStack: Window{27bd45b6 u0 d0 com.android.calendar/com.android.calendar.event.EditEventActivity} couldn't find taskId=6438 Callers=com.android.server.wm.WindowState.getDisplayContent:1246 com.android.server.wm.WindowState.isDefaultDisplay:1936 com.android.server.wm.WindowState.getMultiWindowStyleLw:2520 com.android.internal.policy.impl.multiwindow.MultiPhoneWindowManager.shouldEnableLayoutInsetsBySoftInput:1601 

D/InputReader( 3535): Input event(5): value=0 when=32631403246000

D/InputReader( 3535): Input event(5): value=0 when=32631403246000

I/InputReader( 3535): Touch event's action is 0x1 (deviceType=0) [pCnt=1, s=] when=32631403246000

I/InputDispatcher( 3535): Delivering touch to (5284): action: 0x1, toolType: 1

V/AudioService( 3535): AudioService playSoundEffect Type : 0, volume : -1.0

V/AudioService( 3535): received MSG_PLAY_SOUND_EFFECT onPlaySoundEffect start

W/AudioPolicyIntefaceImpl( 3006): Skipped to add effects on session 2610

I/AudioPolicyManager( 3006): startOutput() output 4, stream 1, session 2610

I/AudioPolicyManager( 3006): changeRefCount() stream 1, count 1

I/AudioPolicyManager( 3006): setOutputDevice() setting same device 0002 or null device for output 4

I/Timeline( 5284): Timeline: Activity_launch_request id:com.android.calendar time:32631412

I/PersonaManagerService( 3535): PersonaId don't exist

I/ActivityManager( 3535): do not start freezing screen for locked container getKeyguardshowstate = false

D/CustomFrequencyManagerService( 3535): acquireDVFSLockLocked : type : DVFS_MIN_LIMIT  frequency : 1800000  uid : 1000  pid : 3535  pkgName : ACTIVITY_RESUME_BOOSTER@6

W/ActivityManager( 3535): mDVFSHelper.acquire()

V/WindowManager( 3535): addAppToken: AppWindowToken{3ea054c4 token=Token{192d03d7 ActivityRecord{261f8756 u0 com.android.calendar/.event.EditEventActivity t6440}}} to stack=1 task=6440 at 1

I/ActivityManager( 3535): Skip updateThumbnail for r=ActivityRecord{38d606e u0 com.android.calendar/.AllInOneActivity t6440}

V/ApplicationPolicy( 3535): isApplicationStateBlocked userId 0 pkgname com.android.calendar

V/ApplicationPolicy( 3535): isApplicationStateBlocked userId 0 pkgname com.android.calendar

D/InputDispatcher( 3535): Focused application set to: xxxx

D/InputDispatcher( 3535): Focus left window: 5284

D/PointerIcon( 3535): setMouseIconStyle1 pointerType: 1001 iconType:101 flag:0 pid:3535 uid:1000

D/PointerIcon( 3535): setMouseCustomIcon IconType is same.101

E/WindowState( 3535): getStack: Window{27bd45b6 u0 d0 com.android.calendar/com.android.calendar.event.EditEventActivity} couldn't find taskId=6438 Callers=com.android.server.wm.WindowState.getDisplayContent:1246 com.android.server.wm.WindowState.isDefaultDisplay:1936 com.android.server.wm.WindowState.getMultiWindowStyleLw:2520 com.android.server.wm.WindowManagerService.setFocusedApp:6860 

D/MultiWindowConverter( 3535): dismissGuide() : Before attaching the guide view, mForceDismissGuide : false

D/PowerManagerService( 3535): setKeyboardVisibility: false

D/WindowManager( 3535): beginLayoutLw mStatusBar.isVisibleLw() = false, statusBarTransient=false, displayId=0

W/ContextImpl( 3535): Calling a method in the system process without a qualified user: android.app.ContextImpl.sendBroadcast:1752 com.android.internal.policy.impl.PhoneWindowManager.notifyToSSRM:7089 com.android.internal.policy.impl.PhoneWindowManager.access$1300:240 com.android.internal.policy.impl.PhoneWindowManager$PolicyHandler.handleMessage:1025 android.os.Handler.dispatchMessage:102 

E/WindowState( 3535): getStack: Window{27bd45b6 u0 d0 com.android.calendar/com.android.calendar.event.EditEventActivity} couldn't find taskId=6438 Callers=com.android.server.wm.WindowState.getDisplayContent:1246 com.android.server.wm.WindowState.isDefaultDisplay:1936 com.android.server.wm.WindowState.getMultiWindowStyleLw:2520 com.android.internal.policy.impl.multiwindow.MultiPhoneWindowManager.shouldEnableLayoutInsetsBySoftInput:1601 

E/WindowState( 3535): getStack: Window{27bd45b6 u0 d0 com.android.calendar/com.android.calendar.event.EditEventActivity} couldn't find taskId=6438 Callers=com.android.server.wm.WindowState.getDisplayContent:1246 com.android.server.wm.WindowState.isDefaultDisplay:1936 com.android.server.wm.WindowState.getMultiWindowStyleLw:2520 com.android.internal.policy.impl.multiwindow.MultiPhoneWindowManager.shouldEnableLayoutInsetsBySoftInput:1601 

E/WindowState( 3535): getStack: Window{27bd45b6 u0 d0 com.android.calendar/com.android.calendar.event.EditEventActivity} couldn't find taskId=6438 Callers=com.android.server.wm.WindowState.getDisplayContent:1246 com.android.server.wm.WindowState.isDefaultDisplay:1936 com.android.server.wm.WindowState.getMultiWindowStyleLw:2520 com.android.internal.policy.impl.multiwindow.MultiPhoneWindowManager.shouldEnableLayoutInsetsBySoftInput:1601 

E/WindowState( 3535): getStack: Window{27bd45b6 u0 d0 com.android.calendar/com.android.calendar.event.EditEventActivity} couldn't find taskId=6438 Callers=com.android.server.wm.WindowState.getDisplayContent:1246 com.android.server.wm.WindowState.isDefaultDisplay:1936 com.android.server.wm.WindowState.getMultiWindowStyleLw:2520 com.android.internal.policy.impl.multiwindow.MultiPhoneWindowManager.shouldEnableLayoutInsetsBySoftInput:1601 

D/SSRM:a  ( 3535): DeviceInfo:: 000000000000

D/SSRM:a  ( 3535): SettingsAirViewInfo:: 000000000

V/MediaPlayer( 5284): decode(59, 6059492, 5795)

V/MediaPlayerService( 3006): decode(42, 6059492, 5795)

V/MediaPlayerService( 3006): player type = 4

V/NuPlayerDriver( 3006): NuPlayerDriver(0xefcabba0)

V/NuPlayerDriver( 3006): setDataSource(0xefcabba0) file(42)

V/NuPlayer( 3006): kWhatSetAudioSink

V/GenericSource( 3006): setDefault

V/NuPlayer( 3006): kWhatSetDataSource

V/MediaPlayerService( 3006): prepare

V/NuPlayerDriver( 3006): prepareAsync(0xefcabba0)

V/MediaPlayerService( 3006): wait for prepare

V/GenericSource( 3006): prepareAsync

V/GenericSource( 3006): [Flag] set 0x8 -> mFlags = 0x8

V/GenericSource( 3006): onPrepareAsync

D/OggExtractor( 3006):  correct time not found. Let's use approximate value

I/OggExtractor( 3006): OggSource::OggSource() mExtractor ref count = 4

I/AnotherPacketSource( 3006): setFormat() audio

V/GenericSource( 3006): setDefault

I/GenericSource( 3006): NuPlayer Ormode enabled

V/GenericSource( 3006): send mUnsupportedAudio = 0 mUnsupportedVideo = 0 mHaveAudio = 1 mHaveVideo = 0

V/GenericSource( 3006): onPrepareAsyncEvent() done

V/NuPlayer( 3006): prepare posted successfully.

V/NuPlayer( 3006): mUnsupportedAudio = 0, mUnsupportedVideo = 0, mHaveAudioTrack = 1, mHaveVideoTrack = 0

V/NuPlayer( 3006): msg : 200, ext1 : 973, ext2 : 0

V/AudioCache( 3006): notify(0xec86a240, 200, 973, 0)

V/AudioCache( 3006): ignored

V/NuPlayer( 3006): extractMetadata Tracks : 1

V/NuPlayer( 3006): enableInbandTextFromExtr

V/AudioCache( 3006): notify(0xec86a240, 1, 0, 0)

V/AudioCache( 3006): prepared

V/AudioCache( 3006): wait - success

V/MediaPlayerService( 3006): start

D/NuPlayerDriver( 3006): start(0xefcabba0)

V/MediaPlayerService( 3006): wait for playback complete

V/NuPlayer( 3006): kWhatStart

I/GenericSource( 3006): start

V/NuPlayer( 3006): checkOffloadExceptions is true, call canOffloadStream

I/NuSecMediaClock( 3006): NuSecMediaClock constructor

I/NuSecMediaClock( 3006): reset

I/NuSecMediaClock( 3006): init success

I/NuSecMediaClock( 3006): setClockMargin mMinClockModificationCondition (70000), mMaxClockCorrection (30000)

I/NuPlayerRenderer( 3006): setParamForMediaClock() out

I/NuPlayerRenderer( 3006): setDuration (362187)

V/NuPlayer( 3006): scanning sources haveAudio=0, haveVideo=0

V/NuPlayer( 3006): checkOffloadExceptions is true, call canOffloadStream

V/NuPlayer( 3006): make Decoder (audio)

V/NuPlayer( 3006): executePendingSecSeek - There ara not any pending seek!

I/ACodec  ( 3006):  [] Now uninitialized

I/ACodec  ( 3006): >>> getPortFormat 16, OMX.google.vorbis.decoder

I/ACodec  ( 3006): [OMX.google.vorbis.decoder] Now Executing

I/ACodec  ( 3006): [OMX.google.vorbis.decoder] Now Executing

I/ACodec  ( 3006): >>> getPortFormat 16, OMX.google.vorbis.decoder

I/NuPlayerDecoder( 3006): End of Stream

I/NuPlayerDecoder( 3006): Set EOS for DRM

I/NuPlayerDecoder( 3006): openAudioSink_l

I/NuPlayerRenderer( 3006): openAudioSink: offloadOnly(0) offloadingAudio(0)

I/NuPlayerRenderer( 3006): openAudioSink: open AudioSink in NON-offload mode audioFormat : 1, flags : 0

I/NuPlayerRenderer( 3006): use bufferCount 4

V/AudioCache( 3006): open(44100, 2, 0x0, 1, 0)

I/NuSecMediaClock( 3006): reset

I/NuPlayerRenderer( 3006): setAudioFirstAnchorTimeIfNeeded mAudioFirstAnchorTimeMediaUs : -1, new mediaTimeUs : 13061

V/NuPlayer( 3006): media rendering started

V/NuPlayer( 3006): msg : 6, ext1 : 0, ext2 : 0

V/AudioCache( 3006): notify(0xec86a240, 6, 0, 0)

V/AudioCache( 3006): ignored

I/NuPlayerDecoder( 3006): End of Stream

I/NuPlayerDecoder( 3006): Set EOS for DRM

I/NuPlayerDecoder( 3006): End of Stream

I/NuPlayerDecoder( 3006): Set EOS for DRM

I/NuPlayerRenderer( 3006): onQueueEOS audio finalResult : -1011

I/NuPlayerRenderer( 3006): [audio] notifyEOS() End of Stream, delayUs : 1

V/NuPlayer( 3006): reached audio EOS

V/NuPlayer( 3006): msg : 2, ext1 : 0, ext2 : 0

V/AudioCache( 3006): notify(0xec86a240, 2, 0, 0)

V/AudioCache( 3006): playback complete

V/AudioCache( 3006): wait - success

D/NuPlayerDriver( 3006): reset(0xefcabba0)

V/AudioCache( 3006): notify(0xec86a240, 8, 0, 0)

V/AudioCache( 3006): ignored

V/GenericSource( 3006): pause

V/GenericSource( 3006): [Flag] clear 0x1 -> mFlags = 0x8

I/GenericSource( 3006): mDRMEOS is true, check with -1

V/NuPlayer( 3006): kWhatReset

I/NuPlayerRenderer( 3006): onPause

V/NuPlayer( 3006): performDecoderFlush audio=2, video=2

V/NuPlayer( 3006): [audio] flushDecoder needShutdown=1

V/NuPlayer( 3006): postponing action mFlushingAudio=2, mFlushingVideo=0

I/NuPlayerRenderer( 3006): flush audio, notifyComplete 1, shutdown Yes

V/NuPlayer( 3006): Testing logs : mResetInProgress=1, mVideoEOS =0, mAudioEOS =0

V/NuPlayer( 3006): (mAudioDecoder != NULL) = true, (mVideoDecoder != NULL) = false

D/NuPlayerRenderer( 3006): signalTimeDiscontinuity() mHasAudio = 1 , mHasVideo = 0

I/NuPlayerRenderer( 3006): flushing audio

I/NuPlayerRenderer( 3006): onFlush mAudioQueueGeneration : 2

I/ACodec  ( 3006): [OMX.google.vorbis.decoder] signalFlush

V/NuPlayer( 3006): renderer audio flush completed.

I/ACodec  ( 3006): [OMX.google.vorbis.decoder] ExecutingState flushing now (codec owns 0/4 input, 2/4 output).

I/ACodec  ( 3006): [OMX.google.vorbis.decoder] Now Flushing

I/ACodec  ( 3006): [OMX.google.vorbis.decoder] FlushingState onOMXEvent(0,1,0)

I/ACodec  ( 3006): [OMX.google.vorbis.decoder] FlushingState onOMXEvent(0,1,1)

I/ACodec  ( 3006): [OMX.google.vorbis.decoder] Now Executing

V/NuPlayer( 3006): Got valid new generation 2 

V/NuPlayer( 3006): decoder audio flush completed

V/NuPlayer( 3006): initiating audio decoder shutdown

D/PhoneWindow( 5284): *FMB* installDecor mIsFloating : false

D/PhoneWindow( 5284): *FMB* installDecor flags : -2139028224

