I/GFX raster( 5151): took 0.430041ms for 64*64 texture 0

W/GFX DEBUGLOG GPUCompressionToBitmapDecoder( 5151): Bitmap=0x7f8b0adc80 bitmapCt=12 bitmapW=64 bitmapH=64 BitmapInternalFormat=93b0, Counterpart=0x7f8b118f80 counterpartCT=4 counterpartW=64 counterparth=64

E/        ( 5151): GFX convertToRaster() in Canvas.cpp HWACC for bitmap size 64x64

I/GFX raster( 5151): took 1.352708ms for 172*172 texture 0

W/GFX DEBUGLOG GPUCompressionToBitmapDecoder( 5151): Bitmap=0x7f8b118e00 bitmapCt=12 bitmapW=172 bitmapH=172 BitmapInternalFormat=93b0, Counterpart=0x7f8b118f80 counterpartCT=4 counterpartW=172 counterparth=172

E/        ( 5151): GFX convertToRaster() in Canvas.cpp HWACC for bitmap size 172x172

I/GFX raster( 5151): took 0.429542ms for 64*64 texture 0

W/GFX DEBUGLOG GPUCompressionToBitmapDecoder( 5151): Bitmap=0x7f8b0adc80 bitmapCt=12 bitmapW=64 bitmapH=64 BitmapInternalFormat=93b0, Counterpart=0x7f8b118f80 counterpartCT=4 counterpartW=64 counterparth=64

E/        ( 5151): GFX convertToRaster() in Canvas.cpp HWACC for bitmap size 64x64

I/Tethering( 3535): BATTERY_CHANGED, level = 73lowBatteryThreshold = 15

D/KeyguardUpdateMonitor( 4020): received broadcast android.intent.action.BATTERY_CHANGED

I/PERF    ( 4020): received broadcast android.intent.action.BATTERY_CHANGED

D/KeyguardUpdateMonitor( 4020): handleBatteryUpdate

D/BatteryMonitor( 3990): new battery level: 73

D/SecKeyguardStatusUtils( 4020): regionalDateFormat = 11/22/3333 isRTLlanguage = false returnDateFormat = E, MMMM d

D/RcsSettingsUtils( 3990): new battery level: 73

D/CommonServiceConfiguration( 3990): getStringValueSetting

E/MtpServerJNI(13341): server is null in send_object_removed

D/ApplicationPolicy( 3535): isStatusBarNotificationAllowedAsUser: packageName = com.android.systemui,userId = -1

V/ApplicationPolicy( 3535): isApplicationStateBlocked userId -1 pkgname com.android.systemui

D/RcsSettingsUtils( 3990): read setting battery level: null

D/ApplicationPolicy( 3535): isStatusBarNotificationAllowedAsUser: packageName = com.android.systemui,userId = -1

V/ApplicationPolicy( 3535): isApplicationStateBlocked userId -1 pkgname com.android.systemui

D/QSTile.TorchLightTile( 4020): ACTION_BATTERY_CHANGED - Level :: 73, Status :: 2

D/StatusBar( 4020): ----- contentsUnchanged : true, bigContentsUnchanged - true, headsUpContentsUnchanged - true , publicUnchanged true

D/PanelView( 4020): There is/are notification(s) 

D/PanelView( 4020): kidsfalse mQsExpansionEnabled:true

D/PanelView( 4020): There is/are notification(s) 

D/PanelView( 4020): kidsfalse mQsExpansionEnabled:true

D/StatusBar( 4020): ----- contentsUnchanged : true, bigContentsUnchanged - true, headsUpContentsUnchanged - true , publicUnchanged true

D/PanelView( 4020): There is/are notification(s) 

D/PanelView( 4020): kidsfalse mQsExpansionEnabled:true

D/PanelView( 4020): There is/are notification(s) 

D/PanelView( 4020): kidsfalse mQsExpansionEnabled:true

D/PanelView( 4020): mClearAll.setVisibility - mIsFullyOpened : false isShade : true mHasNotification : true mIsUpwardFling : false mQsFullyExpanded : false isShadeLocked : false mClearAllVisible : true

D/PanelView( 4020): mClearAll.setVisibility - mIsFullyOpened : false isShade : true mHasNotification : true mIsUpwardFling : false mQsFullyExpanded : false isShadeLocked : false mClearAllVisible : true

D/com.facebook.a.a( 9290): Got unexpected exception: java.io.WriteAbortedException: Read an exception; java.io.NotSerializableException: org.json.JSONObject

D/lights  ( 3535): lcd : 1 +

D/lights  ( 3535): lcd : 1 -

I/Tethering( 3535): BATTERY_CHANGED, level = 73lowBatteryThreshold = 15

D/KeyguardUpdateMonitor( 4020): received broadcast android.intent.action.BATTERY_CHANGED

I/PERF    ( 4020): received broadcast android.intent.action.BATTERY_CHANGED

D/KeyguardUpdateMonitor( 4020): handleBatteryUpdate

D/BatteryMonitor( 3990): new battery level: 73

D/QSTile.TorchLightTile( 4020): ACTION_BATTERY_CHANGED - Level :: 73, Status :: 2

D/RcsSettingsUtils( 3990): new battery level: 73

D/CommonServiceConfiguration( 3990): getStringValueSetting

D/RcsSettingsUtils( 3990): read setting battery level: null

I/PERF    ( 4020): KeyguardViewMediator - onScreenTurnedOff() start

D/KeyguardViewMediator( 4020): onScreenTurnedOff(3)

I/KeyguardEffectViewController( 4020): *** KeyguardEffectView getInstanceIfExists ***

D/KeyguardEffectViewController( 4020): changeWallpaperByScreenOff()

I/PERF    ( 4020): KeyguardViewMediator - onScreenTurnedOff() start runnable

D/KeyguardViewMediator( 4020): notifyScreenOffLocked

I/PERF    ( 4020): KeyguardViewMediator - handleNotifyScreenOff() start

I/SurfaceFlinger( 2986): id=4056 createSurf (1440x2560),2 flag=404, DolorFade

D/KeyguardViewMediator( 4020): timeout : 5000

D/mali_winsys( 3535): new_window_surface returns 0x3000,  [1440x2560]-format:1

D/KeyguardViewMediator( 4020): setting alarm to turn off keyguard, seq = 255

D/KeyguardViewMediator( 4020): handleNotifyScreenOff

I/PERF    ( 4020): KeyguardViewMediator - onScreenTurnedOff() end

D/KeyguardEffectViewUtil( 4020): wallpaperType :1

D/SecKeyguardStatusUtils( 4020): isUltraPowerSavingMode() :false

I/PERF    ( 4020): KeyguardViewMediator - handleNotifyScreenOff() end

I/PERF    ( 4020): KeyguardViewMediator - handleNotifyScreenOff() start runnable

I/PERF    ( 4020): KeyguardUpdateMonitor - cb.onScreenTurnedOff() start

D/SecVolumePanel( 4020): onScreenTurnedOff()

D/SecVolumePanel( 4020): mCoverBroadcastReceiver : call onDismissSafeVolumeWarning() #1

D/SecVolumePanel( 4020): mCoverBroadcastReceiver: Screen OFF end

I/Sensors ( 3535): Light old sensor_state 33554432, new sensor_state : 33554944 en : 1

D/SensorManager( 3535): registerListener :: 6, TMD4093 RGB Sensor, 200000, 0,  

D/SecKeyguardClockSingleView( 4020): onScreenTurnedOff

D/KeyguardSPassUnlockView( 4020): onScreenTurnedOff()

I/PERF    ( 4020): KeyguardUpdateMonitor - cb.onScreenTurnedOff() end

I/PERF    ( 4020): KeyguardViewMediator - onScreenTurnedOff() end runnable

I/PERF    ( 4020): KeyguardViewMediator - handleNotifyScreenOff() end runnable

I/PERF    ( 4020): KeyguardUpdateMonitor - cb.onScreenTurnedOff() start runnable

I/PERF    ( 4020): KeyguardUpdateMonitor - cb.onScreenTurnedOff() end runnable

D/        ( 3535): [G3D][cpomp_get_shader_from_blob_cache][compile_status: 1][shader_size: 0][ir_size: 7984]

I/Sensors ( 3535): #>LightSensor r=1 g=1 b=1 c=3 atime=245 again=64 lux=1

D/SensorService( 3535): cleanupWithoutDisableLocked - size : 1, ref : 2

I/Sensors ( 3535): Light old sensor_state 33554944, new sensor_state : 33554432 en : 0

I/CAE     ( 3535): handleMessage(CaPowerManager.java:182) - AP_SLEEP

I/CAE     ( 3535): updateApPowerStatus(SensorHubParserProvider.java:443) - AP_SLEEP

D/SensorManager( 3535): unregisterListener ::   

D/lights  ( 3535): led_pattern : 1 +

I/CAE     ( 3535): sendCmdToSensorHub(SensorHubCommManager.java:144) - -76, 13, -46, 0,

D/SensorHubManager( 3535): SendSensorHubData: send data = -76, 13, -46, 0

D/Sensorhubs( 3014): sendContextData: -76, 13, -46, 0

D/lights  ( 3535): led_pattern : 1 -

I/CAE     ( 3535): sendCmdToSensorHub(SensorHubCommManager.java:144) - -63, 14, 21, 36, 15,

D/SensorHubManager( 3535): SendSensorHubData: send data = -63, 14, 21, 36, 15

D/Sensorhubs( 3014): sendContextData: -63, 14, 21, 36, 15

E/Sensors ( 3535): ~SensorEventQueue 0

D/SensorService( 3535): cleanupConnection - size : 1, ref : 0

E/        ( 3535): BitTube(): close sendFd (637)

E/        ( 3535): BitTube(): close receivedFd (627)

D/        ( 3535): [G3D][cpomp_get_shader_from_blob_cache][compile_status: 1][shader_size: 0][ir_size: 8272]

W/IInputConnectionWrapper( 4536): getExtractedText on inactive InputConnection

W/IInputConnectionWrapper( 4536): getTextBeforeCursor on inactive InputConnection

W/IInputConnectionWrapper( 4536): getSelectedText on inactive InputConnection

I/WifiTrafficPoller( 3535): evaluateTrafficStatsPolling

W/IInputConnectionWrapper( 4536): getTextAfterCursor on inactive InputConnection

E/WifiNative-wlan0( 3535): do suspend true

I/Sensors ( 3535): Light old sensor_state 33554432, new sensor_state : 33554944 en : 1

D/SensorManager( 3535): registerListener :: 6, TMD4093 RGB Sensor, 200000, 0,  

D/PanelView( 4020): There is/are notification(s) 

D/PanelView( 4020): mClearAll.setVisibility - mIsFullyOpened : false isShade : true mHasNotification : true mIsUpwardFling : false mQsFullyExpanded : false isShadeLocked : false mClearAllVisible : true

D/audio_hw_primary( 3006): adev_set_parameters: enter: kvpairs: screen_state=off

E/InputEventModelImpl( 9290): onStartInput event aborted: com.touchtype.keyboard.c.ae: could not obtain extracted text (class com.touchtype.keyboard.c.ae)

I/BackgroundCompactionService( 3535): Schedule Type1 BGCompaction

I/Sensors ( 3535): #>LightSensor r=1 g=1 b=1 c=2 atime=245 again=64 lux=1

D/SensorService( 3535): cleanupWithoutDisableLocked - size : 1, ref : 2

I/Sensors ( 3535): Light old sensor_state 33554944, new sensor_state : 33554432 en : 0

D/SensorManager( 3535): unregisterListener ::   

D/lights  ( 3535): led_blink : 0xffffc000 1000 1000

D/lights  ( 3535):  +

D/lights  ( 3535): led_blink : 0xffffc000 1000 1000

D/lights  ( 3535):  -

E/Sensors ( 3535): ~SensorEventQueue 0

D/SensorService( 3535): cleanupConnection - size : 1, ref : 0

E/        ( 3535): BitTube(): close sendFd (637)

E/        ( 3535): BitTube(): close receivedFd (627)

D/PersonaManagerService( 3535): ACTION_SCREEN_OFF onReceive

D/PersonaManagerServiceHandler( 3535): MSG_ACTION_SCREEN_OFF called

D/GpsLocationProvider( 3535): receive broadcast intent, action: android.intent.action.SCREEN_OFF

D/EPDG -- [NETMGMT]( 3535): Interface Data activity changed : label: 0 : active: true

D/PdnController( 3990): handleAnyDataConnectionStateChange: state [CONNECTED] reason [SCREEN_OFF] apnType [ims] 

D/PdnController( 3990): isConnected  [true] networktype [11]

D/PdnController( 3990): CONNECTIVITY_ACTION: networkType 11 isConnected true

D/PdnController( 3990): isSuspended [false] networktype [11]

D/PdnController( 3990): isSuspended : []

D/PdnController( 3990): Ignore Notifying Same Result to LocalIP Registrants!

D/WfcConnectivityReceiver( 4714): onReceive(): action = TelephonyIntents.ACTION_ANY_DATA_CONNECTION_STATE_CHANGED, nw type = 13, reason = SCREEN_OFF

D/PdnController( 3990): handleAnyDataConnectionStateChange: state [CONNECTED] reason [SCREEN_OFF] apnType [default] 

D/PdnController( 3990): isConnected  [true] networktype [0]

D/PdnController( 3990): CONNECTIVITY_ACTION: networkType 0 isConnected true

D/PdnController( 3990): isSuspended [false] networktype [0]

D/PdnController( 3990): isSuspended : []

D/PdnController( 3990): Ignore Notifying Same Result to LocalIP Registrants!

D/WfcConnectivityReceiver( 4714): onReceive(): action = TelephonyIntents.ACTION_ANY_DATA_CONNECTION_STATE_CHANGED, nw type = 13, reason = SCREEN_OFF

D/StatusBar.NetworkController( 4020): onDataActivity: direction=4

D/EPDG -- [EPDGService]( 3535): onDataActivity: direction=4

D/StatusBar.NetworkController( 4020): updateDataIcon, mDataDirectionIconId = com.android.systemui:drawable/stat_sys_signal_no_inout_tmo mDataConnected = true

D/StatusBar.NetworkController( 4020): refreshViews connected={ data } level=4 combinedSignalIconId=0x7f020695/com.android.systemui:drawable/tw_stat_sys_5_level_signal_4_auto_rotate mobileLabel=T-Mobile wifiLabel= emergencyOnly=false combinedLabel=T-Mobile mAirplaneMode=false mDataActivity=4 mPhoneSignalIconId=0x7f020695/com.android.systemui:drawable/tw_stat_sys_5_level_signal_4_auto_rotate mQSPhoneSignalIconId=0x7f020116/com.android.systemui:drawable/ic_qs_signal_4 mDataDirectionIconId=0x7f02051a/com.android.systemui:drawable/stat_sys_signal_no_inout_tmo mDataSignalIconId=0x7f020695/com.android.systemui:drawable/tw_stat_sys_5_level_signal_4_auto_rotate mDataTypeIconId=0x7f020346/com.android.systemui:drawable/stat_sys_data_connected_lte_tmo mQSDataTypeIconId=0x0/(null) mNoSimIconId=0x0/(null) mWifiIconId=0x0/(null) mQSWifiIconId=0x0/(null) mWifiActivityIconId=0x7f020519/com.android.systemui:drawable/stat_sys_signal_no_inout mBluetoothTetherIconId=0x7f02053f/com.android.systemui:drawable/stat_sys_tether_bluetooth

D/STATUSBAR-WifiTile( 4020): onWifiSignalChanged enabled=false enabledDesc:null

D/StatusBar.NetworkController( 4020): refreshNwBoosterIndicator - setNWBoosterIndicators(false)

D/StatusBar.NetworkController( 4020): applyTMO

D/StatusBar.NetworkController( 4020): refreshNwBoosterIndicator - setNWBoosterIndicators(false)

D/StatusBar.NetworkController( 4020): applyTMO

D/StatusBar.NetworkController( 4020): refreshNwBoosterIndicator - setNWBoosterIndicators(false)

D/StatusBar.NetworkController( 4020): applyTMO

D/StatusBar.NetworkController( 4020): refreshNwBoosterIndicator - setNWBoosterIndicators(false)

D/StatusBar.NetworkController( 4020): applyTMO

D/EPDG -- [EPDGService]( 3535): onDataActivity: direction=4

D/StatusBar.NetworkController( 4020): onDataActivity: direction=4

D/StatusBar.NetworkController( 4020): updateDataIcon, mDataDirectionIconId = com.android.systemui:drawable/stat_sys_signal_no_inout_tmo mDataConnected = true

D/StatusBar.NetworkController( 4020): refreshViews connected={ data } level=4 combinedSignalIconId=0x7f020695/com.android.systemui:drawable/tw_stat_sys_5_level_signal_4_auto_rotate mobileLabel=T-Mobile wifiLabel= emergencyOnly=false combinedLabel=T-Mobile mAirplaneMode=false mDataActivity=4 mPhoneSignalIconId=0x7f020695/com.android.systemui:drawable/tw_stat_sys_5_level_signal_4_auto_rotate mQSPhoneSignalIconId=0x7f020116/com.android.systemui:drawable/ic_qs_signal_4 mDataDirectionIconId=0x7f02051a/com.android.systemui:drawable/stat_sys_signal_no_inout_tmo mDataSignalIconId=0x7f020695/com.android.systemui:drawable/tw_stat_sys_5_level_signal_4_auto_rotate mDataTypeIconId=0x7f020346/com.android.systemui:drawable/stat_sys_data_connected_lte_tmo mQSDataTypeIconId=0x0/(null) mNoSimIconId=0x0/(null) mWifiIconId=0x0/(null) mQSWifiIconId=0x0/(null) mWifiActivityIconId=0x7f020519/com.android.systemui:drawable/stat_sys_signal_no_inout mBluetoothTetherIconId=0x7f02053f/com.android.systemui:drawable/stat_sys_tether_bluetooth

D/STATUSBAR-WifiTile( 4020): onWifiSignalChanged enabled=false enabledDesc:null

D/StatusBar.NetworkController( 4020): refreshNwBoosterIndicator - setNWBoosterIndicators(false)

D/StatusBar.NetworkController( 4020): applyTMO

D/StatusBar.NetworkController( 4020): refreshNwBoosterIndicator - setNWBoosterIndicators(false)

D/StatusBar.NetworkController( 4020): applyTMO

D/StatusBar.NetworkController( 4020): refreshNwBoosterIndicator - setNWBoosterIndicators(false)

D/StatusBar.NetworkController( 4020): applyTMO

D/StatusBar.NetworkController( 4020): refreshNwBoosterIndicator - setNWBoosterIndicators(false)

D/StatusBar.NetworkController( 4020): applyTMO

D/NfcService( 4502): call the applyRouting

D/[AccuPhone] ( 5151): {[52CE859A78A3616ADF8A4FC0BF62D7DE554B86DFCCB5497B1342E6541025CE36A2A714A005543A3DF7BD6A8BB0C6E7540C24AB24F30D6125E106C20F95AD15DD]}

D/EPDG -- [EPDGService]( 3535): onDataActivity: direction=0

D/PhoneApp( 4516): PhoneAppBroadcastReceiver onReceive android.intent.action.ANY_DATA_STATE

D/StatusBar.NetworkController( 4020): onDataActivity: direction=0

D/FileWriteThread_Telephony( 4516): FileWriteThread : threadType = 3

D/PhoneApp( 4516): PhoneAppBroadcastReceiver onReceive android.intent.action.ANY_DATA_STATE

D/FileWriteThread_Telephony( 4516): dataChargingCutOff : data_call = 48

D/[AccuPhone] ( 5151): {[CAE5461A6A242FE08E7F48668FB0645F7D7DA1F64C47801EA572BB01CFB51A5F23900B3B45737F3CCEFEA3A431C8B16C]}

D/[AccuPhone] ( 5151): {[0ED9661ABD437918DB34745D7098FD24949C80EDCCAD24E208044BDCE49D9970BB8385B3D3842B123951CD36E38A9B57]}

D/[AccuPhone] ( 5151): {[437EC58BCC337E9F61E0F784C4239BC2D593E54D9F1528E7A98495AA14387D81B77A68810A72A1C38A5F9CBE02C21197]}

D/FileWriteThread_Telephony( 4516): FileWriteThread : threadType = 2

D/FileWriteThread_Telephony( 4516): dataChargingCutOff : data_call = 49

D/StatusBar.NetworkController( 4020): updateDataIcon, mDataDirectionIconId = com.android.systemui:drawable/stat_sys_signal_no_inout_tmo mDataConnected = true

D/StatusBar.NetworkController( 4020): refreshViews connected={ data } level=4 combinedSignalIconId=0x7f020695/com.android.systemui:drawable/tw_stat_sys_5_level_signal_4_auto_rotate mobileLabel=T-Mobile wifiLabel= emergencyOnly=false combinedLabel=T-Mobile mAirplaneMode=false mDataActivity=0 mPhoneSignalIconId=0x7f020695/com.android.systemui:drawable/tw_stat_sys_5_level_signal_4_auto_rotate mQSPhoneSignalIconId=0x7f020116/com.android.systemui:drawable/ic_qs_signal_4 mDataDirectionIconId=0x7f02051a/com.android.systemui:drawable/stat_sys_signal_no_inout_tmo mDataSignalIconId=0x7f020695/com.android.systemui:drawable/tw_stat_sys_5_level_signal_4_auto_rotate mDataTypeIconId=0x7f020346/com.android.systemui:drawable/stat_sys_data_connected_lte_tmo mQSDataTypeIconId=0x0/(null) mNoSimIconId=0x0/(null) mWifiIconId=0x0/(null) mQSWifiIconId=0x0/(null) mWifiActivityIconId=0x7f020519/com.android.systemui:drawable/stat_sys_signal_no_inout mBluetoothTetherIconId=0x7f02053f/com.android.systemui:drawable/stat_sys_tether_bluetooth

D/STATUSBAR-WifiTile( 4020): onWifiSignalChanged enabled=false enabledDesc:null

D/StatusBar.NetworkController( 4020): refreshNwBoosterIndicator - setNWBoosterIndicators(false)

D/StatusBar.NetworkController( 4020): applyTMO

D/StatusBar.NetworkController( 4020): refreshNwBoosterIndicator - setNWBoosterIndicators(false)

D/StatusBar.NetworkController( 4020): applyTMO

D/StatusBar.NetworkController( 4020): refreshNwBoosterIndicator - setNWBoosterIndicators(false)

D/StatusBar.NetworkController( 4020): applyTMO

D/StatusBar.NetworkController( 4020): refreshNwBoosterIndicator - setNWBoosterIndicators(false)

D/StatusBar.NetworkController( 4020): applyTMO

I/FPMS_FingerprintManagerService( 5367): onReceive: android.intent.action.SCREEN_OFF

I/FPMS_FingerprintManagerService( 5367): notifyEnrollEnd: called from pid= 5367

D/bauth_client(native)( 5367): BAuthServiceClient, 22

D/bauth_client(native)( 5367): getBAuthService - EXIT

D/bauth_BASCommunicator( 3032): IBAuthService, 361

D/bauth_BASCommunicator( 3032): IBAuthService, 534

D/bauth_service( 3032): BAuthService, 358

D/bauth_FPBAuthService( 3032): FPBAuthService, 4055

I/TLC_BAUTH( 3032): Call FP cmd 0xc;1572

I/TLC_BAUTH( 3032): set_enroll_session : gSession_Flag = 0;1588

D/bauth_FPBAuthService( 3032): check_opcode status = 5, opcode = 0, func_ret_val = 0, function_status = 0, timeout = 0

D/bauth_FPBAuthService( 3032): FPBAuthService, 5442

D/bauth_service( 3032): BAuthService, 378

I/FPMS_SamsungFingerprintProxyFactory( 5367): setEnrollSession FP_PROXY FINISH (2ms) RESULT: 0

D/HINT_SpayQuickPayService(31549): ACTION_SCREEN_OFF

D/HINT_SpayQuickPayService(31549): ACTION_SCREEN_OFF next tick

I/SPAY_DEBUG_LOG(31549): iskeyguardsecure true, reset flag : false, reset_lock_flag : true, resetGlobal :false

I/HINT_SpayQuickPayService(31549): hideSimplePay() 

I/SystemBroadcastReceiver( 4775): [#DCM#] Received broadcast 

I/SystemBroadcastReceiver( 4775): [#DCM#] [DCM_Performance] onReceive completed 

I/SystemBroadcastReceiver( 4775): [#DCM#] Calling notifyListeners. 

I/DCMPolicyManager( 4775): [#DCM#] onReceive action = EVENT_SCREEN_OFF

I/DCMController( 4775): [#DCM#] onIntentReceived eventid = EVENT_SCREEN_OFF

D/lights  ( 3535): lcd : 0 +

D/lights  ( 3535): lcd : 0 -

D/SContextService( 3535): 	.unregisterCallback : 2, client=

D/SContextService( 3535): unregisterCallback() : Listener = android.hardware.scontext.SContextService$Listener@27d77b3f, Service = Auto Brightness, used = 1

I/SurfaceFlinger( 2986): id=4055 Removed TpayQuickPa (15/16)

W/CAE     ( 3535): unregisterCallback(ContextAwareService.java:206) - [unregi 01] Mutex is locked for AUTO_BRIGHTNESS

V/CAE     ( 3535): stop(ContextProvider.java:155)

V/CAE     ( 3535): clear(AutoBrightnessRunner.java:280)

V/CAE     ( 3535): disable(AutoBrightnessRunner.java:269)

I/CAE     ( 3535): sendCmdToSensorHub(SensorHubCommManager.java:144) - -78, 48, 0, 0,

D/SensorHubManager( 3535): SendSensorHubData: send data = -78, 48, 0, 0

D/Sensorhubs( 3014): sendContextData: -78, 48, 0, 0

I/SurfaceFlinger( 2986): id=4055 Removed TpayQuickPa (-2/16)

D/MISC PowerHAL( 3535): sysfs_write +: /sys/class/input/event0/device/enabled: 0

D/HomePresenter( 4536): setIgnoreDrawAppWidget() ignore:true

D/HomeFragment( 4536): onPause()

D/AppsFragment( 4536): onPause()

D/WidgetsFragment( 4536): onPause()

D/CAE     ( 3535): getFaultDetectionResult(AutoBrightnessRunner.java:294) - true

I/CAE     ( 3535): notifyCmdProcessResultObserver(ContextProvider.java:627) - CheckResult = 0, Cause = Success

D/CAE     ( 3535): doCommendProcess(ContextAwareService.java:433) - complete notify the operation result.

I/CAE     ( 3535): displayUsedCountForService(ContextAwareService.java:525) - totalCnt = 0, serviceCount = 0, subCollectionCount = 0

D/CAE     ( 3535): showListenerList(ContextAwareService.java:366) - ===== Context Aware Service List =====

I/CAE     ( 3535): showListenerList(ContextAwareService.java:375) - Listener : com.samsung.android.contextaware.manager.ContextAwareService$Listener@350462c9, Service : ACTIVITY_TRACKER_BATCH(1)

I/CAE     ( 3535): showListenerList(ContextAwareService.java:375) - Listener : com.samsung.android.contextaware.manager.ContextAwareService$Listener@350462c9, Service : ACTIVITY_TRACKER_BATCH_CURRENT_INFO(1)

W/CAE     ( 3535): unregisterCallback(ContextAwareService.java:241) - [unregi 02] Mutex is unlocked for AUTO_BRIGHTNESS

D/SContextService( 3535): removeSContextService() : service = Auto Brightness

D/SContextService( 3535): ===== SContext Service List =====

D/SContextService( 3535): Listener : android.hardware.scontext.SContextService$Listener@196d7dce, Service : Activity Batch

D/SContextManager( 3535):   .unregisterListener : listener = com.android.server.display.AutomaticBrightnessController$3@9f1211, service=Auto Brightness

D/MISC PowerHAL( 3535): sysfs_write -: /sys/class/input/event0/device/enabled: 0

D/MISC PowerHAL( 3535): sysfs_write +: /sys/class/power_supply/battery/lcd: 0

D/MISC PowerHAL( 3535): sysfs_write -: /sys/class/power_supply/battery/lcd: 0

D/PowerManagerService-JNI( 3535): Excessive delay in MISC setInteractive(false) while turning screen off: 30ms

D/SurfaceFlinger( 2986): Set power mode=0, type=0 flinger=0x7f8ac95000

I/hwcomposer( 2986): int exynos5_blank(hwc_composer_device_1*, int, int):: disp(0), blank(1)

I/BatteryStatsDumper( 3535): In refreshStats isReason Screen ON/OFF: true

D/NetworkStatsFactory( 3535): UpdateStatsForKnox updated

D/NetworkStatsFactory( 3535): UpdateStatsForKnox updated

D/NetworkStatsFactory( 3535): UpdateStatsForKnox updated

D/NetworkStatsFactory( 3535): UpdateStatsForKnox updated

D/LauncherActivity( 4536): onPause() com.sec.android.app.launcher.activities.LauncherActivity@1e2ba8a4

D/SurfaceWidgetConnection( 4536): com.sec.android.widgetapp.ap.weather.widget.surfacewidget.WeatherSurfaceWidget#1 is being paused by launcher

D/HomeFragment( 4536): onStop()

D/SurfaceWidgetView( 4536): Visibility changed to:4

D/SurfaceWidgetClient$ISurfaceWidgetStub( 5151): [237392/18] Surface widget pause on instance = 1

D/DragAndDrop( 4536): dragCancel(false)

I/DALI-LIFECYCLE( 4536): void NativeViews::NativeApp::OnStop()

D/NativeApp( 4536): detachRootView: -511485760 this com.sec.daliviews.views.NativeApp@1b2e360Peer-194893280

I/DALI-LIFECYCLE( 4536): void NativeViews::NativeApp::DetachRootView(NativeViews::ContainerViewBase*)

D/[AccuPhone] ( 5151): {[C9032C34E3856EBBE77AA7F817E50EDD1B4706843520DDF497E783C4F786F1763F465D7C694029C2CF307C991B6254D2]}

D/[AccuPhone] ( 5151): {[1305AB2196FEF65265C2854513AD2FA08532E81611435923BE2F54824E57768ECD03E5DC87D3DE307C4DC9506C408783]}

D/[AccuPhone] ( 5151): {[F851209D5C0E812ECF9E1323DE4519D7BCB98EAD4DB3BAA98CAFDC0259C6F814BC34DD75075EAE43EBDC39DDF50FA3E9]}

D/SurfaceWidgetClient$ISurfaceWidgetStub( 5151): [237392/18] Surface widget visibility changed visibility = false on instance = 1

D/[AccuPhone] ( 5151): {[258867479DDA075771D546F0428DDE92535508F1F8397C92689BB5D42E0C6EBC]}

D/LauncherActivity( 4536): onStop() com.sec.android.app.launcher.activities.LauncherActivity@1e2ba8a4

D/[AccuPhone] ( 5151): {[889074DFC7FCCBA319619C8B8AC3FE34200C9A6C8F78D2F0CA011319C284243C]}

I/LauncherActivity( 4536): setEnableHotWord : false

W/SearchService( 4734): Abort, client detached.

I/MicroDetector( 4734): Keeping mic open: false

I/MicrophoneInputStream( 4734): mic_close com.google.android.apps.gsa.speech.audio.aa@1a6331cf

I/AudioPolicyManager( 3006): stopInput() input 2604

I/MicroRecognitionRnrImpl( 4734): Detection finished

I/audio_hw_primary( 3006): do_in_standby : in->standby 0

I/BatteryStatsDumper( 3535):  wakeUpCount :0

I/BatteryStatsDumper( 3535):  wakeUpCount :0

I/BatteryStatsDumper( 3535):  wakeUpCount :0

I/BatteryStatsDumper( 3535):  wakeUpCount :0

I/BatteryStatsDumper( 3535):  wakeUpCount :105

I/BatteryStatsDumper( 3535):  wakeUpCount :131

I/BatteryStatsDumper( 3535):  wakeUpCount :131

I/BatteryStatsDumper( 3535):  wakeUpCount :132

I/BatteryStatsDumper( 3535):  wakeUpCount :132

I/BatteryStatsDumper( 3535):  wakeUpCount :132

I/BatteryStatsDumper( 3535):  wakeUpCount :132

I/BatteryStatsDumper( 3535):  wakeUpCount :132

I/BatteryStatsDumper( 3535):  wakeUpCount :132

I/BatteryStatsDumper( 3535):  wakeUpCount :1

I/BatteryStatsDumper( 3535):  wakeUpCount :0

I/MicroRecognitionRnrImpl( 4734): Stopping hotword detection.

I/BatteryStatsDumper( 3535):  wakeUpCount :1

I/BatteryStatsDumper( 3535):  wakeUpCount :1

I/BatteryStatsDumper( 3535):  wakeUpCount :0

I/BatteryStatsDumper( 3535):  wakeUpCount :0

I/BatteryStatsDumper( 3535):  wakeUpCount :0

I/BatteryStatsDumper( 3535):  wakeUpCount :86

I/BatteryStatsDumper( 3535):  wakeUpCount :86

I/BatteryStatsDumper( 3535):  wakeUpCount :0

I/BatteryStatsDumper( 3535):  wakeUpCount :30

I/BatteryStatsDumper( 3535):  wakeUpCount :0

I/BatteryStatsDumper( 3535):  wakeUpCount :0

I/BatteryStatsDumper( 3535):  wakeUpCount :16

I/BatteryStatsDumper( 3535):  wakeUpCount :0

I/BatteryStatsDumper( 3535):  wakeUpCount :16

I/BatteryStatsDumper( 3535):  wakeUpCount :16

I/BatteryStatsDumper( 3535):  wakeUpCount :0

I/BatteryStatsDumper( 3535):  wakeUpCount :0

I/BatteryStatsDumper( 3535):  wakeUpCount :0

I/BatteryStatsDumper( 3535):  wakeUpCount :0

I/BatteryStatsDumper( 3535):  wakeUpCount :0

I/BatteryStatsDumper( 3535):  wakeUpCount :0

I/BatteryStatsDumper( 3535):  wakeUpCount :0

I/BatteryStatsDumper( 3535):  wakeUpCount :0

I/BatteryStatsDumper( 3535):  wakeUpCount :6

I/BatteryStatsDumper( 3535):  wakeUpCount :0

I/BatteryStatsDumper( 3535):  wakeUpCount :6

I/BatteryStatsDumper( 3535):  wakeUpCount :0

I/BatteryStatsDumper( 3535):  wakeUpCount :0

I/BatteryStatsDumper( 3535):  wakeUpCount :0

I/BatteryStatsDumper( 3535):  wakeUpCount :0

I/BatteryStatsDumper( 3535):  wakeUpCount :0

I/BatteryStatsDumper( 3535):  wakeUpCount :66

I/BatteryStatsDumper( 3535):  wakeUpCount :0

I/BatteryStatsDumper( 3535):  wakeUpCount :3

I/BatteryStatsDumper( 3535):  wakeUpCount :7

I/BatteryStatsDumper( 3535):  wakeUpCount :0

I/BatteryStatsDumper( 3535):  wakeUpCount :0

I/BatteryStatsDumper( 3535): WARNING! Cputime is more than 10 seconds behind Foreground time

I/BatteryStatsDumper( 3535):  wakeUpCount :0

I/BatteryStatsDumper( 3535):  wakeUpCount :0

I/BatteryStatsDumper( 3535):  wakeUpCount :0

I/BatteryStatsDumper( 3535):  wakeUpCount :0

I/BatteryStatsDumper( 3535):  wakeUpCount :0

I/BatteryStatsDumper( 3535):  wakeUpCount :0

I/BatteryStatsDumper( 3535):  wakeUpCount :0

V/audio_hw_primary( 3006): select_devices output_scenario:-1 input_scenario:-1 out_snd_device 0x0 in_snd_device:0x0

I/audio_route( 3006): 

I/audio_route( 3006): > audio_route_reset :

I/BatteryStatsDumper( 3535):  wakeUpCount :0

I/BatteryStatsDumper( 3535):  wakeUpCount :1

I/BatteryStatsDumper( 3535):  wakeUpCount :0

I/BatteryStatsDumper( 3535):  wakeUpCount :6

I/audio_route( 3006): 

I/audio_route( 3006): > audio_route_update_mixer : +

I/BatteryStatsDumper( 3535):  wakeUpCount :14

I/BatteryStatsDumper( 3535): Screen bin #0: time=1863411 power=11.749841583333332

I/BatteryStatsDumper( 3535): Screen bin #1: time=507146 power=9.593511833333332

I/BatteryStatsDumper( 3535): Screen bin #2: time=636890 power=20.07972638888889

I/BatteryStatsDumper( 3535): Screen bin #3: time=177940 power=7.854073888888889

I/BatteryStatsDumper( 3535): Screen bin #4: time=179183 power=10.16863525

I/BatteryStatsDumper( 3535): Previous Battery Level: 72 Current Level: 73 Delta: -1

I/audio_route( 3006): > audio_route_update_mixer : changed(5) -

I/audio_hw_primary( 3006): select_devices - 

V/audio_hw_primary( 3006): stop_voice_note_recording

E/audio_hw_primary( 3006): adev_close_input_stream, set jack_in to null

D/SurfaceControl( 3535): Excessive delay in setPowerMode(): 166ms

I/libsuspend( 3535): !@autosuspend_wakeup_count_enable

I/libsuspend( 3535): !@autosuspend_wakeup_count_enable done

I/BatteryStatsDumper( 3535): Writing to database completed

D/bauth_FPBAuthService( 3032): FPBAuthService, 5372

D/bauth_FPBAuthService( 3032): FPBAuthService, 5495

D/bauth_FPBAuthService( 3032): FPBAuthService, 5687

D/bauth_FPBAuthService( 3032): FPBAuthService, 5693

D/bauth_FPBAuthService( 3032): FPBAuthService, 5395

D/com.facebook.a.a( 9290): Got unexpected exception: java.io.WriteAbortedException: Read an exception; java.io.NotSerializableException: org.json.JSONObject

D/KeyguardViewMediator( 4020): received DELAYED_KEYGUARD_ACTION with seq = 255, mDelayedShowingSequence = 255

D/FactoryTest( 4020): checkAutomationTestOption() : option=0

D/FactoryTest( 4020): checkAutomationTestOption() : mode_screenlock=0

D/KeyguardViewMediator( 4020): isAutoUnlockEnabled in KeyguardViewMediator = true

D/KeyguardViewMediator( 4020): doKeyguard: showing the lock screen

D/KeyguardViewMediator( 4020): showLocked

D/WfcPhoneStateListener( 4714): onSignalStrengthsChanged(): signal strength changed; Level 5

D/WfcService( 4714): updateSignalStrength(): gsmSignalStrength=5

D/StatusBar.NetworkController( 4020): onSignalStrengthsChanged signalStrength=SignalStrength: 16 99 -16 -200 -16 -200 -1 99 -99 -7 50 8 2147483647 0x5000 gsm|lte level=5

D/StatusBar.NetworkController( 4020): updateTelephonySignalStrength: hasService=true ss=SignalStrength: 16 99 -16 -200 -16 -200 -1 99 -99 -7 50 8 2147483647 0x5000 gsm|lte

I/WfcController( 4714): processSignalStrength(): gsmSignalStrength=5

D/WfcController( 4714): isRadioConnected(): radio is connected

D/WfcController( 4714): checkAndUpdateLowSignal(): !isRadioConnected()=false, (mWfcControlState.mWifiState == WifiStates.DISCONNECTED)=true, mWifiManager.isWifiEnabled()=false

D/WfcController( 4714): isRadioConnected(): radio is connected

D/WfcController( 4714): checkAndUpdateLowSignal(): Broadcast NOT in low signal

D/WfcController( 4714): checkAndUpdateLowSignal(): Broadcast nothing changed

D/WfcPhoneStateListener( 4714): onSignalStrengthsChanged(): signal strength did not change

D/StatusBar.NetworkController( 4020): updateTelephonySignalStrength: iconLevel=5

D/StatusBar.NetworkController( 4020): updateTelephonySignalStrength, No signal level. mPhoneSignalIconId = com.android.systemui:drawable/tw_stat_sys_5_level_signal_5_auto_rotate mDataSignalIconId = com.android.systemui:drawable/tw_stat_sys_5_level_signal_5_auto_rotate mQSPhoneSignalIconId = com.android.systemui:drawable/ic_qs_signal_4 mContentDescriptionPhoneSignal = Full phone signal

D/StatusBar.NetworkController( 4020): refreshViews connected={ data } level=5 combinedSignalIconId=0x7f020697/com.android.systemui:drawable/tw_stat_sys_5_level_signal_5_auto_rotate mobileLabel=T-Mobile wifiLabel= emergencyOnly=false combinedLabel=T-Mobile mAirplaneMode=false mDataActivity=0 mPhoneSignalIconId=0x7f020697/com.android.systemui:drawable/tw_stat_sys_5_level_signal_5_auto_rotate mQSPhoneSignalIconId=0x7f020116/com.android.systemui:drawable/ic_qs_signal_4 mDataDirectionIconId=0x7f02051a/com.android.systemui:drawable/stat_sys_signal_no_inout_tmo mDataSignalIconId=0x7f020697/com.android.systemui:drawable/tw_stat_sys_5_level_signal_5_auto_rotate mDataTypeIconId=0x7f020346/com.android.systemui:drawable/stat_sys_data_connected_lte_tmo mQSDataTypeIconId=0x0/(null) mNoSimIconId=0x0/(null) mWifiIconId=0x0/(null) mQSWifiIconId=0x0/(null) mWifiActivityIconId=0x7f020519/com.android.systemui:drawable/stat_sys_signal_no_inout mBluetoothTetherIconId=0x7f02053f/com.android.systemui:drawable/stat_sys_tether_bluetooth

D/STATUSBAR-WifiTile( 4020): onWifiSignalChanged enabled=false enabledDesc:null

D/StatusBar.NetworkController( 4020): refreshNwBoosterIndicator - setNWBoosterIndicators(false)

D/StatusBar.NetworkController( 4020): applyTMO

D/StatusBar.NetworkController( 4020): refreshNwBoosterIndicator - setNWBoosterIndicators(false)

D/StatusBar.NetworkController( 4020): applyTMO

D/StatusBar.NetworkController( 4020): refreshNwBoosterIndicator - setNWBoosterIndicators(false)

D/StatusBar.NetworkController( 4020): applyTMO

D/StatusBar.NetworkController( 4020): refreshNwBoosterIndicator - setNWBoosterIndicators(false)

D/StatusBar.NetworkController( 4020): applyTMO

D/KeyguardViewMediator( 4020): handleShow

D/KeyguardViewMediator( 4020): Kiosk container not exists on device. handleShow

D/KeyguardEffectViewUtil( 4020): wallpaperType :1

D/StatusBar-Window( 4020): fnf=false sanc=true, kni=false, sbf=false

D/CoverUI ( 4020): applyFocusableFlag() : Remove SAMSUNG_FLAG_SVIEW_COVER

D/CoverUI ( 4020): applyHeight h = -1, oc = true, ex = false, fa = false, ac = false, sc = false

D/KeyguardEffectViewUtil( 4020): wallpaperType :1

D/StatusBar-Window( 4020): fnf=false sanc=true, kni=false, sbf=false

D/CoverUI ( 4020): applyFocusableFlag() : Remove SAMSUNG_FLAG_SVIEW_COVER

D/CoverUI ( 4020): applyHeight h = -1, oc = true, ex = false, fa = false, ac = false, sc = false

D/PhoneStatusBar( 4020): updateKeyguardState :1

I/HINT_rq (31549): SimplePayVisibilityReceiver action :com.samsung.systemui.statusbar.NOTIFICATION_EXPAND

D/StatusBar( 4020): LSSN:0

I/HINT_rq (31549): expandState : false, isKeyguardLocked : true, keygaurd State : 131075

D/StatusBar( 4020): SLN:H

D/LSO     ( 3535): isConfigured(0)

D/StatusBar-QSPanel( 4020): setSingleLine:true

D/StatusBar-QSPanel( 4020): adjustCellWidth mButtonWidth : 272, displayWidth : 1440

D/StatusBar-QSPanel( 4020): updateButtonInfo mButtonWidth : 272 mColumns:5 orien: 1 mButtonCorrectionWidth:32

D/StatusBar-QSPanel( 4020): setSingleLine height:384

E/KioskModeService( 3535): There's no matched data

D/PhoneStatusBar( 4020): updateQSpanelHeight: 384 height:608

D/SecContentProvider( 3535): uri = 17 selection = isStatusBarExpansionallowedAsUser

D/RestrictionPolicy( 3535): isStatusBarExpansionAllowedAsUser : true, userId = 0

D/PanelView( 4020): setQsHeight mQsMin:0 mQsMax:788 mQsEx:0.0mQsPeek:608

I/KeyguardEffectViewController( 4020): setKeyguardShowing = true

D/KeyguardEffectViewController( 4020): show()

V/KeyguardUpdateMonitor( 4020): *** register callback for com.android.keyguard.sec.effect.KeyguardEffectViewController$2@3f1b342a

V/KeyguardUpdateMonitor( 4020): *** unregister callback for null

D/SecKeyguardStatusUtils( 4020): isPowerSavingMode() : false

D/EnterpriseController( 2998): mIsMarkChainAdded is 0 mIsBlockChainAdded is 0 netId is 0

D/Netd    ( 2998): getNetworkForDns: using netid 519 for uid 10126

D/SecKeyguardStatusUtils( 4020): isUltraPowerSavingMode() :false

D/KeyguardEffectViewController( 4020): isPreloadedWallpaper=false

D/SecKeyguardStatusUtils( 4020): isPowerSavingMode() : false

D/SecKeyguardStatusUtils( 4020): isUltraPowerSavingMode() :false

E/Zygote  ( 5133): MountEmulatedStorage()

E/Zygote  ( 5133): v2

I/SELinux ( 5133): Function: selinux_compare_spd_ram, SPD-policy is existed. and_ver=SEPF_SM-G925T_5.1.1 ver=38

I/SELinux ( 5133): Function: selinux_compare_spd_ram , priority [1] , priority version is VE=SEPF_SM-G925T_5.1.1_0038

V/KeyguardEffectViewController( 4020): *** Keyguard wallpaper service started

D/VisualEffectCircleUnlockEffect( 4020): KeyguardEffectViewNone : show

D/VisualEffectCircleUnlockEffect( 4020): clearEffect

D/VisualEffectCircleUnlockEffect( 4020): cancelAllAnimator

D/VisualEffectCircleUnlockEffect( 4020): KeyguardEffectViewNone : show

D/VisualEffectCircleUnlockEffect( 4020): clearEffect

D/VisualEffectCircleUnlockEffect( 4020): cancelAllAnimator

I/KeyguardEffectViewController( 4020): setHidden = false

D/VisualEffectCircleUnlockEffect( 4020): clearEffect

D/VisualEffectCircleUnlockEffect( 4020): cancelAllAnimator

D/VisualEffectCircleUnlockEffect( 4020): clearEffect

D/VisualEffectCircleUnlockEffect( 4020): cancelAllAnimator

D/KeyguardEffectViewController( 4020): isFestivalActivated()false

I/KeyguardEffectViewController( 4020): setFestivalKeyguardShowing = true ,:false

D/KeyguardEffectViewController( 4020): isFestivalActivated()false

E/Zygote  ( 5133): accessInfo : 0

E/SELinux ( 5133): [DEBUG] get_category: variable seinfo: platform sensitivity: NULL, cateogry: NULL

D/NotificationStackScrollLayout( 4020): hasNotification()-C:7

D/NotificationStackScrollLayout( 4020): hasNotification()-0-N:false

D/NotificationStackScrollLayout( 4020): hasNotification()-0-V:8

D/NotificationStackScrollLayout( 4020): hasNotification()-1-N:false

D/NotificationStackScrollLayout( 4020): hasNotification()-1-V:8

D/NotificationStackScrollLayout( 4020): hasNotification()-2-N:true

D/NotificationStackScrollLayout( 4020): hasNotification()-2-V:8

D/NotificationStackScrollLayout( 4020): hasNotification()-3-N:true

D/NotificationStackScrollLayout( 4020): hasNotification()-3-V:8

D/NotificationStackScrollLayout( 4020): hasNotification()-4-N:true

D/NotificationStackScrollLayout( 4020): hasNotification()-4-V:8

D/NotificationStackScrollLayout( 4020): hasNotification()-5-N:true

D/NotificationStackScrollLayout( 4020): hasNotification()-5-V:8

D/NotificationStackScrollLayout( 4020): hasNotification()-6-N:false

D/NotificationStackScrollLayout( 4020): hasNotification()-6-V:8

D/PanelView( 4020): There is/are no notification(s) 

D/PanelView( 4020): kidsfalse mQsExpansionEnabled:true

D/TimaKeyStoreProvider( 5133): TimaSignature is unavailable

D/PhoneStatusBar( 4020): updateKeyguardPreviousState :0

D/PhoneStatusBar( 4020): makeExpandedVisible:false

D/ActivityThread( 5133): Added TimaKeyStore provider

D/KeyguardEffectViewUtil( 4020): wallpaperType :1

D/StatusBar-Window( 4020): fnf=false sanc=true, kni=false, sbf=true

D/CoverUI ( 4020): applyFocusableFlag() : Remove SAMSUNG_FLAG_SVIEW_COVER

D/CoverUI ( 4020): applyHeight h = -1, oc = true, ex = true, fa = false, ac = false, sc = false

D/PhoneStatusBar( 4020): disable: < expand ICONS* alerts SYSTEM_INFO* back home recent clock search >

D/PhoneStatusBar( 4020): HomeCitySettingsDialog available = false, show = true

V/KeyguardUpdateMonitor( 4020): *** register callback for com.android.keyguard.KeyguardSimpleHostView$1@321e3ab

V/KeyguardUpdateMonitor( 4020): *** unregister callback for null

D/KeyguardReset( 4020): getInstance()

I/InjectionManager( 5133): Inside getClassLibPath + mLibMap{0=, 1=}

D/KeyguardSecurityView( 4020): checkSecurityPolicy : AUTO_WIPE = false , IT Policy = false

I/KeyguardSecurityView( 4020): addAttributionInfoViewIfNecessary

V/KeyguardSecurityView( 4020): showPrimarySecurityScreen(turningOff=false)

D/KeyguardSecurityView( 4020): showSecurityScreen(SPass)

V/KeyguardSecurityView( 4020): inflating id = 2130968650

V/KeyguardUpdateMonitor( 4020): *** register callback for com.android.keyguard.sec.KeyguardSPassUnlockView$1@27ed55a1

V/KeyguardUpdateMonitor( 4020): *** unregister callback for null

D/FingerprintManager( 4020): ownName: null

I/InjectionManager( 5133): Inside getClassLibPath caller 

I/FPMS_FingerprintManagerService( 5367): request: called from pid= 4020

D/bauth_client(native)( 5367): BAuthServiceClient, 22

D/bauth_client(native)( 5367): getBAuthService - EXIT

D/bauth_BASCommunicator( 3032): IBAuthService, 361

D/bauth_BASCommunicator( 3032): IBAuthService, 558

D/bauth_service( 3032): BAuthService, 412

D/bauth_FPBAuthService( 3032): FPBAuthService, 4369

D/bauth_FPBAuthService( 3032): FPBAuthService, 4370

D/bauth_FPBAuthService( 3032): FPBAuthService, 508

D/bauth_FPBAuthSensorControl( 3032): FPBAuthSensorControl, 218

D/bauth_FPBAuthService( 3032): FPBAuthService, 525

D/bauth_FPBAuthService( 3032): FPBAuthService, 4387

D/bauth_FPBAuthSensorControl( 3032): FPBAuthSensorControl, 315

I/TLC_BAUTH( 3032): Call FUNC ID 0x3;444

I/tlc_communication( 3032): tlc_open() called;85

I/tlc_communication( 3032): Allocating WSM for TCI;102

I/tlc_communication( 3032): Opening the session;118

D/InjectionManager( 5133): InjectionManager

D/InjectionManager( 5133): fillFeatureStoreMap com.android.systemui

I/InjectionManager( 5133): Constructor com.android.systemui, Feature store :{}

I/InjectionManager( 5133): featureStore :{}

D/SecKeyguardStatusUtils( 5133): isPowerSavingMode() : false

D/SecKeyguardStatusUtils( 5133): isUltraPowerSavingMode() :false

I/tlc_communication( 3032): tlc_open() successed;138

I/TLC_BAUTH( 3032): Check TCI buffer;480

I/TLC_BAUTH( 3032): Call FP cmd 0xf;298

I/tlc_communication( 3032): Send Trustlet TCI Message;211

I/tlc_communication( 3032): mcNotify is completed;221

I/tlc_communication( 3032): mcWaitNotification is completed;245

I/TLC_BAUTH( 3032): Check the Trustlet return code is completed;333

I/TLC_BAUTH( 3032): Call FUNC ID 0x10;174

I/TLC_BAUTH( 3032): FUNC ID 0x10 is completed;206

I/TLC_BAUTH( 3032): Call FP cmd 0x10;350

I/tlc_communication( 3032): Send Trustlet TCI Message;211

I/tlc_communication( 3032): mcNotify is completed;221

I/tlc_communication( 3032): mcWaitNotification is completed;245

I/TLC_BAUTH( 3032): Check the Trustlet return code is completed;377

I/TLC_BAUTH( 3032): FUNC ID 0x3 is completed;644

D/bauth_FPBAuthSensorControl( 3032): FPBAuthSensorControl, 315

D/WaterDroplet_Keyguard( 5133): KeyguardEffectViewWaterDroplet Constructor

D/bauth_FPBAuthSensorControl( 3032): FPBAuthSensorControl, 315

I/TLC_BAUTH( 3032): Call FP cmd 0x1;809

I/tlc_communication( 3032): Send Trustlet TCI Message;211

I/tlc_communication( 3032): mcNotify is completed;221

D/WaterDroplet_WaterDropletEffect( 5133): WaterDropletEffect Constructor

E/S-Physics( 5133): PhysicsEngineJNI JNI_OnLoad enter!!

E/S-Physics( 5133): Success find Class

E/S-Physics( 5133): PhysicsEngineJNI JNI_OnLoad Success

E/WaterDroplet_JniWaterDropletRenderer( 5133): JniWaterDropletRenderer is called

D/WaterDroplet_WaterDropletRenderer( 5133): WaterDropletRenderer Constructor 2014-01-08, preSetBGTexture test

E/WaterDroplet_JniWaterDropletRenderer( 5133): native_Init_JNI is called

E/<< JOOON >> ( 5133): Call the native_Init_JNI

I/S-Physics( 5133): PhysicsEngineJNI 20160527 static void PhysicsEngineJNI::Init_JNI(JNIEnv*, jclass)

D/WaterDroplet_WaterDropletRenderer( 5133): windowWidth = 1440, windowHeight = 2560

D/WaterDroplet_WaterDropletEffect( 5133): test VFXContextFactory Constructure

D/WaterDroplet_WaterDropletEffect( 5133): setResourcesBitmap1

D/WaterDroplet_WaterDropletRenderer( 5133): setResourcesBitmap1()

I/tlc_communication( 3032): mcWaitNotification is completed;245

I/TLC_BAUTH( 3032): Check the Trustlet return code is completed;866

D/bauth_FPBAuthService( 3032): check_opcode status = 0, opcode = 7, func_ret_val = 0, function_status = 0, timeout = 0

I/TLC_BAUTH( 3032): Call FP cmd 0x1;809

I/tlc_communication( 3032): Send Trustlet TCI Message;211

I/tlc_communication( 3032): mcNotify is completed;221

D/WaterDroplet_WaterDropletEffect( 5133): setResourcesBitmap2

D/WaterDroplet_WaterDropletRenderer( 5133): setResourcesBitmap2()

D/WaterDroplet_Keyguard( 5133): useGPUMaxClock = true, gpuMaxValue = 350

D/WaterDroplet_Keyguard( 5133): useCPUMinClock = true, cpuMinValue = 1300000

D/VisualEffectDVFS( 5133): == DVFS == setMax : GPU, maxValue = 350, maxTime = 40000

D/VisualEffectDVFS( 5133): == DVFS == setMin : CPU, minValue = 1300000, minTime = 40000

I/tlc_communication( 3032): mcWaitNotification is completed;245

I/TLC_BAUTH( 3032): Check the Trustlet return code is completed;866

D/bauth_FPBAuthService( 3032): check_opcode status = 0, opcode = 0, func_ret_val = 0, function_status = 0, timeout = 0

D/bauth_FPBAuthSensorControl( 3032): FPBAuthSensorControl, 315

D/bauth_FPBAuthService( 3032): cOp : 16

I/TLC_BAUTH( 3032): Call FP cmd 0xc;1572

I/TLC_BAUTH( 3032): Check Input Data Param buf addr = 0 , length = 0;1628

I/tlc_communication( 3032): Send Trustlet TCI Message;211

I/tlc_communication( 3032): mcNotify is completed;221

I/SensorService( 3535): Skipped sensor Grip Sensor because it requires permission 

I/SensorService( 3535): Skipped sensor HRMLED IR because it requires permission com.samsung.permission.SSENSOR_HRM_RAW_PPG

I/SensorService( 3535): Skipped sensor HRMLED RED because it requires permission com.samsung.permission.SSENSOR_HRM_RAW_PPG

I/SensorService( 3535): Skipped sensor MAX86900 because it requires permission 

I/SensorService( 3535): Skipped sensor HRM Sensor because it requires permission 

I/SensorService( 3535): Skipped sensor HeartRate Sensor because it requires permission android.permission.BODY_SENSORS

I/tlc_communication( 3032): mcWaitNotification is completed;245

I/TLC_BAUTH( 3032): Check the Trustlet return code is completed;1665

D/bauth_FPBAuthService( 3032): check_opcode status = 5, opcode = 0, func_ret_val = 0, function_status = 0, timeout = 0

D/bauth_FPBAuthService( 3032): FPBAuthService, 4184

D/bauth_FPBAuthService( 3032): FPBAuthService, 5442

D/bauth_service( 3032): BAuthService, 463

I/FPMS_SamsungFingerprintProxyFactory( 5367): getSensorStatus FP_PROXY FINISH (273ms) RESULT: 100040

D/bauth_client(native)( 5367): BAuthServiceClient, 22

D/bauth_client(native)( 5367): getBAuthService - EXIT

D/bauth_BASCommunicator( 3032): IBAuthService, 361

D/bauth_BASCommunicator( 3032): IBAuthService, 601

D/bauth_service( 3032): BAuthService, 581

D/bauth_service( 3032): BAuthService, 588

I/FPMS_SamsungFingerprintProxyFactory( 5367): request FP_PROXY FINISH (0ms) RESULT: 0

D/SecContentProvider2( 3535): uri = 15 selection = getLockScreenHiddenItems

D/SecContentProvider2( 3535): mCursor = null

D/SecKeyguardBottomAreaView( 4020): mUseBackUp= false mUseCenteredMessageArea= false

D/SecKeyguardBottomAreaView( 4020): shortcut value[0-off / 1-camera] = 1

D/SecKeyguardBottomAreaView( 4020): mKidsModeEnabled= false

D/KeyguardWallpaperViewController( 5133): isPreloadedWallpaper=false

D/KeyguardWallpaperViewController( 5133): Apply BlendedFilter from addViewWindow()

D/KeyguardEffectViewUtil( 5133): getCurrentWallpaper() mWallpaperPath : /data/data/com.sec.android.wallpapercropper2/files/lockscreen_wallpaper.jpg

D/SecKeyguardBottomAreaView( 4020): mIsHelpTextEnabled= true

D/SecKeyguardCircleEmergencyView( 4020): updateCurrentView()

D/SecContentProvider2( 3535): uri = 15 selection = getLockScreenHiddenItems

D/SecContentProvider2( 3535): mCursor = null

D/KeyguardSPassUnlockView( 4020): onFinishInflate

D/KeyguardSPassUnlockView( 4020): max failed attempt for device disable :0

D/KeyguardSPassUnlockView( 4020): isDeviceDisabledForMaxFailedAttempt return :false

D/KeyguardSPassUnlockView( 4020): onResume()

D/KeyguardSPassUnlockView( 4020): max failed attempt for device disable :0

D/KeyguardSPassUnlockView( 4020): isDeviceDisabledForMaxFailedAttempt return :false

D/KeyguardSpassUnlockThread( 4020): onResume()

D/KeyguardSpassUnlockThread( 4020): handleStopIdentify()

D/KeyguardEffectViewUtil( 4020): wallpaperType :1

D/StatusBar-Window( 4020): fnf=false sanc=true, kni=false, sbf=true

D/CoverUI ( 4020): applyFocusableFlag() : Remove SAMSUNG_FLAG_SVIEW_COVER

D/CoverUI ( 4020): applyHeight h = -1, oc = true, ex = true, fa = false, ac = false, sc = false

D/KeyguardViewMediator( 4020): updateKeyguardClockandNotifications( show = true)

D/PhoneStatusBar( 4020): updateKeyguardClockandNotifications( mShowLockscreenNotifications = false show = true)

D/StatusBar( 4020): LSSN:0

D/StatusBar( 4020): SLN:H

D/NotificationStackScrollLayout( 4020): hasNotification()-C:7

D/NotificationStackScrollLayout( 4020): hasNotification()-0-N:false

D/NotificationStackScrollLayout( 4020): hasNotification()-0-V:8

D/NotificationStackScrollLayout( 4020): hasNotification()-1-N:false

D/NotificationStackScrollLayout( 4020): hasNotification()-1-V:8

D/NotificationStackScrollLayout( 4020): hasNotification()-2-N:true

D/NotificationStackScrollLayout( 4020): hasNotification()-2-V:8

D/NotificationStackScrollLayout( 4020): hasNotification()-3-N:true

D/NotificationStackScrollLayout( 4020): hasNotification()-3-V:8

D/NotificationStackScrollLayout( 4020): hasNotification()-4-N:true

D/NotificationStackScrollLayout( 4020): hasNotification()-4-V:8

D/NotificationStackScrollLayout( 4020): hasNotification()-5-N:true

D/NotificationStackScrollLayout( 4020): hasNotification()-5-V:8

D/NotificationStackScrollLayout( 4020): hasNotification()-6-N:false

D/NotificationStackScrollLayout( 4020): hasNotification()-6-V:8

D/PanelView( 4020): There is/are no notification(s) 

D/PanelView( 4020): kidsfalse mQsExpansionEnabled:true

D/NotificationStackScrollLayout( 4020): hasNotification()-C:7

D/NotificationStackScrollLayout( 4020): hasNotification()-0-N:false

D/NotificationStackScrollLayout( 4020): hasNotification()-0-V:8

D/NotificationStackScrollLayout( 4020): hasNotification()-1-N:false

D/NotificationStackScrollLayout( 4020): hasNotification()-1-V:8

D/NotificationStackScrollLayout( 4020): hasNotification()-2-N:true

D/NotificationStackScrollLayout( 4020): hasNotification()-2-V:8

D/NotificationStackScrollLayout( 4020): hasNotification()-3-N:true

