I/[zero daemon] (19562): {[A32E1AC369E42B6168CFC8ECFBFA9951C42133C77ADF9B218D854990F6269E39BD1DFD8FE5406161EB812B412E9E41FA]}

D/[zero daemon] (19562): {[C6B53529A4E9A61B6E9DFAC2EC352F35413B8423020D39F21C4F88CE3B9B87CFDCC0B81B0A5ED41F6DFA9549B8ADE1F4BACF4D40B7B8E99052DE9FA88E767D1DEF99F3B50EBB0BE2EA7D97147503802808B0F46342E4D32B53ACCA63815BEAA3ED276C39FA95340FD01BAF963F21FFFB]}

I/[zero daemon] (19562): {[A32E1AC369E42B6168CFC8ECFBFA9951C42133C77ADF9B218D854990F6269E39BD1DFD8FE5406161EB812B412E9E41FA]}

D/[zero daemon] (19562): {[91E3A58D6C79CBF652B0FB9F40C14A1F37B0DF3F42C52CEDC69E513B22BF2177ECDEA89716239038843A6BBE4E4A4F61665A2F5AB0892851548351227B948A66]}

D/bauth_FPBAuthSensorControl( 3032): FPBAuthSensorControl, 315

D/bauth_FPBAuthService( 3032): FPBAuthService, 2472

I/TLC_BAUTH( 3032): Call FP cmd 0x6;1160

I/tlc_communication( 3032): Send Trustlet TCI Message;211

I/tlc_communication( 3032): mcNotify is completed;221

D/[zero daemon] (19562): {[48FB64758F0CCCCA96AAED4BD13C795CB0DB1BB9876E2E3B9C811DC016ED0F3B30E72885FCAF1B653F0229082BD5BD40BD761A6FE7553A554CA971F240AE8D04C4B11130D0507A1E34F20BC95E0A614C111296055329C1B880B82CADC05CD2FDA8704761D7B4230B6F6E5A01EF7FB9DD]}

D/[zero daemon] (19562): {[4DCBFD37265D4724AEB97273938FF09AD5C998F70EFCE83E6289B9A5B4CE8AEA3569ACA99749A6A0730B832E7E241C2339FD666E5AA8F11374EF03345E7D204D]}

D/[zero daemon] (19562): {[C83DFF45438A3A2275F86659CC9B3CE70AAFC6F52CCEA0FD12EAEDA6E2FEF8086D43C1403706BA11D39ED34F9BF70E8E479FD20183B280AFF19503318ACFFA78AE3BE949809989ABC2591B8428E534B0FFE5C56161444C80AF9C4C7FDB9720CFF7D7229F0369811B209B6DA4507CAA40]}

D/[zero daemon] (19562): {[8CE84E0A21E6D630506FC207F511E70B95F0552FC3BADB5758CAAA9D3E2FC6ED2F28F7CB032CF1E51BF9E28FD0FDC5947D4375F79093BAA069608AD5F2CD2A5D]}

D/[zero daemon] (19562): {[8C592D94750385923CCEB03C141B8F64F8B7A82FE66A1AF6DADFAB35DE2AB9A548B8847FEB24D8AE5AB09381AD9431364F10FF5D706DBF8886EAA23532685023]}

D/[zero daemon] (19562): {[C6B53529A4E9A61B6E9DFAC2EC352F35413B8423020D39F21C4F88CE3B9B87CFDCC0B81B0A5ED41F6DFA9549B8ADE1F4BACF4D40B7B8E99052DE9FA88E767D1DEF99F3B50EBB0BE2EA7D97147503802808B0F46342E4D32B53ACCA63815BEAA3E6A19B15B6D34AFADF3249A820F62444]}

I/[zero daemon] (19562): {[A32E1AC369E42B6168CFC8ECFBFA9951C42133C77ADF9B218D854990F6269E39BD1DFD8FE5406161EB812B412E9E41FA]}

D/[zero daemon] (19562): {[CA4B38B8E06585E6FE4F621A8E8C62AF7FFD1838C50ED777282584FABE8F79F96F0E16034318CC5CC2FBD698EC255D5A127B23967CE442FBF87F8EEF558C3FF6]}

I/tlc_communication( 3032): mcWaitNotification is completed;245

I/TLC_BAUTH( 3032): Check the Trustlet return code is completed;1227

D/bauth_FPBAuthService( 3032): check_opcode status = 2, opcode = 4, func_ret_val = 0, function_status = 1, timeout = -1

D/bauth_FPBAuthService( 3032): FPBAuthService, 890

D/[zero daemon] (19562): {[FC6304897E0E4536E89DE49022657B1B51B9FCED941DF29F99DD7038C3FBABBD4C247A6129C579528521709CB0B77853]}

D/bauth_FPBAuthSensorControl( 3032): FPBAuthSensorControl, 244

D/bauth_FPBAuthService( 3032): FPBAuthService, 905

D/[zero daemon] (19562): {[0E60114A538ACE861A186EF8CF274303D4AD721476CD58FE536966DE4C9651DE9F53A6193CD3FA0524C732D218CFF6D0]}

D/[zero daemon] (19562): {[C6B53529A4E9A61B6E9DFAC2EC352F35413B8423020D39F21C4F88CE3B9B87CFDCC0B81B0A5ED41F6DFA9549B8ADE1F4BACF4D40B7B8E99052DE9FA88E767D1DEF99F3B50EBB0BE2EA7D97147503802808B0F46342E4D32B53ACCA63815BEAA3661D49CEEC71D712BCDD095687E1082A]}

I/[zero daemon] (19562): {[A32E1AC369E42B6168CFC8ECFBFA9951C42133C77ADF9B218D854990F6269E39BD1DFD8FE5406161EB812B412E9E41FA]}

D/[zero daemon] (19562): {[9B8F94D1D620CDA1E18486846988612FC8AB384B69DBE1344F3AB7E46DD5174AE3595115D095A94945AB03779CC1F5CC]}

D/[zero daemon] (19562): {[BC21B34B88A20EA5822C8C20EF5DDD55D3F558D2B40B6148AA902B8E755F2C7F]}

D/[zero daemon] (19562): {[8789C083E82D8E1F2FE32DACFF2426AF37580887DD35C973BB8F1C3B3A7E7B29]}

D/[zero daemon] (19562): {[908160387EB28735CDF27ED8FF956F6CEAC288AA20CDFBE1C1E4943840AE7B0046E34CF475BF3E5E845A34D788B89C87]}

D/[zero daemon] (19562): {[B49B5A644E0DAB6ECFF741DC5E239CC0BAC9638A27FD69F2E995249588399E92]}

D/[zero daemon] (19562): {[C6B53529A4E9A61B6E9DFAC2EC352F35413B8423020D39F21C4F88CE3B9B87CFDCC0B81B0A5ED41F6DFA9549B8ADE1F4BACF4D40B7B8E99052DE9FA88E767D1DEF99F3B50EBB0BE2EA7D97147503802808B0F46342E4D32B53ACCA63815BEAA3661D49CEEC71D712BCDD095687E1082A]}

I/[zero daemon] (19562): {[A32E1AC369E42B6168CFC8ECFBFA9951C42133C77ADF9B218D854990F6269E39BD1DFD8FE5406161EB812B412E9E41FA]}

D/bauth_FPBAuthSensorControl( 3032): FPBAuthSensorControl, 315

I/BatteryStatsDumper( 3535): In refreshStats isReason Screen ON/OFF: true

D/NetworkStatsFactory( 3535): UpdateStatsForKnox updated

D/NetworkStatsFactory( 3535): UpdateStatsForKnox updated

D/bauth_FPBAuthSensorControl( 3032): FPBAuthSensorControl, 270

D/bauth_FPBAuthService( 3032): FPBAuthService, 954

D/bauth_FPBAuthSensorControl( 3032): FPBAuthSensorControl, 315

D/bauth_FPBAuthService( 3032): FPBAuthService, 2472

I/TLC_BAUTH( 3032): Call FP cmd 0x6;1160

I/tlc_communication( 3032): Send Trustlet TCI Message;211

I/tlc_communication( 3032): mcNotify is completed;221

D/NetworkStatsFactory( 3535): UpdateStatsForKnox updated

I/tlc_communication( 3032): mcWaitNotification is completed;245

I/TLC_BAUTH( 3032): Check the Trustlet return code is completed;1227

D/bauth_FPBAuthService( 3032): check_opcode status = 2, opcode = 7, func_ret_val = 0, function_status = 1, timeout = 0

D/bauth_FPBAuthService( 3032): FPBAuthService, 2472

I/TLC_BAUTH( 3032): Call FP cmd 0x6;1160

I/tlc_communication( 3032): Send Trustlet TCI Message;211

I/tlc_communication( 3032): mcNotify is completed;221

D/NetworkStatsFactory( 3535): UpdateStatsForKnox updated

I/BatteryStatsDumper( 3535):  wakeUpCount :0

I/BatteryStatsDumper( 3535):  wakeUpCount :0

I/BatteryStatsDumper( 3535):  wakeUpCount :0

I/BatteryStatsDumper( 3535):  wakeUpCount :0

I/BatteryStatsDumper( 3535):  wakeUpCount :105

I/BatteryStatsDumper( 3535):  wakeUpCount :131

I/BatteryStatsDumper( 3535):  wakeUpCount :131

I/BatteryStatsDumper( 3535):  wakeUpCount :132

I/BatteryStatsDumper( 3535):  wakeUpCount :132

I/BatteryStatsDumper( 3535):  wakeUpCount :132

I/BatteryStatsDumper( 3535):  wakeUpCount :132

I/BatteryStatsDumper( 3535):  wakeUpCount :132

I/BatteryStatsDumper( 3535):  wakeUpCount :132

I/BatteryStatsDumper( 3535):  wakeUpCount :1

I/BatteryStatsDumper( 3535):  wakeUpCount :0

I/BatteryStatsDumper( 3535):  wakeUpCount :1

I/BatteryStatsDumper( 3535):  wakeUpCount :1

I/BatteryStatsDumper( 3535):  wakeUpCount :0

I/BatteryStatsDumper( 3535):  wakeUpCount :0

I/BatteryStatsDumper( 3535):  wakeUpCount :0

I/BatteryStatsDumper( 3535):  wakeUpCount :86

I/BatteryStatsDumper( 3535):  wakeUpCount :86

I/BatteryStatsDumper( 3535):  wakeUpCount :0

I/BatteryStatsDumper( 3535):  wakeUpCount :30

I/BatteryStatsDumper( 3535):  wakeUpCount :0

I/BatteryStatsDumper( 3535):  wakeUpCount :0

I/BatteryStatsDumper( 3535):  wakeUpCount :16

I/BatteryStatsDumper( 3535):  wakeUpCount :0

I/BatteryStatsDumper( 3535):  wakeUpCount :16

I/BatteryStatsDumper( 3535):  wakeUpCount :16

I/BatteryStatsDumper( 3535):  wakeUpCount :0

I/BatteryStatsDumper( 3535):  wakeUpCount :0

I/BatteryStatsDumper( 3535):  wakeUpCount :0

I/BatteryStatsDumper( 3535):  wakeUpCount :0

I/BatteryStatsDumper( 3535):  wakeUpCount :0

I/BatteryStatsDumper( 3535):  wakeUpCount :0

I/BatteryStatsDumper( 3535):  wakeUpCount :0

I/BatteryStatsDumper( 3535):  wakeUpCount :0

I/BatteryStatsDumper( 3535):  wakeUpCount :6

I/BatteryStatsDumper( 3535):  wakeUpCount :0

I/BatteryStatsDumper( 3535):  wakeUpCount :6

I/BatteryStatsDumper( 3535):  wakeUpCount :0

I/BatteryStatsDumper( 3535):  wakeUpCount :0

I/BatteryStatsDumper( 3535):  wakeUpCount :0

I/BatteryStatsDumper( 3535):  wakeUpCount :0

I/BatteryStatsDumper( 3535):  wakeUpCount :0

I/BatteryStatsDumper( 3535):  wakeUpCount :66

I/BatteryStatsDumper( 3535):  wakeUpCount :0

I/BatteryStatsDumper( 3535):  wakeUpCount :3

I/BatteryStatsDumper( 3535):  wakeUpCount :7

I/BatteryStatsDumper( 3535):  wakeUpCount :0

I/BatteryStatsDumper( 3535):  wakeUpCount :0

I/BatteryStatsDumper( 3535): WARNING! Cputime is more than 10 seconds behind Foreground time

I/BatteryStatsDumper( 3535):  wakeUpCount :0

I/tlc_communication( 3032): mcWaitNotification is completed;245

I/TLC_BAUTH( 3032): Check the Trustlet return code is completed;1227

D/bauth_FPBAuthService( 3032): check_opcode status = 2, opcode = 4, func_ret_val = 0, function_status = 1, timeout = 50

D/bauth_FPBAuthService( 3032): FPBAuthService, 890

I/BatteryStatsDumper( 3535):  wakeUpCount :0

D/bauth_FPBAuthSensorControl( 3032): FPBAuthSensorControl, 244

D/bauth_FPBAuthService( 3032): FPBAuthService, 905

D/bauth_FPBAuthSensorControl( 3032): FPBAuthSensorControl, 270

D/bauth_FPBAuthService( 3032): FPBAuthService, 954

D/bauth_FPBAuthService( 3032): FPBAuthService, 2472

I/TLC_BAUTH( 3032): Call FP cmd 0x6;1160

I/tlc_communication( 3032): Send Trustlet TCI Message;211

I/BatteryStatsDumper( 3535):  wakeUpCount :0

I/tlc_communication( 3032): mcNotify is completed;221

I/BatteryStatsDumper( 3535):  wakeUpCount :0

I/BatteryStatsDumper( 3535):  wakeUpCount :0

I/BatteryStatsDumper( 3535):  wakeUpCount :0

I/BatteryStatsDumper( 3535):  wakeUpCount :0

I/BatteryStatsDumper( 3535):  wakeUpCount :0

I/BatteryStatsDumper( 3535):  wakeUpCount :1

I/BatteryStatsDumper( 3535):  wakeUpCount :0

I/BatteryStatsDumper( 3535):  wakeUpCount :6

I/BatteryStatsDumper( 3535):  wakeUpCount :14

I/BatteryStatsDumper( 3535): Screen bin #0: time=1860104 power=11.72898911111111

I/BatteryStatsDumper( 3535): Screen bin #1: time=507146 power=9.593511833333332

I/BatteryStatsDumper( 3535): Screen bin #2: time=636890 power=20.07972638888889

I/BatteryStatsDumper( 3535): Screen bin #3: time=177940 power=7.854073888888889

I/BatteryStatsDumper( 3535): Screen bin #4: time=179183 power=10.16863525

I/BatteryStatsDumper( 3535): Previous Battery Level: 71 Current Level: 72 Delta: -1

I/tlc_communication( 3032): mcWaitNotification is completed;245

I/TLC_BAUTH( 3032): Check the Trustlet return code is completed;1227

D/bauth_FPBAuthService( 3032): check_opcode status = 2, opcode = 5, func_ret_val = 0, function_status = 1, timeout = 0

D/bauth_FPBAuthService( 3032): FPBAuthService, 1132

D/bauth_FPBAuthService( 3032): FPBAuthService, 1142

D/bauth_FPBAuthService( 3032): FPBAuthService, 1144

D/bauth_FPBAuthService( 3032): fpop : 100021

D/bauth_BpBAuthServiceListener( 5367): IBAuthServiceListener, 46

D/bauth_client(native)( 5367): BAuthServiceClient, 184

D/FPMS_SamsungFingerprintLibraryImpl( 5367): onFingerprintEvent: eventId=100021, evt=null

D/FPMS_FingerprintClientRecord( 5367): onEvent: commandName=identify, 12, 0, 0

D/bauth_FPBAuthService( 3032): FPBAuthService, 2472

I/TLC_BAUTH( 3032): Call FP cmd 0x6;1160

I/tlc_communication( 3032): Send Trustlet TCI Message;211

I/tlc_communication( 3032): mcNotify is completed;221

D/KeyguardSpassUnlockThread( 4020): handleMessage : EVENT_IDENTIFY_STARTED

D/KeyguardSPassUnlockView( 4020): setAttributionViewEnabled( enable = false )

I/tlc_communication( 3032): mcWaitNotification is completed;245

I/TLC_BAUTH( 3032): Check the Trustlet return code is completed;1227

D/bauth_FPBAuthService( 3032): check_opcode status = 2, opcode = 4, func_ret_val = 0, function_status = 1, timeout = 50

D/bauth_FPBAuthService( 3032): FPBAuthService, 890

D/bauth_FPBAuthSensorControl( 3032): FPBAuthSensorControl, 244

D/bauth_FPBAuthService( 3032): FPBAuthService, 905

D/bauth_FPBAuthSensorControl( 3032): FPBAuthSensorControl, 270

D/bauth_FPBAuthService( 3032): FPBAuthService, 954

D/bauth_FPBAuthService( 3032): FPBAuthService, 2472

I/TLC_BAUTH( 3032): Call FP cmd 0x6;1160

I/tlc_communication( 3032): Send Trustlet TCI Message;211

I/tlc_communication( 3032): mcNotify is completed;221

I/tlc_communication( 3032): mcWaitNotification is completed;245

I/TLC_BAUTH( 3032): Check the Trustlet return code is completed;1227

D/bauth_FPBAuthService( 3032): check_opcode status = 2, opcode = 4, func_ret_val = 0, function_status = 1, timeout = 50

D/bauth_FPBAuthService( 3032): FPBAuthService, 890

D/bauth_FPBAuthSensorControl( 3032): FPBAuthSensorControl, 244

D/bauth_FPBAuthService( 3032): FPBAuthService, 905

D/bauth_FPBAuthSensorControl( 3032): FPBAuthSensorControl, 270

D/bauth_FPBAuthService( 3032): FPBAuthService, 954

D/bauth_FPBAuthService( 3032): FPBAuthService, 2472

I/TLC_BAUTH( 3032): Call FP cmd 0x6;1160

I/tlc_communication( 3032): Send Trustlet TCI Message;211

I/tlc_communication( 3032): mcNotify is completed;221

I/HINT_rq (31549): updateSimplepayVisible : hideTitle : false

D/ViewCaptureUtil( 4020): save captured file

I/tlc_communication( 3032): mcWaitNotification is completed;245

I/TLC_BAUTH( 3032): Check the Trustlet return code is completed;1227

D/bauth_FPBAuthService( 3032): check_opcode status = 2, opcode = 6, func_ret_val = 0, function_status = 1, timeout = 50

D/bauth_FPBAuthService( 3032): FPBAuthService, 868

D/bauth_FPBAuthService( 3032): FPBAuthService, 876

D/bauth_FPBAuthService( 3032): fpop : 100022

D/bauth_BpBAuthServiceListener( 5367): IBAuthServiceListener, 46

D/bauth_client(native)( 5367): BAuthServiceClient, 184

D/bauth_FPBAuthService( 3032): FPBAuthService, 2472

I/TLC_BAUTH( 3032): Call FP cmd 0x6;1160

D/FPMS_SamsungFingerprintLibraryImpl( 5367): onFingerprintEvent: eventId=100022, evt=null

I/tlc_communication( 3032): Send Trustlet TCI Message;211

I/tlc_communication( 3032): mcNotify is completed;221

D/FPMS_FingerprintClientRecord( 5367): onEvent: commandName=identify, 14, 0, 21

D/KeyguardSpassUnlockThread( 4020): handleMessage : EVENT_IDENTIFY_STATUS  

D/HINT_rq (31549): show Simple pay on keyguard, false

D/HINT_SpayQuickPayService(31549): on Show SimplePay() card size : 3

D/ActivityMgr(31549): isFMM_LOCK supported? true

D/ActivityMgr(31549): isFMM_WIPEOUT supported? true

D/HINT_SpayQuickPayService(31549): isRunningMainApp() , HODLING_SIMPLE: false, HOLDING_MAIN: false

D/HINT_SpayQuickPayService(31549): on Show SimplePay() call show simple pay

D/HINT_SpayQuickPayService(31549): show SimplePay() :

D/HINT_SpayQuickPayService(31549): show SimplePay() :  cancle prevent timer 

I/HINT_SpayQuickPayService(31549): show simplepay() SettingNotFound : kids_home_mode

I/HINT_SpayQuickPayService(31549): changeLayoutParams : 3

I/Sally Service(31549): setAttributes()

I/Tethering( 3535): BATTERY_CHANGED, level = 72lowBatteryThreshold = 15

D/KeyguardUpdateMonitor( 4020): received broadcast android.intent.action.BATTERY_CHANGED

I/PERF    ( 4020): received broadcast android.intent.action.BATTERY_CHANGED

D/KeyguardUpdateMonitor( 4020): handleBatteryUpdate

D/BatteryMonitor( 3990): new battery level: 72

D/QSTile.TorchLightTile( 4020): ACTION_BATTERY_CHANGED - Level :: 72, Status :: 2

I/HINT_SpayQuickPayService(31549): handle view layout3

D/RcsSettingsUtils( 3990): new battery level: 72

D/CommonServiceConfiguration( 3990): getStringValueSetting

D/RcsSettingsUtils( 3990): read setting battery level: null

I/Sally Service(31549): findViewById()

I/SurfaceFlinger( 2986): id=4045 createSurf (1440x88),1 flag=4, TpayQuickPa

D/SRIB_DCS(31549): log_dcs ThreadedRenderer::initialize entered! 

D/mali_winsys(31549): new_window_surface returns 0x3000,  [1440x88]-format:1

D/PanelView( 4020): mClearAll.setVisibility - mIsFullyOpened : false isShade : false mHasNotification : false mIsUpwardFling : false mQsFullyExpanded : false isShadeLocked : false mClearAllVisible : false

I/BatteryStatsDumper( 3535): Writing to database completed

I/tlc_communication( 3032): mcWaitNotification is completed;245

E/TLC_BAUTH( 3032):   *****************************

E/TLC_BAUTH( 3032):   *** ERROR: Trustlet did not send a valid return code : 32

E/TLC_BAUTH( 3032):   *** Detected in BAuth_Identify_Do/1225()

E/TLC_BAUTH( 3032):   *****************************

D/bauth_FPBAuthService( 3032): check_opcode status = 2, opcode = 0, func_ret_val = 32, function_status = 1, timeout = 50

D/bauth_FPBAuthSensorControl( 3032): FPBAuthSensorControl, 315

E/bauth_FPBAuthService( 3032): BAuth_Identify_Do Fail BAD_QUALITY or Identify Fail : 32 

D/bauth_FPBAuthSensorControl( 3032): FPBAuthSensorControl, 315

D/bauth_FPBAuthService( 3032): FPBAuthService, 2662

D/bauth_FPBAuthService( 3032): fpop : 100024

D/bauth_BpBAuthServiceListener( 5367): IBAuthServiceListener, 46

D/bauth_client(native)( 5367): BAuthServiceClient, 184

D/FPMS_SamsungFingerprintLibraryImpl( 5367): onFingerprintEvent: eventId=100024, evt=FingerprintBitmap{ , quality=0 }

D/bauth_BpBAuthServiceListener( 5367): IBAuthServiceListener, 46

D/bauth_client(native)( 5367): BAuthServiceClient, 184

D/FPMS_SamsungFingerprintLibraryImpl( 5367): onFingerprintEvent: eventId=100011, evt=IdentifyResult{ result=100014, index=0 }

D/bauth_FPBAuthService( 3032): FPBAuthService, 2709

D/bauth_FPBAuthService( 3032): fpop : 100011

I/TLC_BAUTH( 3032): Call FP cmd 0x7;1242

I/tlc_communication( 3032): Send Trustlet TCI Message;211

I/tlc_communication( 3032): mcNotify is completed;221

D/FPMS_FingerprintClientRecord( 5367): onEvent: commandName=identify, 13, -1, 11

I/FPMS_FingerprintManagerService( 5367): insertSurveyLog: true, FPIF, com.android.systemui

D/KeyguardSpassUnlockThread( 4020): handleMessage : RESULT_FAILED eventStatus = 11

D/KeyguardSpassUnlockThread( 4020): handleReportFailedAttempts()

D/KeyguardSpassUnlockThread( 4020): reportFailedAttempt( mFailedAttempts = 1 )

D/KeyguardSPassUnlockView( 4020): showErrorMessage( errorMessage = No match )

D/KeyguardSPassUnlockView( 4020): showErrorMessage( errorMessage = No match )

D/KeyguardSPassUnlockView( 4020): handleShowErrorMessage( errorMessage = No match )

V/Vibrator( 4020): Called vibrate(long[], int) API!

V/Vibrator( 4020): vibrate(long[], int, AudioAttributes) API - PUID: 10069, PackageName: com.android.systemui, repeat: -1, AudioAttr: null

V/Vibrator( 4020): Called vibrate(int, String, long[], int, AudioAttributes) API - PUID: 10069, PackageName: com.android.systemui, pattern

V/Vibrator( 4020): vibrate - PUID: 10069, PackageName: com.android.systemui, pattern, repeat: -1, AudioAttr: null, mag: -1

D/KeyguardSPassUnlockView( 4020): setAttributionViewEnabled( enable = true )

E/Zygote  ( 2843): MountEmulatedStorage()

E/Zygote  ( 2843): v2

I/SELinux ( 2843): Function: selinux_compare_spd_ram, SPD-policy is existed. and_ver=SEPF_SM-G925T_5.1.1 ver=38

D/KeyguardViewMediator( 4020): handleKeyguardDoneDrawing

I/SELinux ( 2843): Function: selinux_compare_spd_ram , priority [1] , priority version is VE=SEPF_SM-G925T_5.1.1_0038

E/Zygote  ( 2843): accessInfo : 0

E/SELinux ( 2843): [DEBUG] get_category: variable seinfo: platform sensitivity: NULL, cateogry: NULL

I/tlc_communication( 3032): mcWaitNotification is completed;245

I/TLC_BAUTH( 3032): Check the Trustlet return code is completed;1292

D/bauth_FPBAuthService( 3032): FPBAuthService, 2859

D/bauth_FPBAuthService( 3032): check_opcode status = 2, opcode = 4, func_ret_val = 0, function_status = 2, timeout = 50

D/bauth_FPBAuthService( 3032): FPBAuthService, 890

D/bauth_FPBAuthSensorControl( 3032): FPBAuthSensorControl, 244

D/bauth_FPBAuthService( 3032): FPBAuthService, 905

D/bauth_FPBAuthSensorControl( 3032): FPBAuthSensorControl, 270

D/bauth_FPBAuthService( 3032): FPBAuthService, 954

I/TLC_BAUTH( 3032): Call FP cmd 0x7;1242

I/tlc_communication( 3032): Send Trustlet TCI Message;211

I/tlc_communication( 3032): mcNotify is completed;221

I/tlc_communication( 3032): mcWaitNotification is completed;245

I/TLC_BAUTH( 3032): Check the Trustlet return code is completed;1292

D/bauth_FPBAuthService( 3032): FPBAuthService, 2859

D/bauth_FPBAuthService( 3032): check_opcode status = 2, opcode = 4, func_ret_val = 0, function_status = 2, timeout = 50

D/bauth_FPBAuthService( 3032): FPBAuthService, 890

D/bauth_FPBAuthSensorControl( 3032): FPBAuthSensorControl, 244

D/bauth_FPBAuthService( 3032): FPBAuthService, 905

D/TimaKeyStoreProvider( 2843): TimaSignature is unavailable

D/ActivityThread( 2843): Added TimaKeyStore provider

I/InjectionManager( 2843): Inside getClassLibPath + mLibMap{0=, 1=}

I/InjectionManager( 2843): Inside getClassLibPath caller 

D/bauth_FPBAuthService( 3032): FPBAuthService, 960

D/bauth_FPBAuthSensorControl( 3032): FPBAuthSensorControl, 244

D/bauth_FPBAuthService( 3032): FPBAuthService, 968

I/TLC_BAUTH( 3032): Call FP cmd 0x7;1242

I/tlc_communication( 3032): Send Trustlet TCI Message;211

I/tlc_communication( 3032): mcNotify is completed;221

I/tlc_communication( 3032): mcWaitNotification is completed;245

I/TLC_BAUTH( 3032): Check the Trustlet return code is completed;1292

D/bauth_FPBAuthService( 3032): FPBAuthService, 2859

D/bauth_FPBAuthService( 3032): check_opcode status = 2, opcode = 7, func_ret_val = 0, function_status = 2, timeout = 0

D/InjectionManager( 2843): InjectionManager

D/InjectionManager( 2843): fillFeatureStoreMap com.samsung.android.providers.context

I/InjectionManager( 2843): Constructor com.samsung.android.providers.context, Feature store :{}

I/InjectionManager( 2843): featureStore :{}

I/SecureStorage( 2843): [INFO]: SPID(0x00000000)Checking if this device supports Secure Storage

I/SecureStorage( 2843): [INFO]: SPID(0x00000000)This device supports Secure Storage

I/SecureStorage( 3036): [INFO]: SPID(0x000000B5)Credentials: uid 10005, gid 10005, pid 2843

I/SecureStorage( 3036): [INFO]: SPID(0x000000B5)Received function mask & code: 0x0000010C

I/SecureStorage( 2843): [INFO]: SPID(0x00000000)SS Daemon is running

I/SecureStorage( 2843): [INFO]: SPID(0x00000000)Processing data

I/SecureStorage( 3036): [INFO]: SPID(0x000000B5)Credentials: uid 10005, gid 10005, pid 2843

I/SecureStorage( 3036): [INFO]: SPID(0x000000B5)Received function mask & code: 0x00000106

I/TLC_BAUTH( 3032): Call FP cmd 0x7;1242

I/tlc_communication( 3032): Send Trustlet TCI Message;211

I/tlc_communication( 3032): mcNotify is completed;221

I/tlc_communication( 3032): mcWaitNotification is completed;245

I/TLC_BAUTH( 3032): Check the Trustlet return code is completed;1292

D/bauth_FPBAuthService( 3032): FPBAuthService, 2859

D/bauth_FPBAuthService( 3032): check_opcode status = 2, opcode = 0, func_ret_val = 0, function_status = 2, timeout = 0

D/bauth_FPBAuthSensorControl( 3032): FPBAuthSensorControl, 315

D/bauth_FPBAuthService( 3032): FPBAuthService, 3085

D/bauth_FPBAuthService( 3032): fpop : 100023

D/bauth_BpBAuthServiceListener( 5367): IBAuthServiceListener, 46

D/bauth_client(native)( 5367): BAuthServiceClient, 184

D/FPMS_SamsungFingerprintLibraryImpl( 5367): onFingerprintEvent: eventId=100023, evt=null

D/bauth_FPBAuthService( 3032): FPBAuthService, 755

D/        ( 3032): Worker, 75

D/FPMS_FingerprintClientRecord( 5367): onEvent: commandName=identify, 1011, 0, 0

D/FPMS_FingerprintClientRecord( 5367): onEvent: commandName=identify, 16, 0, 0

D/KeyguardSpassUnlockThread( 4020): handleMessage : EVENT_FINGER_REMOVED

D/KeyguardSPassUnlockView( 4020): setAttributionViewEnabled( enable = true )

D/KeyguardSpassUnlockThread( 4020): handleMessage : EVENT_IDENTIFY_COMPLETED  

D/KeyguardSpassUnlockThread( 4020): handleStartIdentify( mIsRegisteredClient = true)  

D/bauth_client(native)( 5367): BAuthServiceClient, 22

D/bauth_client(native)( 5367): getBAuthService - EXIT

D/bauth_BASCommunicator( 3032): IBAuthService, 361

D/bauth_BASCommunicator( 3032): IBAuthService, 558

D/bauth_service( 3032): BAuthService, 412

D/bauth_FPBAuthService( 3032): FPBAuthService, 4369

D/bauth_FPBAuthService( 3032): FPBAuthService, 4370

D/bauth_FPBAuthService( 3032): BAuthSessionOpen Skip

D/bauth_FPBAuthService( 3032): cOp : 16

I/TLC_BAUTH( 3032): Call FP cmd 0xc;1572

I/TLC_BAUTH( 3032): Check Input Data Param buf addr = 0 , length = 0;1628

I/tlc_communication( 3032): Send Trustlet TCI Message;211

I/tlc_communication( 3032): mcNotify is completed;221

I/tlc_communication( 3032): mcWaitNotification is completed;245

I/TLC_BAUTH( 3032): Check the Trustlet return code is completed;1665

D/bauth_FPBAuthService( 3032): check_opcode status = 5, opcode = 0, func_ret_val = 0, function_status = 0, timeout = 0

D/bauth_FPBAuthService( 3032): FPBAuthService, 4184

D/bauth_FPBAuthService( 3032): FPBAuthService, 5442

D/bauth_service( 3032): BAuthService, 463

I/FPMS_SamsungFingerprintProxyFactory( 5367): getSensorStatus FP_PROXY FINISH (5ms) RESULT: 100040

D/KeyguardSpassUnlockThread( 4020): handleStartIdentify currentUserId = 0

I/FPMS_FingerprintManagerService( 5367): identifyForMultiUser: userId=0 from pid=4020

D/PersonaManager( 5367): isKioskModeEnabled  persona 

W/FPMS_FingerprintManagerService( 5367): isKioskModeEnabled return :false

D/bauth_client(native)( 5367): BAuthServiceClient, 22

D/bauth_client(native)( 5367): getBAuthService - EXIT

D/bauth_BASCommunicator( 3032): IBAuthService, 361

D/bauth_BASCommunicator( 3032): IBAuthService, 558

D/bauth_service( 3032): BAuthService, 412

D/bauth_FPBAuthService( 3032): FPBAuthService, 4369

D/bauth_FPBAuthService( 3032): FPBAuthService, 4370

D/bauth_FPBAuthService( 3032): BAuthSessionOpen Skip

D/bauth_FPBAuthService( 3032): cOp : 16

I/TLC_BAUTH( 3032): Call FP cmd 0xc;1572

I/TLC_BAUTH( 3032): Check Input Data Param buf addr = 0 , length = 0;1628

I/tlc_communication( 3032): Send Trustlet TCI Message;211

I/tlc_communication( 3032): mcNotify is completed;221

I/tlc_communication( 3032): mcWaitNotification is completed;245

I/TLC_BAUTH( 3032): Check the Trustlet return code is completed;1665

D/bauth_FPBAuthService( 3032): check_opcode status = 5, opcode = 0, func_ret_val = 0, function_status = 0, timeout = 0

D/bauth_FPBAuthService( 3032): FPBAuthService, 4184

D/bauth_FPBAuthService( 3032): FPBAuthService, 5442

D/bauth_service( 3032): BAuthService, 463

I/FPMS_SamsungFingerprintProxyFactory( 5367): getSensorStatus FP_PROXY FINISH (4ms) RESULT: 100040

D/bauth_client(native)( 5367): BAuthServiceClient, 22

D/bauth_client(native)( 5367): getBAuthService - EXIT

D/bauth_BASCommunicator( 3032): IBAuthService, 361

D/bauth_BASCommunicator( 3032): IBAuthService, 502

D/bauth_service( 3032): BAuthService, 744

D/bauth_FPBAuthService( 3032): FPBAuthService, 3684

D/bauth_FPBAuthService( 3032): FPBAuthService, 3776

D/bauth_FPBAuthService( 3032): FPBAuthService, 3784

D/bauth_FPBAuthService( 3032): FPBAuthService, 5442

D/bauth_service( 3032): BAuthService, 763

I/FPMS_SamsungFingerprintProxyFactory( 5367): getFingerprintIndexList FP_PROXY FINISH (1ms) RESULT: [I@176dc3f0

D/bauth_client(native)( 5367): BAuthServiceClient, 22

D/bauth_client(native)( 5367): getBAuthService - EXIT

D/bauth_BASCommunicator( 5367): IBAuthService, 67

D/bauth_BASCommunicator( 3032): IBAuthService, 361

D/bauth_BASCommunicator( 3032): IBAuthService, 398

D/bauth_service( 3032): BAuthService, 216

D/bauth_FPBAuthService( 3032): BAuthSessionOpen Skip

D/bauth_FPBAuthServiceStorage( 3032): FPBAuthServiceStorage, 525

D/bauth_FPBAuthSensorControl( 3032): FPBAuthSensorControl, 315

I/TLC_BAUTH( 3032): Call FP cmd 0x5;1082

I/tlc_communication( 3032): Send Trustlet TCI Message;211

I/tlc_communication( 3032): mcNotify is completed;221

D/WaterDroplet_WaterDropletRenderer( 1931): FPS = 60

D/        ( 3032): Worker, 51

D/bauth_FPBAuthService( 3032): FPBAuthService, 5442

D/bauth_service( 3032): BAuthService, 239

D/bauth_BASCommunicator( 5367): IBAuthService, 73

I/FPMS_SamsungFingerprintProxyFactory( 5367): identify FP_PROXY FINISH (10ms) RESULT: 0

D/KeyguardSpassUnlockThread( 4020): identify OK

I/tlc_communication( 3032): mcWaitNotification is completed;245

I/TLC_BAUTH( 3032): Check the Trustlet return code is completed;1145

D/bauth_FPBAuthSensorControl( 3032): FPBAuthSensorControl, 315

D/bauth_FPBAuthService( 3032): FPBAuthService, 2410

D/bauth_FPBAuthService( 3032): check_opcode status = 2, opcode = 0, func_ret_val = 0, function_status = 0, timeout = 0

D/bauth_FPBAuthService( 3032): FPBAuthService, 855

D/bauth_FPBAuthService( 3032): fpop : 100020

D/bauth_BpBAuthServiceListener( 5367): IBAuthServiceListener, 46

D/bauth_client(native)( 5367): BAuthServiceClient, 184

D/bauth_FPBAuthUserInfo( 3032): FPBAuthUserInfo, 168

D/FPMS_SamsungFingerprintLibraryImpl( 5367): onFingerprintEvent: eventId=100020, evt=null

D/FPMS_FingerprintClientRecord( 5367): onEvent: commandName=identify, 11, 0, 0

D/KeyguardSpassUnlockThread( 4020): handleMessage : EVENT_IDENTIFY_READY

D/bauth_FPBAuthSensorControl( 3032): FPBAuthSensorControl, 315

D/bauth_FPBAuthService( 3032): FPBAuthService, 2472

I/TLC_BAUTH( 3032): Call FP cmd 0x6;1160

I/tlc_communication( 3032): Send Trustlet TCI Message;211

I/tlc_communication( 3032): mcNotify is completed;221

I/tlc_communication( 3032): mcWaitNotification is completed;245

I/TLC_BAUTH( 3032): Check the Trustlet return code is completed;1227

D/bauth_FPBAuthService( 3032): check_opcode status = 2, opcode = 4, func_ret_val = 0, function_status = 1, timeout = -1

D/bauth_FPBAuthService( 3032): FPBAuthService, 890

D/bauth_FPBAuthSensorControl( 3032): FPBAuthSensorControl, 244

D/bauth_FPBAuthService( 3032): FPBAuthService, 905

D/bauth_FPBAuthSensorControl( 3032): FPBAuthSensorControl, 315

D/bauth_FPBAuthSensorControl( 3032): FPBAuthSensorControl, 270

D/bauth_FPBAuthService( 3032): FPBAuthService, 954

D/bauth_FPBAuthSensorControl( 3032): FPBAuthSensorControl, 315

D/bauth_FPBAuthService( 3032): FPBAuthService, 2472

I/TLC_BAUTH( 3032): Call FP cmd 0x6;1160

I/tlc_communication( 3032): Send Trustlet TCI Message;211

I/tlc_communication( 3032): mcNotify is completed;221

D/WaterDroplet_WaterDropletRenderer( 1931): mJniWaterDroplet is Empty

D/WaterDroplet_WaterDropletRenderer( 1931): mJniWaterDroplet is Empty

D/WaterDroplet_WaterDropletRenderer( 1931): checkDirtyMode() Drity Mode

D/com.facebook.a.a( 9290): Got unexpected exception: java.io.WriteAbortedException: Read an exception; java.io.NotSerializableException: org.json.JSONObject

I/tlc_communication( 3032): mcWaitNotification is completed;245

I/TLC_BAUTH( 3032): Check the Trustlet return code is completed;1227

D/bauth_FPBAuthService( 3032): check_opcode status = 2, opcode = 7, func_ret_val = 0, function_status = 1, timeout = 0

D/bauth_FPBAuthService( 3032): FPBAuthService, 2472

I/TLC_BAUTH( 3032): Call FP cmd 0x6;1160

I/tlc_communication( 3032): Send Trustlet TCI Message;211

I/tlc_communication( 3032): mcNotify is completed;221

I/tlc_communication( 3032): mcWaitNotification is completed;245

I/TLC_BAUTH( 3032): Check the Trustlet return code is completed;1227

D/bauth_FPBAuthService( 3032): check_opcode status = 2, opcode = 5, func_ret_val = 0, function_status = 1, timeout = 0

D/bauth_FPBAuthService( 3032): FPBAuthService, 1132

D/bauth_FPBAuthService( 3032): FPBAuthService, 1142

D/bauth_FPBAuthService( 3032): FPBAuthService, 1144

D/bauth_FPBAuthService( 3032): fpop : 100021

D/bauth_BpBAuthServiceListener( 5367): IBAuthServiceListener, 46

D/bauth_client(native)( 5367): BAuthServiceClient, 184

D/FPMS_SamsungFingerprintLibraryImpl( 5367): onFingerprintEvent: eventId=100021, evt=null

D/bauth_FPBAuthService( 3032): FPBAuthService, 2472

I/TLC_BAUTH( 3032): Call FP cmd 0x6;1160

D/FPMS_FingerprintClientRecord( 5367): onEvent: commandName=identify, 12, 0, 0

I/tlc_communication( 3032): Send Trustlet TCI Message;211

I/tlc_communication( 3032): mcNotify is completed;221

D/KeyguardSpassUnlockThread( 4020): handleMessage : EVENT_IDENTIFY_STARTED

D/KeyguardSPassUnlockView( 4020): setAttributionViewEnabled( enable = false )

I/SecureStorage( 2843): [INFO]: SPID(0x000000B6)Processing data has been completed

I/SecureStorage( 3036): [INFO]: SPID(0x000000B6)Secure Storage Daemon finished processing with result: 0

I/tlc_communication( 3032): mcWaitNotification is completed;245

I/TLC_BAUTH( 3032): Check the Trustlet return code is completed;1227

D/bauth_FPBAuthService( 3032): check_opcode status = 2, opcode = 4, func_ret_val = 0, function_status = 1, timeout = 50

D/bauth_FPBAuthService( 3032): FPBAuthService, 890

D/bauth_FPBAuthSensorControl( 3032): FPBAuthSensorControl, 244

D/bauth_FPBAuthService( 3032): FPBAuthService, 905

D/StatusBar.NetworkController( 4020): refreshViews connected={ wifi } level=4 combinedSignalIconId=0x7f020562/com.android.systemui:drawable/stat_sys_wifi_signal_4 mobileLabel=T-Mobile wifiLabel="Buster2" emergencyOnly=false combinedLabel="Buster2" mAirplaneMode=false mDataActivity=4 mPhoneSignalIconId=0x7f020695/com.android.systemui:drawable/tw_stat_sys_5_level_signal_4_auto_rotate mQSPhoneSignalIconId=0x7f020116/com.android.systemui:drawable/ic_qs_signal_4 mDataDirectionIconId=0x0/(null) mDataSignalIconId=0x7f020695/com.android.systemui:drawable/tw_stat_sys_5_level_signal_4_auto_rotate mDataTypeIconId=0x7f020346/com.android.systemui:drawable/stat_sys_data_connected_lte_tmo mQSDataTypeIconId=0x0/(null) mNoSimIconId=0x0/(null) mWifiIconId=0x7f020562/com.android.systemui:drawable/stat_sys_wifi_signal_4 mQSWifiIconId=0x7f02012c/com.android.systemui:drawable/ic_qs_wifi_4 mWifiActivityIconId=0x7f020519/com.android.systemui:drawable/stat_sys_signal_no_inout mBluetoothTetherIconId=0x7f02053f/com.android.systemui:drawable/stat_sys_tether_bluetooth

D/STATUSBAR-WifiTile( 4020): onWifiSignalChanged enabled=true enabledDesc:"Buster2"

D/StatusBar.NetworkController( 4020): refreshNwBoosterIndicator - setNWBoosterIndicators(false)

D/StatusBar.NetworkController( 4020): applyTMO

I/SecureStorage( 2843): [INFO]: SPID(0x000000B6)Skip using SecureStorageExceptionJNI

D/StatusBar.NetworkController( 4020): refreshNwBoosterIndicator - setNWBoosterIndicators(false)

D/StatusBar.NetworkController( 4020): applyTMO

D/StatusBar.NetworkController( 4020): refreshNwBoosterIndicator - setNWBoosterIndicators(false)

D/StatusBar.NetworkController( 4020): applyTMO

D/StatusBar.NetworkController( 4020): refreshNwBoosterIndicator - setNWBoosterIndicators(false)

D/StatusBar.NetworkController( 4020): applyTMO

D/bauth_FPBAuthSensorControl( 3032): FPBAuthSensorControl, 270

D/bauth_FPBAuthService( 3032): FPBAuthService, 954

D/bauth_FPBAuthService( 3032): FPBAuthService, 2472

I/TLC_BAUTH( 3032): Call FP cmd 0x6;1160

I/tlc_communication( 3032): Send Trustlet TCI Message;211

I/tlc_communication( 3032): mcNotify is completed;221

I/tlc_communication( 3032): mcWaitNotification is completed;245

I/TLC_BAUTH( 3032): Check the Trustlet return code is completed;1227

D/bauth_FPBAuthService( 3032): check_opcode status = 2, opcode = 4, func_ret_val = 0, function_status = 1, timeout = 50

D/bauth_FPBAuthService( 3032): FPBAuthService, 890

D/bauth_FPBAuthSensorControl( 3032): FPBAuthSensorControl, 244

D/bauth_FPBAuthService( 3032): FPBAuthService, 905

D/bauth_FPBAuthSensorControl( 3032): FPBAuthSensorControl, 270

D/bauth_FPBAuthService( 3032): FPBAuthService, 954

D/bauth_FPBAuthService( 3032): FPBAuthService, 2472

I/TLC_BAUTH( 3032): Call FP cmd 0x6;1160

I/tlc_communication( 3032): Send Trustlet TCI Message;211

I/tlc_communication( 3032): mcNotify is completed;221

I/tlc_communication( 3032): mcWaitNotification is completed;245

E/TLC_BAUTH( 3032):   *****************************

E/TLC_BAUTH( 3032):   *** ERROR: Trustlet did not send a valid return code : 39

E/TLC_BAUTH( 3032):   *** Detected in BAuth_Identify_Do/1225()

E/TLC_BAUTH( 3032):   *****************************

D/bauth_FPBAuthService( 3032): check_opcode status = 2, opcode = 0, func_ret_val = 39, function_status = 1, timeout = 50

D/bauth_FPBAuthService( 3032): FPBAuthService, 805

D/bauth_FPBAuthService( 3032): fpop : 100022

D/bauth_BpBAuthServiceListener( 5367): IBAuthServiceListener, 46

D/bauth_client(native)( 5367): BAuthServiceClient, 184

D/FPMS_SamsungFingerprintLibraryImpl( 5367): onFingerprintEvent: eventId=100022, evt=null

D/FPMS_FingerprintClientRecord( 5367): onEvent: commandName=identify, 14, 0, 21

D/KeyguardSpassUnlockThread( 4020): handleMessage : EVENT_IDENTIFY_STATUS  

D/bauth_FPBAuthSensorControl( 3032): FPBAuthSensorControl, 315

E/bauth_FPBAuthService( 3032): BAuth_Identify_Do Fail BAD_QUALITY or Identify Fail : 39 

D/bauth_FPBAuthService( 3032): FPBAuthService, 5372

D/bauth_FPBAuthService( 3032): FPBAuthService, 5495

D/bauth_FPBAuthService( 3032): FPBAuthService, 5682

D/bauth_FPBAuthService( 3032): FPBAuthService, 5693

D/bauth_FPBAuthService( 3032): FPBAuthService, 5391

D/bauth_FPBAuthService( 3032): FPBAuthService, 5442

D/bauth_FPBAuthService( 3032): FPBAuthService, 5395

E/BluetoothHeadset( 2843): BTStateChangeCB is registed

D/BluetoothA2dp( 2843): doBind(): CallingUid(myUserHandle) = 0

D/bauth_FPBAuthSensorControl( 3032): FPBAuthSensorControl, 315

D/bauth_FPBAuthService( 3032): FPBAuthService, 2678

D/bauth_FPBAuthService( 3032): fpop : 100025

D/bauth_BpBAuthServiceListener( 5367): IBAuthServiceListener, 46

D/bauth_client(native)( 5367): BAuthServiceClient, 184

D/FPMS_SamsungFingerprintLibraryImpl( 5367): onFingerprintEvent: eventId=100025, evt=FingerprintBitmap{ , quality=80000002 }

D/bauth_BpBAuthServiceListener( 5367): IBAuthServiceListener, 46

D/bauth_client(native)( 5367): BAuthServiceClient, 184

D/bauth_FPBAuthService( 3032): FPBAuthService, 2709

D/bauth_FPBAuthService( 3032): fpop : 100011

I/TLC_BAUTH( 3032): Call FP cmd 0x7;1242

I/tlc_communication( 3032): Send Trustlet TCI Message;211

D/FPMS_FingerprintClientRecord( 5367): onEvent: commandName=identify, 14, 0, 20

I/tlc_communication( 3032): mcNotify is completed;221

D/FPMS_SamsungFingerprintLibraryImpl( 5367): onFingerprintEvent: eventId=100011, evt=IdentifyResult{ result=100014, index=0 }

D/FPMS_FingerprintClientRecord( 5367): onEvent: commandName=identify, 13, -1, 12

D/KeyguardSpassUnlockThread( 4020): handleMessage : EVENT_IDENTIFY_STATUS  

D/KeyguardSPassUnlockView( 4020): showErrorMessage( errorMessage = Keep your finger on the Home key a little longer )

I/FPMS_FingerprintManagerService( 5367): insertSurveyLog: true, FPIF, com.android.systemui

D/KeyguardSPassUnlockView( 4020): handleShowErrorMessage( errorMessage = Keep your finger on the Home key a little longer )

D/KeyguardSpassUnlockThread( 4020): handleMessage : RESULT_FAILED eventStatus = 12

D/KeyguardSPassUnlockView( 4020): showErrorMessage( errorMessage = Keep your finger on the Home key a little longer )

V/Vibrator( 4020): Called vibrate(long[], int) API!

D/KeyguardSPassUnlockView( 4020): handleShowErrorMessage( errorMessage = Keep your finger on the Home key a little longer )

V/Vibrator( 4020): vibrate(long[], int, AudioAttributes) API - PUID: 10069, PackageName: com.android.systemui, repeat: -1, AudioAttr: null

V/Vibrator( 4020): Called vibrate(int, String, long[], int, AudioAttributes) API - PUID: 10069, PackageName: com.android.systemui, pattern

V/Vibrator( 4020): vibrate - PUID: 10069, PackageName: com.android.systemui, pattern, repeat: -1, AudioAttr: null, mag: -1

D/KeyguardSPassUnlockView( 4020): setAttributionViewEnabled( enable = true )

D/KeyguardViewMediator( 4020): handleKeyguardDoneDrawing

I/tlc_communication( 3032): mcWaitNotification is completed;245

I/TLC_BAUTH( 3032): Check the Trustlet return code is completed;1292

D/bauth_FPBAuthService( 3032): FPBAuthService, 2859

D/bauth_FPBAuthService( 3032): check_opcode status = 2, opcode = 4, func_ret_val = 0, function_status = 2, timeout = 50

D/bauth_FPBAuthService( 3032): FPBAuthService, 890

D/bauth_FPBAuthSensorControl( 3032): FPBAuthSensorControl, 244

D/bauth_FPBAuthService( 3032): FPBAuthService, 905

D/bauth_FPBAuthSensorControl( 3032): FPBAuthSensorControl, 270

D/bauth_FPBAuthService( 3032): FPBAuthService, 954

I/TLC_BAUTH( 3032): Call FP cmd 0x7;1242

I/tlc_communication( 3032): Send Trustlet TCI Message;211

I/tlc_communication( 3032): mcNotify is completed;221

I/tlc_communication( 3032): mcWaitNotification is completed;245

I/TLC_BAUTH( 3032): Check the Trustlet return code is completed;1292

D/bauth_FPBAuthService( 3032): FPBAuthService, 2859

D/bauth_FPBAuthService( 3032): check_opcode status = 2, opcode = 4, func_ret_val = 0, function_status = 2, timeout = 50

D/bauth_FPBAuthService( 3032): FPBAuthService, 890

D/bauth_FPBAuthSensorControl( 3032): FPBAuthSensorControl, 244

D/bauth_FPBAuthService( 3032): FPBAuthService, 905

D/bauth_FPBAuthService( 3032): FPBAuthService, 960

D/bauth_FPBAuthSensorControl( 3032): FPBAuthSensorControl, 244

D/bauth_FPBAuthService( 3032): FPBAuthService, 968

I/TLC_BAUTH( 3032): Call FP cmd 0x7;1242

I/tlc_communication( 3032): Send Trustlet TCI Message;211

I/tlc_communication( 3032): mcNotify is completed;221

I/tlc_communication( 3032): mcWaitNotification is completed;245

I/TLC_BAUTH( 3032): Check the Trustlet return code is completed;1292

D/bauth_FPBAuthService( 3032): FPBAuthService, 2859

D/bauth_FPBAuthService( 3032): check_opcode status = 2, opcode = 7, func_ret_val = 0, function_status = 2, timeout = 0

I/TLC_BAUTH( 3032): Call FP cmd 0x7;1242

I/tlc_communication( 3032): Send Trustlet TCI Message;211

I/tlc_communication( 3032): mcNotify is completed;221

I/tlc_communication( 3032): mcWaitNotification is completed;245

I/TLC_BAUTH( 3032): Check the Trustlet return code is completed;1292

D/bauth_FPBAuthService( 3032): FPBAuthService, 2859

D/bauth_FPBAuthService( 3032): check_opcode status = 2, opcode = 0, func_ret_val = 0, function_status = 2, timeout = 0

D/bauth_FPBAuthSensorControl( 3032): FPBAuthSensorControl, 315

D/bauth_FPBAuthService( 3032): FPBAuthService, 3085

D/bauth_FPBAuthService( 3032): fpop : 100023

D/bauth_BpBAuthServiceListener( 5367): IBAuthServiceListener, 46

D/bauth_client(native)( 5367): BAuthServiceClient, 184

D/FPMS_SamsungFingerprintLibraryImpl( 5367): onFingerprintEvent: eventId=100023, evt=null

D/bauth_FPBAuthService( 3032): FPBAuthService, 755

D/        ( 3032): Worker, 75

D/FPMS_FingerprintClientRecord( 5367): onEvent: commandName=identify, 1011, 0, 0

D/FPMS_FingerprintClientRecord( 5367): onEvent: commandName=identify, 16, 0, 0

D/KeyguardSpassUnlockThread( 4020): handleMessage : EVENT_FINGER_REMOVED

D/KeyguardSPassUnlockView( 4020): setAttributionViewEnabled( enable = true )

D/KeyguardSpassUnlockThread( 4020): handleMessage : EVENT_IDENTIFY_COMPLETED  

D/KeyguardSpassUnlockThread( 4020): handleStartIdentify( mIsRegisteredClient = true)  

D/bauth_client(native)( 5367): BAuthServiceClient, 22

D/bauth_client(native)( 5367): getBAuthService - EXIT

D/bauth_BASCommunicator( 3032): IBAuthService, 361

D/bauth_BASCommunicator( 3032): IBAuthService, 558

D/bauth_service( 3032): BAuthService, 412

D/bauth_FPBAuthService( 3032): FPBAuthService, 4369

D/bauth_FPBAuthService( 3032): FPBAuthService, 4370

D/bauth_FPBAuthService( 3032): BAuthSessionOpen Skip

D/bauth_FPBAuthService( 3032): cOp : 16

I/TLC_BAUTH( 3032): Call FP cmd 0xc;1572

I/TLC_BAUTH( 3032): Check Input Data Param buf addr = 0 , length = 0;1628

I/tlc_communication( 3032): Send Trustlet TCI Message;211

I/tlc_communication( 3032): mcNotify is completed;221

I/tlc_communication( 3032): mcWaitNotification is completed;245

I/TLC_BAUTH( 3032): Check the Trustlet return code is completed;1665

D/bauth_FPBAuthService( 3032): check_opcode status = 5, opcode = 0, func_ret_val = 0, function_status = 0, timeout = 0

D/bauth_FPBAuthService( 3032): FPBAuthService, 4184

D/bauth_FPBAuthService( 3032): FPBAuthService, 5442

D/bauth_service( 3032): BAuthService, 463

I/FPMS_SamsungFingerprintProxyFactory( 5367): getSensorStatus FP_PROXY FINISH (5ms) RESULT: 100040

D/KeyguardSpassUnlockThread( 4020): handleStartIdentify currentUserId = 0

I/FPMS_FingerprintManagerService( 5367): identifyForMultiUser: userId=0 from pid=4020

D/PersonaManager( 5367): isKioskModeEnabled  persona 

W/FPMS_FingerprintManagerService( 5367): isKioskModeEnabled return :false

D/bauth_client(native)( 5367): BAuthServiceClient, 22

D/bauth_client(native)( 5367): getBAuthService - EXIT

D/bauth_BASCommunicator( 3032): IBAuthService, 361

D/bauth_BASCommunicator( 3032): IBAuthService, 558

D/bauth_service( 3032): BAuthService, 412

D/bauth_FPBAuthService( 3032): FPBAuthService, 4369

D/bauth_FPBAuthService( 3032): FPBAuthService, 4370

D/bauth_FPBAuthService( 3032): BAuthSessionOpen Skip

D/bauth_FPBAuthService( 3032): cOp : 16

I/TLC_BAUTH( 3032): Call FP cmd 0xc;1572

I/TLC_BAUTH( 3032): Check Input Data Param buf addr = 0 , length = 0;1628

I/tlc_communication( 3032): Send Trustlet TCI Message;211

I/tlc_communication( 3032): mcNotify is completed;221

I/tlc_communication( 3032): mcWaitNotification is completed;245

I/TLC_BAUTH( 3032): Check the Trustlet return code is completed;1665

D/bauth_FPBAuthService( 3032): check_opcode status = 5, opcode = 0, func_ret_val = 0, function_status = 0, timeout = 0

D/bauth_FPBAuthService( 3032): FPBAuthService, 4184

D/bauth_FPBAuthService( 3032): FPBAuthService, 5442

D/bauth_service( 3032): BAuthService, 463

I/FPMS_SamsungFingerprintProxyFactory( 5367): getSensorStatus FP_PROXY FINISH (5ms) RESULT: 100040

D/bauth_client(native)( 5367): BAuthServiceClient, 22

D/bauth_client(native)( 5367): getBAuthService - EXIT

D/bauth_BASCommunicator( 3032): IBAuthService, 361

D/bauth_BASCommunicator( 3032): IBAuthService, 502

D/bauth_service( 3032): BAuthService, 744

D/bauth_FPBAuthService( 3032): FPBAuthService, 3684

D/bauth_FPBAuthService( 3032): FPBAuthService, 3776

D/bauth_FPBAuthService( 3032): FPBAuthService, 3784

D/bauth_FPBAuthService( 3032): FPBAuthService, 5442

D/bauth_service( 3032): BAuthService, 763

I/FPMS_SamsungFingerprintProxyFactory( 5367): getFingerprintIndexList FP_PROXY FINISH (1ms) RESULT: [I@270fbd69

D/bauth_client(native)( 5367): BAuthServiceClient, 22

D/bauth_client(native)( 5367): getBAuthService - EXIT

D/bauth_BASCommunicator( 5367): IBAuthService, 67

D/bauth_BASCommunicator( 3032): IBAuthService, 361

D/bauth_BASCommunicator( 3032): IBAuthService, 398

D/bauth_service( 3032): BAuthService, 216

D/bauth_FPBAuthService( 3032): BAuthSessionOpen Skip

D/bauth_FPBAuthServiceStorage( 3032): FPBAuthServiceStorage, 525

D/bauth_FPBAuthSensorControl( 3032): FPBAuthSensorControl, 315

I/TLC_BAUTH( 3032): Call FP cmd 0x5;1082

I/tlc_communication( 3032): Send Trustlet TCI Message;211

I/tlc_communication( 3032): mcNotify is completed;221

D/        ( 3032): Worker, 51

D/bauth_FPBAuthService( 3032): FPBAuthService, 5442

D/bauth_service( 3032): BAuthService, 239

D/bauth_BASCommunicator( 5367): IBAuthService, 73

I/FPMS_SamsungFingerprintProxyFactory( 5367): identify FP_PROXY FINISH (11ms) RESULT: 0

D/KeyguardSpassUnlockThread( 4020): identify OK

I/tlc_communication( 3032): mcWaitNotification is completed;245

I/TLC_BAUTH( 3032): Check the Trustlet return code is completed;1145

D/bauth_FPBAuthSensorControl( 3032): FPBAuthSensorControl, 315

D/bauth_FPBAuthService( 3032): FPBAuthService, 2410

D/bauth_FPBAuthService( 3032): check_opcode status = 2, opcode = 0, func_ret_val = 0, function_status = 0, timeout = 0

D/bauth_FPBAuthService( 3032): FPBAuthService, 855

D/bauth_FPBAuthService( 3032): fpop : 100020

D/bauth_BpBAuthServiceListener( 5367): IBAuthServiceListener, 46

D/bauth_client(native)( 5367): BAuthServiceClient, 184

D/FPMS_SamsungFingerprintLibraryImpl( 5367): onFingerprintEvent: eventId=100020, evt=null

D/bauth_FPBAuthUserInfo( 3032): FPBAuthUserInfo, 168

D/FPMS_FingerprintClientRecord( 5367): onEvent: commandName=identify, 11, 0, 0

D/KeyguardSpassUnlockThread( 4020): handleMessage : EVENT_IDENTIFY_READY

D/bauth_FPBAuthSensorControl( 3032): FPBAuthSensorControl, 315

D/bauth_FPBAuthService( 3032): FPBAuthService, 2472

I/TLC_BAUTH( 3032): Call FP cmd 0x6;1160

I/tlc_communication( 3032): Send Trustlet TCI Message;211

I/tlc_communication( 3032): mcNotify is completed;221

I/tlc_communication( 3032): mcWaitNotification is completed;245

I/TLC_BAUTH( 3032): Check the Trustlet return code is completed;1227

D/bauth_FPBAuthService( 3032): check_opcode status = 2, opcode = 4, func_ret_val = 0, function_status = 1, timeout = -1

D/bauth_FPBAuthService( 3032): FPBAuthService, 890

D/bauth_FPBAuthSensorControl( 3032): FPBAuthSensorControl, 244

D/bauth_FPBAuthService( 3032): FPBAuthService, 905

D/bauth_FPBAuthSensorControl( 3032): FPBAuthSensorControl, 315

D/bauth_FPBAuthSensorControl( 3032): FPBAuthSensorControl, 270

D/bauth_FPBAuthService( 3032): FPBAuthService, 954

D/bauth_FPBAuthSensorControl( 3032): FPBAuthSensorControl, 315

D/bauth_FPBAuthService( 3032): FPBAuthService, 2472

I/TLC_BAUTH( 3032): Call FP cmd 0x6;1160

I/tlc_communication( 3032): Send Trustlet TCI Message;211

I/tlc_communication( 3032): mcNotify is completed;221

I/tlc_communication( 3032): mcWaitNotification is completed;245

I/TLC_BAUTH( 3032): Check the Trustlet return code is completed;1227

D/bauth_FPBAuthService( 3032): check_opcode status = 2, opcode = 4, func_ret_val = 0, function_status = 1, timeout = -1

D/bauth_FPBAuthService( 3032): FPBAuthService, 890

D/bauth_FPBAuthSensorControl( 3032): FPBAuthSensorControl, 244

D/bauth_FPBAuthService( 3032): FPBAuthService, 905

D/bauth_FPBAuthSensorControl( 3032): FPBAuthSensorControl, 315

D/bauth_FPBAuthSensorControl( 3032): FPBAuthSensorControl, 270

D/bauth_FPBAuthService( 3032): FPBAuthService, 954

D/bauth_FPBAuthSensorControl( 3032): FPBAuthSensorControl, 315

D/bauth_FPBAuthService( 3032): FPBAuthService, 2472

I/TLC_BAUTH( 3032): Call FP cmd 0x6;1160

I/tlc_communication( 3032): Send Trustlet TCI Message;211

I/tlc_communication( 3032): mcNotify is completed;221

I/tlc_communication( 3032): mcWaitNotification is completed;245

I/TLC_BAUTH( 3032): Check the Trustlet return code is completed;1227

D/bauth_FPBAuthService( 3032): check_opcode status = 2, opcode = 7, func_ret_val = 0, function_status = 1, timeout = 0

D/bauth_FPBAuthService( 3032): FPBAuthService, 2472

I/TLC_BAUTH( 3032): Call FP cmd 0x6;1160

I/tlc_communication( 3032): Send Trustlet TCI Message;211

I/tlc_communication( 3032): mcNotify is completed;221

D/bauth_FPBAuthService( 3032): FPBAuthService, 5372

