D/RCPManagerService( 3535): exchangeData() failure , invalid userId

D/CapabilityProvider( 3990): query() - N_OWN_CAPS

D/CapabilityDiscoveryModule( 3990): getOwnCapabilities: +g.3gpp.iari-ref="urn%3Aurn-7%3A3gpp-application.ims.iari.rcse.dp",+g.3gpp.icsi-ref="urn%3Aurn-7%3A3gpp-service.ims.icsi.mmtel",+g.3gpp.icsi-ref="urn%3Aurn-7%3A3gpp-service.ims.icsi.mmtel";video,

D/Mms/RcsOwnCapsManager( 2894): queryOwnCaps, IM Service is impossible because own caps is null or unavailable.

D/Mms/RcsOwnCapsManager( 2894): closeOnUnavailable: Called

D/Mms/RcsOwnCapsManager( 2894): queryOwnCaps, FT capability is : false

D/Mms/RcsOwnCapsManager( 2894): queryOwnCaps, GC capability is : 0

D/Mms/RcsOwnCapsManager( 2894): queryOwnCaps, localOffline is : true

D/Mms/PackageInfo( 2894): isEnabledComponent compomentName=com.android.mms.ui.TmoTransferContent

D/Mms/PackageInfo( 2894): isEnabledComponent compomentName=com.android.mms.ui.ComposeMessageMms

D/Mms/RcsOwnCapsManager( 2894): mIsEnableRCS =false

D/RCPManagerService( 3535): exchangeData() failure , invalid userId

D/RCPManagerService( 3535): exchangeData() failure , invalid userId

D/StatusBar.NetworkController( 4020): refreshViews connected={ wifi } level=4 combinedSignalIconId=0x7f020562/com.android.systemui:drawable/stat_sys_wifi_signal_4 mobileLabel=T-Mobile wifiLabel="Buster2" emergencyOnly=false combinedLabel="Buster2" mAirplaneMode=false mDataActivity=4 mPhoneSignalIconId=0x7f020695/com.android.systemui:drawable/tw_stat_sys_5_level_signal_4_auto_rotate mQSPhoneSignalIconId=0x7f020116/com.android.systemui:drawable/ic_qs_signal_4 mDataDirectionIconId=0x0/(null) mDataSignalIconId=0x7f020695/com.android.systemui:drawable/tw_stat_sys_5_level_signal_4_auto_rotate mDataTypeIconId=0x7f020346/com.android.systemui:drawable/stat_sys_data_connected_lte_tmo mQSDataTypeIconId=0x0/(null) mNoSimIconId=0x0/(null) mWifiIconId=0x7f020562/com.android.systemui:drawable/stat_sys_wifi_signal_4 mQSWifiIconId=0x7f02012c/com.android.systemui:drawable/ic_qs_wifi_4 mWifiActivityIconId=0x7f020514/com.android.systemui:drawable/stat_sys_signal_in mBluetoothTetherIconId=0x7f02053f/com.android.systemui:drawable/stat_sys_tether_bluetooth

D/STATUSBAR-WifiTile( 4020): onWifiSignalChanged enabled=true enabledDesc:"Buster2"

D/StatusBar.NetworkController( 4020): refreshNwBoosterIndicator - setNWBoosterIndicators(false)

D/StatusBar.NetworkController( 4020): applyTMO

D/StatusBar.NetworkController( 4020): refreshNwBoosterIndicator - setNWBoosterIndicators(false)

D/StatusBar.NetworkController( 4020): applyTMO

D/StatusBar.NetworkController( 4020): refreshNwBoosterIndicator - setNWBoosterIndicators(false)

D/StatusBar.NetworkController( 4020): applyTMO

D/StatusBar.NetworkController( 4020): refreshNwBoosterIndicator - setNWBoosterIndicators(false)

D/StatusBar.NetworkController( 4020): applyTMO

D/InjectionManager( 2965): InjectionManager

D/InjectionManager( 2965): fillFeatureStoreMap com.samsung.android.email.provider

I/InjectionManager( 2965): Constructor com.samsung.android.email.provider, Feature store :{}

I/InjectionManager( 2965): featureStore :{}

I/EmailComponentMonitor( 2965): onCreate

D/BadgeProvider(32708): sendNotify entered. [uri] : content://com.sec.badge/apps

D/BadgeProvider(32708): sendNotify, [notify] : null

D/BadgeProvider(32708): update, [uri] : content://com.sec.badge/apps

D/CatchNotificationsService(29762): Update badge

D/BadgeProvider(32708): update, [uri.query] : null

D/BadgeProvider(32708): update, [BadgeCount] : badgecount=0

D/BadgeProvider(32708): update, [UpdateCount] : 1

D/BadgeProvider(32708): sendNotify entered. [uri] : content://com.sec.badge/apps

D/BadgeProvider(32708): sendNotify, [notify] : null

D/BadgeProvider(32708): update, [uri] : content://com.sec.badge/apps

D/BadgeProvider(32708): update, [uri.query] : null

D/BadgeProvider(32708): update, [BadgeCount] : badgecount=0

D/BadgeProvider(32708): update, [UpdateCount] : 1

D/BadgeProvider(32708): query, [selection] : null

I/EmailComponentMonitor( 2965): started as a not sticky service 

I/EmailComponentMonitor( 2965): started as a not sticky service 

D/BadgeProvider(32708): query, [selection] : null

D/BadgeProvider(32708): query, [selection] : null

D/Launcher.BadgeCache, ( 4536): updateBadgeCounts, app[2] have 0 badges

D/Launcher.BadgeCache, ( 4536): updateBadgeCounts, app[0] have 0 badges

D/Launcher.BadgeCache, ( 4536): updateBadgeCounts, app[-1] have 0 badges

D/Launcher.BadgeCache, ( 4536): updateBadgeCounts, app[3] have 0 badges

D/Launcher.BadgeCache, ( 4536): updateBadgeCounts, app[-1] have 0 badges

D/Launcher.BadgeCache, ( 4536): updateBadgeCounts, app[-1] have 0 badges

D/Launcher.BadgeCache, ( 4536): updateBadgeCounts, app[-1] have 0 badges

D/Launcher.BadgeCache, ( 4536): updateBadgeCounts, app[-1] have 1 badges

D/Launcher.BadgeCache, ( 4536): updateBadgeCounts, app[-1] have 0 badges

D/Launcher.BadgeCache, ( 4536): updateBadgeCounts, app[2] have 0 badges

D/Launcher.BadgeCache, ( 4536): updateBadgeCounts, app[0] have 0 badges

D/Launcher.BadgeCache, ( 4536): updateBadgeCounts, app[-1] have 0 badges

D/Launcher.BadgeCache, ( 4536): updateBadgeCounts, app[3] have 0 badges

D/Launcher.BadgeCache, ( 4536): updateBadgeCounts, app[-1] have 0 badges

D/Launcher.BadgeCache, ( 4536): updateBadgeCounts, app[-1] have 0 badges

D/Launcher.BadgeCache, ( 4536): updateBadgeCounts, app[-1] have 0 badges

D/Launcher.BadgeCache, ( 4536): updateBadgeCounts, app[-1] have 1 badges

D/Launcher.BadgeCache, ( 4536): updateBadgeCounts, app[-1] have 0 badges

D/BadgeProvider(32708): query, [selection] : null

D/BadgeProvider(32708): query, [selection] : null

D/CatchNotificationsService(29762): Update badge

D/Launcher.BadgeCache, ( 4536): updateBadgeCounts, app[2] have 0 badges

D/Launcher.BadgeCache, ( 4536): updateBadgeCounts, app[0] have 0 badges

D/Launcher.BadgeCache, ( 4536): updateBadgeCounts, app[-1] have 0 badges

D/Launcher.BadgeCache, ( 4536): updateBadgeCounts, app[3] have 0 badges

D/Launcher.BadgeCache, ( 4536): updateBadgeCounts, app[-1] have 0 badges

D/Launcher.BadgeCache, ( 4536): updateBadgeCounts, app[-1] have 0 badges

D/Launcher.BadgeCache, ( 4536): updateBadgeCounts, app[-1] have 0 badges

D/Launcher.BadgeCache, ( 4536): updateBadgeCounts, app[-1] have 1 badges

D/Launcher.BadgeCache, ( 4536): updateBadgeCounts, app[-1] have 0 badges

D/Launcher.BadgeCache, ( 4536): updateBadgeCounts, app[2] have 0 badges

D/Launcher.BadgeCache, ( 4536): updateBadgeCounts, app[0] have 0 badges

D/Launcher.BadgeCache, ( 4536): updateBadgeCounts, app[-1] have 0 badges

D/Launcher.BadgeCache, ( 4536): updateBadgeCounts, app[3] have 0 badges

D/Launcher.BadgeCache, ( 4536): updateBadgeCounts, app[-1] have 0 badges

D/Launcher.BadgeCache, ( 4536): updateBadgeCounts, app[-1] have 0 badges

D/Launcher.BadgeCache, ( 4536): updateBadgeCounts, app[-1] have 0 badges

D/Launcher.BadgeCache, ( 4536): updateBadgeCounts, app[-1] have 1 badges

D/Launcher.BadgeCache, ( 4536): updateBadgeCounts, app[-1] have 0 badges

D/BadgeProvider(32708): query, [selection] : null

D/InputReader( 3535): Input event(5): value=1 when=32330821119000

D/InputReader( 3535): Input event(5): value=1 when=32330821119000

I/InputReader( 3535): Touch event's action is 0x0 (deviceType=0) [pCnt=1, s=0.5631 ] when=32330821119000

D/InputReader( 3535): lastThreadEndTime = 32325487756323, currentThreadStartTime = 32325487761907, diff = 0

I/InputDispatcher( 3535): Delivering touch to (31549): action: 0x4, toolType: 1

I/InputDispatcher( 3535): Delivering touch to (4020): action: 0x0, toolType: 1

D/ViewRootImpl( 4020): ViewPostImeInputStage ACTION_DOWN

D/PhoneStatusBar( 4020): makeExpandedVisible:false

I/CenterBarWindow(16431): Remove drag and drop center bar image

I/HINT_rq (31549): SimplePayVisibilityReceiver action :com.android.systemui.statusbar.ANIMATING

D/StatusBar-Window( 4020): fnf=false sanc=false, kni=false, sbf=true

D/CoverUI ( 4020): applyFocusableFlag() : Remove SAMSUNG_FLAG_SVIEW_COVER

D/CoverUI ( 4020): applyHeight h = -1, oc = false, ex = true, fa = false, ac = false, sc = false

I/CenterBarWindow(16431): drawCenterBar : positionX = 720, positionY = 1280

I/CenterBarWindow(16431): setImageToImageView

V/Vibrator( 3535): Called cancel() API - PUID: 1000, PackageName: android

D/PhoneStatusBar( 4020): disable: < expand icons alerts system_info back home recent clock search >

D/RestrictionPolicy( 3535): isStatusBarExpansionAllowedAsUser : true, userId = 0

D/InputDispatcher( 3535): Focus left window: 4536

D/InputDispatcher( 3535): Focus entered window: 4020

D/PointerIcon( 3535): setMouseIconStyle1 pointerType: 1001 iconType:101 flag:0 pid:3535 uid:1000

D/PointerIcon( 3535): setMouseCustomIcon IconType is same.101

D/mali_winsys( 4020): new_window_surface returns 0x3000,  [1440x2560]-format:1

W/SearchService( 4734): Abort, client detached.

I/MicroDetector( 4734): Keeping mic open: false

I/MicrophoneInputStream( 4734): mic_close com.google.android.apps.gsa.speech.audio.aa@3fd6b0a5

I/AudioPolicyManager( 3006): stopInput() input 2592

I/MicroRecognitionRnrImpl( 4734): Stopping hotword detection.

I/MicroRecognitionRnrImpl( 4734): Detection finished

I/audio_hw_primary( 3006): do_in_standby : in->standby 0

V/audio_hw_primary( 3006): select_devices output_scenario:0 input_scenario:-1 out_snd_device 0x2 in_snd_device:0x0

I/audio_route( 3006): 

I/audio_route( 3006): > audio_route_reset :

I/audio_route( 3006): 

I/audio_route( 3006): > audio_route_apply_path : "media-speaker"

V/audio_hw_primary( 3006): select_devices() output_route "media-speaker" 

I/audio_route( 3006): 

I/audio_route( 3006): > audio_route_apply_path : "gain-media-speaker"

V/audio_hw_primary( 3006): select_devices() output_gain "gain-media-speaker" 

I/audio_route( 3006): 

I/audio_route( 3006): > audio_route_update_mixer : +

I/audio_route( 3006): > audio_route_update_mixer : changed(5) -

I/audio_hw_primary( 3006): select_devices - 

V/audio_hw_primary( 3006): stop_voice_note_recording

E/audio_hw_primary( 3006): adev_close_input_stream, set jack_in to null

E/KioskModeService( 3535): There's no matched data

D/PhoneStatusBar( 4020): updateQSpanelHeight: 384 height:608

D/PanelView( 4020): flingSettings mQsMin:788 mQsMax:788 mQsEx:788.0mQsPeek:608

D/StatusBar-QSPanel( 4020): onLayout left:16 top:0 record.row:0

D/StatusBar-QSPanel( 4020): onLayout left:300 top:0 record.row:0

D/StatusBar-QSPanel( 4020): onLayout left:584 top:0 record.row:0

D/StatusBar-QSPanel( 4020): onLayout left:868 top:0 record.row:0

D/StatusBar-QSPanel( 4020): onLayout left:1152 top:0 record.row:0

D/InputReader( 3535): Input event(5): value=0 when=32331014714000

D/InputReader( 3535): Input event(5): value=0 when=32331014714000

I/InputReader( 3535): Touch event's action is 0x1 (deviceType=0) [pCnt=1, s=] when=32331014714000

I/InputDispatcher( 3535): Delivering touch to (4020): action: 0x1, toolType: 1

D/PanelView( 4020): mClearAll.setVisibility - mIsFullyOpened : false isShade : true mHasNotification : true mIsUpwardFling : false mQsFullyExpanded : true isShadeLocked : false mClearAllVisible : false

D/PanelView( 4020): mClearAll.setVisibility - mIsFullyOpened : false isShade : true mHasNotification : true mIsUpwardFling : false mQsFullyExpanded : true isShadeLocked : false mClearAllVisible : false

D/PanelView( 4020): mClearAll.setVisibility - mIsFullyOpened : false isShade : true mHasNotification : true mIsUpwardFling : false mQsFullyExpanded : true isShadeLocked : false mClearAllVisible : false

D/PanelView( 4020): mClearAll.setVisibility - mIsFullyOpened : false isShade : true mHasNotification : true mIsUpwardFling : false mQsFullyExpanded : true isShadeLocked : false mClearAllVisible : false

D/PanelView( 4020): mClearAll.setVisibility - mIsFullyOpened : false isShade : true mHasNotification : true mIsUpwardFling : false mQsFullyExpanded : true isShadeLocked : false mClearAllVisible : false

I/HINT_SpayQuickPayService(31549): hideSimplePay() 

D/PanelView( 4020): mClearAll.setVisibility - mIsFullyOpened : false isShade : true mHasNotification : true mIsUpwardFling : false mQsFullyExpanded : true isShadeLocked : false mClearAllVisible : false

I/SurfaceFlinger( 2986): id=4046 Removed TpayQuickPa (15/15)

I/SurfaceFlinger( 2986): id=4046 Removed TpayQuickPa (-2/15)

D/PanelView( 4020): mClearAll.setVisibility - mIsFullyOpened : false isShade : true mHasNotification : true mIsUpwardFling : false mQsFullyExpanded : true isShadeLocked : false mClearAllVisible : false

I/CenterBarWindow(16431): Remove drag and drop center bar image

I/CenterBarWindow(16431): drawCenterBar : positionX = 720, positionY = 1280

I/CenterBarWindow(16431): setImageToImageView

E/KioskModeService( 3535): There's no matched data

D/PhoneStatusBar( 4020): updateQSpanelHeight: 384 height:608

D/PanelView( 4020): flingSettings mQsMin:788 mQsMax:788 mQsEx:788.0mQsPeek:608

D/PanelView( 4020): mClearAll.setVisibility - mIsFullyOpened : true isShade : true mHasNotification : true mIsUpwardFling : false mQsFullyExpanded : true isShadeLocked : false mClearAllVisible : false

D/PanelView( 4020): mClearAll.setVisibility - mIsFullyOpened : true isShade : true mHasNotification : true mIsUpwardFling : false mQsFullyExpanded : true isShadeLocked : false mClearAllVisible : false

D/PanelView( 4020): mClearAll.setVisibility - mIsFullyOpened : true isShade : true mHasNotification : true mIsUpwardFling : false mQsFullyExpanded : true isShadeLocked : false mClearAllVisible : false

D/PanelView( 4020): mClearAll.setVisibility - mIsFullyOpened : true isShade : true mHasNotification : true mIsUpwardFling : false mQsFullyExpanded : true isShadeLocked : false mClearAllVisible : false

D/PanelView( 4020): mClearAll.setVisibility - mIsFullyOpened : true isShade : true mHasNotification : true mIsUpwardFling : false mQsFullyExpanded : true isShadeLocked : false mClearAllVisible : false

D/PanelView( 4020): mClearAll.setVisibility - mIsFullyOpened : true isShade : true mHasNotification : true mIsUpwardFling : false mQsFullyExpanded : true isShadeLocked : false mClearAllVisible : false

D/PanelView( 4020): mClearAll.setVisibility - mIsFullyOpened : true isShade : true mHasNotification : true mIsUpwardFling : false mQsFullyExpanded : true isShadeLocked : false mClearAllVisible : false

D/StatusBar.NetworkController( 4020): refreshViews connected={ wifi } level=4 combinedSignalIconId=0x7f020562/com.android.systemui:drawable/stat_sys_wifi_signal_4 mobileLabel=T-Mobile wifiLabel="Buster2" emergencyOnly=false combinedLabel="Buster2" mAirplaneMode=false mDataActivity=4 mPhoneSignalIconId=0x7f020695/com.android.systemui:drawable/tw_stat_sys_5_level_signal_4_auto_rotate mQSPhoneSignalIconId=0x7f020116/com.android.systemui:drawable/ic_qs_signal_4 mDataDirectionIconId=0x0/(null) mDataSignalIconId=0x7f020695/com.android.systemui:drawable/tw_stat_sys_5_level_signal_4_auto_rotate mDataTypeIconId=0x7f020346/com.android.systemui:drawable/stat_sys_data_connected_lte_tmo mQSDataTypeIconId=0x0/(null) mNoSimIconId=0x0/(null) mWifiIconId=0x7f020562/com.android.systemui:drawable/stat_sys_wifi_signal_4 mQSWifiIconId=0x7f02012c/com.android.systemui:drawable/ic_qs_wifi_4 mWifiActivityIconId=0x7f020519/com.android.systemui:drawable/stat_sys_signal_no_inout mBluetoothTetherIconId=0x7f02053f/com.android.systemui:drawable/stat_sys_tether_bluetooth

D/STATUSBAR-WifiTile( 4020): onWifiSignalChanged enabled=true enabledDesc:"Buster2"

D/StatusBar.NetworkController( 4020): refreshNwBoosterIndicator - setNWBoosterIndicators(false)

D/StatusBar.NetworkController( 4020): applyTMO

D/StatusBar.NetworkController( 4020): refreshNwBoosterIndicator - setNWBoosterIndicators(false)

D/StatusBar.NetworkController( 4020): applyTMO

D/StatusBar.NetworkController( 4020): refreshNwBoosterIndicator - setNWBoosterIndicators(false)

D/StatusBar.NetworkController( 4020): applyTMO

D/StatusBar.NetworkController( 4020): refreshNwBoosterIndicator - setNWBoosterIndicators(false)

D/StatusBar.NetworkController( 4020): applyTMO

D/InputReader( 3535): Input event(5): value=1 when=32332132510000

D/InputReader( 3535): Input event(5): value=1 when=32332132510000

I/InputReader( 3535): Touch event's action is 0x0 (deviceType=0) [pCnt=1, s=0.5632 ] when=32332132510000

D/InputReader( 3535): lastThreadEndTime = 32331015002243, currentThreadStartTime = 32331015007784, diff = 0

I/InputDispatcher( 3535): Delivering touch to (4020): action: 0x0, toolType: 1

D/ViewRootImpl( 4020): ViewPostImeInputStage ACTION_DOWN

I/Mms/MmsApp( 2894):  start initViewCache mms

D/Mms/ComposeMessageFragment( 2894): [start]    fillCache consume time = 1981.101793

D/Mms/ComposeMessageFragment( 2894): fillCache, easy = false

D/InputReader( 3535): Input event(5): value=0 when=32332229396000

D/InputReader( 3535): Input event(5): value=0 when=32332229396000

I/InputReader( 3535): Touch event's action is 0x1 (deviceType=0) [pCnt=1, s=] when=32332229396000

I/InputDispatcher( 3535): Delivering touch to (4020): action: 0x1, toolType: 1

V/AudioService( 3535): AudioService playSoundEffect Type : 0, volume : -1.0

V/AudioService( 3535): received MSG_PLAY_SOUND_EFFECT onPlaySoundEffect start

W/AudioPolicyIntefaceImpl( 3006): Skipped to add effects on session 2593

I/AudioPolicyManager( 3006): startOutput() output 4, stream 1, session 2593

I/AudioPolicyManager( 3006): changeRefCount() stream 1, count 1

I/AudioPolicyManager( 3006): setOutputDevice() setting same device 0002 or null device for output 4

D/SecContentProvider2( 3535): uri = 20 selection = isWifiStateChangeAllowed

D/SecContentProvider2( 3535): mCursor = null

D/SecContentProvider( 3535): uri = 18 selection = isWifiEnabled

D/SecContentProvider( 3535): uri = 17 selection = isSettingsChangesAllowed

D/SecContentProvider( 3535): uri = 18 selection = isWifiEnabled

D/SecContentProvider2( 3535): uri = 20 selection = isWifiStateChangeAllowed

D/SecContentProvider2( 3535): mCursor = null

D/SettingsProvider( 3535): name = wifi_on

D/STATUSBAR-WifiTile( 4020): onClick setWifiEnabled

I/AudioPolicyManager( 3006): stopOutput() output 4, stream 1, session 2593

I/AudioPolicyManager( 3006): changeRefCount() stream 1, count 0

I/AudioPolicyManager( 3006): setOutputDevice() setting same device 0000 or null device for output 4

D/WifiNative-wlan0( 3535): callSECApiVoid - ID [211]

E/WifiStateMachine( 3535): WifiStateMachine: Leaving Connected state

I/wpa_supplicant( 3939): reset timer : RESET_TIMER 0

I/wpa_supplicant( 3939): wlan0: Setting scan request: 0 sec 0 usec

I/wpa_supplicant( 3939): P2P: Current p2p state = IDLE

I/wpa_supplicant( 3939): Scan requested (ret=0) - scan timeout 30 seconds

D/WifiStateMachine( 3535): isPackageRunning - top:com.sec.android.app.launcher.activities.LauncherActivity

E/WifiConfigStore( 3535): saveWifiConfigBSSID Setting BSSID for "Buster2"WPA_PSK to any

D/StatusBar-QSPanel( 4020): onLayout left:16 top:0 record.row:0

D/StatusBar-QSPanel( 4020): onLayout left:300 top:0 record.row:0

D/StatusBar-QSPanel( 4020): onLayout left:584 top:0 record.row:0

D/StatusBar-QSPanel( 4020): onLayout left:868 top:0 record.row:0

D/StatusBar-QSPanel( 4020): onLayout left:1152 top:0 record.row:0

I/WfcConnectivityReceiver( 4714): onReceive(): action=WifiManager.RSSI_CHANGED_ACTION

D/CommandListener( 2998): Clearing all IP addresses on wlan0

I/WfcConnectivityReceiver( 4714): notifyRssiChange(): rssi=-41, WifiManager.getRssi()= -41

I/WfcConnectivityReceiver( 4714): notifyRssiChange(): networkInfo=[type: WIFI[] - WIFI, state: CONNECTED/CONNECTED, reason: (unspecified), extra: "Buster2", roaming: false, failover: false, isAvailable: true, isConnectedToProvisioningNetwork: false]

D/WfcConnectivityReceiver( 4714): parseWifiConnectivity(): connected=true

D/StatusBar.NetworkController( 4020): refreshViews connected={ wifi } level=4 combinedSignalIconId=0x7f020562/com.android.systemui:drawable/stat_sys_wifi_signal_4 mobileLabel=T-Mobile wifiLabel="Buster2" emergencyOnly=false combinedLabel="Buster2" mAirplaneMode=false mDataActivity=4 mPhoneSignalIconId=0x7f020695/com.android.systemui:drawable/tw_stat_sys_5_level_signal_4_auto_rotate mQSPhoneSignalIconId=0x7f020116/com.android.systemui:drawable/ic_qs_signal_4 mDataDirectionIconId=0x0/(null) mDataSignalIconId=0x7f020695/com.android.systemui:drawable/tw_stat_sys_5_level_signal_4_auto_rotate mDataTypeIconId=0x7f020346/com.android.systemui:drawable/stat_sys_data_connected_lte_tmo mQSDataTypeIconId=0x0/(null) mNoSimIconId=0x0/(null) mWifiIconId=0x7f020562/com.android.systemui:drawable/stat_sys_wifi_signal_4 mQSWifiIconId=0x7f02012c/com.android.systemui:drawable/ic_qs_wifi_4 mWifiActivityIconId=0x7f020519/com.android.systemui:drawable/stat_sys_signal_no_inout mBluetoothTetherIconId=0x7f02053f/com.android.systemui:drawable/stat_sys_tether_bluetooth

D/STATUSBAR-WifiTile( 4020): onWifiSignalChanged enabled=true enabledDesc:"Buster2"

D/StatusBar.NetworkController( 4020): refreshNwBoosterIndicator - setNWBoosterIndicators(false)

D/StatusBar.NetworkController( 4020): applyTMO

D/StatusBar.NetworkController( 4020): refreshNwBoosterIndicator - setNWBoosterIndicators(false)

D/StatusBar.NetworkController( 4020): applyTMO

D/StatusBar.NetworkController( 4020): refreshNwBoosterIndicator - setNWBoosterIndicators(false)

D/StatusBar.NetworkController( 4020): applyTMO

D/StatusBar.NetworkController( 4020): refreshNwBoosterIndicator - setNWBoosterIndicators(false)

D/StatusBar.NetworkController( 4020): applyTMO

D/WfcConnectivityReceiver( 4714): calculateRssi(): rssi=-41

D/WfcConnectivityReceiver( 4714): calculateRssi(): returning CONNECTED_ROVE_IN

D/WfcConnectivityReceiver( 4714): parseWifiConnectivity(): do not update wifi-state to controller. Same as before CONNECTED_ROVE_IN

V/NativeCrypto( 4845): Read error: ssl=0x7f8fcead00: I/O error during system call, Connection timed out

E/ConnectivityService( 3535): updateNetworkInfo()

E/ConnectivityService( 3535): updateNetworkInfo()

E/WifiConfigStore( 3535): saveWifiConfigBSSID Setting BSSID for "Buster2"WPA_PSK to any

V/NativeCrypto( 4845): SSL shutdown failed: ssl=0x7f8fcead00: I/O error during system call, Broken pipe

I/WifiTrafficPoller( 3535): evaluateTrafficStatsPolling

D/AbsListView( 2894): Get MotionRecognitionManager

E/SPPClientService(26902): [e] Push Channel Exception : java.net.SocketException: recvfrom failed: ETIMEDOUT (Connection timed out)

D/EPDG -- [EPDGService]( 3535): Wifi is disconnected

D/EPDG -- [SMARTWIFI]( 3535): stopProfiling called

D/EPDG -- [EpdgServerSelection]( 3535): resetEpdgServerIpAddressAndPool: reason is: WIFI_DISCONNECT

D/EPDG -- [EPDGService]( 3535): Moving all PDN's from wifi

D/EPDG -- [UTILS]( 3535): isWifiSettingOn() returning wifi.isWifiEnabled(): true

I/WfcConnectivityReceiver( 4714): onReceive(): action=WifiManager.NETWORK_STATE_CHANGED_ACTION

D/WfcConnectivityReceiver( 4714): notifyNetworkStateChange(): networkInfo=[type: WIFI[] - WIFI, state: DISCONNECTED/DISCONNECTED, reason: (unspecified), extra: <unknown ssid>, roaming: false, failover: false, isAvailable: true, isConnectedToProvisioningNetwork: false], isConnected=false

D/WfcConnectivityReceiver( 4714): processConnectivity(): connected=false, type=1

D/WfcConnectivityReceiver( 4714): parseWifiConnectivity(): connected=false

D/NetworkMonitor/NetworkAgentInfo [WIFI () - 518]( 3535): ValidatedState{ when=0 what=532488 arg1=10017 target=com.android.internal.util.StateMachine$SmHandler }

D/NetworkMonitor/NetworkAgentInfo [WIFI () - 518]( 3535): DefaultState{ when=0 what=532488 arg1=10017 target=com.android.internal.util.StateMachine$SmHandler }

D/NetworkMonitor/NetworkAgentInfo [WIFI () - 518]( 3535): Forcing reevaluation

D/NetworkMonitor/NetworkAgentInfo [WIFI () - 518]( 3535): EvaluatingState{ when=0 what=532486 arg1=3 target=com.android.internal.util.StateMachine$SmHandler }

D/NetworkMonitor/NetworkAgentInfo [WIFI () - 518]( 3535): Validated

D/WifiScanningService( 3535): SCAN_AVAILABLE : 1

D/WfcService( 4714): updateWifiState(): wifiState=DISCONNECTED

D/WifiScanningService( 3535): DefaultState got{ when=-3ms what=160007 target=com.android.internal.util.StateMachine$SmHandler }

D/RttService( 3535): SCAN_AVAILABLE : 1

D/RttService( 3535): EnabledState got{ when=-1ms what=160513 target=com.android.internal.util.StateMachine$SmHandler }

E/SPPClientService(26902): [e] exceptionCaught(). NET_TIMEOUT

D/WifiNetworkAgent( 3535): NetworkAgent: NetworkAgent channel lost

D/NtpTrustedTime( 3535): currentTimeMillis() cache hit

D/NetworkStatsFactory( 3535): UpdateStatsForKnox updated

D/NetworkStatsFactory( 3535): UpdateStatsForKnox main else ---

D/EPDG -- [EPDGService]( 3535): getIsAirplaneMode: returning: false

D/EPDG -- [EPDGService]( 3535): Wifi Setting on

D/EPDG -- [EPDGService]( 3535): isAnyPdnConnectedOverWifi: returning result: false

D/EPDG -- [EPDGService]( 3535): IMS PDN not connected when wifi off

D/EPDG -- [EPDGService]( 3535): getIsAirplaneMode: returning: false

I/EPDG -- [EPDG-->RIL]( 3535): SEND NET REGISTER -- EPDG NOT AVAILABLE

D/EPDG -- [NETIPCMESSAGE]( 3535): encodeNetRegist

D/EPDG -- [UTILS]( 3535): isUSerBinary: true

D/EPDG -- [IPCDISPATCHER]( 3535): [Tx]: Main: IPC_NET_CMD Sub: IPC_NET_REGIST Cmd Type: IPC_CMD_NOTI

D/EPDG -- [IPCDISPATCHER]( 3535): [Tx]: Param: 30 03 01 00 00 00 00 00 00 00 00 00 00 

D/EPDG -- [MODEM]( 3535): EpdgModem instance already exists !

D/EPDG -- [EPDGService]( 3535): Send EPDG Not Available broadcast : EXTRA_WEAK_WIFI 0

D/EPDG -- [MODEM]( 3535): Successfully written to RIL

D/WfcController( 4714): processWifiState(): Change in WifiState: new state=DISCONNECTED

D/WfcController( 4714): processWifiState(): cancel all notification due to WiFi disconnection

D/WfcNotificationHelper( 4714): cancelNotification()

D/NtpTrustedTime( 3535): currentTimeMillis() cache hit

D/EPDG -- [EPDGService]( 3535): Wifi connected: false, Ssid changed: false

D/EPDG -- ThrottleController( 3535): handleWifiDisconnected.

D/EPDG -- [EPDGService]( 3535): Send Wifi status changed event to State Machines

D/EPDG -- [IPSECDATACONNSM]( 3535): SM Current Statecom.sec.epdg.IPSecDataConnSM$InactiveState@1c1e6658 Message:WIFI_STATUS_CHANGED

D/EPDG -- [IPSECDATACONNSM]( 3535): SM Current Statecom.sec.epdg.IPSecDataConnSM$InactiveState@13707f0f Message:WIFI_STATUS_CHANGED

D/EPDG -- [IPSECDATACONNSM]( 3535): SM Current Statecom.sec.epdg.IPSecDataConnSM$InactiveState@3de945d2 Message:WIFI_STATUS_CHANGED

D/EPDG -- [IPSECDATACONNSM]( 3535): SM Current Statecom.sec.epdg.IPSecDataConnSM$InactiveState@28fdbe91 Message:WIFI_STATUS_CHANGED

D/EPDG -- [IPSECDATACONNSM]( 3535): SM Current Statecom.sec.epdg.IPSecDataConnSM$InactiveState@150057fc Message:WIFI_STATUS_CHANGED

D/EPDG -- [IPSECDATACONNSM]( 3535): SM Current Statecom.sec.epdg.IPSecDataConnSM$InactiveState@3cf27283 Message:WIFI_STATUS_CHANGED

D/EPDG -- [IPSECDATACONNSM]( 3535): SM Current Statecom.sec.epdg.IPSecDataConnSM$InactiveState@34083356 Message:WIFI_STATUS_CHANGED

D/EPDG -- [IPSECDATACONNSM]( 3535): SM Current Statecom.sec.epdg.IPSecDataConnSM$InactiveState@64c4ceb Message:WIFI_STATUS_CHANGED

D/WfcController( 4714): isRadioConnected(): radio is connected

D/WfcController( 4714): checkAndUpdateLowSignal(): !isRadioConnected()=false, (mWfcControlState.mWifiState == WifiStates.DISCONNECTED)=true, mWifiManager.isWifiEnabled()=true

D/WfcController( 4714): isRadioConnected(): radio is connected

D/WfcController( 4714): checkAndUpdateLowSignal(): Broadcast NOT in low signal

D/WfcController( 4714): checkAndUpdateLowSignal(): Broadcast nothing changed

D/WfcController( 4714): processWifiState(): Wifi is DISCONNECTED: wifiState=DISCONNECTED

D/WfcController( 4714): handleWifiDisconnectedState()

D/WfcController( 4714): unregisterOnlyIfRegistered(): isError=false, registrationStateSummaryResId=2131165209

D/WfcController( 4714): unregisterOnlyIfRegistered(): Resetting mAtomicReg.

D/WfcRegistrationStateListener( 4714): isManualRegisterPending(): mManualRegisterPending.get()=false

D/WfcController( 4714): Resetting Blocked registration and registeration events

D/Mms/ComposeMessageFragment( 2894): [end]    fillCache consume time = 313.669791

D/EPDG -- [MODEM]( 3535): message length is  9

D/EPDG -- [MODEM]( 3535): countRead is 7 offset is 7remaining is 0

D/EPDG -- EpdgIpcMessageFactory( 3535): ipcMainCmd: 8

D/EPDG -- [UTILS]( 3535): isUSerBinary: true

D/EPDG -- [RILRECEIVER]( 3535): [Rx]: Main: IPC_NET_CMD Sub: IPC_NET_REGIST

D/EPDG -- [RILRECEIVER]( 3535): [Rx]: Param: FF 03 

I/EPDG -- [RILRECEIVER]( 3535): RX [NET_REGIST] -- RESPONSE -- EPDG NOT AVAILABLE

D/EPDG -- [NETIPCMESSAGE]( 3535): encodeNetRegist

D/EPDG -- [UTILS]( 3535): isUSerBinary: true

E/WifiStateMachine( 3535): BroadcastReceiver : WIFI_P2P_STATE_CHANGED_ACTION is : android.net.wifi.p2p.STATE_CHANGED

D/EPDG -- [IPCDISPATCHER]( 3535): [Tx]: Main: IPC_NET_CMD Sub: IPC_NET_REGIST Cmd Type: IPC_CMD_RESP

D/EPDG -- [IPCDISPATCHER]( 3535): [Tx]: Param: 30 03 01 00 00 00 00 00 00 00 00 00 00 

D/EPDG -- [MODEM]( 3535): EpdgModem instance already exists !

D/EPDG -- [MODEM]( 3535): Successfully written to RIL

D/EPDG -- [EPDGService]( 3535): Event received: RIL_EPDG_STATUS_QUERY

D/EPDG -- [EPDGService]( 3535): handleMessage: cid - 1

D/EPDG -- [EPDGService]( 3535): movePdnFromWifi()

D/StatusBar.NetworkController( 4020): Nothing, mRoamingIconId = 0

D/StatusBar.NetworkController( 4020): refreshViews connected={ } level=4 combinedSignalIconId=0x7f020695/com.android.systemui:drawable/tw_stat_sys_5_level_signal_4_auto_rotate mobileLabel=T-Mobile wifiLabel= emergencyOnly=false combinedLabel=No Internet connection mAirplaneMode=false mDataActivity=4 mPhoneSignalIconId=0x7f020695/com.android.systemui:drawable/tw_stat_sys_5_level_signal_4_auto_rotate mQSPhoneSignalIconId=0x7f020116/com.android.systemui:drawable/ic_qs_signal_4 mDataDirectionIconId=0x0/(null) mDataSignalIconId=0x7f020695/com.android.systemui:drawable/tw_stat_sys_5_level_signal_4_auto_rotate mDataTypeIconId=0x0/(null) mQSDataTypeIconId=0x0/(null) mNoSimIconId=0x0/(null) mWifiIconId=0x7f020556/com.android.systemui:drawable/stat_sys_wifi_signal_0 mQSWifiIconId=0x7f020134/com.android.systemui:drawable/ic_qs_wifi_no_network mWifiActivityIconId=0x7f020519/com.android.systemui:drawable/stat_sys_signal_no_inout mBluetoothTetherIconId=0x7f02053f/com.android.systemui:drawable/stat_sys_tether_bluetooth

D/STATUSBAR-WifiTile( 4020): onWifiSignalChanged enabled=true enabledDesc:null

D/StatusBar.NetworkController( 4020): refreshNwBoosterIndicator - setNWBoosterIndicators(false)

D/NtpTrustedTime( 3535): currentTimeMillis() cache hit

D/SettingsProvider( 3535): User 0 external modification to /data/data/com.android.providers.settings/databases/settings.db; event=8

D/EnterpriseDeviceManagerService( 3535): isManagedProfileUser(): userId = 0

D/SettingsProvider( 3535): User 0 updating our caches for /data/data/com.android.providers.settings/databases/settings.db

D/StatusBar.NetworkController( 4020): applyTMO

D/StatusBar.NetworkController( 4020): No Data Icon

D/StatusBar.NetworkController( 4020): refreshNwBoosterIndicator - setNWBoosterIndicators(false)

D/StatusBar.NetworkController( 4020): applyTMO

D/StatusBar.NetworkController( 4020): No Data Icon

D/StatusBar.NetworkController( 4020): refreshNwBoosterIndicator - setNWBoosterIndicators(false)

D/StatusBar.NetworkController( 4020): applyTMO

D/StatusBar.NetworkController( 4020): No Data Icon

D/StatusBar.NetworkController( 4020): refreshNwBoosterIndicator - setNWBoosterIndicators(false)

D/StatusBar.NetworkController( 4020): applyTMO

D/StatusBar.NetworkController( 4020): No Data Icon

D/WfcController( 4714): unregisterOnlyIfRegistered(): isRegistrationPending = false, reg.state = NOT_REGISTERED

D/EnterpriseDeviceManagerService( 3535): isManagedProfileUser(): userId = 0

D/CommandListener( 2998): Clearing all IP addresses on wlan0

D/SettingsProvider( 3535): row count exceeds max cache entries for table system

D/NetworkMonitor/NetworkAgentInfo [WIFI () - 518]( 3535): ValidatedState{ when=-1ms what=532487 target=com.android.internal.util.StateMachine$SmHandler }

D/ConnectivityManager.CallbackHandler( 4020): CM callback handler got msg 524292

D/ConnectivityManager.CallbackHandler(19485): CM callback handler got msg 524292

D/WIFI_P2P( 3535): evalRequest evalRequest  = NetworkRequest [ id=1, legacyType=-1, [ Capabilities: INTERNET&NOT_RESTRICTED&TRUSTED&NOT_VPN] ] n.requested= false

I/WifiTrafficPoller( 3535): evaluateTrafficStatsPolling

E/SPPClientService(26902): [e] exceptionCaught(). if case. But because of NoActive signal. ignore.

D/WfcController( 4714): updateNotification(): block WFC notification during disconnected Wifi

D/WfcNotificationHelper( 4714): cancelNotification()

D/EntConnectivity( 3535): Not allowed due to - mEnabled false

I/WfcConnectivityReceiver( 4714): onReceive(): action=WifiManager.RSSI_CHANGED_ACTION

I/WfcConnectivityReceiver( 4714): notifyRssiChange(): rssi=-127, WifiManager.getRssi()= -127

D/InputReader( 3535): Input event(5): value=1 when=32332614628000

D/InputReader( 3535): Input event(5): value=1 when=32332614628000

I/InputReader( 3535): Touch event's action is 0x0 (deviceType=0) [pCnt=1, s=0.5633 ] when=32332614628000

D/InputReader( 3535): lastThreadEndTime = 32332229560077, currentThreadStartTime = 32332229562535, diff = 0

I/InputDispatcher( 3535): Delivering touch to (4020): action: 0x0, toolType: 1

E/CII     ( 3990): IMSConnectivityManager MOBILE_INET [DISCONNECTED] Since (16:08:02.211) MOBILE_IMS [CONNECTED] Since (12:37:21.917) WIFI [DISCONNECTED] Since (16:31:53.976): changeState : Already In State [3]

D/EPDG -- [EPDGService]( 3535): Wifi is disconnected

D/EPDG -- [SMARTWIFI]( 3535): stopProfiling called

D/EPDG -- [EpdgServerSelection]( 3535): resetEpdgServerIpAddressAndPool: reason is: WIFI_DISCONNECT

D/EPDG -- [EPDGService]( 3535): Moving all PDN's from wifi

D/EPDG -- [UTILS]( 3535): isWifiSettingOn() returning wifi.isWifiEnabled(): true

D/StatusBar.NetworkController( 4020): Nothing, mRoamingIconId = 0

D/StatusBar.NetworkController( 4020): refreshViews connected={ } level=4 combinedSignalIconId=0x7f020695/com.android.systemui:drawable/tw_stat_sys_5_level_signal_4_auto_rotate mobileLabel=T-Mobile wifiLabel= emergencyOnly=false combinedLabel=No Internet connection mAirplaneMode=false mDataActivity=4 mPhoneSignalIconId=0x7f020695/com.android.systemui:drawable/tw_stat_sys_5_level_signal_4_auto_rotate mQSPhoneSignalIconId=0x7f020116/com.android.systemui:drawable/ic_qs_signal_4 mDataDirectionIconId=0x0/(null) mDataSignalIconId=0x7f020695/com.android.systemui:drawable/tw_stat_sys_5_level_signal_4_auto_rotate mDataTypeIconId=0x0/(null) mQSDataTypeIconId=0x0/(null) mNoSimIconId=0x0/(null) mWifiIconId=0x7f020556/com.android.systemui:drawable/stat_sys_wifi_signal_0 mQSWifiIconId=0x7f020134/com.android.systemui:drawable/ic_qs_wifi_no_network mWifiActivityIconId=0x7f020519/com.android.systemui:drawable/stat_sys_signal_no_inout mBluetoothTetherIconId=0x7f02053f/com.android.systemui:drawable/stat_sys_tether_bluetooth

D/STATUSBAR-WifiTile( 4020): onWifiSignalChanged enabled=true enabledDesc:null

D/StatusBar.NetworkController( 4020): refreshNwBoosterIndicator - setNWBoosterIndicators(false)

D/StatusBar.NetworkController( 4020): applyTMO

D/StatusBar.NetworkController( 4020): No Data Icon

D/StatusBar.NetworkController( 4020): refreshNwBoosterIndicator - setNWBoosterIndicators(false)

D/StatusBar.NetworkController( 4020): applyTMO

D/StatusBar.NetworkController( 4020): No Data Icon

D/StatusBar.NetworkController( 4020): refreshNwBoosterIndicator - setNWBoosterIndicators(false)

D/StatusBar.NetworkController( 4020): applyTMO

D/StatusBar.NetworkController( 4020): No Data Icon

D/StatusBar.NetworkController( 4020): refreshNwBoosterIndicator - setNWBoosterIndicators(false)

D/StatusBar.NetworkController( 4020): applyTMO

D/StatusBar.NetworkController( 4020): No Data Icon

D/EPDG -- [EPDGService]( 3535): getIsAirplaneMode: returning: false

D/EPDG -- [EPDGService]( 3535): Wifi Setting on

D/EPDG -- [EPDGService]( 3535): isAnyPdnConnectedOverWifi: returning result: false

D/EPDG -- [EPDGService]( 3535): IMS PDN not connected when wifi off

D/EPDG -- [EPDGService]( 3535): getIsAirplaneMode: returning: false

I/EPDG -- [EPDG-->RIL]( 3535): SEND NET REGISTER -- EPDG NOT AVAILABLE

D/EPDG -- [NETIPCMESSAGE]( 3535): encodeNetRegist

D/EPDG -- [UTILS]( 3535): isUSerBinary: true

D/ViewRootImpl( 4020): ViewPostImeInputStage ACTION_DOWN

D/EPDG -- [IPCDISPATCHER]( 3535): [Tx]: Main: IPC_NET_CMD Sub: IPC_NET_REGIST Cmd Type: IPC_CMD_NOTI

D/EPDG -- [IPCDISPATCHER]( 3535): [Tx]: Param: 30 03 01 00 00 00 00 00 00 00 00 00 00 

D/EPDG -- [MODEM]( 3535): EpdgModem instance already exists !

D/EPDG -- [EPDGService]( 3535): Send EPDG Not Available broadcast : EXTRA_WEAK_WIFI 0

D/EPDG -- [MODEM]( 3535): Successfully written to RIL

D/Tethering( 3535): Tethering got CONNECTIVITY_ACTION_IMMEDIATE

D/GpsLocationProvider( 3535): receive broadcast intent, action: android.net.conn.CONNECTIVITY_CHANGE_IMMEDIATE

D/Tethering( 3535): MasterInitialState.processMessage what=3

D/WifiStateMachine( 3535): isPackageRunning - top:com.sec.android.app.launcher.activities.LauncherActivity

D/EPDG -- [EPDGService]( 3535): Wifi connected: false, Ssid changed: false

D/EPDG -- ThrottleController( 3535): handleWifiDisconnected.

D/EPDG -- [EPDGService]( 3535): Send Wifi status changed event to State Machines

D/EPDG -- [IPSECDATACONNSM]( 3535): SM Current Statecom.sec.epdg.IPSecDataConnSM$InactiveState@1c1e6658 Message:WIFI_STATUS_CHANGED

I/wpa_supplicant( 3939): p2p0: State: DISCONNECTED -> DISCONNECTED

D/EPDG -- [IPSECDATACONNSM]( 3535): SM Current Statecom.sec.epdg.IPSecDataConnSM$InactiveState@13707f0f Message:WIFI_STATUS_CHANGED

D/EPDG -- [IPSECDATACONNSM]( 3535): SM Current Statecom.sec.epdg.IPSecDataConnSM$InactiveState@3de945d2 Message:WIFI_STATUS_CHANGED

D/EPDG -- [IPSECDATACONNSM]( 3535): SM Current Statecom.sec.epdg.IPSecDataConnSM$InactiveState@28fdbe91 Message:WIFI_STATUS_CHANGED

D/EPDG -- [IPSECDATACONNSM]( 3535): SM Current Statecom.sec.epdg.IPSecDataConnSM$InactiveState@150057fc Message:WIFI_STATUS_CHANGED

D/EPDG -- [IPSECDATACONNSM]( 3535): SM Current Statecom.sec.epdg.IPSecDataConnSM$InactiveState@3cf27283 Message:WIFI_STATUS_CHANGED

D/EPDG -- [IPSECDATACONNSM]( 3535): SM Current Statecom.sec.epdg.IPSecDataConnSM$InactiveState@34083356 Message:WIFI_STATUS_CHANGED

D/EPDG -- [IPSECDATACONNSM]( 3535): SM Current Statecom.sec.epdg.IPSecDataConnSM$InactiveState@64c4ceb Message:WIFI_STATUS_CHANGED

D/ConnectivityService( 3535): nai.networkMonitor.doQuit()

D/NetworkMonitor/NetworkAgentInfo [WIFI () - 518]( 3535): doQuit - quitNow()

E/ConnectivityService( 3535): updateNetworkInfo()

E/ConnectivityService( 3535): updateNetworkInfo()

D/WifiStateMachine( 3535): Delete remained route rule which set by WiFi

V/NetworkManagementService( 3535): controlPrivatePacket delete rmnet0 192.168.1.155

I/WfcConnectivityReceiver( 4714): notifyRssiChange(): networkInfo=[type: WIFI[] - WIFI, state: DISCONNECTED/DISCONNECTED, reason: (unspecified), extra: (none), roaming: false, failover: false, isAvailable: true, isConnectedToProvisioningNetwork: false]

D/WfcConnectivityReceiver( 4714): parseWifiConnectivity(): connected=false

D/WfcConnectivityReceiver( 4714): parseWifiConnectivity(): do not update wifi-state to controller. Same as before DISCONNECTED

I/WfcConnectivityReceiver( 4714): onReceive(): action=WifiManager.NETWORK_STATE_CHANGED_ACTION

D/WfcConnectivityReceiver( 4714): notifyNetworkStateChange(): networkInfo=[type: WIFI[] - WIFI, state: DISCONNECTED/DISCONNECTED, reason: (unspecified), extra: <unknown ssid>, roaming: false, failover: false, isAvailable: false, isConnectedToProvisioningNetwork: false], isConnected=false

D/WfcConnectivityReceiver( 4714): processConnectivity(): connected=false, type=1

D/WfcConnectivityReceiver( 4714): parseWifiConnectivity(): connected=false

D/WfcConnectivityReceiver( 4714): parseWifiConnectivity(): do not update wifi-state to controller. Same as before DISCONNECTED

V/NetworkManagementService( 3535): modifyPrivatePacket cmd: com.android.server.NativeDaemonConnector$Command@ac2d5bb

D/ConnectivityManager( 3535): getMobileDataEnabled()+ subId=2

D/WIFI    ( 3535): evalRequest evalRequest  = NetworkRequest [ id=1, legacyType=-1, [ Capabilities: INTERNET&NOT_RESTRICTED&TRUSTED&NOT_VPN] ] n.requested= true

D/SecContentProvider2( 3535): uri = 20 selection = getPromptCredentialsEnabled

D/SecContentProvider2( 3535): mCursor = null

D/EntConnectivity( 3535): Not allowed due to - mEnabled false

E/SPPClientService(26902): [b] SharedConstants.WHAT_PUSH_NETWORK_NOT_AVAILABLE

E/SPPClientService(26902): [b] ResponseMap empty

D/PhoneInterfaceManager( 4516): [PhoneIntfMgr] getDataEnabled: subId=2 phoneId=0

D/StatusBar.NetworkController( 4020): Nothing, mRoamingIconId = 0

D/StatusBar.NetworkController( 4020): refreshViews connected={ } level=4 combinedSignalIconId=0x7f020695/com.android.systemui:drawable/tw_stat_sys_5_level_signal_4_auto_rotate mobileLabel=T-Mobile wifiLabel= emergencyOnly=false combinedLabel=No Internet connection mAirplaneMode=false mDataActivity=4 mPhoneSignalIconId=0x7f020695/com.android.systemui:drawable/tw_stat_sys_5_level_signal_4_auto_rotate mQSPhoneSignalIconId=0x7f020116/com.android.systemui:drawable/ic_qs_signal_4 mDataDirectionIconId=0x0/(null) mDataSignalIconId=0x7f020695/com.android.systemui:drawable/tw_stat_sys_5_level_signal_4_auto_rotate mDataTypeIconId=0x0/(null) mQSDataTypeIconId=0x0/(null) mNoSimIconId=0x0/(null) mWifiIconId=0x7f020556/com.android.systemui:drawable/stat_sys_wifi_signal_0 mQSWifiIconId=0x7f020134/com.android.systemui:drawable/ic_qs_wifi_no_network mWifiActivityIconId=0x7f020519/com.android.systemui:drawable/stat_sys_signal_no_inout mBluetoothTetherIconId=0x7f02053f/com.android.systemui:drawable/stat_sys_tether_bluetooth

D/STATUSBAR-WifiTile( 4020): onWifiSignalChanged enabled=true enabledDesc:null

D/StatusBar.NetworkController( 4020): refreshNwBoosterIndicator - setNWBoosterIndicators(false)

D/StatusBar.NetworkController( 4020): applyTMO

D/StatusBar.NetworkController( 4020): No Data Icon

D/StatusBar.NetworkController( 4020): refreshNwBoosterIndicator - setNWBoosterIndicators(false)

D/StatusBar.NetworkController( 4020): applyTMO

D/StatusBar.NetworkController( 4020): No Data Icon

D/StatusBar.NetworkController( 4020): refreshNwBoosterIndicator - setNWBoosterIndicators(false)

D/StatusBar.NetworkController( 4020): applyTMO

D/StatusBar.NetworkController( 4020): No Data Icon

D/StatusBar.NetworkController( 4020): refreshNwBoosterIndicator - setNWBoosterIndicators(false)

D/StatusBar.NetworkController( 4020): applyTMO

D/StatusBar.NetworkController( 4020): No Data Icon

D/PhoneInterfaceManager( 4516): [PhoneIntfMgr] getDataEnabled: subId=2 retVal=true

I/WfcConnectivityReceiver( 4714): onReceive(): action=ConnectivityManager.CONNECTIVITY_ACTION

D/WfcConnectivityReceiver( 4714): processConnectivity(): connected=false, type=1

D/WfcConnectivityReceiver( 4714): parseWifiConnectivity(): connected=false

D/WfcConnectivityReceiver( 4714): parseWifiConnectivity(): do not update wifi-state to controller. Same as before DISCONNECTED

D/ConnectivityManager( 3535): getMobileDataEnabled()- subId=2 retVal=true

D/EnterprisePremiumVpnPolicyServiceV2( 3535): Vpn Receiver : android.net.conn.CONNECTIVITY_CHANGE

I/EnterprisePremiumVpnPolicyServiceV2( 3535): Vpn Receiver : Connection change = true

I/EnterprisePremiumVpnPolicyServiceV2( 3535): vpn handle : Message received

D/EnterprisePremiumVpnPolicyServiceV2( 3535): vpn handle : connectivity action : Handle MSG CONNECTIVITY_ACTION

E/CII     ( 3990): IMSConnectivityManager MOBILE_INET [DISCONNECTED] Since (16:08:02.211) MOBILE_IMS [CONNECTED] Since (12:37:21.917) WIFI [DISCONNECTED] Since (16:31:53.976): changeState : Already In State [3]

D/KnoxVpnEngineService( 3535): Vpn Receiver : android.net.conn.CONNECTIVITY_CHANGE

D/CellLocationSupport( 3990): onReceive ACTION = android.net.conn.CONNECTIVITY_CHANGE

I/CellLocationSupport( 3990): onCellLocationChanged

I/KnoxVpnEngineService( 3535): vpn handle : Message received

D/KnoxVpnEngineService( 3535): vpn handle : connectivity action : Handle MSG CONNECTIVITY_ACTION. networkDown = true

D/InputReader( 3535): Input event(5): value=0 when=32332679221000

D/InputReader( 3535): Input event(5): value=0 when=32332679221000

I/InputReader( 3535): Touch event's action is 0x1 (deviceType=0) [pCnt=1, s=] when=32332679221000

I/InputDispatcher( 3535): Delivering touch to (4020): action: 0x1, toolType: 1

I/ApplicationPolicy( 3535): updateDataUsageMap

D/PdnController( 3990): isConnected  [false] networktype [1]

D/CellLocationSupport( 3990): Voice over PS indication:1

D/CellLocationSupport( 3990): ignore updating VoPS. already set! value:true

D/TranslatorCollection( 3990): translateToNwkSvcType: networkType XAN_NWK_TYPE_HDR_IMS

E/KioskModeService( 3535): There's no matched data

D/CII     ( 5894): RCS_CONFIG: ConfigService$MessageHandler$Receiver.onReceive,240:android.net.conn.CONNECTIVITY_CHANGE

D/PdnController( 3990): CONNECTIVITY_ACTION: networkType 1 isConnected false

D/PdnController( 3990): isSuspended [false] networktype [1]

I/WfcConnectivityReceiver( 4714): onReceive(): WifiManager.WIFI_STATE_CHANGED_ACTION

D/WfcConnectivityReceiver( 4714): processWifiChanged(): state=0

D/CII     ( 5894): RCS_CONFIG: ConfigService$MessageHandler.handleMessage,104:message :4

D/PdnController( 3990): Notify Result to LocalIP Registrants! : networkType [1] isConnected [false] 

D/NtpTrustedTime( 3535): currentTimeMillis() cache hit

D/CII     ( 5894): RCS_CONFIG: ConfigService$MessageHandler.handleMessage,175:0.MOBILE::DISCONNECTED

D/CII     ( 5894): RCS_CONFIG: ConfigService$MessageHandler.handleMessage,175:1.WIFI::DISCONNECTED

D/CII     ( 5894): RCS_CONFIG: ConfigService$MessageHandler.handleMessage,175:2.MOBILE_MMS::DISCONNECTED

D/CII     ( 5894): RCS_CONFIG: ConfigService$MessageHandler.handleMessage,175:3.MOBILE_SUPL::DISCONNECTED

D/CII     ( 5894): RCS_CONFIG: ConfigService$MessageHandler.handleMessage,175:4.MOBILE_DUN::DISCONNECTED

D/CII     ( 5894): RCS_CONFIG: ConfigService$MessageHandler.handleMessage,175:5.MOBILE_HIPRI::DISCONNECTED

D/CII     ( 5894): RCS_CONFIG: ConfigService$MessageHandler.handleMessage,175:7.BLUETOOTH::DISCONNECTED

D/CII     ( 5894): RCS_CONFIG: ConfigService$MessageHandler.handleMessage,175:10.MOBILE_FOTA::DISCONNECTED

D/CII     ( 5894): RCS_CONFIG: ConfigService$MessageHandler.handleMessage,175:11.MOBILE:LTE:CONNECTED

D/CII     ( 5894): RCS_CONFIG: ConfigService$MessageHandler.handleMessage,175:12.MOBILE_CBS::DISCONNECTED

D/CII     ( 5894): RCS_CONFIG: ConfigService$MessageHandler.handleMessage,175:13.WIFI_P2P::DISCONNECTED

D/CII     ( 5894): RCS_CONFIG: ConfigService$MessageHandler.handleMessage,175:14.MOBILE_IA::DISCONNECTED

D/CII     ( 5894): RCS_CONFIG: ConfigService$MessageHandler.handleMessage,175:17.17::DISCONNECTED

D/ConnectivityManager( 3535): getMobileDataEnabled()+ subId=2

D/PhoneInterfaceManager( 4516): [PhoneIntfMgr] getDataEnabled: subId=2 phoneId=0

D/PhoneInterfaceManager( 4516): [PhoneIntfMgr] getDataEnabled: subId=2 retVal=true

D/ConnectivityManager( 3535): getMobileDataEnabled()- subId=2 retVal=true

I/DBG_FMMDM(28841): [50.20.150615][Line:648][xdmProtoIsWIFIConnected] WiFi DisConnected

D/NetworkChangeNotifierAutoDetect( 4734): Network connectivity changed, type is: 6

I/DBG_FMMDM(28841): [50.20.150615][Line:680][xdmProtoIsMobileDataConnected] Mobile Data DisConnected

I/DBG_FMMDM(28841): [50.20.150615][Line:685][xdmProtoIsMobileDataConnected] Mobile Data Connected : false

I/DBG_FMMDM(28841): [50.20.150615][Line:407][onReceive] ----------- XEVENT_DM_INIT Data disconnected

D/NtpTrustedTime( 3535): currentTimeMillis() cache hit

D/PhoneStatusBar( 4020): updateQSpanelHeight: 384 height:608

D/PanelView( 4020): flingSettings mQsMin:788 mQsMax:788 mQsEx:788.0mQsPeek:608

I/PhoneApp( 4516): WfcRegistrationState:NOT_REGISTERED

D/SettingsProvider( 3535): name = popup_incoming_call

D/SettingsProvider( 3535): edmUri: content://com.sec.knox.provider/RestrictionPolicy3

D/SettingsProvider( 3535): projectionArgs: isSettingsChangesAllowed

D/SettingsProvider( 3535): selectionArgs: false

D/SettingsProvider( 3535): selectionArgs: 1001

D/SecContentProvider( 3535): uri = 17 selection = isSettingsChangesAllowed

D/SettingsProvider( 3535): ret = 1

E/SPPClientService(26902): [[PushClientService]] F:false, D:false, E:false, T:false, S:true, R:false

V/EnterpriseBillingEngine( 3535):  engine - com.android.server.enterprise.billing.EnterpriseBillingEngine@b696c77

V/EnterpriseBillingEngine( 3535): isEnterpriseAPN - Start: fast.t-mobile.com 310 260

V/EnterpriseBillingPolicyStorage( 3535): isEnterpriseAPN Start

I/Hs20UtilService( 9844): Starting #36

I/Hs20UtilService( 9844): Message received 5007

V/EnterpriseBillingPolicyStorage( 3535): isEnterpriseAPN End: false

V/EnterpriseBillingEngine( 3535): isEnterpriseAPN - End: false

I/wpa_supplicant( 3939): Blacklist: Clear (all) 

D/StatusBar.NetworkController( 4020): EthernetConnected: false

D/StatusBar.NetworkController( 4020): getUpdateDataNetType(): 13

I/PhoneApp( 4516): NOT_REGISTERED: gsm_popup_incoming_call is :1

D/StatusBar.NetworkController( 4020): updateTMODataNetType R -false

D/StatusBar.NetworkController( 4020): Nothing, mRoamingIconId = 0

D/StackConfiguration( 3990): Network [XAN_NWK_TYPE_HDR_IMS] svcSetPLANIString(3GPP-E-UTRAN-FDD;utran-cell-id-3gpp=31026059000ca1101)

D/StatusBar.NetworkController( 4020): updateDataIcon, mDataDirectionIconId = (null) mDataConnected = false

D/StatusBar.NetworkController( 4020): updateTelephonySignalStrength: hasService=true ss=SignalStrength: 4 99 -4 -200 -4 -200 -1 6 -105 -5 40 2 2147483647 0x4000 gsm|lte

