D/StatusBar.NetworkController( 4020): refreshViews connected={ data } level=4 combinedSignalIconId=0x7f020695/com.android.systemui:drawable/tw_stat_sys_5_level_signal_4_auto_rotate mobileLabel=T-Mobile wifiLabel= emergencyOnly=false combinedLabel=T-Mobile mAirplaneMode=false mDataActivity=0 mPhoneSignalIconId=0x7f020695/com.android.systemui:drawable/tw_stat_sys_5_level_signal_4_auto_rotate mQSPhoneSignalIconId=0x7f020116/com.android.systemui:drawable/ic_qs_signal_4 mDataDirectionIconId=0x7f02051a/com.android.systemui:drawable/stat_sys_signal_no_inout_tmo mDataSignalIconId=0x7f020695/com.android.systemui:drawable/tw_stat_sys_5_level_signal_4_auto_rotate mDataTypeIconId=0x7f020346/com.android.systemui:drawable/stat_sys_data_connected_lte_tmo mQSDataTypeIconId=0x0/(null) mNoSimIconId=0x0/(null) mWifiIconId=0x0/(null) mQSWifiIconId=0x0/(null) mWifiActivityIconId=0x7f020519/com.android.systemui:drawable/stat_sys_signal_no_inout mBluetoothTetherIconId=0x7f02053f/com.android.systemui:drawable/stat_sys_tether_bluetooth

D/STATUSBAR-WifiTile( 4020): onWifiSignalChanged enabled=false enabledDesc:null

D/StatusBar.NetworkController( 4020): refreshNwBoosterIndicator - setNWBoosterIndicators(false)

D/StatusBar.NetworkController( 4020): applyTMO

D/StatusBar.NetworkController( 4020): refreshNwBoosterIndicator - setNWBoosterIndicators(false)

D/StatusBar.NetworkController( 4020): applyTMO

D/StatusBar.NetworkController( 4020): refreshNwBoosterIndicator - setNWBoosterIndicators(false)

D/StatusBar.NetworkController( 4020): applyTMO

D/StatusBar.NetworkController( 4020): refreshNwBoosterIndicator - setNWBoosterIndicators(false)

D/StatusBar.NetworkController( 4020): applyTMO

D/StatusBar.NetworkController( 4020): onSignalStrengthsChanged signalStrength=SignalStrength: 5 99 -5 -200 -5 -200 -1 9 -102 -7 90 2 2147483647 0x4000 gsm|lte level=4

D/StatusBar.NetworkController( 4020): updateTelephonySignalStrength: hasService=true ss=SignalStrength: 5 99 -5 -200 -5 -200 -1 9 -102 -7 90 2 2147483647 0x4000 gsm|lte

D/StatusBar.NetworkController( 4020): updateTelephonySignalStrength: iconLevel=4

I/TZ: mc_tlc_communication( 3535): Freeing message buffer

D/StatusBar.NetworkController( 4020): updateTelephonySignalStrength, No signal level. mPhoneSignalIconId = com.android.systemui:drawable/tw_stat_sys_5_level_signal_4_auto_rotate mDataSignalIconId = com.android.systemui:drawable/tw_stat_sys_5_level_signal_4_auto_rotate mQSPhoneSignalIconId = com.android.systemui:drawable/ic_qs_signal_4 mContentDescriptionPhoneSignal = Phone four bars.

I/TZ: mc_tlc_communication( 3535): Closing MobiCore device

I/TZ: mc_tlc_communication( 3535): tlc_close() succeeded

E/TLC_TZ_KEYSTORE: ( 3535): Count : 1, Ret : 0

I/        ( 3535): TimaKeyStore: encryptFilename : filename is: A1C1B19DFD341FFC225D7A905FFE968A1895EAAD7BF44C47DD5456972C42813054D200E787C22E888984771C6546AABE335CB0341376AA10ED312723983D46C3

D/StatusBar.NetworkController( 4020): refreshViews connected={ data } level=4 combinedSignalIconId=0x7f020695/com.android.systemui:drawable/tw_stat_sys_5_level_signal_4_auto_rotate mobileLabel=T-Mobile wifiLabel= emergencyOnly=false combinedLabel=T-Mobile mAirplaneMode=false mDataActivity=0 mPhoneSignalIconId=0x7f020695/com.android.systemui:drawable/tw_stat_sys_5_level_signal_4_auto_rotate mQSPhoneSignalIconId=0x7f020116/com.android.systemui:drawable/ic_qs_signal_4 mDataDirectionIconId=0x7f02051a/com.android.systemui:drawable/stat_sys_signal_no_inout_tmo mDataSignalIconId=0x7f020695/com.android.systemui:drawable/tw_stat_sys_5_level_signal_4_auto_rotate mDataTypeIconId=0x7f020346/com.android.systemui:drawable/stat_sys_data_connected_lte_tmo mQSDataTypeIconId=0x0/(null) mNoSimIconId=0x0/(null) mWifiIconId=0x0/(null) mQSWifiIconId=0x0/(null) mWifiActivityIconId=0x7f020519/com.android.systemui:drawable/stat_sys_signal_no_inout mBluetoothTetherIconId=0x7f02053f/com.android.systemui:drawable/stat_sys_tether_bluetooth

D/STATUSBAR-WifiTile( 4020): onWifiSignalChanged enabled=false enabledDesc:null

D/StatusBar.NetworkController( 4020): refreshNwBoosterIndicator - setNWBoosterIndicators(false)

D/StatusBar.NetworkController( 4020): applyTMO

D/StatusBar.NetworkController( 4020): refreshNwBoosterIndicator - setNWBoosterIndicators(false)

D/StatusBar.NetworkController( 4020): applyTMO

D/StatusBar.NetworkController( 4020): refreshNwBoosterIndicator - setNWBoosterIndicators(false)

D/StatusBar.NetworkController( 4020): applyTMO

D/StatusBar.NetworkController( 4020): refreshNwBoosterIndicator - setNWBoosterIndicators(false)

D/StatusBar.NetworkController( 4020): applyTMO

I/TLC_TZ_KEYSTORE: ( 3535): TZ_KEYSTORE_fips_unwrap_key

I/TLC_TZ_KEYSTORE: ( 3535): creating new keystore context...

I/TLC_TZ_KEYSTORE: ( 3535): initializing ccm context...

I/TLC_TZ_KEYSTORE: ( 3535): root = 0, root_strlen = 1

I/TLC_TZ_KEYSTORE: ( 3535): process = ffffffff000000000000000000000013, process_strlen = 32

I/TZ: mc_tlc_communication( 3535): input max_sendmsg_size = 1080

I/TZ: mc_tlc_communication( 3535): input max_recvmsg_size = 1080

D/PanelView( 4020): mClearAll.setVisibility - mIsFullyOpened : false isShade : true mHasNotification : true mIsUpwardFling : false mQsFullyExpanded : false isShadeLocked : false mClearAllVisible : true

I/TZ: mc_tlc_communication( 3535): root = 0, root_len = 1

I/TZ: mc_tlc_communication( 3535): process = ffffffff000000000000000000000013, process_strlen = 32

I/TZ: mc_tlc_communication( 3535): aligned max_sendmsg_size = 1088

I/TZ: mc_tlc_communication( 3535): aligned max_recvmsg_size = 1088

I/TZ: mc_tlc_communication( 3535): device_id = 0x0

I/TZ: mc_tlc_communication( 3535): tlc_open() was called

I/TZ: mc_tlc_communication( 3535): Opening MobiCore device

E/McClient( 3535):   *****************************

E/McClient( 3535):   *** ERROR: Device 0 already opened

E/McClient( 3535):   *** Detected in mcOpenDevice/205()

E/McClient( 3535):   *****************************

I/TZ: mc_tlc_communication( 3535): Allocating message buffer for TCI

I/TZ: mc_tlc_communication( 3535): Opening the session

D/PanelView( 4020): mClearAll.setVisibility - mIsFullyOpened : false isShade : true mHasNotification : true mIsUpwardFling : false mQsFullyExpanded : false isShadeLocked : false mClearAllVisible : true

D/PanelView( 4020): mClearAll.setVisibility - mIsFullyOpened : false isShade : true mHasNotification : true mIsUpwardFling : false mQsFullyExpanded : false isShadeLocked : false mClearAllVisible : true

I/TZ: mc_tlc_communication( 3535): tlc_open() succeeded

I/TLC_TZ_KEYSTORE: ( 3535): ctx = 0x7f7cf7e0c0, comm = 0x7f7bcc1080, sendmsg = 0x7f7d813000, recvmsg = 0x7f7d813440

I/TLC_TZ_KEYSTORE: unwrap_key: ( 3535): TZ_KEYSTORE_fips_unwrap_key_TLC...

I/TLC_TZ_KEYSTORE: unwrap_key: ( 3535): TZ_KEYSTORE_unwrap_key_START...

D/PanelView( 4020): mClearAll.setVisibility - mIsFullyOpened : false isShade : true mHasNotification : true mIsUpwardFling : false mQsFullyExpanded : false isShadeLocked : false mClearAllVisible : true

D/[AccuPhone] ( 5151): {[0ED9661ABD437918DB34745D7098FD24949C80EDCCAD24E208044BDCE49D9970BB8385B3D3842B123951CD36E38A9B57]}

D/[AccuPhone] ( 5151): {[B2AAD7AB4419DCBC21FCE8330F1C2CD9B6B2FE2F33FEFF397582CE31E0EB19F258ADCB11105DAC1B6C9F12CFB78C56B4]}

D/[AccuPhone] ( 5151): {[EFD10FCFA5A229FCFA577690909995E47EC1B7D704301FF0081203BAA73B12B7AFDD6ED2DB6A0DE2418D927C1AC7F71F]}

D/[AccuPhone] ( 5151): {[5062D17BB8B8508A13FDDE98D0A56F4EE09F3F791EB5F1EE5605BA8D40FD7943882D1639B316F154B3A95342CFEA9CFA]}

I/TLC_TZ_KEYSTORE: unwrap_key: ( 3535): TZ_KEYSTORE_unwrap_key_END...

I/TZ: mc_tlc_communication( 3535): tlc_close() was called

I/TZ: mc_tlc_communication( 3535): Closing the session

D/[AccuPhone] ( 5151): {[BA14115CFCFF5EF7243A067A90732D8A2843C5579D0BF9220E0870075682BC2B43642B41C85DDA5221EAC151A478F3DE4E96F63D9265E209F8C4AD191EB1B619]}

I/GFX raster( 5151): took 0.748625ms for 172*172 texture 0

W/GFX DEBUGLOG GPUCompressionToBitmapDecoder( 5151): Bitmap=0x7f8b118e00 bitmapCt=12 bitmapW=172 bitmapH=172 BitmapInternalFormat=93b0, Counterpart=0x7f8b118800 counterpartCT=4 counterpartW=172 counterparth=172

E/        ( 5151): GFX convertToRaster() in Canvas.cpp HWACC for bitmap size 172x172

I/GFX raster( 5151): took 0.248667ms for 64*64 texture 0

W/GFX DEBUGLOG GPUCompressionToBitmapDecoder( 5151): Bitmap=0x7f8b0adc80 bitmapCt=12 bitmapW=64 bitmapH=64 BitmapInternalFormat=93b0, Counterpart=0x7f8b118800 counterpartCT=4 counterpartW=64 counterparth=64

E/        ( 5151): GFX convertToRaster() in Canvas.cpp HWACC for bitmap size 64x64

I/GFX raster( 5151): took 0.788209ms for 172*172 texture 0

W/GFX DEBUGLOG GPUCompressionToBitmapDecoder( 5151): Bitmap=0x7f8b118e00 bitmapCt=12 bitmapW=172 bitmapH=172 BitmapInternalFormat=93b0, Counterpart=0x7f8b118800 counterpartCT=4 counterpartW=172 counterparth=172

E/        ( 5151): GFX convertToRaster() in Canvas.cpp HWACC for bitmap size 172x172

I/TZ: mc_tlc_communication( 3535): Freeing message buffer

I/TZ: mc_tlc_communication( 3535): Closing MobiCore device

I/TZ: mc_tlc_communication( 3535): tlc_close() succeeded

E/TLC_TZ_KEYSTORE: ( 3535): Count : 1, Ret : 0

I/        ( 3535): TimaKeyStore: returning bytearray

D/TimaHelper( 3535): Found key : PersonaPwdResetToken0 from TIMA keystore

I/KeyManagementUtil( 3535): retrieveCMK

D/KeyManagementUtil( 3535):  inside verifyKEKMdm true

D/KeyManagementUtil( 3535): SND -> {keymanagement_cmd verify_kek_mdm}

D/SDP_JNI_SKMM2( 3028):  [sdp] CALL - VerifyKEKMdm..... 

D/SDP_JNI_SKMM2( 3028): verifyKEKPwd ..... 1

I/GFX raster( 5151): took 0.277750ms for 64*64 texture 0

W/GFX DEBUGLOG GPUCompressionToBitmapDecoder( 5151): Bitmap=0x7f8b0adc80 bitmapCt=12 bitmapW=64 bitmapH=64 BitmapInternalFormat=93b0, Counterpart=0x7f8b118800 counterpartCT=4 counterpartW=64 counterparth=64

E/        ( 5151): GFX convertToRaster() in Canvas.cpp HWACC for bitmap size 64x64

I/GFX raster( 5151): took 0.770125ms for 172*172 texture 0

W/GFX DEBUGLOG GPUCompressionToBitmapDecoder( 5151): Bitmap=0x7f8b118e00 bitmapCt=12 bitmapW=172 bitmapH=172 BitmapInternalFormat=93b0, Counterpart=0x7f8b118800 counterpartCT=4 counterpartW=172 counterparth=172

E/        ( 5151): GFX convertToRaster() in Canvas.cpp HWACC for bitmap size 172x172

I/GFX raster( 5151): took 0.259333ms for 64*64 texture 0

W/GFX DEBUGLOG GPUCompressionToBitmapDecoder( 5151): Bitmap=0x7f8b0adc80 bitmapCt=12 bitmapW=64 bitmapH=64 BitmapInternalFormat=93b0, Counterpart=0x7f8b118800 counterpartCT=4 counterpartW=64 counterparth=64

E/        ( 5151): GFX convertToRaster() in Canvas.cpp HWACC for bitmap size 64x64

I/HINT_rq (31549): updateSimplepayVisible : hideTitle : false

I/HINT_rp (31549): ensureHomePackagesLoaded - mHomePackageNameMap : [com.sec.android.app.easylauncher, com.sec.android.app.launcher]

I/HINT_rp (31549): isHomePackageRunning topPkgName = com.sec.android.app.launcher, return true

D/HINT_SpayQuickPayService(31549): quickpay service unholding - is SimplePay : true

D/HINT_SpayQuickPayService(31549): quickpay service unholding - is SimplePay : false

I/HINT_rq (31549): show Simple pay on Home

D/HINT_SpayQuickPayService(31549): on Show SimplePay() card size : 3

D/ActivityMgr(31549): isFMM_LOCK supported? true

D/ActivityMgr(31549): isFMM_WIPEOUT supported? true

D/HINT_SpayQuickPayService(31549): isRunningMainApp() , HODLING_SIMPLE: false, HOLDING_MAIN: false

D/HINT_SpayQuickPayService(31549): on Show SimplePay() call show simple pay

D/HINT_SpayQuickPayService(31549): show SimplePay() :

D/HINT_SpayQuickPayService(31549): show SimplePay() :  cancle prevent timer 

I/HINT_SpayQuickPayService(31549): show simplepay() SettingNotFound : kids_home_mode

I/HINT_SpayQuickPayService(31549): changeLayoutParams : 3

D/PanelView( 4020): mClearAll.setVisibility - mIsFullyOpened : false isShade : true mHasNotification : true mIsUpwardFling : false mQsFullyExpanded : false isShadeLocked : false mClearAllVisible : true

I/Sally Service(31549): setAttributes()

I/HINT_SpayQuickPayService(31549): handle view layout3

I/Sally Service(31549): findViewById()

--------- beginning of system

E/WindowState( 3535): getStack: Window{27bd45b6 u0 d0 com.android.calendar/com.android.calendar.event.EditEventActivity} couldn't find taskId=6438 Callers=com.android.server.wm.WindowState.getDisplayContent:1246 com.android.server.wm.WindowState.isDefaultDisplay:1936 com.android.server.wm.WindowState.getMultiWindowStyleLw:2520 com.android.internal.policy.impl.multiwindow.MultiPhoneWindowManager.shouldEnableLayoutInsetsBySoftInput:1601 

E/WindowState( 3535): getStack: Window{27bd45b6 u0 d0 com.android.calendar/com.android.calendar.event.EditEventActivity} couldn't find taskId=6438 Callers=com.android.server.wm.WindowState.getDisplayContent:1246 com.android.server.wm.WindowState.isDefaultDisplay:1936 com.android.server.wm.WindowState.getMultiWindowStyleLw:2520 com.android.internal.policy.impl.multiwindow.MultiPhoneWindowManager.shouldEnableLayoutInsetsBySoftInput:1601 

E/WindowState( 3535): getStack: Window{27bd45b6 u0 d0 com.android.calendar/com.android.calendar.event.EditEventActivity} couldn't find taskId=6438 Callers=com.android.server.wm.WindowState.getDisplayContent:1246 com.android.server.wm.WindowState.isDefaultDisplay:1936 com.android.server.wm.WindowState.getMultiWindowStyleLw:2520 com.android.internal.policy.impl.multiwindow.MultiPhoneWindowManager.shouldEnableLayoutInsetsBySoftInput:1601 

E/WindowState( 3535): getStack: Window{27bd45b6 u0 d0 com.android.calendar/com.android.calendar.event.EditEventActivity} couldn't find taskId=6438 Callers=com.android.server.wm.WindowState.getDisplayContent:1246 com.android.server.wm.WindowState.isDefaultDisplay:1936 com.android.server.wm.WindowState.getMultiWindowStyleLw:2520 com.android.internal.policy.impl.multiwindow.MultiPhoneWindowManager.shouldEnableLayoutInsetsBySoftInput:1601 

E/WindowState( 3535): getStack: Window{27bd45b6 u0 d0 com.android.calendar/com.android.calendar.event.EditEventActivity} couldn't find taskId=6438 Callers=com.android.server.wm.WindowState.getDisplayContent:1246 com.android.server.wm.WindowState.isDefaultDisplay:1936 com.android.server.wm.WindowState.getMultiWindowStyleLw:2520 com.android.internal.policy.impl.multiwindow.MultiPhoneWindowManager.shouldEnableLayoutInsetsBySoftInput:1601 

E/WindowState( 3535): getStack: Window{27bd45b6 u0 d0 com.android.calendar/com.android.calendar.event.EditEventActivity} couldn't find taskId=6438 Callers=com.android.server.wm.WindowState.getDisplayContent:1246 com.android.server.wm.WindowState.isDefaultDisplay:1936 com.android.server.wm.WindowState.getMultiWindowStyleLw:2520 com.android.internal.policy.impl.multiwindow.MultiPhoneWindowManager.shouldEnableLayoutInsetsBySoftInput:1601 

D/CustomFrequencyManagerService( 3535): releaseDVFSLockLocked : Getting Lock type frm List : DVFS_MIN_LIMIT  frequency : 1800000  uid : 1000  pid : 3535  tag : ACTIVITY_RESUME_BOOSTER@6

W/ActivityManager( 3535): mDVFSHelper.release()

D/CustomFrequencyManagerService( 3535): acquireDVFSLockLocked : type : DVFS_MIN_LIMIT  frequency : 1800000  uid : 1000  pid : 3535  pkgName : ACTIVITY_RESUME_BOOSTER@10

I/SurfaceFlinger( 2986): id=4061 createSurf (1440x64),1 flag=4, TpayQuickPa

D/RestrictionPolicy( 3535): userId: 0, isMicrophoneEnabledAsUser : true

D/WindowManager( 3535): beginLayoutLw mStatusBar.isVisibleLw() = true, statusBarTransient=false, displayId=0

E/WindowState( 3535): getStack: Window{27bd45b6 u0 d0 com.android.calendar/com.android.calendar.event.EditEventActivity} couldn't find taskId=6438 Callers=com.android.server.wm.WindowState.getDisplayContent:1246 com.android.server.wm.WindowState.isDefaultDisplay:1936 com.android.server.wm.WindowState.getMultiWindowStyleLw:2520 com.android.internal.policy.impl.multiwindow.MultiPhoneWindowManager.shouldEnableLayoutInsetsBySoftInput:1601 

E/WindowState( 3535): getStack: Window{27bd45b6 u0 d0 com.android.calendar/com.android.calendar.event.EditEventActivity} couldn't find taskId=6438 Callers=com.android.server.wm.WindowState.getDisplayContent:1246 com.android.server.wm.WindowState.isDefaultDisplay:1936 com.android.server.wm.WindowState.getMultiWindowStyleLw:2520 com.android.internal.policy.impl.multiwindow.MultiPhoneWindowManager.shouldEnableLayoutInsetsBySoftInput:1601 

E/WindowState( 3535): getStack: Window{27bd45b6 u0 d0 com.android.calendar/com.android.calendar.event.EditEventActivity} couldn't find taskId=6438 Callers=com.android.server.wm.WindowState.getDisplayContent:1246 com.android.server.wm.WindowState.isDefaultDisplay:1936 com.android.server.wm.WindowState.getMultiWindowStyleLw:2520 com.android.internal.policy.impl.multiwindow.MultiPhoneWindowManager.shouldEnableLayoutInsetsBySoftInput:1601 

E/WindowState( 3535): getStack: Window{27bd45b6 u0 d0 com.android.calendar/com.android.calendar.event.EditEventActivity} couldn't find taskId=6438 Callers=com.android.server.wm.WindowState.getDisplayContent:1246 com.android.server.wm.WindowState.isDefaultDisplay:1936 com.android.server.wm.WindowState.getMultiWindowStyleLw:2520 com.android.internal.policy.impl.multiwindow.MultiPhoneWindowManager.shouldEnableLayoutInsetsBySoftInput:1601 

E/WindowState( 3535): getStack: Window{27bd45b6 u0 d0 com.android.calendar/com.android.calendar.event.EditEventActivity} couldn't find taskId=6438 Callers=com.android.server.wm.WindowState.getDisplayContent:1246 com.android.server.wm.WindowState.isDefaultDisplay:1936 com.android.server.wm.WindowState.getMultiWindowStyleLw:2520 com.android.internal.policy.impl.multiwindow.MultiPhoneWindowManager.shouldEnableLayoutInsetsBySoftInput:1601 

E/WindowState( 3535): getStack: Window{27bd45b6 u0 d0 com.android.calendar/com.android.calendar.event.EditEventActivity} couldn't find taskId=6438 Callers=com.android.server.wm.WindowState.getDisplayContent:1246 com.android.server.wm.WindowState.isDefaultDisplay:1936 com.android.server.wm.WindowState.getMultiWindowStyleLw:2520 com.android.internal.policy.impl.multiwindow.MultiPhoneWindowManager.shouldEnableLayoutInsetsBySoftInput:1601 

E/WindowState( 3535): getStack: Window{27bd45b6 u0 d0 com.android.calendar/com.android.calendar.event.EditEventActivity} couldn't find taskId=6438 Callers=com.android.server.wm.WindowState.getDisplayContent:1246 com.android.server.wm.WindowState.isDefaultDisplay:1936 com.android.server.wm.WindowState.getMultiWindowStyleLw:2520 com.android.internal.policy.impl.multiwindow.MultiPhoneWindowManager.shouldEnableLayoutInsetsBySoftInput:1601 

D/SKMM_v2.0_Mobicore_Helper( 3028): Try Trustlet Open Session

D/SRIB_DCS(31549): log_dcs ThreadedRenderer::initialize entered! 

D/mali_winsys(31549): new_window_surface returns 0x3000,  [1440x64]-format:1

D/SDP_JNI_SKMM2( 3028): verifyKEKPwd skipping ode_km_verify 

D/SDP_JNI_SKMM2( 3028):  

E/SDP_JNI_SKMM2( 3028): verifyKEKPwd(containerId:0, pwd_type :: 2 verified!

D/RestrictionPolicy( 3535): userId: 0, isMicrophoneEnabledAsUser : true

I/SDP_DAEMON_SKMM2( 3028): Initialized Successfully(0)

I/SDP_DAEMON_SKMM2( 3028): security.mdpp(Ready)

I/SDP_DAEMON_SKMM2( 3028): security.mdpp.mass(None)

D/WindowManager( 3535): beginLayoutLw mStatusBar.isVisibleLw() = true, statusBarTransient=false, displayId=0

E/WindowState( 3535): getStack: Window{27bd45b6 u0 d0 com.android.calendar/com.android.calendar.event.EditEventActivity} couldn't find taskId=6438 Callers=com.android.server.wm.WindowState.getDisplayContent:1246 com.android.server.wm.WindowState.isDefaultDisplay:1936 com.android.server.wm.WindowState.getMultiWindowStyleLw:2520 com.android.internal.policy.impl.multiwindow.MultiPhoneWindowManager.shouldEnableLayoutInsetsBySoftInput:1601 

E/WindowState( 3535): getStack: Window{27bd45b6 u0 d0 com.android.calendar/com.android.calendar.event.EditEventActivity} couldn't find taskId=6438 Callers=com.android.server.wm.WindowState.getDisplayContent:1246 com.android.server.wm.WindowState.isDefaultDisplay:1936 com.android.server.wm.WindowState.getMultiWindowStyleLw:2520 com.android.internal.policy.impl.multiwindow.MultiPhoneWindowManager.shouldEnableLayoutInsetsBySoftInput:1601 

E/WindowState( 3535): getStack: Window{27bd45b6 u0 d0 com.android.calendar/com.android.calendar.event.EditEventActivity} couldn't find taskId=6438 Callers=com.android.server.wm.WindowState.getDisplayContent:1246 com.android.server.wm.WindowState.isDefaultDisplay:1936 com.android.server.wm.WindowState.getMultiWindowStyleLw:2520 com.android.internal.policy.impl.multiwindow.MultiPhoneWindowManager.shouldEnableLayoutInsetsBySoftInput:1601 

E/WindowState( 3535): getStack: Window{27bd45b6 u0 d0 com.android.calendar/com.android.calendar.event.EditEventActivity} couldn't find taskId=6438 Callers=com.android.server.wm.WindowState.getDisplayContent:1246 com.android.server.wm.WindowState.isDefaultDisplay:1936 com.android.server.wm.WindowState.getMultiWindowStyleLw:2520 com.android.internal.policy.impl.multiwindow.MultiPhoneWindowManager.shouldEnableLayoutInsetsBySoftInput:1601 

E/WindowState( 3535): getStack: Window{27bd45b6 u0 d0 com.android.calendar/com.android.calendar.event.EditEventActivity} couldn't find taskId=6438 Callers=com.android.server.wm.WindowState.getDisplayContent:1246 com.android.server.wm.WindowState.isDefaultDisplay:1936 com.android.server.wm.WindowState.getMultiWindowStyleLw:2520 com.android.internal.policy.impl.multiwindow.MultiPhoneWindowManager.shouldEnableLayoutInsetsBySoftInput:1601 

E/WindowState( 3535): getStack: Window{27bd45b6 u0 d0 com.android.calendar/com.android.calendar.event.EditEventActivity} couldn't find taskId=6438 Callers=com.android.server.wm.WindowState.getDisplayContent:1246 com.android.server.wm.WindowState.isDefaultDisplay:1936 com.android.server.wm.WindowState.getMultiWindowStyleLw:2520 com.android.internal.policy.impl.multiwindow.MultiPhoneWindowManager.shouldEnableLayoutInsetsBySoftInput:1601 

E/WindowState( 3535): getStack: Window{27bd45b6 u0 d0 com.android.calendar/com.android.calendar.event.EditEventActivity} couldn't find taskId=6438 Callers=com.android.server.wm.WindowState.getDisplayContent:1246 com.android.server.wm.WindowState.isDefaultDisplay:1936 com.android.server.wm.WindowState.getMultiWindowStyleLw:2520 com.android.internal.policy.impl.multiwindow.MultiPhoneWindowManager.shouldEnableLayoutInsetsBySoftInput:1601 

D/RestrictionPolicy( 3535): userId: 0, isMicrophoneEnabledAsUser : true

D/RestrictionPolicy( 3535): userId: 0, isMicrophoneEnabledAsUser : true

D/RestrictionPolicy( 3535): userId: 0, isMicrophoneEnabledAsUser : true

D/RestrictionPolicy( 3535): userId: 0, isMicrophoneEnabledAsUser : true

D/SKMM_v2.0_Mobicore_Helper( 3028): Send Trustlet TCI Message

D/RestrictionPolicy( 3535): userId: 0, isMicrophoneEnabledAsUser : true

D/SDP_JNI_SKMM2( 3028): verifyKEKPwd ..... End

D/KeyManagementUtil( 3535): RCV <-

D/KeyManagementUtil( 3535): RMV <-

D/KeyManagementUtil( 3535): event called.

D/SdpManagerService( 3535): setCachedPassword :: 0

E/SDP.CRYPTO( 3535): 

E/SDP.CRYPTO( 3535): int sdp_drv_on_unlocked(int, const char*, int)(0)

I/SDP.CRYPTO( 3535): loadKey: /data/system/users/0/SDPK_Rpri

E/SDP.CRYPTO( 3535): Rpri loaded

I/SDP.CRYPTO( 3535): loadKey: /data/system/users/0/SDPK_Dpri

E/SDP.CRYPTO( 3535): Dpri loaded

I/SDP.CRYPTO( 3535): loadKey: /data/system/users/0/SDPK_EDpri

E/SDP.CRYPTO( 3535): No hash for ECDH verification.. need to migrate?? 

E/SDP.CRYPTO( 3535): EDpri loaded

I/SDP.CRYPTO( 3535): loadKey: /data/system/users/0/SDPK_sym

E/SDP.CRYPTO( 3535): sym loaded

E/SDP.CRYPTO( 3535):     On User Unlock OK, id 0

E/SdpManagerService( 3535): sendBroadcastAsUser(INTENT_SDP_STATE_CHANGED, state:2)

D/KeyguardViewMediator( 4020): SDP_USER_0 calling SDP UNLOCK successful. 

D/RestrictionPolicy( 3535): userId: 0, isMicrophoneEnabledAsUser : true

V/BroadcastQueue( 3535): [background] Process cur broadcast BroadcastRecord{e385496 u0 com.sec.sdp.SDP_STATE_CHANGED} DELIVERED for app ProcessRecord{348634e0 5172:com.samsung.android.email.provider/u0a52}

D/ActivityManager( 3535): startService callerProcessName:com.samsung.android.email.provider, calleePkgName: com.samsung.android.email.provider

D/ActivityManager( 3535): retrieveServiceLocked(): component = com.samsung.android.email.provider/com.samsung.android.email.provider.service.EmailProviderBroadcastProcessorService; callingUser = 0; userId(target) = 0

W/ActivityManager( 3535): getTasks: caller 10052 does not hold GET_TASKS; limiting output

D/RestrictionPolicy( 3535): userId: 0, isMicrophoneEnabledAsUser : true

D/RestrictionPolicy( 3535): userId: 0, isMicrophoneEnabledAsUser : true

D/RestrictionPolicy( 3535): userId: 0, isMicrophoneEnabledAsUser : true

D/PanelView( 4020): mClearAll.setVisibility - mIsFullyOpened : false isShade : true mHasNotification : true mIsUpwardFling : false mQsFullyExpanded : false isShadeLocked : false mClearAllVisible : true

D/RestrictionPolicy( 3535): userId: 0, isMicrophoneEnabledAsUser : true

D/RestrictionPolicy( 3535): userId: 0, isMicrophoneEnabledAsUser : true

D/RestrictionPolicy( 3535): userId: 0, isMicrophoneEnabledAsUser : true

D/RestrictionPolicy( 3535): userId: 0, isMicrophoneEnabledAsUser : true

D/CustomFrequencyManagerService( 3535): releaseDVFSLockLocked : Getting Lock type frm List : DVFS_MIN_LIMIT  frequency : 1800000  uid : 1000  pid : 3535  tag : ACTIVITY_RESUME_BOOSTER@10

D/RestrictionPolicy( 3535): userId: 0, isMicrophoneEnabledAsUser : true

D/RestrictionPolicy( 3535): userId: 0, isMicrophoneEnabledAsUser : true

D/RestrictionPolicy( 3535): userId: 0, isMicrophoneEnabledAsUser : true

D/RestrictionPolicy( 3535): userId: 0, isMicrophoneEnabledAsUser : true

D/RestrictionPolicy( 3535): userId: 0, isMicrophoneEnabledAsUser : true

D/RestrictionPolicy( 3535): userId: 0, isMicrophoneEnabledAsUser : true

D/RestrictionPolicy( 3535): userId: 0, isMicrophoneEnabledAsUser : true

D/RestrictionPolicy( 3535): userId: 0, isMicrophoneEnabledAsUser : true

D/WindowManager( 3535): beginLayoutLw mStatusBar.isVisibleLw() = true, statusBarTransient=false, displayId=0

D/RestrictionPolicy( 3535): userId: 0, isMicrophoneEnabledAsUser : true

E/WindowState( 3535): getStack: Window{27bd45b6 u0 d0 com.android.calendar/com.android.calendar.event.EditEventActivity} couldn't find taskId=6438 Callers=com.android.server.wm.WindowState.getDisplayContent:1246 com.android.server.wm.WindowState.isDefaultDisplay:1936 com.android.server.wm.WindowState.getMultiWindowStyleLw:2520 com.android.internal.policy.impl.multiwindow.MultiPhoneWindowManager.shouldEnableLayoutInsetsBySoftInput:1601 

E/WindowState( 3535): getStack: Window{27bd45b6 u0 d0 com.android.calendar/com.android.calendar.event.EditEventActivity} couldn't find taskId=6438 Callers=com.android.server.wm.WindowState.getDisplayContent:1246 com.android.server.wm.WindowState.isDefaultDisplay:1936 com.android.server.wm.WindowState.getMultiWindowStyleLw:2520 com.android.internal.policy.impl.multiwindow.MultiPhoneWindowManager.shouldEnableLayoutInsetsBySoftInput:1601 

E/WindowState( 3535): getStack: Window{27bd45b6 u0 d0 com.android.calendar/com.android.calendar.event.EditEventActivity} couldn't find taskId=6438 Callers=com.android.server.wm.WindowState.getDisplayContent:1246 com.android.server.wm.WindowState.isDefaultDisplay:1936 com.android.server.wm.WindowState.getMultiWindowStyleLw:2520 com.android.internal.policy.impl.multiwindow.MultiPhoneWindowManager.shouldEnableLayoutInsetsBySoftInput:1601 

E/WindowState( 3535): getStack: Window{27bd45b6 u0 d0 com.android.calendar/com.android.calendar.event.EditEventActivity} couldn't find taskId=6438 Callers=com.android.server.wm.WindowState.getDisplayContent:1246 com.android.server.wm.WindowState.isDefaultDisplay:1936 com.android.server.wm.WindowState.getMultiWindowStyleLw:2520 com.android.internal.policy.impl.multiwindow.MultiPhoneWindowManager.shouldEnableLayoutInsetsBySoftInput:1601 

E/WindowState( 3535): getStack: Window{27bd45b6 u0 d0 com.android.calendar/com.android.calendar.event.EditEventActivity} couldn't find taskId=6438 Callers=com.android.server.wm.WindowState.getDisplayContent:1246 com.android.server.wm.WindowState.isDefaultDisplay:1936 com.android.server.wm.WindowState.getMultiWindowStyleLw:2520 com.android.internal.policy.impl.multiwindow.MultiPhoneWindowManager.shouldEnableLayoutInsetsBySoftInput:1601 

E/WindowState( 3535): getStack: Window{27bd45b6 u0 d0 com.android.calendar/com.android.calendar.event.EditEventActivity} couldn't find taskId=6438 Callers=com.android.server.wm.WindowState.getDisplayContent:1246 com.android.server.wm.WindowState.isDefaultDisplay:1936 com.android.server.wm.WindowState.getMultiWindowStyleLw:2520 com.android.internal.policy.impl.multiwindow.MultiPhoneWindowManager.shouldEnableLayoutInsetsBySoftInput:1601 

E/WindowState( 3535): getStack: Window{27bd45b6 u0 d0 com.android.calendar/com.android.calendar.event.EditEventActivity} couldn't find taskId=6438 Callers=com.android.server.wm.WindowState.getDisplayContent:1246 com.android.server.wm.WindowState.isDefaultDisplay:1936 com.android.server.wm.WindowState.getMultiWindowStyleLw:2520 com.android.internal.policy.impl.multiwindow.MultiPhoneWindowManager.shouldEnableLayoutInsetsBySoftInput:1601 

D/WindowManager( 3535): beginLayoutLw mStatusBar.isVisibleLw() = true, statusBarTransient=false, displayId=0

E/WindowState( 3535): getStack: Window{27bd45b6 u0 d0 com.android.calendar/com.android.calendar.event.EditEventActivity} couldn't find taskId=6438 Callers=com.android.server.wm.WindowState.getDisplayContent:1246 com.android.server.wm.WindowState.isDefaultDisplay:1936 com.android.server.wm.WindowState.getMultiWindowStyleLw:2520 com.android.internal.policy.impl.multiwindow.MultiPhoneWindowManager.shouldEnableLayoutInsetsBySoftInput:1601 

E/WindowState( 3535): getStack: Window{27bd45b6 u0 d0 com.android.calendar/com.android.calendar.event.EditEventActivity} couldn't find taskId=6438 Callers=com.android.server.wm.WindowState.getDisplayContent:1246 com.android.server.wm.WindowState.isDefaultDisplay:1936 com.android.server.wm.WindowState.getMultiWindowStyleLw:2520 com.android.internal.policy.impl.multiwindow.MultiPhoneWindowManager.shouldEnableLayoutInsetsBySoftInput:1601 

E/WindowState( 3535): getStack: Window{27bd45b6 u0 d0 com.android.calendar/com.android.calendar.event.EditEventActivity} couldn't find taskId=6438 Callers=com.android.server.wm.WindowState.getDisplayContent:1246 com.android.server.wm.WindowState.isDefaultDisplay:1936 com.android.server.wm.WindowState.getMultiWindowStyleLw:2520 com.android.internal.policy.impl.multiwindow.MultiPhoneWindowManager.shouldEnableLayoutInsetsBySoftInput:1601 

E/WindowState( 3535): getStack: Window{27bd45b6 u0 d0 com.android.calendar/com.android.calendar.event.EditEventActivity} couldn't find taskId=6438 Callers=com.android.server.wm.WindowState.getDisplayContent:1246 com.android.server.wm.WindowState.isDefaultDisplay:1936 com.android.server.wm.WindowState.getMultiWindowStyleLw:2520 com.android.internal.policy.impl.multiwindow.MultiPhoneWindowManager.shouldEnableLayoutInsetsBySoftInput:1601 

E/WindowState( 3535): getStack: Window{27bd45b6 u0 d0 com.android.calendar/com.android.calendar.event.EditEventActivity} couldn't find taskId=6438 Callers=com.android.server.wm.WindowState.getDisplayContent:1246 com.android.server.wm.WindowState.isDefaultDisplay:1936 com.android.server.wm.WindowState.getMultiWindowStyleLw:2520 com.android.internal.policy.impl.multiwindow.MultiPhoneWindowManager.shouldEnableLayoutInsetsBySoftInput:1601 

E/WindowState( 3535): getStack: Window{27bd45b6 u0 d0 com.android.calendar/com.android.calendar.event.EditEventActivity} couldn't find taskId=6438 Callers=com.android.server.wm.WindowState.getDisplayContent:1246 com.android.server.wm.WindowState.isDefaultDisplay:1936 com.android.server.wm.WindowState.getMultiWindowStyleLw:2520 com.android.internal.policy.impl.multiwindow.MultiPhoneWindowManager.shouldEnableLayoutInsetsBySoftInput:1601 

E/WindowState( 3535): getStack: Window{27bd45b6 u0 d0 com.android.calendar/com.android.calendar.event.EditEventActivity} couldn't find taskId=6438 Callers=com.android.server.wm.WindowState.getDisplayContent:1246 com.android.server.wm.WindowState.isDefaultDisplay:1936 com.android.server.wm.WindowState.getMultiWindowStyleLw:2520 com.android.internal.policy.impl.multiwindow.MultiPhoneWindowManager.shouldEnableLayoutInsetsBySoftInput:1601 

D/RestrictionPolicy( 3535): userId: 0, isMicrophoneEnabledAsUser : true

D/RestrictionPolicy( 3535): userId: 0, isMicrophoneEnabledAsUser : true

I/AudioPolicyManager( 3006): stopOutput() output 4, stream 1, session 2606

I/AudioPolicyManager( 3006): changeRefCount() stream 1, count 0

I/AudioPolicyManager( 3006): setOutputDevice() setting same device 0000 or null device for output 4

D/RestrictionPolicy( 3535): userId: 0, isMicrophoneEnabledAsUser : true

I/Process ( 5172): Sending signal. PID: 5172 SIG: 9

D/RestrictionPolicy( 3535): userId: 0, isMicrophoneEnabledAsUser : true

D/RestrictionPolicy( 3535): userId: 0, isMicrophoneEnabledAsUser : true

D/RestrictionPolicy( 3535): userId: 0, isMicrophoneEnabledAsUser : true

D/RestrictionPolicy( 3535): userId: 0, isMicrophoneEnabledAsUser : true

D/RestrictionPolicy( 3535): userId: 0, isMicrophoneEnabledAsUser : true

D/RestrictionPolicy( 3535): userId: 0, isMicrophoneEnabledAsUser : true

I/ActivityManager( 3535): Process com.samsung.android.email.provider (pid 5172)(adj 5) has died(232,245)

W/ActivityManager( 3535): Scheduling restart of crashed service com.samsung.android.email.provider/.EmailComponentMonitor in 1000ms

W/ContextImpl( 3535): Calling a method in the system process without a qualified user: android.app.ContextImpl.sendBroadcast:1752 com.android.server.am.ActivityManagerService.SPCMLocked:25128 com.android.server.am.ActivityManagerService.updateOomAdjLocked:26045 com.android.server.am.ActivityManagerService.appDiedLocked:7597 com.android.server.am.ActivityManagerService$AppDeathRecipient.binderDied:1766 

I/ActivityManager_SDHA( 3535): Service Process Management default_limit services

D/RestrictionPolicy( 3535): userId: 0, isMicrophoneEnabledAsUser : true

D/RestrictionPolicy( 3535): userId: 0, isMicrophoneEnabledAsUser : true

D/RestrictionPolicy( 3535): userId: 0, isMicrophoneEnabledAsUser : true

D/RestrictionPolicy( 3535): userId: 0, isMicrophoneEnabledAsUser : true

D/RestrictionPolicy( 3535): userId: 0, isMicrophoneEnabledAsUser : true

D/RestrictionPolicy( 3535): userId: 0, isMicrophoneEnabledAsUser : true

D/RestrictionPolicy( 3535): userId: 0, isMicrophoneEnabledAsUser : true

D/RestrictionPolicy( 3535): userId: 0, isMicrophoneEnabledAsUser : true

D/RestrictionPolicy( 3535): userId: 0, isMicrophoneEnabledAsUser : true

D/RestrictionPolicy( 3535): userId: 0, isMicrophoneEnabledAsUser : true

D/RestrictionPolicy( 3535): userId: 0, isMicrophoneEnabledAsUser : true

D/RestrictionPolicy( 3535): userId: 0, isMicrophoneEnabledAsUser : true

D/RestrictionPolicy( 3535): userId: 0, isMicrophoneEnabledAsUser : true

D/CustomFrequencyManagerService( 3535): releaseDVFSLockLocked : Getting Lock type frm List : DVFS_MIN_LIMIT  frequency : 1200000  uid : 1000  pid : 3535  tag : KEYGUARD_SPASS_BOOST@172

D/RestrictionPolicy( 3535): userId: 0, isMicrophoneEnabledAsUser : true

D/RestrictionPolicy( 3535): userId: 0, isMicrophoneEnabledAsUser : true

D/RestrictionPolicy( 3535): userId: 0, isMicrophoneEnabledAsUser : true

D/RestrictionPolicy( 3535): userId: 0, isMicrophoneEnabledAsUser : true

D/RestrictionPolicy( 3535): userId: 0, isMicrophoneEnabledAsUser : true

D/RestrictionPolicy( 3535): userId: 0, isMicrophoneEnabledAsUser : true

D/RestrictionPolicy( 3535): userId: 0, isMicrophoneEnabledAsUser : true

D/RestrictionPolicy( 3535): userId: 0, isMicrophoneEnabledAsUser : true

D/RestrictionPolicy( 3535): userId: 0, isMicrophoneEnabledAsUser : true

D/RestrictionPolicy( 3535): userId: 0, isMicrophoneEnabledAsUser : true

D/RestrictionPolicy( 3535): userId: 0, isMicrophoneEnabledAsUser : true

D/RestrictionPolicy( 3535): userId: 0, isMicrophoneEnabledAsUser : true

D/RestrictionPolicy( 3535): userId: 0, isMicrophoneEnabledAsUser : true

D/RestrictionPolicy( 3535): userId: 0, isMicrophoneEnabledAsUser : true

D/RestrictionPolicy( 3535): userId: 0, isMicrophoneEnabledAsUser : true

D/RestrictionPolicy( 3535): userId: 0, isMicrophoneEnabledAsUser : true

D/RestrictionPolicy( 3535): userId: 0, isMicrophoneEnabledAsUser : true

D/RestrictionPolicy( 3535): userId: 0, isMicrophoneEnabledAsUser : true

D/RestrictionPolicy( 3535): userId: 0, isMicrophoneEnabledAsUser : true

D/RestrictionPolicy( 3535): userId: 0, isMicrophoneEnabledAsUser : true

D/RestrictionPolicy( 3535): userId: 0, isMicrophoneEnabledAsUser : true

D/RestrictionPolicy( 3535): userId: 0, isMicrophoneEnabledAsUser : true

D/RestrictionPolicy( 3535): userId: 0, isMicrophoneEnabledAsUser : true

D/RestrictionPolicy( 3535): userId: 0, isMicrophoneEnabledAsUser : true

D/RestrictionPolicy( 3535): userId: 0, isMicrophoneEnabledAsUser : true

D/RestrictionPolicy( 3535): userId: 0, isMicrophoneEnabledAsUser : true

D/RestrictionPolicy( 3535): userId: 0, isMicrophoneEnabledAsUser : true

D/RestrictionPolicy( 3535): userId: 0, isMicrophoneEnabledAsUser : true

D/RestrictionPolicy( 3535): userId: 0, isMicrophoneEnabledAsUser : true

D/RestrictionPolicy( 3535): userId: 0, isMicrophoneEnabledAsUser : true

D/RestrictionPolicy( 3535): userId: 0, isMicrophoneEnabledAsUser : true

D/RestrictionPolicy( 3535): userId: 0, isMicrophoneEnabledAsUser : true

D/RestrictionPolicy( 3535): userId: 0, isMicrophoneEnabledAsUser : true

V/AlarmManager( 3535): waitForAlarm result :8

D/RestrictionPolicy( 3535): userId: 0, isMicrophoneEnabledAsUser : true

D/RestrictionPolicy( 3535): userId: 0, isMicrophoneEnabledAsUser : true

D/RestrictionPolicy( 3535): userId: 0, isMicrophoneEnabledAsUser : true

D/RestrictionPolicy( 3535): userId: 0, isMicrophoneEnabledAsUser : true

D/RestrictionPolicy( 3535): userId: 0, isMicrophoneEnabledAsUser : true

D/RestrictionPolicy( 3535): userId: 0, isMicrophoneEnabledAsUser : true

D/RestrictionPolicy( 3535): userId: 0, isMicrophoneEnabledAsUser : true

D/RestrictionPolicy( 3535): userId: 0, isMicrophoneEnabledAsUser : true

D/RestrictionPolicy( 3535): userId: 0, isMicrophoneEnabledAsUser : true

D/RestrictionPolicy( 3535): userId: 0, isMicrophoneEnabledAsUser : true

D/RestrictionPolicy( 3535): userId: 0, isMicrophoneEnabledAsUser : true

D/RestrictionPolicy( 3535): userId: 0, isMicrophoneEnabledAsUser : true

D/RestrictionPolicy( 3535): userId: 0, isMicrophoneEnabledAsUser : true

D/RestrictionPolicy( 3535): userId: 0, isMicrophoneEnabledAsUser : true

D/RestrictionPolicy( 3535): userId: 0, isMicrophoneEnabledAsUser : true

D/RestrictionPolicy( 3535): userId: 0, isMicrophoneEnabledAsUser : true

D/RestrictionPolicy( 3535): userId: 0, isMicrophoneEnabledAsUser : true

D/RestrictionPolicy( 3535): userId: 0, isMicrophoneEnabledAsUser : true

D/RestrictionPolicy( 3535): userId: 0, isMicrophoneEnabledAsUser : true

D/RestrictionPolicy( 3535): userId: 0, isMicrophoneEnabledAsUser : true

D/RestrictionPolicy( 3535): userId: 0, isMicrophoneEnabledAsUser : true

D/RestrictionPolicy( 3535): userId: 0, isMicrophoneEnabledAsUser : true

V/AlarmManager( 3535): waitForAlarm result :8

D/RestrictionPolicy( 3535): userId: 0, isMicrophoneEnabledAsUser : true

D/RestrictionPolicy( 3535): userId: 0, isMicrophoneEnabledAsUser : true

D/RestrictionPolicy( 3535): userId: 0, isMicrophoneEnabledAsUser : true

D/RestrictionPolicy( 3535): userId: 0, isMicrophoneEnabledAsUser : true

D/RestrictionPolicy( 3535): userId: 0, isMicrophoneEnabledAsUser : true

D/RestrictionPolicy( 3535): userId: 0, isMicrophoneEnabledAsUser : true

D/RestrictionPolicy( 3535): userId: 0, isMicrophoneEnabledAsUser : true

D/RestrictionPolicy( 3535): userId: 0, isMicrophoneEnabledAsUser : true

D/RestrictionPolicy( 3535): userId: 0, isMicrophoneEnabledAsUser : true

D/RestrictionPolicy( 3535): userId: 0, isMicrophoneEnabledAsUser : true

D/RestrictionPolicy( 3535): userId: 0, isMicrophoneEnabledAsUser : true

D/RestrictionPolicy( 3535): userId: 0, isMicrophoneEnabledAsUser : true

D/RestrictionPolicy( 3535): userId: 0, isMicrophoneEnabledAsUser : true

D/RestrictionPolicy( 3535): userId: 0, isMicrophoneEnabledAsUser : true

D/RestrictionPolicy( 3535): userId: 0, isMicrophoneEnabledAsUser : true

D/RestrictionPolicy( 3535): userId: 0, isMicrophoneEnabledAsUser : true

D/RestrictionPolicy( 3535): userId: 0, isMicrophoneEnabledAsUser : true

D/RestrictionPolicy( 3535): userId: 0, isMicrophoneEnabledAsUser : true

D/RestrictionPolicy( 3535): userId: 0, isMicrophoneEnabledAsUser : true

D/RestrictionPolicy( 3535): userId: 0, isMicrophoneEnabledAsUser : true

D/RestrictionPolicy( 3535): userId: 0, isMicrophoneEnabledAsUser : true

D/RestrictionPolicy( 3535): userId: 0, isMicrophoneEnabledAsUser : true

D/RestrictionPolicy( 3535): userId: 0, isMicrophoneEnabledAsUser : true

D/RestrictionPolicy( 3535): userId: 0, isMicrophoneEnabledAsUser : true

D/RestrictionPolicy( 3535): userId: 0, isMicrophoneEnabledAsUser : true

D/RestrictionPolicy( 3535): userId: 0, isMicrophoneEnabledAsUser : true

D/RestrictionPolicy( 3535): userId: 0, isMicrophoneEnabledAsUser : true

D/RestrictionPolicy( 3535): userId: 0, isMicrophoneEnabledAsUser : true

D/RestrictionPolicy( 3535): userId: 0, isMicrophoneEnabledAsUser : true

D/RestrictionPolicy( 3535): userId: 0, isMicrophoneEnabledAsUser : true

D/RestrictionPolicy( 3535): userId: 0, isMicrophoneEnabledAsUser : true

D/RestrictionPolicy( 3535): userId: 0, isMicrophoneEnabledAsUser : true

D/RestrictionPolicy( 3535): userId: 0, isMicrophoneEnabledAsUser : true

D/RestrictionPolicy( 3535): userId: 0, isMicrophoneEnabledAsUser : true

E/Watchdog( 3535): !@Sync 1086 [11-25 16:36:26.561]

D/RestrictionPolicy( 3535): userId: 0, isMicrophoneEnabledAsUser : true

D/RestrictionPolicy( 3535): userId: 0, isMicrophoneEnabledAsUser : true

D/RestrictionPolicy( 3535): userId: 0, isMicrophoneEnabledAsUser : true

D/RestrictionPolicy( 3535): userId: 0, isMicrophoneEnabledAsUser : true

D/RestrictionPolicy( 3535): userId: 0, isMicrophoneEnabledAsUser : true

D/RestrictionPolicy( 3535): userId: 0, isMicrophoneEnabledAsUser : true

D/RestrictionPolicy( 3535): userId: 0, isMicrophoneEnabledAsUser : true

D/RestrictionPolicy( 3535): userId: 0, isMicrophoneEnabledAsUser : true

D/RestrictionPolicy( 3535): userId: 0, isMicrophoneEnabledAsUser : true

D/RestrictionPolicy( 3535): userId: 0, isMicrophoneEnabledAsUser : true

D/RestrictionPolicy( 3535): userId: 0, isMicrophoneEnabledAsUser : true

D/RestrictionPolicy( 3535): userId: 0, isMicrophoneEnabledAsUser : true

D/RestrictionPolicy( 3535): userId: 0, isMicrophoneEnabledAsUser : true

D/RestrictionPolicy( 3535): userId: 0, isMicrophoneEnabledAsUser : true

D/RestrictionPolicy( 3535): userId: 0, isMicrophoneEnabledAsUser : true

D/RestrictionPolicy( 3535): userId: 0, isMicrophoneEnabledAsUser : true

D/RestrictionPolicy( 3535): userId: 0, isMicrophoneEnabledAsUser : true

D/RestrictionPolicy( 3535): userId: 0, isMicrophoneEnabledAsUser : true

D/RestrictionPolicy( 3535): userId: 0, isMicrophoneEnabledAsUser : true

D/RestrictionPolicy( 3535): userId: 0, isMicrophoneEnabledAsUser : true

D/RestrictionPolicy( 3535): userId: 0, isMicrophoneEnabledAsUser : true

D/RestrictionPolicy( 3535): userId: 0, isMicrophoneEnabledAsUser : true

D/RestrictionPolicy( 3535): userId: 0, isMicrophoneEnabledAsUser : true

D/RestrictionPolicy( 3535): userId: 0, isMicrophoneEnabledAsUser : true

D/RestrictionPolicy( 3535): userId: 0, isMicrophoneEnabledAsUser : true

D/RestrictionPolicy( 3535): userId: 0, isMicrophoneEnabledAsUser : true

D/RestrictionPolicy( 3535): userId: 0, isMicrophoneEnabledAsUser : true

D/RestrictionPolicy( 3535): userId: 0, isMicrophoneEnabledAsUser : true

D/RestrictionPolicy( 3535): userId: 0, isMicrophoneEnabledAsUser : true

D/RestrictionPolicy( 3535): userId: 0, isMicrophoneEnabledAsUser : true

D/RestrictionPolicy( 3535): userId: 0, isMicrophoneEnabledAsUser : true

D/RestrictionPolicy( 3535): userId: 0, isMicrophoneEnabledAsUser : true

D/RestrictionPolicy( 3535): userId: 0, isMicrophoneEnabledAsUser : true

E/NetlinkEvent( 2998): NetlinkEvent::FindParam(): Parameter 'LABEL' not found

D/RestrictionPolicy( 3535): userId: 0, isMicrophoneEnabledAsUser : true

D/RestrictionPolicy( 3535): userId: 0, isMicrophoneEnabledAsUser : true

D/RestrictionPolicy( 3535): userId: 0, isMicrophoneEnabledAsUser : true

D/RestrictionPolicy( 3535): userId: 0, isMicrophoneEnabledAsUser : true

I/audio_hw_primary( 3006): do_out_standby +

D/RestrictionPolicy( 3535): userId: 0, isMicrophoneEnabledAsUser : true

D/RestrictionPolicy( 3535): userId: 0, isMicrophoneEnabledAsUser : true

D/audio_hw_primary( 3006): output_devices devices:0

I/audio_hw_primary( 3006): is_voice_wakeup : ret =  0  , wakeup_baby_cry_enabled = 0  ,  wakeup_mic_enabled = 0 

I/audio_hw_primary( 3006): get_input_snd_device_id device:0xb

D/RestrictionPolicy( 3535): userId: 0, isMicrophoneEnabledAsUser : true

V/audio_hw_primary( 3006): select_devices output_scenario:-1 input_scenario:27 out_snd_device 0x0 in_snd_device:0xb

I/audio_route( 3006): 

I/audio_route( 3006): > audio_route_reset :

I/audio_route( 3006): 

I/audio_route( 3006): > audio_route_apply_path : "recognition-mic"

V/audio_hw_primary( 3006): select_devices() input_route "recognition-mic" 

I/audio_route( 3006): 

I/audio_route( 3006): > audio_route_apply_path : "gain-recognition-mic"

V/audio_hw_primary( 3006): select_devices() input_gain "gain-recognition-mic" 

I/audio_route( 3006): 

I/audio_route( 3006): > audio_route_update_mixer : +

I/audio_route( 3006): > audio_route_update_mixer : changed(7) -

I/audio_hw_primary( 3006): select_devices - 

I/audio_hw_primary( 3006): do_out_standby -

D/RestrictionPolicy( 3535): userId: 0, isMicrophoneEnabledAsUser : true

D/RestrictionPolicy( 3535): userId: 0, isMicrophoneEnabledAsUser : true

D/RestrictionPolicy( 3535): userId: 0, isMicrophoneEnabledAsUser : true

D/RestrictionPolicy( 3535): userId: 0, isMicrophoneEnabledAsUser : true

D/RestrictionPolicy( 3535): userId: 0, isMicrophoneEnabledAsUser : true

D/RestrictionPolicy( 3535): userId: 0, isMicrophoneEnabledAsUser : true

D/RestrictionPolicy( 3535): userId: 0, isMicrophoneEnabledAsUser : true

D/RestrictionPolicy( 3535): userId: 0, isMicrophoneEnabledAsUser : true

D/RestrictionPolicy( 3535): userId: 0, isMicrophoneEnabledAsUser : true

D/RestrictionPolicy( 3535): userId: 0, isMicrophoneEnabledAsUser : true

D/RestrictionPolicy( 3535): userId: 0, isMicrophoneEnabledAsUser : true

D/RestrictionPolicy( 3535): userId: 0, isMicrophoneEnabledAsUser : true

D/RestrictionPolicy( 3535): userId: 0, isMicrophoneEnabledAsUser : true

D/RestrictionPolicy( 3535): userId: 0, isMicrophoneEnabledAsUser : true

D/RestrictionPolicy( 3535): userId: 0, isMicrophoneEnabledAsUser : true

D/RestrictionPolicy( 3535): userId: 0, isMicrophoneEnabledAsUser : true

D/RestrictionPolicy( 3535): userId: 0, isMicrophoneEnabledAsUser : true

D/RestrictionPolicy( 3535): userId: 0, isMicrophoneEnabledAsUser : true

D/RestrictionPolicy( 3535): userId: 0, isMicrophoneEnabledAsUser : true

D/RestrictionPolicy( 3535): userId: 0, isMicrophoneEnabledAsUser : true

D/RestrictionPolicy( 3535): userId: 0, isMicrophoneEnabledAsUser : true

D/RestrictionPolicy( 3535): userId: 0, isMicrophoneEnabledAsUser : true

D/RestrictionPolicy( 3535): userId: 0, isMicrophoneEnabledAsUser : true

D/RestrictionPolicy( 3535): userId: 0, isMicrophoneEnabledAsUser : true

D/RestrictionPolicy( 3535): userId: 0, isMicrophoneEnabledAsUser : true

D/RestrictionPolicy( 3535): userId: 0, isMicrophoneEnabledAsUser : true

D/RestrictionPolicy( 3535): userId: 0, isMicrophoneEnabledAsUser : true

D/RestrictionPolicy( 3535): userId: 0, isMicrophoneEnabledAsUser : true

D/RestrictionPolicy( 3535): userId: 0, isMicrophoneEnabledAsUser : true

D/RestrictionPolicy( 3535): userId: 0, isMicrophoneEnabledAsUser : true

D/RestrictionPolicy( 3535): userId: 0, isMicrophoneEnabledAsUser : true

D/RestrictionPolicy( 3535): userId: 0, isMicrophoneEnabledAsUser : true

D/RestrictionPolicy( 3535): userId: 0, isMicrophoneEnabledAsUser : true

D/RestrictionPolicy( 3535): userId: 0, isMicrophoneEnabledAsUser : true

D/RestrictionPolicy( 3535): userId: 0, isMicrophoneEnabledAsUser : true

D/RestrictionPolicy( 3535): userId: 0, isMicrophoneEnabledAsUser : true

D/RestrictionPolicy( 3535): userId: 0, isMicrophoneEnabledAsUser : true

D/RestrictionPolicy( 3535): userId: 0, isMicrophoneEnabledAsUser : true

D/RestrictionPolicy( 3535): userId: 0, isMicrophoneEnabledAsUser : true

D/RestrictionPolicy( 3535): userId: 0, isMicrophoneEnabledAsUser : true

D/RestrictionPolicy( 3535): userId: 0, isMicrophoneEnabledAsUser : true

D/RestrictionPolicy( 3535): userId: 0, isMicrophoneEnabledAsUser : true

D/RestrictionPolicy( 3535): userId: 0, isMicrophoneEnabledAsUser : true

D/RestrictionPolicy( 3535): userId: 0, isMicrophoneEnabledAsUser : true

D/RestrictionPolicy( 3535): userId: 0, isMicrophoneEnabledAsUser : true

D/RestrictionPolicy( 3535): userId: 0, isMicrophoneEnabledAsUser : true

D/RestrictionPolicy( 3535): userId: 0, isMicrophoneEnabledAsUser : true

D/RestrictionPolicy( 3535): userId: 0, isMicrophoneEnabledAsUser : true

D/RestrictionPolicy( 3535): userId: 0, isMicrophoneEnabledAsUser : true

D/RestrictionPolicy( 3535): userId: 0, isMicrophoneEnabledAsUser : true

D/RestrictionPolicy( 3535): userId: 0, isMicrophoneEnabledAsUser : true

D/RestrictionPolicy( 3535): userId: 0, isMicrophoneEnabledAsUser : true

D/RestrictionPolicy( 3535): userId: 0, isMicrophoneEnabledAsUser : true

D/RestrictionPolicy( 3535): userId: 0, isMicrophoneEnabledAsUser : true

V/AlarmManager( 3535): waitForAlarm result :8

D/RestrictionPolicy( 3535): userId: 0, isMicrophoneEnabledAsUser : true

