I/ACodec  ( 3006):  [OMX.google.vorbis.decoder] Now uninitialized

V/NuPlayer( 3006): Got valid new generation 3 

V/NuPlayer( 3006): audio shutdown completed

V/NuPlayer( 3006): both audio and video are flushed now.

V/NuPlayer( 3006): Reset was postponed execute processDeferredActions

V/NuPlayer( 3006): performReset

I/NuSecMediaClock( 3006): NuSecMediaClock destructor

V/GenericSource( 3006): stop()

V/GenericSource( 3006): PREPARE_CANCELLED set to true

V/GenericSource( 3006): [Flag] set 0x40 -> mFlags = 0x48

V/GenericSource( 3006): [Flag] clear 0x8 -> mFlags = 0x40

V/GenericSource( 3006): stop() end

V/GenericSource( 3006): ~GenericSource()

I/OggExtractor( 3006): OggSource::stop() mExtractor ref count = 2

I/OggExtractor( 3006): ~OggSource --

D/NuPlayerDriver( 3006): notifyResetComplete(0xefcabba0)

V/NuPlayerDriver( 3006): ~NuPlayerDriver(0xefcabba0)

I/OggExtractor( 3006): ~OggExtractor ++

I/OggExtractor( 3006): ~MyVorbisExtractor ++ 

I/OggExtractor( 3006): ~MyVorbisExtractor --

I/OggExtractor( 3006): ~OggExtractor --

D/Activity( 5284): performCreate Call Injection manager

I/AudioPolicyManager( 3006): stopOutput() output 4, stream 1, session 2610

I/AudioPolicyManager( 3006): changeRefCount() stream 1, count 0

I/AudioPolicyManager( 3006): setOutputDevice() setting same device 0000 or null device for output 4

I/InjectionManager( 5284): dispatchOnViewCreated > Target : com.android.calendar.event.bb isFragment :true

I/InjectionManager( 5284): dispatchOnViewCreated > Target : com.android.calendar.event.EditEventActivity isFragment :false

D/QuickConnectManager( 5284): registerListener

D/QuickConnectService( 3535): registerCallback >>> Input listener ClassName : com.android.calendar.event.EditEventActivity

D/QuickConnectService( 3535): QuickConnectListenerInfo - token:  android.os.BinderProxy@3daff930  component  com.android.calendar.event.EditEventActivity

D/SecWifiDisplayUtil( 5284): Metadata value : SecSettings2

D/ActivityManager( 3535): post active user change for 0 fullscreen true record.isFloatingActivity() false

D/KnoxTimeoutHandler( 3535): postActiveUserChange for user 0

I/KnoxTimeoutHandler( 3535): postActiveUserChange, showWhenLocked: false

D/KnoxTimeoutHandler( 3535): handleActiveUserChange for user 0

V/WindowManager( 3535): Adding window Window{d502b2e u0 d0 com.android.calendar/com.android.calendar.event.EditEventActivity} at 12 of 80 (after Window{2564f10b u0 d0 com.android.calendar/com.android.calendar.AllInOneActivity})

D/PersonaManagerService( 3535): getPersonasForUser(): returning null!

D/MultiPhoneWindow( 5284): MinimizeAnimator::removeWindow

D/MultiPhoneWindow( 5284): MinimizeAnimator::removeWindow

E/NFC     ( 5284): isAndroidBeamAllowed - Begin

I/NFC     ( 5284): showMsg is false

D/SecContentProvider( 3535): uri = 15 selection = isAndroidBeamAllowed

D/RestrictionPolicy( 3535): isAndroidBeamAllowed : true

D/View    ( 5284): mTwDrawDuringWindowsAnimating=true

D/PhoneWindow( 5284): *FMB* isFloatingMenuEnabled mFloatingMenuBtn : null

D/PhoneWindow( 5284): *FMB* isFloatingMenuEnabled return false

D/MultiPhoneWindow( 5284): MinimizeAnimator::removeWindow

I/SurfaceFlinger( 2986): id=4064 createSurf (1x1),1 flag=404, FditEventAc

D/RestrictionPolicy( 3535): isStatusBarExpansionAllowedAsUser : true, userId = 0

D/InputDispatcher( 3535): Focus entered window: 5284

D/MultiWindowConverter( 3535): dismissGuide() : Before attaching the guide view, mForceDismissGuide : false

D/StatusBarManagerService( 3535): manageDisableList userId=0 what=0x0 pkg=Window{d502b2e u0 d0 com.android.calendar/com.android.calendar.event.EditEventActivity}

D/WindowManager( 3535): beginLayoutLw mStatusBar.isVisibleLw() = false, statusBarTransient=false, displayId=0

E/WindowState( 3535): getStack: Window{27bd45b6 u0 d0 com.android.calendar/com.android.calendar.event.EditEventActivity} couldn't find taskId=6438 Callers=com.android.server.wm.WindowState.getDisplayContent:1246 com.android.server.wm.WindowState.isDefaultDisplay:1936 com.android.server.wm.WindowState.getMultiWindowStyleLw:2520 com.android.internal.policy.impl.multiwindow.MultiPhoneWindowManager.shouldEnableLayoutInsetsBySoftInput:1601 

D/PersonaManagerService( 3535): getPersonasForUser(): returning null!

E/WindowState( 3535): getStack: Window{27bd45b6 u0 d0 com.android.calendar/com.android.calendar.event.EditEventActivity} couldn't find taskId=6438 Callers=com.android.server.wm.WindowState.getDisplayContent:1246 com.android.server.wm.WindowState.isDefaultDisplay:1936 com.android.server.wm.WindowState.getMultiWindowStyleLw:2520 com.android.internal.policy.impl.multiwindow.MultiPhoneWindowManager.shouldEnableLayoutInsetsBySoftInput:1601 

E/WindowState( 3535): getStack: Window{27bd45b6 u0 d0 com.android.calendar/com.android.calendar.event.EditEventActivity} couldn't find taskId=6438 Callers=com.android.server.wm.WindowState.getDisplayContent:1246 com.android.server.wm.WindowState.isDefaultDisplay:1936 com.android.server.wm.WindowState.getMultiWindowStyleLw:2520 com.android.internal.policy.impl.multiwindow.MultiPhoneWindowManager.shouldEnableLayoutInsetsBySoftInput:1601 

E/WindowState( 3535): getStack: Window{27bd45b6 u0 d0 com.android.calendar/com.android.calendar.event.EditEventActivity} couldn't find taskId=6438 Callers=com.android.server.wm.WindowState.getDisplayContent:1246 com.android.server.wm.WindowState.isDefaultDisplay:1936 com.android.server.wm.WindowState.getMultiWindowStyleLw:2520 com.android.internal.policy.impl.multiwindow.MultiPhoneWindowManager.shouldEnableLayoutInsetsBySoftInput:1601 

E/WindowState( 3535): getStack: Window{27bd45b6 u0 d0 com.android.calendar/com.android.calendar.event.EditEventActivity} couldn't find taskId=6438 Callers=com.android.server.wm.WindowState.getDisplayContent:1246 com.android.server.wm.WindowState.isDefaultDisplay:1936 com.android.server.wm.WindowState.getMultiWindowStyleLw:2520 com.android.internal.policy.impl.multiwindow.MultiPhoneWindowManager.shouldEnableLayoutInsetsBySoftInput:1601 

W/ContextImpl( 3535): Calling a method in the system process without a qualified user: android.app.ContextImpl.sendBroadcast:1752 com.android.internal.policy.impl.PhoneWindowManager.notifyToSSRM:7089 com.android.internal.policy.impl.PhoneWindowManager.access$1300:240 com.android.internal.policy.impl.PhoneWindowManager$PolicyHandler.handleMessage:1025 android.os.Handler.dispatchMessage:102 

D/SSRM:a  ( 3535): DeviceInfo:: 000000000000

D/SSRM:a  ( 3535): SettingsAirViewInfo:: 000000000

D/WindowManager( 3535): beginLayoutLw mStatusBar.isVisibleLw() = false, statusBarTransient=false, displayId=0

E/WindowState( 3535): getStack: Window{27bd45b6 u0 d0 com.android.calendar/com.android.calendar.event.EditEventActivity} couldn't find taskId=6438 Callers=com.android.server.wm.WindowState.getDisplayContent:1246 com.android.server.wm.WindowState.isDefaultDisplay:1936 com.android.server.wm.WindowState.getMultiWindowStyleLw:2520 com.android.internal.policy.impl.multiwindow.MultiPhoneWindowManager.shouldEnableLayoutInsetsBySoftInput:1601 

E/WindowState( 3535): getStack: Window{27bd45b6 u0 d0 com.android.calendar/com.android.calendar.event.EditEventActivity} couldn't find taskId=6438 Callers=com.android.server.wm.WindowState.getDisplayContent:1246 com.android.server.wm.WindowState.isDefaultDisplay:1936 com.android.server.wm.WindowState.getMultiWindowStyleLw:2520 com.android.internal.policy.impl.multiwindow.MultiPhoneWindowManager.shouldEnableLayoutInsetsBySoftInput:1601 

D/PointerIcon( 3535): setMouseIconStyle1 pointerType: 1001 iconType:101 flag:0 pid:3535 uid:1000

D/PointerIcon( 3535): setMouseCustomIcon IconType is same.101

D/SRIB_DCS( 5284): log_dcs ThreadedRenderer::initialize entered! 

D/mali_winsys( 5284): new_window_surface returns 0x3000,  [1440x2560]-format:1

E/WindowState( 3535): getStack: Window{27bd45b6 u0 d0 com.android.calendar/com.android.calendar.event.EditEventActivity} couldn't find taskId=6438 Callers=com.android.server.wm.WindowState.getDisplayContent:1246 com.android.server.wm.WindowState.isDefaultDisplay:1936 com.android.server.wm.WindowState.getMultiWindowStyleLw:2520 com.android.internal.policy.impl.multiwindow.MultiPhoneWindowManager.shouldEnableLayoutInsetsBySoftInput:1601 

E/WindowState( 3535): getStack: Window{27bd45b6 u0 d0 com.android.calendar/com.android.calendar.event.EditEventActivity} couldn't find taskId=6438 Callers=com.android.server.wm.WindowState.getDisplayContent:1246 com.android.server.wm.WindowState.isDefaultDisplay:1936 com.android.server.wm.WindowState.getMultiWindowStyleLw:2520 com.android.internal.policy.impl.multiwindow.MultiPhoneWindowManager.shouldEnableLayoutInsetsBySoftInput:1601 

E/WindowState( 3535): getStack: Window{27bd45b6 u0 d0 com.android.calendar/com.android.calendar.event.EditEventActivity} couldn't find taskId=6438 Callers=com.android.server.wm.WindowState.getDisplayContent:1246 com.android.server.wm.WindowState.isDefaultDisplay:1936 com.android.server.wm.WindowState.getMultiWindowStyleLw:2520 com.android.internal.policy.impl.multiwindow.MultiPhoneWindowManager.shouldEnableLayoutInsetsBySoftInput:1601 

I/InjectionManager( 5284): dispatchCreateOptionsMenu :com.android.calendar.event.EditEventActivity

I/InjectionManager( 5284): dispatchPrepareOptionsMenu :com.android.calendar.event.EditEventActivity

D/WindowManager( 3535): beginLayoutLw mStatusBar.isVisibleLw() = false, statusBarTransient=false, displayId=0

E/WindowState( 3535): getStack: Window{27bd45b6 u0 d0 com.android.calendar/com.android.calendar.event.EditEventActivity} couldn't find taskId=6438 Callers=com.android.server.wm.WindowState.getDisplayContent:1246 com.android.server.wm.WindowState.isDefaultDisplay:1936 com.android.server.wm.WindowState.getMultiWindowStyleLw:2520 com.android.internal.policy.impl.multiwindow.MultiPhoneWindowManager.shouldEnableLayoutInsetsBySoftInput:1601 

E/WindowState( 3535): getStack: Window{27bd45b6 u0 d0 com.android.calendar/com.android.calendar.event.EditEventActivity} couldn't find taskId=6438 Callers=com.android.server.wm.WindowState.getDisplayContent:1246 com.android.server.wm.WindowState.isDefaultDisplay:1936 com.android.server.wm.WindowState.getMultiWindowStyleLw:2520 com.android.internal.policy.impl.multiwindow.MultiPhoneWindowManager.shouldEnableLayoutInsetsBySoftInput:1601 

E/WindowState( 3535): getStack: Window{27bd45b6 u0 d0 com.android.calendar/com.android.calendar.event.EditEventActivity} couldn't find taskId=6438 Callers=com.android.server.wm.WindowState.getDisplayContent:1246 com.android.server.wm.WindowState.isDefaultDisplay:1936 com.android.server.wm.WindowState.getMultiWindowStyleLw:2520 com.android.internal.policy.impl.multiwindow.MultiPhoneWindowManager.shouldEnableLayoutInsetsBySoftInput:1601 

E/WindowState( 3535): getStack: Window{27bd45b6 u0 d0 com.android.calendar/com.android.calendar.event.EditEventActivity} couldn't find taskId=6438 Callers=com.android.server.wm.WindowState.getDisplayContent:1246 com.android.server.wm.WindowState.isDefaultDisplay:1936 com.android.server.wm.WindowState.getMultiWindowStyleLw:2520 com.android.internal.policy.impl.multiwindow.MultiPhoneWindowManager.shouldEnableLayoutInsetsBySoftInput:1601 

E/WindowState( 3535): getStack: Window{27bd45b6 u0 d0 com.android.calendar/com.android.calendar.event.EditEventActivity} couldn't find taskId=6438 Callers=com.android.server.wm.WindowState.getDisplayContent:1246 com.android.server.wm.WindowState.isDefaultDisplay:1936 com.android.server.wm.WindowState.getMultiWindowStyleLw:2520 com.android.internal.policy.impl.multiwindow.MultiPhoneWindowManager.shouldEnableLayoutInsetsBySoftInput:1601 

D/InputMethodManagerService( 3535): windowGainedFocus mCurrentFocusedUserId - 0 and mSecureKeypadEnabled-false

D/WindowManager( 3535): beginLayoutLw mStatusBar.isVisibleLw() = false, statusBarTransient=false, displayId=0

E/WindowState( 3535): getStack: Window{27bd45b6 u0 d0 com.android.calendar/com.android.calendar.event.EditEventActivity} couldn't find taskId=6438 Callers=com.android.server.wm.WindowState.getDisplayContent:1246 com.android.server.wm.WindowState.isDefaultDisplay:1936 com.android.server.wm.WindowState.getMultiWindowStyleLw:2520 com.android.internal.policy.impl.multiwindow.MultiPhoneWindowManager.shouldEnableLayoutInsetsBySoftInput:1601 

E/WindowState( 3535): getStack: Window{27bd45b6 u0 d0 com.android.calendar/com.android.calendar.event.EditEventActivity} couldn't find taskId=6438 Callers=com.android.server.wm.WindowState.getDisplayContent:1246 com.android.server.wm.WindowState.isDefaultDisplay:1936 com.android.server.wm.WindowState.getMultiWindowStyleLw:2520 com.android.internal.policy.impl.multiwindow.MultiPhoneWindowManager.shouldEnableLayoutInsetsBySoftInput:1601 

E/WindowState( 3535): getStack: Window{27bd45b6 u0 d0 com.android.calendar/com.android.calendar.event.EditEventActivity} couldn't find taskId=6438 Callers=com.android.server.wm.WindowState.getDisplayContent:1246 com.android.server.wm.WindowState.isDefaultDisplay:1936 com.android.server.wm.WindowState.getMultiWindowStyleLw:2520 com.android.internal.policy.impl.multiwindow.MultiPhoneWindowManager.shouldEnableLayoutInsetsBySoftInput:1601 

E/WindowState( 3535): getStack: Window{27bd45b6 u0 d0 com.android.calendar/com.android.calendar.event.EditEventActivity} couldn't find taskId=6438 Callers=com.android.server.wm.WindowState.getDisplayContent:1246 com.android.server.wm.WindowState.isDefaultDisplay:1936 com.android.server.wm.WindowState.getMultiWindowStyleLw:2520 com.android.internal.policy.impl.multiwindow.MultiPhoneWindowManager.shouldEnableLayoutInsetsBySoftInput:1601 

E/WindowState( 3535): getStack: Window{27bd45b6 u0 d0 com.android.calendar/com.android.calendar.event.EditEventActivity} couldn't find taskId=6438 Callers=com.android.server.wm.WindowState.getDisplayContent:1246 com.android.server.wm.WindowState.isDefaultDisplay:1936 com.android.server.wm.WindowState.getMultiWindowStyleLw:2520 com.android.internal.policy.impl.multiwindow.MultiPhoneWindowManager.shouldEnableLayoutInsetsBySoftInput:1601 

I/ActivityManager( 3535): Displayed Component not be shown by security: +267ms

I/MultiPhoneWindowManager( 3535): Changed -> mCurrentInputMethodTarget : Window{d502b2e u0 d0 com.android.calendar/com.android.calendar.event.EditEventActivity}

I/CocktailPhoneWindowManager( 3535): Changed -> mCurrentInputMethodTarget : Window{d502b2e u0 d0 com.android.calendar/com.android.calendar.event.EditEventActivity}

D/WindowManager( 3535): beginLayoutLw mStatusBar.isVisibleLw() = false, statusBarTransient=false, displayId=0

I/WebViewFactory( 5284): Loading com.google.android.webview version 46.0.2490.76 (code 249007650)

I/InjectionManager( 5284): Inside getClassLibPath caller 

I/cr.library_loader( 5284): Time to load native libraries: 7 ms (timestamps 1787-1794)

I/cr.library_loader( 5284): Expected native library version number "46.0.2490.76", actual native library version number "46.0.2490.76"

V/WebViewChromiumFactoryProvider( 5284): Binding Chromium to main looper Looper (main, tid 1) {c9eb35b}

I/cr.library_loader( 5284): Expected native library version number "46.0.2490.76", actual native library version number "46.0.2490.76"

I/chromium( 5284): [INFO:library_loader_hooks.cc(118)] Chromium logging enabled: level = 0, default verbosity = 0

I/cr.BrowserStartup( 5284): Initializing chromium process, singleProcess=true

E/SysUtils( 5284): ApplicationContext is null in ApplicationStatus

I/Timeline( 3535): Timeline: Activity_windows_visible id: ActivityRecord{261f8756 u0 com.android.calendar/.event.EditEventActivity t6440} time:32631847

D/CustomFrequencyManagerService( 3535): releaseDVFSLockLocked : Getting Lock type frm List : DVFS_MIN_LIMIT  frequency : 1800000  uid : 1000  pid : 3535  tag : ACTIVITY_RESUME_BOOSTER@6

W/ActivityManager( 3535): mDVFSHelper.release()

D/CustomFrequencyManagerService( 3535): acquireDVFSLockLocked : type : DVFS_MIN_LIMIT  frequency : 1800000  uid : 1000  pid : 3535  pkgName : ACTIVITY_RESUME_BOOSTER@10

D/WindowManager( 3535): beginLayoutLw mStatusBar.isVisibleLw() = false, statusBarTransient=false, displayId=0

E/chromium( 5284): [ERROR:browser_gpu_channel_host_factory.cc(258)] Failed to init browser shader disk cache.

E/libEGL  ( 5284): validate_display:255 error 3008 (EGL_BAD_DISPLAY)

D/AndroidRuntime( 5284): Shutting down VM

E/AndroidRuntime( 5284): FATAL EXCEPTION: main

E/AndroidRuntime( 5284): Process: com.android.calendar, PID: 5284

E/AndroidRuntime( 5284): java.lang.ArrayIndexOutOfBoundsException: length=12; index=12

E/AndroidRuntime( 5284): 	at com.android.calendar.event.bv.l(EditEventView.java:5568)

E/AndroidRuntime( 5284): 	at com.android.calendar.event.bv.a(EditEventView.java:4025)

E/AndroidRuntime( 5284): 	at com.android.calendar.event.bv.a(EditEventView.java:3734)

E/AndroidRuntime( 5284): 	at com.android.calendar.event.bb.a(EditEventFragment.java:1572)

E/AndroidRuntime( 5284): 	at com.android.calendar.event.bb.f(EditEventFragment.java:1552)

E/AndroidRuntime( 5284): 	at com.android.calendar.event.bb.f(EditEventFragment.java:95)

E/AndroidRuntime( 5284): 	at com.android.calendar.event.br.onQueryComplete(EditEventFragment.java:1217)

E/AndroidRuntime( 5284): 	at android.content.AsyncQueryHandler.handleMessage(AsyncQueryHandler.java:344)

E/AndroidRuntime( 5284): 	at android.os.Handler.dispatchMessage(Handler.java:102)

E/AndroidRuntime( 5284): 	at android.os.Looper.loop(Looper.java:145)

E/AndroidRuntime( 5284): 	at android.app.ActivityThread.main(ActivityThread.java:6837)

E/AndroidRuntime( 5284): 	at java.lang.reflect.Method.invoke(Native Method)

E/AndroidRuntime( 5284): 	at java.lang.reflect.Method.invoke(Method.java:372)

E/AndroidRuntime( 5284): 	at com.android.internal.os.ZygoteInit$MethodAndArgsCaller.run(ZygoteInit.java:1404)

E/AndroidRuntime( 5284): 	at com.android.internal.os.ZygoteInit.main(ZygoteInit.java:1199)

D/EnterpriseDeviceManagerService( 3535): isManagedProfileUser(): userId = 0

D/EnterpriseDeviceManagerService( 3535): isManagedProfileUser(): userId = 0

D/EnterpriseDeviceManagerService( 3535): is permission granted: false

W/AuditLogService( 3535): AuditLogger: Module does not have AuditLog permission

V/ApplicationPolicy( 3535): isApplicationStateBlocked userId 0 pkgname com.android.calendar

W/ActivityManager( 3535):   Force finishing activity 1 com.android.calendar/.event.EditEventActivity

V/ApplicationPolicy( 3535): isApplicationStateBlocked userId 0 pkgname com.android.calendar

V/ApplicationPolicy( 3535): isApplicationStateBlocked userId 0 pkgname com.android.calendar

D/InputDispatcher( 3535): Focused application set to: xxxx

V/ApplicationPolicy( 3535): isApplicationStateBlocked userId 0 pkgname com.android.calendar

V/ApplicationPolicy( 3535): isApplicationStateBlocked userId 0 pkgname com.sec.android.app.launcher

D/InputDispatcher( 3535): Focused application set to: xxxx

D/InputDispatcher( 3535): Focus left window: 5284

I/ActivityManager( 3535): Skip updateThumbnail for r=ActivityRecord{261f8756 u0 com.android.calendar/.event.EditEventActivity t6440 f}

W/ActivityManager( 3535):   Force finishing activity 2 com.android.calendar/.AllInOneActivity

D/FocusedStackFrame( 3535): Set to : 0

D/MultiWindowConverter( 3535): dismissGuide() : Before attaching the guide view, mForceDismissGuide : false

D/WindowManager( 3535): beginLayoutLw mStatusBar.isVisibleLw() = false, statusBarTransient=false, displayId=0

W/ContextImpl( 3535): Calling a method in the system process without a qualified user: android.app.ContextImpl.sendBroadcast:1752 com.android.internal.policy.impl.PhoneWindowManager.notifyToSSRM:7089 com.android.internal.policy.impl.PhoneWindowManager.access$1300:240 com.android.internal.policy.impl.PhoneWindowManager$PolicyHandler.handleMessage:1025 android.os.Handler.dispatchMessage:102 

D/PointerIcon( 3535): setMouseIconStyle1 pointerType: 1001 iconType:101 flag:0 pid:3535 uid:1000

D/PointerIcon( 3535): setMouseCustomIcon IconType is same.101

E/android.os.Debug( 3535): ro.product_ship = true

E/android.os.Debug( 3535): ro.debug_level = 0x4f4c

D/PhoneWindow( 3535): *FMB* installDecor mIsFloating : true

D/PhoneWindow( 3535): *FMB* installDecor flags : 8519682

D/InputDispatcher( 3535): Focus entered window: 3535

D/PointerIcon( 3535): setMouseIconStyle1 pointerType: 1001 iconType:101 flag:0 pid:3535 uid:1000

D/PointerIcon( 3535): setMouseCustomIcon IconType is same.101

D/RestrictionPolicy( 3535): isStatusBarExpansionAllowedAsUser : true, userId = 0

D/CrashAnrDetector( 3535): processName: com.android.calendar

D/CrashAnrDetector( 3535): broadcastEvent : com.android.calendar system_app_crash

D/PhoneWindow( 3535): *FMB* isFloatingMenuEnabled mFloatingMenuBtn : null

D/PhoneWindow( 3535): *FMB* isFloatingMenuEnabled return false

D/MultiWindowConverter( 3535): dismissGuide() : Before attaching the guide view, mForceDismissGuide : false

D/StatusBarManagerService( 3535): manageDisableList userId=0 what=0x0 pkg=Window{33ce813e u0 d0 Application Error: com.android.calendar}

D/PersonaManagerService( 3535): getPersonasForUser(): returning null!

V/BroadcastQueue( 3535): [background] Process cur broadcast BroadcastRecord{2e421b9f u0 android.intent.action.DROPBOX_ENTRY_ADDED} DELIVERED for app ProcessRecord{1ef8c62b 1338:com.samsung.android.sm/1000}

I/SurfaceFlinger( 2986): id=4065 createSurf (193x193),1 flag=4, dalendar

D/WindowManager( 3535): beginLayoutLw mStatusBar.isVisibleLw() = false, statusBarTransient=false, displayId=0

W/ContextImpl( 3535): Calling a method in the system process without a qualified user: android.app.ContextImpl.sendBroadcast:1766 com.android.server.analytics.data.collection.application.CrashAnrDetector.broadcastEvent:296 com.android.server.analytics.data.collection.application.CrashAnrDetector.processDropBoxEntry:254 com.android.server.analytics.data.collection.application.CrashAnrDetector.access$100:60 com.android.server.analytics.data.collection.application.CrashAnrDetector$1.onReceive:102 

D/SSRM:a  ( 3535): DeviceInfo:: 000000000000

D/SSRM:a  ( 3535): SettingsAirViewInfo:: 000000000

D/SRIB_DCS( 3535): log_dcs ThreadedRenderer::initialize entered! 

I/OpenGLRenderer( 3535): Initialized EGL, version 1.4

I/OpenGLRenderer( 3535): HWUI protection enabled for context ,  &this =0x7f7bc437a0 ,&mEglDisplay = 1 , &mEglConfig = -1961569616 

D/mali_winsys( 3535): new_window_surface returns 0x3000,  [1528x802]-format:1

D/WindowManager( 3535): beginLayoutLw mStatusBar.isVisibleLw() = false, statusBarTransient=false, displayId=0

I/HINT_rp (31549): onForegroundActivitiesChanged pid:4536 uid : 10073 foregroundActivities:true

D/HINT_rq (31549): onFourgroundActivitiesChanged

D/HINT_SpayQuickPayService(31549): onSetForegroundActChangedFlag

V/MultiWindowTrayService(16431): onForegroundActivitiesChanged  /arrangeState : 0

W/ContextImpl( 1338): Calling a method in the system process without a qualified user: android.app.ContextImpl.startService:2117 android.content.ContextWrapper.startService:534 android.content.ContextWrapper.startService:534 com.samsung.android.sm.common.SmartManagerReceiver.b:199 com.samsung.android.sm.common.SmartManagerReceiver.onReceive:93 

D/ActivityManager( 3535): startService callerProcessName:com.samsung.android.sm, calleePkgName: com.samsung.android.sm

D/ActivityManager( 3535): retrieveServiceLocked(): component = com.samsung.android.sm/com.samsung.android.sm.common.notification.CrashedAppLoggingService; callingUser = 0; userId(target) = 0

D/        ( 3535): [G3D][cpomp_get_shader_from_blob_cache][compile_status: 1][shader_size: 0][ir_size: 8178]

I/ActivityManager( 3535): Killing 1478:com.samsung.android.SettingsReceiver/1000 (adj 15): empty #9

D/CustomFrequencyManagerService( 3535): releaseDVFSLockLocked : Getting Lock type frm List : DVFS_MIN_LIMIT  frequency : 1800000  uid : 1000  pid : 3535  tag : ACTIVITY_RESUME_BOOSTER@10

D/WindowManager( 3535): beginLayoutLw mStatusBar.isVisibleLw() = false, statusBarTransient=false, displayId=0

I/HINT_rq (31549): updateSimplepayVisible : hideTitle : false

I/HINT_rp (31549): ensureHomePackagesLoaded - mHomePackageNameMap : [com.sec.android.app.easylauncher, com.sec.android.app.launcher]

I/HINT_rp (31549): isHomePackageRunning topPkgName = com.android.calendar, return false

I/HINT_rp (31549): ensureHomePackagesLoaded - mHomePackageNameMap : [com.sec.android.app.easylauncher, com.sec.android.app.launcher]

I/HINT_rp (31549): isHomePackageRunning topPkgName = com.android.calendar, return false

I/HINT_rq (31549): hide Simple: home pkg is not running

I/HINT_SpayQuickPayService(31549): hideSimplePay() 

W/System.err( 3535): remove failed: ENOENT (No such file or directory) : /data/system/recent_tasks/6440_task.xml.bak

D/WindowManager( 3535): beginLayoutLw mStatusBar.isVisibleLw() = false, statusBarTransient=false, displayId=0

W/ActivityManager( 3535): Activity pause timeout for ActivityRecord{261f8756 u0 com.android.calendar/.event.EditEventActivity t6440 f}

D/CustomFrequencyManagerService( 3535): acquireDVFSLockLocked : type : DVFS_MIN_LIMIT  frequency : 1800000  uid : 1000  pid : 3535  pkgName : ACTIVITY_RESUME_BOOSTER@6

V/WindowOrientationListener( 3535): mSContextAutoRotationListener.getProposedRotation, mbResultFaceDectection: false

V/WindowOrientationListener( 3535): mSContextAutoRotationListener.getProposedRotation, Rotation: -1

V/WindowOrientationListener( 3535): mSContextAutoRotationListener.getProposedRotation, mbResultFaceDectection: false

V/WindowOrientationListener( 3535): mSContextAutoRotationListener.getProposedRotation, Rotation: -1

W/ActivityManager( 3535): mDVFSHelper.acquire()

V/WindowManager( 3535): rotationForOrientationLw(orient=1, last=0); user=0 USER_ROTATION_LOCKED sensorRotation=-1 mLidState=-1 mDockMode=0 mHdmiPlugged=false mMobileKeyboardEnabled=false

D/PowerManagerService( 3535): setKeyboardVisibility: false

D/WindowManager( 3535): beginLayoutLw mStatusBar.isVisibleLw() = false, statusBarTransient=false, displayId=0

D/LauncherActivity( 4536): onStart() com.sec.android.app.launcher.activities.LauncherActivity@1e2ba8a4

D/NativeApp( 4536): attachRootView: -511485760 this com.sec.daliviews.views.NativeApp@1b2e360Peer-194893280

D/LauncherActivity( 4536): onResume() com.sec.android.app.launcher.activities.LauncherActivity@1e2ba8a4

I/DALI-LIFECYCLE( 4536): void NativeViews::NativeApp::AttachRootView(NativeViews::ContainerViewBase*)

D/HomeFragment( 4536): onResume()

W/CurvedBorderComponent( 4536): CurvedBorderComponent::SetBorderSize 0.08, 0.00

D/Mms/UIEventReceiver( 4504): ui event

V/BroadcastQueue( 3535): [background] Process cur broadcast BroadcastRecord{2c36d2bb u0 com.sec.android.intent.action.HOME_RESUME} DELIVERED for app ProcessRecord{4ba3e35 14845:com.android.contacts/u0a25}

V/BroadcastQueue( 3535): [background] Process cur broadcast BroadcastRecord{2c36d2bb u0 com.sec.android.intent.action.HOME_RESUME} DELIVERED for app ProcessRecord{33fd180e 4504:com.android.mms/u0a59}

V/BroadcastQueue( 3535): [background] Process cur broadcast BroadcastRecord{2c36d2bb u0 com.sec.android.intent.action.HOME_RESUME} DELIVERED for app ProcessRecord{1df23a15 4211:com.android.systemui.recentsactivity/u0a69}

D/Recents_RecreateReceiver( 4211): onReceive by home

W/CurvedBorderComponent( 4536): CurvedBorderComponent::SetBorderSize 0.08, 0.00

W/CurvedBorderComponent( 4536): CurvedBorderComponent::SetBorderSize 0.08, 0.00

E/image-factory( 4536): ImageFactory::Load() ticket->resourceId=66080

E/image-factory( 4536): ImageFactory::Load() ticket->typePath.type=0xcfe0a100

E/image-factory( 4536): ImageFactory::Load() ticket->resourceId=66082

E/image-factory( 4536): ImageFactory::Load() ticket->typePath.type=0xcfe0a1e0

E/image-factory( 4536): ImageFactory::Load() ticket->resourceId=66093

E/image-factory( 4536): ImageFactory::Load() ticket->typePath.type=0xcfe0a6d0

E/image-factory( 4536): ImageFactory::Load() ticket->resourceId=66095

E/image-factory( 4536): ImageFactory::Load() ticket->typePath.type=0xcfe0a7d0

E/image-factory( 4536): ImageFactory::Load() ticket->resourceId=66105

E/image-factory( 4536): ImageFactory::Load() ticket->typePath.type=0xcfe0ad30

E/image-factory( 4536): ImageFactory::Load() ticket->resourceId=66191

E/image-factory( 4536): ImageFactory::Load() ticket->typePath.type=0xd129afe0

D/SurfaceWidgetView( 4536): Visibility changed to:0

D/SurfaceWidgetClient$ISurfaceWidgetStub( 5151): [237392/18] Surface widget visibility changed visibility = true on instance = 1

D/HomePresenter( 4536): setIgnoreDrawAppWidget() ignore:false

D/AppsFragment( 4536): onResume()

D/WidgetsFragment( 4536): onResume()

W/PageLayout( 4536): Pages are not ready yet so skip MoveToPage this time

W/SurfaceWidget.Renderer( 5151): [237392/18] invalid surface in SurfaceWidget mSurface:null

D/SurfaceWidget.Renderer( 5151): [237392/18] Surface is not ready yet. Waiting for surface

V/BroadcastQueue( 3535): [background] Process cur broadcast BroadcastRecord{2c36d2bb u0 com.sec.android.intent.action.HOME_RESUME} DELIVERED for app ProcessRecord{16305635 4601:com.sec.android.widgetapp.digitalclock/u0a118}

V/BroadcastQueue( 3535): [background] Process cur broadcast BroadcastRecord{2c36d2bb u0 com.sec.android.intent.action.HOME_RESUME} DELIVERED for app ProcessRecord{ed70aca 4619:com.sec.android.widgetapp.dualclockdigital/u0a121}

V/BroadcastQueue( 3535): [background] Process cur broadcast BroadcastRecord{2c36d2bb u0 com.sec.android.intent.action.HOME_RESUME} DELIVERED for app ProcessRecord{3915543b 4636:com.sec.android.app.camera/u0a176}

V/BroadcastQueue( 3535): [background] Process cur broadcast BroadcastRecord{2c36d2bb u0 com.sec.android.intent.action.HOME_RESUME} DELIVERED for app ProcessRecord{31d24e20 4516:com.android.phone/1001}

D/ActivityManager( 3535): handle home activity for 0

I/WallpaperManagerService( 3535): switchPersonaWallpaper is called for personaId-0

D/KnoxTimeoutHandler( 3535): post home show event for user 0

D/ActivityManager( 3535): post active user change for 0 fullscreen true record.isFloatingActivity() false

D/WallpaperManagerService( 3535):  force update = false; persona id = 0; current user =0; current persona = 0

D/KnoxTimeoutHandler( 3535): postActiveUserChange for user 0

D/KnoxTimeoutHandler( 3535): handleHomeShow for 0 and current 0

I/KnoxTimeoutHandler( 3535): postActiveUserChange, showWhenLocked: false

D/KnoxTimeoutHandler( 3535): handleActiveUserChange for user 0

I/SurfaceFlinger( 2986): id=4066 createSurf (1440x2560),1 flag=4, TurfaceView

D/PersonaManagerService( 3535): getPersonasForUser(): returning null!

D/WindowManager( 3535): beginLayoutLw mStatusBar.isVisibleLw() = false, statusBarTransient=false, displayId=0

D/LauncherActivity( 4536): surfaceCreated()

I/DALI-LIFECYCLE( 4536): void NativeViews::NativeApp::SurfaceCreated(ANativeWindow*, jfloat, jfloat, jfloat, int, int)

I/DALI-LIFECYCLE( 4536): void androidcore_SetPrimaryWindow(ANativeWindow*)

D/DALI    ( 4536): androidcore_SetPrimaryWindow() window=0xf44b4008

I/DALI-LIFECYCLE( 4536): void androidcore_surfaceCreated()

I/NativeApp( 4536): touchconf_scroll_threshold=35.000 pixels

I/DALI-LIFECYCLE( 4536): void NativeViews::NativeApp::OnResume()

I/DALI-LIFECYCLE( 4536): void androidcore_resume()

I/DALI-LIFECYCLE( 4536): void androidcore_trigger_resume()

I/NativeApp( 4536): touchconf_pan_gesture_predict_mode=1

I/NativeApp( 4536): touchconf_pan_gesture_predict_amount=20 milliseconds

I/NativeApp( 4536): touchconf_pan_gesture_smooth_mode=1

I/NativeApp( 4536): touchconf_pan_gesture_smooth_amount=1.000

I/NativeApp( 4536): touchconf_pan_gesture_velocity_clip=-200.000,-200.000 .. 200.000,200.000

I/DALI-LIFECYCLE( 4536): virtual void Dali::Internal::Adaptor::Application::OnResume()

I/DALI-LIFECYCLE( 4536): virtual void Dali::Internal::Adaptor::Adaptor::Resume()

I/DALI-LIFECYCLE( 4536): void Dali::Internal::Adaptor::UpdateRenderController::Resume()

I/DALI-LIFECYCLE( 4536): void Dali::Internal::Adaptor::UpdateRenderSynchronization::Resume()

I/DALI-LIFECYCLE( 4536): virtual void Dali::Internal::Adaptor::Application::OnSurfaceCreated()

I/DALI-LIFECYCLE( 4536): void Dali::Internal::Adaptor::Adaptor::SurfaceCreated()

I/DALI-LIFECYCLE( 4536): void Dali::Internal::Adaptor::UpdateRenderController::Resume()

I/DALI-LIFECYCLE( 4536): void Dali::Internal::Adaptor::UpdateRenderSynchronization::Resume()

I/DALI-LIFECYCLE( 4536): ANativeWindow* androidcore_GetPrimaryWindow()

D/DALI    ( 4536): Application::OnSurfaceCreated(), android_surface=0xf44bf008, new surface=0xf44b4008

I/DALI-LIFECYCLE( 4536): void Dali::Internal::Adaptor::Application::ReplaceWindow(Dali::Internal::Adaptor::PositionSize, const string&)

I/DALI-LIFECYCLE( 4536): Dali::Internal::Adaptor::Window::Window()

I/DALI-LIFECYCLE( 4536): void Dali::Internal::Adaptor::Window::Initialize(const PositionSize&, const string&)

I/DALI-LIFECYCLE( 4536): ANativeWindow* androidcore_GetPrimaryWindow()

I/DALI-LIFECYCLE( 4536): Dali::Internal::Adaptor::Android::AndroidRenderSurface::AndroidRenderSurface(Dali::RenderSurface::SurfaceType, Dali::PositionSize, Dali::Any, Dali::Any, const string&, bool)

I/DALI-LIFECYCLE( 4536): ANativeWindow* Dali::Internal::Adaptor::Android::AndroidRenderSurface::GetSurfaceWindow(Dali::Any) const

I/DALI-LIFECYCLE( 4536): ANativeWindow* androidcore_GetPrimaryWindow()

D/DALI    ( 4536): Window::Initialize() android_surface=0xf44b4008

I/DALI-LIFECYCLE( 4536): virtual void Dali::Internal::Adaptor::Adaptor::NewSurface(Dali::RenderSurface&)

D/DALI    ( 4536): Adaptor::NewSurface() mSurface=0xd133a040

I/DALI-LIFECYCLE( 4536): void Dali::Internal::Adaptor::Adaptor::SurfaceSizeChanged(const PositionSize&)

I/DALI-LIFECYCLE( 4536): void Dali::Internal::Adaptor::Application::OnResize(Dali::Adaptor&)

I/DALI-LIFECYCLE( 4536): void Dali::Internal::Adaptor::UpdateRenderController::NewSurface(Dali::Internal::Adaptor::RenderSurface*)

I/DALI-LIFECYCLE( 4536): bool Dali::Internal::Adaptor::UpdateRenderSynchronization::NewSurface(Dali::Internal::Adaptor::RenderSurface*)

D/DALI    ( 4536): RenderSyncWithRequest() issue ReplaceSurfaceRequest

D/DALI    ( 4536): RenderThread::ProcessRequest(REPLACE_SURFACE)

I/DALI-LIFECYCLE( 4536): void Dali::Internal::Adaptor::RenderThread::ReplaceSurface(Dali::Internal::Adaptor::RenderSurface*)

I/DALI-LIFECYCLE( 4536): virtual bool Dali::Internal::Adaptor::Android::AndroidRenderSurface::ReplaceEGLSurface(Dali::Internal::Adaptor::EglInterface&)

D/LauncherActivity( 4536): surfaceChanged - width = 1440, height = 2560

D/mali_winsys( 4536): new_window_surface returns 0x3000,  [1440x2560]-format:1

D/DALI    ( 4536): RenderThread::ReplaceSurface() mSurface=0xd133a040

W/TextureView( 4536): TextureView:0xd785fbc0  createSurfaceTexture() mTexId =0

W/TextureView( 4536): TextureView:0xd7860d40  createSurfaceTexture() mTexId =0

I/DALI-LIFECYCLE( 4536): virtual Dali::Internal::Adaptor::Window::~Window()

I/DALI-LIFECYCLE( 4536): virtual Dali::Internal::Adaptor::Android::AndroidRenderSurface::~AndroidRenderSurface()

I/DALI-LIFECYCLE( 4536): ANativeWindow* androidcore_GetPrimaryWindow()

D/DALI    ( 4536): Application::ReplaceWindow(), android_surface=0xf44b4008

I/DALI-LIFECYCLE( 4536): void NativeViews::NativeApp::OnSurfaceCreatedInit(Dali::Application&)

I/PageLayout( 4536): HORIZONTAL_SCROLLING_THRESHOLD_INDICATION on com.sec.daliviews.layouts.PageLayout@266aa150, page=1

I/PageLayout( 4536): HORIZONTAL_SCROLLING_THRESHOLD_INDICATION on com.sec.daliviews.layouts.PageLayout@2a63c20a, page=1

I/NativeApp( 4536): touchconf_scroll_threshold=35.000 pixels

I/DALI-LIFECYCLE( 4536): void NativeViews::NativeApp::SurfaceChanged(jfloat, jfloat, int, int)

I/DALI-LIFECYCLE( 4536): void Dali::Internal::Adaptor::Application::OnResize(Dali::Adaptor&)

I/NativeApp( 4536): touchconf_scroll_threshold=35.000 pixels

D/LauncherActivity( 4536): Mobile Keyboard : surfaceChanged - VISIBLE

I/SurfaceFlinger( 2986): id=4067 createSurf (1440x2560),1 flag=4, MauncherAct

D/WindowManager( 3535): beginLayoutLw mStatusBar.isVisibleLw() = false, statusBarTransient=false, displayId=0

D/WindowManager( 3535): beginLayoutLw mStatusBar.isVisibleLw() = true, statusBarTransient=false, displayId=0

I/ThemeLoader( 4536): Can't find such drawable in the resource : ic_icon_bg

D/SRIB_DCS( 4536): log_dcs ThreadedRenderer::initialize entered! 

D/mali_winsys( 4536): new_window_surface returns 0x3000,  [1440x2560]-format:1

D/WindowManager( 3535): beginLayoutLw mStatusBar.isVisibleLw() = true, statusBarTransient=false, displayId=0

D/WindowManager( 3535): beginLayoutLw mStatusBar.isVisibleLw() = true, statusBarTransient=false, displayId=0

D/WindowManager( 3535): beginLayoutLw mStatusBar.isVisibleLw() = true, statusBarTransient=false, displayId=0

D/WindowManager( 3535): beginLayoutLw mStatusBar.isVisibleLw() = true, statusBarTransient=false, displayId=0

D/HomePresenter( 4536): HP onResume current 1

I/LauncherActivity( 4536): setEnableHotWord : true

D/mali_winsys( 4269): new_window_surface returns 0x3000,  [1x2460]-format:1

D/TextureView( 4536): setSurfaceTextureDefaultSize(1747,439) com.sec.android.app.launcher.views.SurfaceWidgetView@396dbb13

D/TextureView( 4536):  runCreateSurfaceTextureTask non null error com.sec.android.app.launcher.views.SurfaceWidgetView@396dbb13 mSurface= null mSurfaceTexture= android.graphics.SurfaceTexture@f87b341

E/SurfaceWidgetView( 4536): onSurfaceCreated event

D/SurfaceWidgetConnection( 4536): com.sec.android.widgetapp.ap.weather.widget.surfacewidget.WeatherSurfaceWidget#1 onSurfaceTextureAvailable: 1747x439, 5x1

D/SurfaceWidgetConnection( 4536): com.sec.android.widgetapp.ap.weather.widget.surfacewidget.WeatherSurfaceWidget#1 is being resumed by launcher

D/SurfaceWidgetClient$ISurfaceWidgetStub( 5151): [237392/18] Surface widget size changed width = 1747 height = 439 on instance = 1 time = 178768622

D/SurfaceWidget.Renderer( 5151): [237392/18] lockSizeChanged

D/SurfaceWidgetClient( 5151): [237392/18] Changing surface widget size width = 1747 height = 439 on instance = 1 time = 178768622

D/SurfaceWidgetClient$ISurfaceWidgetStub( 5151): [237392/18] Surface widget resume on instance = 1

D/SurfaceWidget.Renderer( 5151): [237392/18] New Dimensions: aWidth= 1747 | aHeight= 439 | aSpanX= 5 | aspanY= 1

D/SurfaceWidget.Renderer( 5151): [237392/18] mbSurfaceSizeChanged = false

D/SurfaceWidget.Renderer( 5151): [237392/18] isSameSurface = false

D/SurfaceWidget.Renderer( 5151): [237392/18] ClearSurface

I/SURFACETEST( 5151): [237392/18] Broadcast message sending function is added(When errors occured in clearNewSurface())

D/AppWidgetView( 4536): calculateWidgetSize[skip] samesize with lastReq  : using w/h 1366 344 (widgetid 20)

D/TextureView( 4536): setSurfaceTextureDefaultSize(1747,439) com.sec.android.app.launcher.views.AppWidgetView@181b3b4d

D/TextureView( 4536):  runCreateSurfaceTextureTask non null error com.sec.android.app.launcher.views.AppWidgetView@181b3b4d mSurface= null mSurfaceTexture= android.graphics.SurfaceTexture@1aab50e6

V/AppWidgetView( 4536): onSurfaceTextureAvailable: for pos x=0 y=0 span x=5 y=1

D/AppWidgetView( 4536): onSurfacetextureAvailable w=1366 height=344

D/SurfaceWidget.Renderer( 5151): [237392/18] unlockSizeChanged

D/[AccuPhone] ( 5151): {[5C018048811168B2A222C0ABBD7BC6418E5BC487E9A5124135B73909EF69ED886288003830E06B8A423C6A1FF5720060F7557FEDFB4877F75F180EFBCF4B64A702A70B5BFFDE106F02C17375D17D39F1E9816A6F0CCC1BD8943C44526EC2B498F984007AD186CE3D3C33707D8F996363]}

D/[AccuPhone] ( 5151): {[1ADEF96C5D51D9E2B7524D6341252FE7BE18804CA34660A381C789E07D63C5B1]}

D/WindowManager( 3535): beginLayoutLw mStatusBar.isVisibleLw() = true, statusBarTransient=false, displayId=0

D/[zero daemon] (19562): {[C6B53529A4E9A61B6E9DFAC2EC352F35413B8423020D39F21C4F88CE3B9B87CFDCC0B81B0A5ED41F6DFA9549B8ADE1F4BACF4D40B7B8E99052DE9FA88E767D1DEF99F3B50EBB0BE2EA7D97147503802808B0F46342E4D32B53ACCA63815BEAA3ED276C39FA95340FD01BAF963F21FFFB]}

I/[zero daemon] (19562): {[A32E1AC369E42B6168CFC8ECFBFA9951C42133C77ADF9B218D854990F6269E39BD1DFD8FE5406161EB812B412E9E41FA]}

D/[zero daemon] (19562): {[C6B53529A4E9A61B6E9DFAC2EC352F35413B8423020D39F21C4F88CE3B9B87CFDCC0B81B0A5ED41F6DFA9549B8ADE1F4BACF4D40B7B8E99052DE9FA88E767D1DEF99F3B50EBB0BE2EA7D97147503802808B0F46342E4D32B53ACCA63815BEAA3E6A19B15B6D34AFADF3249A820F62444]}

I/[zero daemon] (19562): {[A32E1AC369E42B6168CFC8ECFBFA9951C42133C77ADF9B218D854990F6269E39BD1DFD8FE5406161EB812B412E9E41FA]}

D/SurfaceWidget.Renderer( 5151): [237392/18] onSizeChanged: 1747x439

D/[AccuPhone] ( 5151): {[9B172D477564CAD5C3E0A901E747B845F2818F1CA402963C4DC65E4B43C71D6502191E64E3B4F1D17DED92E328B27B6B76916155A63851823DE3693DDF84C9F2]}

D/[zero daemon] (19562): {[C6B53529A4E9A61B6E9DFAC2EC352F35413B8423020D39F21C4F88CE3B9B87CFDCC0B81B0A5ED41F6DFA9549B8ADE1F4BACF4D40B7B8E99052DE9FA88E767D1DEF99F3B50EBB0BE2EA7D97147503802808B0F46342E4D32B53ACCA63815BEAA3ED276C39FA95340FD01BAF963F21FFFB]}

I/[zero daemon] (19562): {[A32E1AC369E42B6168CFC8ECFBFA9951C42133C77ADF9B218D854990F6269E39BD1DFD8FE5406161EB812B412E9E41FA]}

D/[zero daemon] (19562): {[C6B53529A4E9A61B6E9DFAC2EC352F35413B8423020D39F21C4F88CE3B9B87CFDCC0B81B0A5ED41F6DFA9549B8ADE1F4BACF4D40B7B8E99052DE9FA88E767D1DEF99F3B50EBB0BE2EA7D97147503802808B0F46342E4D32B53ACCA63815BEAA3E6A19B15B6D34AFADF3249A820F62444]}

I/[zero daemon] (19562): {[A32E1AC369E42B6168CFC8ECFBFA9951C42133C77ADF9B218D854990F6269E396BCB11BEB3F5B339C9A8D47415526840]}

I/Timeline( 4536): Timeline: Activity_idle id: android.os.BinderProxy@193343c9 time:32632696

D/WallpaperService( 4384): MSG_WINDOW_RESIZED

D/WindowManager( 3535): beginLayoutLw mStatusBar.isVisibleLw() = true, statusBarTransient=false, displayId=0

D/WindowManager( 3535): beginLayoutLw mStatusBar.isVisibleLw() = true, statusBarTransient=false, displayId=0

D/[AccuPhone] ( 5151): {[F0485B8A412175592E23628332AB921EE21F08768E79ADF0D52105769D4D349FDD9D1B573991EB27C3282E96DAE408F8]}

D/[AccuPhone] ( 5151): {[9B9E809790B308021BDD69B343265555157E019925EF29C3AC2C04E28305F54D01AB62566C1AE13819A220CE8B0286A9]}

D/[AccuPhone] ( 5151): {[0ED9661ABD437918DB34745D7098FD24949C80EDCCAD24E208044BDCE49D9970BB8385B3D3842B123951CD36E38A9B57]}

D/[AccuPhone] ( 5151): {[97812DE07C66155B15604152D933DB6FECD47D0BE45C0D8C5D3F2CAE3EC6ABB35CC365893F2E063303591EDAB528055C]}

D/[AccuPhone] ( 5151): {[6CE5629C10B968EFCDB88A1CE0AA73CC89B928161AD03ED4E5494D8442812B4D0B791C3D70104283F3E63CB4C11141CE79C817475AB637F4DA8BBBE4442CA7C01B8E23C17C540A8EE30242DE10861378]}

D/[AccuPhone] ( 5151): {[0117C97519336FA0AB3EE09418A7CAB57D10E18B251864D90267FAB942A47C129CED7674620A9A3A83759A5D0A42E292]}

I/ActivityManager( 3535): Displayed Component not be shown by security: +156ms (total +5m3s264ms)

D/WindowManager( 3535): beginLayoutLw mStatusBar.isVisibleLw() = true, statusBarTransient=false, displayId=0

I/GFX raster( 5151): took 0.764000ms for 172*172 texture 0

W/GFX DEBUGLOG GPUCompressionToBitmapDecoder( 5151): Bitmap=0x7f8b118e00 bitmapCt=12 bitmapW=172 bitmapH=172 BitmapInternalFormat=93b0, Counterpart=0x7f8b118f00 counterpartCT=4 counterpartW=172 counterparth=172

E/        ( 5151): GFX convertToRaster() in Canvas.cpp HWACC for bitmap size 172x172

I/GFX raster( 5151): took 0.260709ms for 64*64 texture 0

W/GFX DEBUGLOG GPUCompressionToBitmapDecoder( 5151): Bitmap=0x7f8b0adc80 bitmapCt=12 bitmapW=64 bitmapH=64 BitmapInternalFormat=93b0, Counterpart=0x7f8b118f00 counterpartCT=4 counterpartW=64 counterparth=64

E/        ( 5151): GFX convertToRaster() in Canvas.cpp HWACC for bitmap size 64x64

D/SurfaceWidgetConnection( 4536): acceptedSurfaceSize: 1747x439

D/SurfaceWidgetConnection( 4536): widgetView.setOpacity(1.0f)

D/WindowManager( 3535): beginLayoutLw mStatusBar.isVisibleLw() = true, statusBarTransient=false, displayId=0

I/GFX raster( 5151): took 0.784167ms for 172*172 texture 0

W/GFX DEBUGLOG GPUCompressionToBitmapDecoder( 5151): Bitmap=0x7f8b118e00 bitmapCt=12 bitmapW=172 bitmapH=172 BitmapInternalFormat=93b0, Counterpart=0x7f8b118f00 counterpartCT=4 counterpartW=172 counterparth=172

E/        ( 5151): GFX convertToRaster() in Canvas.cpp HWACC for bitmap size 172x172

I/GFX raster( 5151): took 0.273625ms for 64*64 texture 0

W/GFX DEBUGLOG GPUCompressionToBitmapDecoder( 5151): Bitmap=0x7f8b0adc80 bitmapCt=12 bitmapW=64 bitmapH=64 BitmapInternalFormat=93b0, Counterpart=0x7f8b118f00 counterpartCT=4 counterpartW=64 counterparth=64

E/        ( 5151): GFX convertToRaster() in Canvas.cpp HWACC for bitmap size 64x64

D/WindowManager( 3535): beginLayoutLw mStatusBar.isVisibleLw() = true, statusBarTransient=false, displayId=0

D/WindowManager( 3535): beginLayoutLw mStatusBar.isVisibleLw() = true, statusBarTransient=false, displayId=0

D/WindowManager( 3535): beginLayoutLw mStatusBar.isVisibleLw() = true, statusBarTransient=false, displayId=0

D/WindowManager( 3535): beginLayoutLw mStatusBar.isVisibleLw() = true, statusBarTransient=false, displayId=0

D/WindowManager( 3535): beginLayoutLw mStatusBar.isVisibleLw() = true, statusBarTransient=false, displayId=0

D/WindowManager( 3535): beginLayoutLw mStatusBar.isVisibleLw() = true, statusBarTransient=false, displayId=0

D/WindowManager( 3535): beginLayoutLw mStatusBar.isVisibleLw() = true, statusBarTransient=false, displayId=0

D/[zero daemon] (19562): {[C6B53529A4E9A61B6E9DFAC2EC352F35413B8423020D39F21C4F88CE3B9B87CFDCC0B81B0A5ED41F6DFA9549B8ADE1F4BACF4D40B7B8E99052DE9FA88E767D1DEF99F3B50EBB0BE2EA7D97147503802808B0F46342E4D32B53ACCA63815BEAA3E6A19B15B6D34AFADF3249A820F62444]}

I/[zero daemon] (19562): {[A32E1AC369E42B6168CFC8ECFBFA9951C42133C77ADF9B218D854990F6269E39BD1DFD8FE5406161EB812B412E9E41FA]}

D/WindowManager( 3535): beginLayoutLw mStatusBar.isVisibleLw() = true, statusBarTransient=false, displayId=0

D/[zero daemon] (19562): {[C6B53529A4E9A61B6E9DFAC2EC352F35413B8423020D39F21C4F88CE3B9B87CFDCC0B81B0A5ED41F6DFA9549B8ADE1F4BACF4D40B7B8E99052DE9FA88E767D1DEF99F3B50EBB0BE2EA7D97147503802808B0F46342E4D32B53ACCA63815BEAA3ED276C39FA95340FD01BAF963F21FFFB]}

I/[zero daemon] (19562): {[A32E1AC369E42B6168CFC8ECFBFA9951C42133C77ADF9B218D854990F6269E396BCB11BEB3F5B339C9A8D47415526840]}

D/[AccuPhone] ( 5151): {[42C2A4C2D164C874A4AACD4BF20A156B9EFC7B2A9C5861A652B2B0A031EF5129487FDDD816F1DCAE14BD9CB1FB79A900]}

D/[zero daemon] (19562): {[C6B53529A4E9A61B6E9DFAC2EC352F35413B8423020D39F21C4F88CE3B9B87CFDCC0B81B0A5ED41F6DFA9549B8ADE1F4BACF4D40B7B8E99052DE9FA88E767D1DEF99F3B50EBB0BE2EA7D97147503802808B0F46342E4D32B53ACCA63815BEAA3E6A19B15B6D34AFADF3249A820F62444]}

I/[zero daemon] (19562): {[A32E1AC369E42B6168CFC8ECFBFA9951C42133C77ADF9B218D854990F6269E396BCB11BEB3F5B339C9A8D47415526840]}

D/[AccuPhone] ( 5151): {[426B9B6D3B10DD4C49F66221CB71506BAF781230DF31516BF2FCE01CDCD3541E21C4F8144BD36AEB0B24D96EBDF687BA]}

D/[AccuPhone] ( 5151): {[2F2BDB369BEC6C57153A8EF09260A9D086E90C1F451628F6A22B3A11C12E6314093ECF43ED7E95A139780E1388C6FFB2]}

D/[AccuPhone] ( 5151): {[E0F4745509EB14FFE9D3763E48CFC94CEE11866A2C1C0399F819CC3FF7F1A8051EBF26E790E60362CEB444F395357F9135CA4CD867B752E5F4F357005E6FC0F8EF916704E0B9D729C02004DF664D9F65C328B10F25A0DD7537B2757D6F56563C]}

D/[AccuPhone] ( 5151): {[2056106B0A722F61C6D9B3FC23C0DB6495AB17D33202977EB0565FCE11E9CD03068EC1D7A2D44BE06ED2281CA6E6DEED]}

D/[AccuPhone] ( 5151): {[938C2677B2E399FA5A6DAF5873EE1B1A6B4185CB73B8EBD3E48CCE95813AAC1BE50418B6C3ED2D92F2BF1DAD8CA6741E5A81F20B444B5EA2475E098B036FFD36]}

D/[AccuPhone] ( 5151): {[EFD10FCFA5A229FCFA577690909995E47EC1B7D704301FF0081203BAA73B12B7AFDD6ED2DB6A0DE2418D927C1AC7F71F]}

D/[AccuPhone] ( 5151): {[5CBF6308F26366769FFFB11141111F22529928DD3E2D7784E0B3722E209E20F67376880A19D0B595C61AC53F33F83CC1]}

D/[AccuPhone] ( 5151): {[54BCC25FBC6768E65FEDE168E6274DBB50B13B97BA943CE56FE00468DE407BE0057E0D545DE07E0C9DCA1E3292B94BCBB934B5CADC0642147A99415D152D14BC0ACE5CA5AA3AEA7C2ADED19EE60912AA]}

E/Minikin ( 5151): addFont failed to create font 

D/[AccuPhone] ( 5151): {[807B768DD967F021F08DB3E3873C61D3B0C777E3624214C17C99E76CA57B5CD92FB75D9E13447CBCE81E9A6170B1E1A8]}

D/[AccuPhone] ( 5151): {[B2AAD7AB4419DCBC21FCE8330F1C2CD9B6B2FE2F33FEFF397582CE31E0EB19F258ADCB11105DAC1B6C9F12CFB78C56B4]}

D/[AccuPhone] ( 5151): {[EFD10FCFA5A229FCFA577690909995E47EC1B7D704301FF0081203BAA73B12B7AFDD6ED2DB6A0DE2418D927C1AC7F71F]}

D/[AccuPhone] ( 5151): {[FF4CBAF49F4DCB35C87E88C26B56ED00349E5F512206C0A0C2F65EDAA3B198C8AE796B1EA732FA645DB89FD0185C89FE3587579989D4CB944B337933D2AE31C6D3E992E723EF6D8468F2472831A7B748]}

D/[AccuPhone] ( 5151): {[AAFB47C02BB4CABB11B0D3C04DF6B9C05177AFD27D4F43C4ACA089137F08E6D429D7C3C530361CB7CCCEC654EFC1FECFB3780BBD58AA0E8A6CF0FE3E2A9F725627E35DDA267A984FDEC19720A080F0C2]}

D/[AccuPhone] ( 5151): {[4474D67FCCBDBAB857FF3ED9CD629234D88B7F1CF57B1604F7B56F0E790D7F83EA1C548063AE730A434746C75280CBE2B7BF5D5C9EC6D88D34B78451ED569C44]}

D/[AccuPhone] ( 5151): {[99ACEC17F13BEA71A4ADD4CB428ED710A4DFB6F288C1A983D3AB379AAC170229B0A2E775C34D7E10E73C2C1B3A8349520829A232EDC72D5896A7A04D71816AA2]}

D/[AccuPhone] ( 5151): {[C6F9727B3039549C04B82FD4645BAB220736CF8755AF3958DCB298572C682C9A241A360A2340B6D70D90D78A2A72A35019D356EE795282609A6B68070129B490]}

D/[AccuPhone] ( 5151): {[F14129C2992B72617EB6E2477891B3E2FDB972C010741DC1D446B671BDA4F2CE588E7E1FFECA0D5F3D9ADEED37F294A3DC33D1FAF35E1E2274344906DCE2FDFF]}

D/[AccuPhone] ( 5151): {[FD5ABB912591159BE22A6159A77253BDA720B0DE0E607E55CBC44A517BC06490BFCEF9F63FED4E0F625EC433CA963300]}

D/[AccuPhone] ( 5151): {[AF0CD4F9B2A1E68A971C564E13A94D98EA9C6921CE12D89B5662B7081A9A766501BC22A3B92D865877605F20441FA8DEBA46D05B3F49ADC06CC84FF6A60A210BD9223E3A6156B89C2F93919845E1C993]}

D/[AccuPhone] ( 5151): {[AB1FD1F2835BA0CA9BF25094646FD4105E4FD3E303FF729972E2E2667142B951]}

D/[AccuPhone] ( 5151): {[CEE3546212D1FEA8E6468425537D87AB053EFC243C9ACD80AFE766FC6D32D816B8CB58139BA362160D7FA141FC6B23B7]}

D/WindowManager( 3535): beginLayoutLw mStatusBar.isVisibleLw() = true, statusBarTransient=false, displayId=0

