I/art     ( 3535): Explicit concurrent mark sweep GC freed 42655(2MB) AllocSpace objects, 6(120KB) LOS objects, 18% free, 72MB/88MB, paused 1.491ms total 180.047ms

D/MediaProvider(13341): request id : [778, 1080, 1792, 1793, 1901, 2375, 2450, 2509, 2648, 2714]

D/SLocation( 3535): requestLocationToPoi add id : 1, request size :  10

D/SLocation( 3535): request to convert address.

D/SLocation( 3535): request to convert address.

D/SLocation( 3535): use cache data

D/SLocation( 3535): reportAddressPendingMap value size : 3

W/SLocation( 3535): don't receive data : id : 1 mRequestNum = 10 mAddressArrayIdx = 1 mPoisArrayIdx = 10

W/SLocation( 3535): don't receive data : id : 1 mRequestNum = 10 mAddressArrayIdx = 2 mPoisArrayIdx = 10

W/SLocation( 3535): don't receive data : id : 1 mRequestNum = 10 mAddressArrayIdx = 3 mPoisArrayIdx = 10

D/SLocation( 3535): request to convert address.

D/SLocation( 3535): use cache data

D/SLocation( 3535): reportAddressPendingMap value size : 1

W/SLocation( 3535): don't receive data : id : 1 mRequestNum = 10 mAddressArrayIdx = 4 mPoisArrayIdx = 10

D/SLocation( 3535): use cache data

D/SLocation( 3535): reportAddressPendingMap value size : 1

W/SLocation( 3535): don't receive data : id : 1 mRequestNum = 10 mAddressArrayIdx = 5 mPoisArrayIdx = 10

D/SLocation( 3535): use cache data

D/SLocation( 3535): reportAddressPendingMap value size : 1

W/SLocation( 3535): don't receive data : id : 1 mRequestNum = 10 mAddressArrayIdx = 6 mPoisArrayIdx = 10

D/SLocation( 3535): request to convert address.

D/MediaProvider(13341): request id : [2715, 2718, 2719, 2720, 2721, 2722, 2723, 2724, 2814, 2816]

D/SLocation( 3535): requestLocationToPoi add id : 2, request size :  10

D/SLocation( 3535): use cache data

D/SLocation( 3535): reportAddressPendingMap value size : 1

W/SLocation( 3535): don't receive data : id : 2 mRequestNum = 10 mAddressArrayIdx = 1 mPoisArrayIdx = 10

D/SLocation( 3535): use cache data

D/SLocation( 3535): reportAddressPendingMap value size : 6

W/SLocation( 3535): don't receive data : id : 2 mRequestNum = 10 mAddressArrayIdx = 2 mPoisArrayIdx = 10

W/SLocation( 3535): don't receive data : id : 2 mRequestNum = 10 mAddressArrayIdx = 3 mPoisArrayIdx = 10

W/SLocation( 3535): don't receive data : id : 2 mRequestNum = 10 mAddressArrayIdx = 4 mPoisArrayIdx = 10

W/SLocation( 3535): don't receive data : id : 2 mRequestNum = 10 mAddressArrayIdx = 5 mPoisArrayIdx = 10

W/SLocation( 3535): don't receive data : id : 2 mRequestNum = 10 mAddressArrayIdx = 6 mPoisArrayIdx = 10

W/SLocation( 3535): don't receive data : id : 2 mRequestNum = 10 mAddressArrayIdx = 7 mPoisArrayIdx = 10

D/SLocation( 3535): request to convert address.

D/MediaProvider(13341): request id : [2847, 2849, 2851, 2852, 2929, 2930, 3495, 3505, 3620, 3822]

D/SLocation( 3535): requestLocationToPoi add id : 3, request size :  10

D/SLocation( 3535): use cache data

D/SLocation( 3535): reportAddressPendingMap value size : 1

W/SLocation( 3535): don't receive data : id : 3 mRequestNum = 10 mAddressArrayIdx = 1 mPoisArrayIdx = 10

D/SLocation( 3535): use cache data

D/SLocation( 3535): reportAddressPendingMap value size : 4

W/SLocation( 3535): don't receive data : id : 3 mRequestNum = 10 mAddressArrayIdx = 2 mPoisArrayIdx = 10

W/SLocation( 3535): don't receive data : id : 3 mRequestNum = 10 mAddressArrayIdx = 3 mPoisArrayIdx = 10

W/SLocation( 3535): don't receive data : id : 3 mRequestNum = 10 mAddressArrayIdx = 4 mPoisArrayIdx = 10

W/SLocation( 3535): don't receive data : id : 3 mRequestNum = 10 mAddressArrayIdx = 5 mPoisArrayIdx = 10

D/SLocation( 3535): use cache data

D/SLocation( 3535): reportAddressPendingMap value size : 4

W/SLocation( 3535): don't receive data : id : 3 mRequestNum = 10 mAddressArrayIdx = 6 mPoisArrayIdx = 10

W/SLocation( 3535): don't receive data : id : 3 mRequestNum = 10 mAddressArrayIdx = 7 mPoisArrayIdx = 10

W/SLocation( 3535): don't receive data : id : 3 mRequestNum = 10 mAddressArrayIdx = 8 mPoisArrayIdx = 10

W/SLocation( 3535): don't receive data : id : 3 mRequestNum = 10 mAddressArrayIdx = 9 mPoisArrayIdx = 10

D/SLocation( 3535): use cache data

D/SLocation( 3535): reportAddressPendingMap value size : 1

D/SLocation( 3535): success sendPendingIntent id : 3

D/MediaProvider(13341): request id : [4121, 4122, 4123, 4131, 4132, 4138, 4139, 4140, 4141, 4151]

D/SLocation( 3535): requestLocationToPoi add id : 4, request size :  10

D/MediaProvider(13341): Received intent : Intent { act=com.samsung.get_address_poi flg=0x10 (has extras) } Call UpdateAddressThread

D/SLocation( 3535): PendingIntent onSendFinished intent :PendingIntent{29a6603a: PendingIntentRecord{1404d4eb com.android.providers.media broadcastIntent}}

D/SLocation( 3535): removeSCurrentLocationToPoiReceiver id : 3

D/SLocation( 3535): use cache data

D/SLocation( 3535): reportAddressPendingMap value size : 10

W/SLocation( 3535): don't receive data : id : 4 mRequestNum = 10 mAddressArrayIdx = 1 mPoisArrayIdx = 10

W/SLocation( 3535): don't receive data : id : 4 mRequestNum = 10 mAddressArrayIdx = 2 mPoisArrayIdx = 10

W/SLocation( 3535): don't receive data : id : 4 mRequestNum = 10 mAddressArrayIdx = 3 mPoisArrayIdx = 10

W/SLocation( 3535): don't receive data : id : 4 mRequestNum = 10 mAddressArrayIdx = 4 mPoisArrayIdx = 10

W/SLocation( 3535): don't receive data : id : 4 mRequestNum = 10 mAddressArrayIdx = 5 mPoisArrayIdx = 10

W/SLocation( 3535): don't receive data : id : 4 mRequestNum = 10 mAddressArrayIdx = 6 mPoisArrayIdx = 10

W/SLocation( 3535): don't receive data : id : 4 mRequestNum = 10 mAddressArrayIdx = 7 mPoisArrayIdx = 10

W/SLocation( 3535): don't receive data : id : 4 mRequestNum = 10 mAddressArrayIdx = 8 mPoisArrayIdx = 10

W/SLocation( 3535): don't receive data : id : 4 mRequestNum = 10 mAddressArrayIdx = 9 mPoisArrayIdx = 10

D/SLocation( 3535): success sendPendingIntent id : 4

D/MediaProvider(13341): request id : [4152, 4161, 4165]

D/MediaProvider(13341): Received intent : Intent { act=com.samsung.get_address_poi flg=0x10 (has extras) } Call UpdateAddressThread

D/SLocation( 3535): requestLocationToPoi add id : 3, request size :  3

D/SLocation( 3535): PendingIntent onSendFinished intent :PendingIntent{118a4606: PendingIntentRecord{7d9d4c7 com.android.providers.media broadcastIntent}}

D/SLocation( 3535): removeSCurrentLocationToPoiReceiver id : 4

D/SLocation( 3535): use cache data

D/SLocation( 3535): reportAddressPendingMap value size : 2

W/SLocation( 3535): don't receive data : id : 3 mRequestNum = 3 mAddressArrayIdx = 1 mPoisArrayIdx = 3

W/SLocation( 3535): don't receive data : id : 3 mRequestNum = 3 mAddressArrayIdx = 2 mPoisArrayIdx = 3

D/SLocation( 3535): use cache data

D/SLocation( 3535): reportAddressPendingMap value size : 1

D/SLocation( 3535): success sendPendingIntent id : 3

D/MediaProvider(13341): Received intent : Intent { act=com.samsung.get_address_poi flg=0x10 (has extras) } Call UpdateAddressThread

D/SLocation( 3535): PendingIntent onSendFinished intent :PendingIntent{2b14f663: PendingIntentRecord{2e914260 com.android.providers.media broadcastIntent}}

D/SLocation( 3535): removeSCurrentLocationToPoiReceiver id : 3

I/System.out( 5293): (HTTPLog)-Static: isSBSettingEnabled false

I/qtaguid ( 5293): Tagging socket 78 with tag 60000000000{1536,0} uid -1, pid: 5293, getuid(): 10017

D/SLocation( 3535): SCurrentLocationGeoCodingAsyncRequest doInBackground : success to get address

D/SLocation( 3535): reportAddressPendingMap value size : 3

W/SLocation( 3535): don't receive data : id : 1 mRequestNum = 10 mAddressArrayIdx = 7 mPoisArrayIdx = 10

W/SLocation( 3535): don't receive data : id : 2 mRequestNum = 10 mAddressArrayIdx = 8 mPoisArrayIdx = 10

W/SLocation( 3535): don't receive data : id : 2 mRequestNum = 10 mAddressArrayIdx = 9 mPoisArrayIdx = 10

D/StatusBar.NetworkController( 4020): refreshViews connected={ wifi } level=4 combinedSignalIconId=0x7f020562/com.android.systemui:drawable/stat_sys_wifi_signal_4 mobileLabel=T-Mobile wifiLabel="Buster2" emergencyOnly=false combinedLabel="Buster2" mAirplaneMode=false mDataActivity=4 mPhoneSignalIconId=0x7f020695/com.android.systemui:drawable/tw_stat_sys_5_level_signal_4_auto_rotate mQSPhoneSignalIconId=0x7f020116/com.android.systemui:drawable/ic_qs_signal_4 mDataDirectionIconId=0x0/(null) mDataSignalIconId=0x7f020695/com.android.systemui:drawable/tw_stat_sys_5_level_signal_4_auto_rotate mDataTypeIconId=0x7f020346/com.android.systemui:drawable/stat_sys_data_connected_lte_tmo mQSDataTypeIconId=0x0/(null) mNoSimIconId=0x0/(null) mWifiIconId=0x7f020562/com.android.systemui:drawable/stat_sys_wifi_signal_4 mQSWifiIconId=0x7f02012c/com.android.systemui:drawable/ic_qs_wifi_4 mWifiActivityIconId=0x7f020516/com.android.systemui:drawable/stat_sys_signal_inout mBluetoothTetherIconId=0x7f02053f/com.android.systemui:drawable/stat_sys_tether_bluetooth

D/STATUSBAR-WifiTile( 4020): onWifiSignalChanged enabled=true enabledDesc:"Buster2"

D/StatusBar.NetworkController( 4020): refreshNwBoosterIndicator - setNWBoosterIndicators(false)

D/StatusBar.NetworkController( 4020): applyTMO

D/StatusBar.NetworkController( 4020): refreshNwBoosterIndicator - setNWBoosterIndicators(false)

D/StatusBar.NetworkController( 4020): applyTMO

D/StatusBar.NetworkController( 4020): refreshNwBoosterIndicator - setNWBoosterIndicators(false)

D/StatusBar.NetworkController( 4020): applyTMO

D/StatusBar.NetworkController( 4020): refreshNwBoosterIndicator - setNWBoosterIndicators(false)

D/StatusBar.NetworkController( 4020): applyTMO

D/StatusBar.NetworkController( 4020): refreshViews connected={ wifi } level=4 combinedSignalIconId=0x7f020562/com.android.systemui:drawable/stat_sys_wifi_signal_4 mobileLabel=T-Mobile wifiLabel="Buster2" emergencyOnly=false combinedLabel="Buster2" mAirplaneMode=false mDataActivity=4 mPhoneSignalIconId=0x7f020695/com.android.systemui:drawable/tw_stat_sys_5_level_signal_4_auto_rotate mQSPhoneSignalIconId=0x7f020116/com.android.systemui:drawable/ic_qs_signal_4 mDataDirectionIconId=0x0/(null) mDataSignalIconId=0x7f020695/com.android.systemui:drawable/tw_stat_sys_5_level_signal_4_auto_rotate mDataTypeIconId=0x7f020346/com.android.systemui:drawable/stat_sys_data_connected_lte_tmo mQSDataTypeIconId=0x0/(null) mNoSimIconId=0x0/(null) mWifiIconId=0x7f020562/com.android.systemui:drawable/stat_sys_wifi_signal_4 mQSWifiIconId=0x7f02012c/com.android.systemui:drawable/ic_qs_wifi_4 mWifiActivityIconId=0x7f020519/com.android.systemui:drawable/stat_sys_signal_no_inout mBluetoothTetherIconId=0x7f02053f/com.android.systemui:drawable/stat_sys_tether_bluetooth

D/STATUSBAR-WifiTile( 4020): onWifiSignalChanged enabled=true enabledDesc:"Buster2"

D/StatusBar.NetworkController( 4020): refreshNwBoosterIndicator - setNWBoosterIndicators(false)

D/StatusBar.NetworkController( 4020): applyTMO

D/StatusBar.NetworkController( 4020): refreshNwBoosterIndicator - setNWBoosterIndicators(false)

D/StatusBar.NetworkController( 4020): applyTMO

D/StatusBar.NetworkController( 4020): refreshNwBoosterIndicator - setNWBoosterIndicators(false)

D/StatusBar.NetworkController( 4020): applyTMO

D/StatusBar.NetworkController( 4020): refreshNwBoosterIndicator - setNWBoosterIndicators(false)

D/StatusBar.NetworkController( 4020): applyTMO

I/Tethering( 3535): BATTERY_CHANGED, level = 71lowBatteryThreshold = 15

D/KeyguardUpdateMonitor( 4020): received broadcast android.intent.action.BATTERY_CHANGED

I/PERF    ( 4020): received broadcast android.intent.action.BATTERY_CHANGED

D/BatteryMonitor( 3990): new battery level: 71

D/KeyguardUpdateMonitor( 4020): handleBatteryUpdate

D/QSTile.TorchLightTile( 4020): ACTION_BATTERY_CHANGED - Level :: 71, Status :: 2

D/RcsSettingsUtils( 3990): new battery level: 71

D/CommonServiceConfiguration( 3990): getStringValueSetting

D/RcsSettingsUtils( 3990): read setting battery level: null

I/System.out( 5293): (HTTPLog)-Static: isSBSettingEnabled false

I/qtaguid ( 5293): Tagging socket 78 with tag 60000000000{1536,0} uid -1, pid: 5293, getuid(): 10017

D/SLocation( 3535): SCurrentLocationGeoCodingAsyncRequest doInBackground : success to get address

D/SLocation( 3535): reportAddressPendingMap value size : 1

W/SLocation( 3535): don't receive data : id : 1 mRequestNum = 10 mAddressArrayIdx = 8 mPoisArrayIdx = 10

D/StatusBar.NetworkController( 4020): refreshViews connected={ wifi } level=4 combinedSignalIconId=0x7f020562/com.android.systemui:drawable/stat_sys_wifi_signal_4 mobileLabel=T-Mobile wifiLabel="Buster2" emergencyOnly=false combinedLabel="Buster2" mAirplaneMode=false mDataActivity=4 mPhoneSignalIconId=0x7f020695/com.android.systemui:drawable/tw_stat_sys_5_level_signal_4_auto_rotate mQSPhoneSignalIconId=0x7f020116/com.android.systemui:drawable/ic_qs_signal_4 mDataDirectionIconId=0x0/(null) mDataSignalIconId=0x7f020695/com.android.systemui:drawable/tw_stat_sys_5_level_signal_4_auto_rotate mDataTypeIconId=0x7f020346/com.android.systemui:drawable/stat_sys_data_connected_lte_tmo mQSDataTypeIconId=0x0/(null) mNoSimIconId=0x0/(null) mWifiIconId=0x7f020562/com.android.systemui:drawable/stat_sys_wifi_signal_4 mQSWifiIconId=0x7f02012c/com.android.systemui:drawable/ic_qs_wifi_4 mWifiActivityIconId=0x7f020516/com.android.systemui:drawable/stat_sys_signal_inout mBluetoothTetherIconId=0x7f02053f/com.android.systemui:drawable/stat_sys_tether_bluetooth

D/STATUSBAR-WifiTile( 4020): onWifiSignalChanged enabled=true enabledDesc:"Buster2"

D/StatusBar.NetworkController( 4020): refreshNwBoosterIndicator - setNWBoosterIndicators(false)

D/StatusBar.NetworkController( 4020): applyTMO

D/StatusBar.NetworkController( 4020): refreshNwBoosterIndicator - setNWBoosterIndicators(false)

D/StatusBar.NetworkController( 4020): applyTMO

D/StatusBar.NetworkController( 4020): refreshNwBoosterIndicator - setNWBoosterIndicators(false)

D/StatusBar.NetworkController( 4020): applyTMO

D/StatusBar.NetworkController( 4020): refreshNwBoosterIndicator - setNWBoosterIndicators(false)

D/StatusBar.NetworkController( 4020): applyTMO

D/InputReader( 3535): Input event(5): value=1 when=32015027625000

D/InputReader( 3535): Input event(5): value=1 when=32015027625000

I/InputReader( 3535): Touch event's action is 0x0 (deviceType=0) [pCnt=1, s=0.5626 ] when=32015027625000

D/InputReader( 3535): lastThreadEndTime = 32009179422006, currentThreadStartTime = 32009179424714, diff = 0

I/InputDispatcher( 3535): Delivering touch to (4020): action: 0x4, toolType: 1

I/InputDispatcher( 3535): Delivering touch to (4269): action: 0x4, toolType: 1

I/InputDispatcher( 3535): Delivering touch to (1414): action: 0x0, toolType: 1

D/ViewRootImpl( 1414): ViewPostImeInputStage ACTION_DOWN

D/InputReader( 3535): Input event(5): value=0 when=32015113473000

D/InputReader( 3535): Input event(5): value=0 when=32015113473000

I/InputReader( 3535): Touch event's action is 0x1 (deviceType=0) [pCnt=1, s=] when=32015113473000

I/InputDispatcher( 3535): Delivering touch to (1414): action: 0x1, toolType: 1

D/PreferenceScreen( 1414): mIsCheckedSwitch = true

D/PreferenceScreen( 1414): mIsNeedClick = true

D/PreferenceScreen( 1414): mIsChangedPressedItem = false

V/AudioService( 3535): AudioService playSoundEffect Type : 0, volume : -1.0

V/AudioService( 3535): received MSG_PLAY_SOUND_EFFECT onPlaySoundEffect start

I/Timeline( 1414): Timeline: Activity_launch_request id:com.android.settings time:32015189

I/PersonaManagerService( 3535): PersonaId don't exist

I/ActivityManager( 3535): do not start freezing screen for locked container getKeyguardshowstate = false

W/AudioPolicyIntefaceImpl( 3006): Skipped to add effects on session 2583

I/AudioPolicyManager( 3006): startOutput() output 4, stream 1, session 2583

I/AudioPolicyManager( 3006): changeRefCount() stream 1, count 1

I/AudioPolicyManager( 3006): setOutputDevice() setting same device 0002 or null device for output 4

V/audio_hw_primary( 3006): start_output_stream+, out->device : 00000002 , out->type = 1

V/ApplicationPolicy( 3535): isApplicationStateBlocked userId 0 pkgname com.android.settings

V/ApplicationPolicy( 3535): isApplicationStateBlocked userId 0 pkgname com.android.settings

D/InputDispatcher( 3535): Focused application set to: xxxx

D/InputDispatcher( 3535): Focus left window: 1414

D/PointerIcon( 3535): setMouseIconStyle1 pointerType: 1001 iconType:101 flag:0 pid:3535 uid:1000

D/PointerIcon( 3535): setMouseCustomIcon IconType is same.101

D/PhoneWindow( 1414): *FMB* installDecor mIsFloating : true

D/PhoneWindow( 1414): *FMB* installDecor flags : 8388610

D/audio_hw_primary( 3006): start_output_stream (0xefff2980) out->config.rate:48000 out->config.format:0 out->period_size:240

V/audio_hw_primary( 3006): select_devices output_scenario:0 input_scenario:-1 out_snd_device 0x2 in_snd_device:0x0

I/audio_route( 3006): 

I/audio_route( 3006): > audio_route_reset :

D/AbsListView( 1414): Get MotionRecognitionManager

I/audio_route( 3006): 

I/audio_route( 3006): > audio_route_apply_path : "media-speaker"

D/Activity( 1414): performCreate Call Injection manager

I/InjectionManager( 1414): dispatchOnViewCreated > Target : com.android.settings.AppPicker isFragment :false

D/ActivityManager( 3535): post active user change for 0 fullscreen false record.isFloatingActivity() false

D/KnoxTimeoutHandler( 3535): postActiveUserChange for user 0

I/KnoxTimeoutHandler( 3535): postActiveUserChange, showWhenLocked: false

D/KnoxTimeoutHandler( 3535): handleActiveUserChange for user 0

I/KnoxTimeoutHandler( 3535): Target Activity is not fullscreen. We will not show this activity0

D/PhoneWindow( 1414): *FMB* isFloatingMenuEnabled mFloatingMenuBtn : null

D/PhoneWindow( 1414): *FMB* isFloatingMenuEnabled return false

I/SurfaceFlinger( 2986): id=4033 createSurf (193x193),1 flag=4, BppPicker

D/RestrictionPolicy( 3535): isStatusBarExpansionAllowedAsUser : true, userId = 0

D/InputDispatcher( 3535): Focus entered window: 1414

V/audio_hw_primary( 3006): select_devices() output_route "media-speaker" 

I/audio_route( 3006): 

I/audio_route( 3006): > audio_route_apply_path : "gain-media-speaker"

D/PointerIcon( 3535): setMouseIconStyle1 pointerType: 1001 iconType:101 flag:0 pid:3535 uid:1000

D/PointerIcon( 3535): setMouseCustomIcon IconType is same.101

D/SRIB_DCS( 1414): log_dcs ThreadedRenderer::initialize entered! 

V/audio_hw_primary( 3006): select_devices() output_gain "gain-media-speaker" 

I/audio_route( 3006): 

I/audio_route( 3006): > audio_route_update_mixer : +

I/audio_route( 3006): > audio_route_update_mixer : changed(0) -

I/audio_hw_primary( 3006): select_devices - 

V/audio_hw_primary( 3006): start_output_stream-

D/mali_winsys( 1414): new_window_surface returns 0x3000,  [1528x798]-format:1

D/ListView( 1414): change accessibility focus position = 0

D/InputMethodManagerService( 3535): windowGainedFocus mCurrentFocusedUserId - 0 and mSecureKeypadEnabled-false

I/ActivityManager( 3535): Displayed Component not be shown by security: +173ms

I/Timeline( 1414): Timeline: Activity_idle id: android.os.BinderProxy@1ec87719 time:32015398

I/AudioPolicyManager( 3006): stopOutput() output 4, stream 1, session 2583

I/AudioPolicyManager( 3006): changeRefCount() stream 1, count 0

I/AudioPolicyManager( 3006): setOutputDevice() setting same device 0000 or null device for output 4

I/Timeline( 3535): Timeline: Activity_windows_visible id: ActivityRecord{15774bea u0 com.android.settings/.AppPicker t6417} time:32015485

D/StatusBar.NetworkController( 4020): refreshViews connected={ wifi } level=4 combinedSignalIconId=0x7f020562/com.android.systemui:drawable/stat_sys_wifi_signal_4 mobileLabel=T-Mobile wifiLabel="Buster2" emergencyOnly=false combinedLabel="Buster2" mAirplaneMode=false mDataActivity=4 mPhoneSignalIconId=0x7f020695/com.android.systemui:drawable/tw_stat_sys_5_level_signal_4_auto_rotate mQSPhoneSignalIconId=0x7f020116/com.android.systemui:drawable/ic_qs_signal_4 mDataDirectionIconId=0x0/(null) mDataSignalIconId=0x7f020695/com.android.systemui:drawable/tw_stat_sys_5_level_signal_4_auto_rotate mDataTypeIconId=0x7f020346/com.android.systemui:drawable/stat_sys_data_connected_lte_tmo mQSDataTypeIconId=0x0/(null) mNoSimIconId=0x0/(null) mWifiIconId=0x7f020562/com.android.systemui:drawable/stat_sys_wifi_signal_4 mQSWifiIconId=0x7f02012c/com.android.systemui:drawable/ic_qs_wifi_4 mWifiActivityIconId=0x7f020519/com.android.systemui:drawable/stat_sys_signal_no_inout mBluetoothTetherIconId=0x7f02053f/com.android.systemui:drawable/stat_sys_tether_bluetooth

D/STATUSBAR-WifiTile( 4020): onWifiSignalChanged enabled=true enabledDesc:"Buster2"

D/StatusBar.NetworkController( 4020): refreshNwBoosterIndicator - setNWBoosterIndicators(false)

D/StatusBar.NetworkController( 4020): applyTMO

D/StatusBar.NetworkController( 4020): refreshNwBoosterIndicator - setNWBoosterIndicators(false)

D/StatusBar.NetworkController( 4020): applyTMO

D/StatusBar.NetworkController( 4020): refreshNwBoosterIndicator - setNWBoosterIndicators(false)

D/StatusBar.NetworkController( 4020): applyTMO

D/StatusBar.NetworkController( 4020): refreshNwBoosterIndicator - setNWBoosterIndicators(false)

D/StatusBar.NetworkController( 4020): applyTMO

I/FaceInterface( 1791): startFaceScan() : going on

D/FaceInterface( 1791): startFaceScan() is called.

D/ContentApp(13341): startScan() is called.

D/ContentApp(13341): startScan() is end.

D/ContentApp(13341): face_restore FINISHED_TYPE: 3

D/FaceScanner(13341): isNeedToRestore : start

D/InputReader( 3535): Input event(5): value=1 when=32017462602000

D/InputReader( 3535): Input event(5): value=1 when=32017462602000

I/InputReader( 3535): Touch event's action is 0x0 (deviceType=0) [pCnt=1, s=0.5627 ] when=32017462602000

D/InputReader( 3535): lastThreadEndTime = 32015113738759, currentThreadStartTime = 32015113742675, diff = 0

I/InputDispatcher( 3535): Delivering touch to (4020): action: 0x4, toolType: 1

I/InputDispatcher( 3535): Delivering touch to (4269): action: 0x4, toolType: 1

I/InputDispatcher( 3535): Delivering touch to (1414): action: 0x0, toolType: 1

D/ViewRootImpl( 1414): ViewPostImeInputStage ACTION_DOWN

D/InputReader( 3535): Input event(5): value=0 when=32017581548000

D/InputReader( 3535): Input event(5): value=0 when=32017581548000

I/InputReader( 3535): Touch event's action is 0x1 (deviceType=0) [pCnt=1, s=] when=32017581548000

I/InputDispatcher( 3535): Delivering touch to (1414): action: 0x1, toolType: 1

E/SLocation( 3535): SCurrentLocationGeoCodingAsyncRequest doInBackground : Exception : java.io.IOException: Timed out waiting for response from server

E/SLocation( 3535): SCurrentLocationGeoCodingAsyncRequest doInBackground : Exception : java.io.IOException: Timed out waiting for response from server

D/SLocation( 3535): reportAddressPendingMap value size : 1

E/SLocation( 3535): SCurrentLocationGeoCodingAsyncRequest doInBackground : Exception : java.io.IOException: Timed out waiting for response from server

W/SLocation( 3535): don't receive data : id : 1 mRequestNum = 10 mAddressArrayIdx = 9 mPoisArrayIdx = 10

D/SLocation( 3535): reportAddressPendingMap value size : 1

D/SLocation( 3535): success sendPendingIntent id : 1

D/SLocation( 3535): reportAddressPendingMap value size : 1

D/SLocation( 3535): success sendPendingIntent id : 2

D/MediaProvider(13341): Received intent : Intent { act=com.samsung.get_address_poi flg=0x10 (has extras) } Call UpdateAddressThread

D/SLocation( 3535): PendingIntent onSendFinished intent :PendingIntent{38835acf: PendingIntentRecord{3093cc5 com.android.providers.media broadcastIntent}}

D/SLocation( 3535): removeSCurrentLocationToPoiReceiver id : 1

D/MediaProvider(13341): address value is null or starts with null. Do not update! 

D/MediaProvider(13341): Received intent : Intent { act=com.samsung.get_address_poi flg=0x10 (has extras) } Call UpdateAddressThread

D/SLocation( 3535): PendingIntent onSendFinished intent :PendingIntent{20b2ec5c: PendingIntentRecord{1b5adb65 com.android.providers.media broadcastIntent}}

D/SLocation( 3535): removeSCurrentLocationToPoiReceiver id : 2

V/AudioService( 3535): AudioService playSoundEffect Type : 0, volume : -1.0

V/AudioService( 3535): received MSG_PLAY_SOUND_EFFECT onPlaySoundEffect start

V/ApplicationPolicy( 3535): isApplicationStateBlocked userId 0 pkgname com.android.settings

V/ApplicationPolicy( 3535): isApplicationStateBlocked userId 0 pkgname com.android.settings

D/InputDispatcher( 3535): Focused application set to: xxxx

W/AudioPolicyIntefaceImpl( 3006): Skipped to add effects on session 2584

I/AudioPolicyManager( 3006): startOutput() output 4, stream 1, session 2584

I/AudioPolicyManager( 3006): changeRefCount() stream 1, count 1

I/AudioPolicyManager( 3006): setOutputDevice() setting same device 0002 or null device for output 4

D/InputDispatcher( 3535): Focus left window: 1414

D/InputDispatcher( 3535): Focus entered window: 1414

D/RestrictionPolicy( 3535): isStatusBarExpansionAllowedAsUser : true, userId = 0

D/MediaProvider(13341): address value is null or starts with null. Do not update! 

D/PointerIcon( 3535): setMouseIconStyle1 pointerType: 1001 iconType:101 flag:0 pid:3535 uid:1000

D/PointerIcon( 3535): setMouseCustomIcon IconType is same.101

D/SettingsProvider( 3535): name = debug_app

D/SettingsProvider( 3535): name = wait_for_debugger

D/SettingsActivity( 1414): onResume finished

D/SettingsPreferenceFragment( 1414): intent.hasExtra(SettingsActivity.EXTRA_SHOW_FRAGMENT : true

D/SettingsPreferenceFragment( 1414): fragmentName : com.android.settings.DevelopmentSettings

D/SecContentProvider( 3535): uri = 15 selection = isDeveloperModeAllowed

W/Settings( 1414): Setting bugreport_in_power_menu has moved from android.provider.Settings.Secure to android.provider.Settings.Global.

D/SecContentProvider( 3535): uri = 17 selection = isUsbDebuggingEnabled

I/AudioPolicyManager( 3006): stopOutput() output 4, stream 1, session 2584

I/AudioPolicyManager( 3006): changeRefCount() stream 1, count 0

I/AudioPolicyManager( 3006): setOutputDevice() setting same device 0000 or null device for output 4

D/SecContentProvider( 3535): uri = 16 selection = isMockLocationEnabled

D/SecContentProvider( 3535): callingUid = 1000

D/SecContentProvider( 3535): isMockLocationEnabled return = true

D/SecContentProvider( 3535): uri = 16 selection = isKillingActivitiesOnLeaveAllowed

D/SecContentProvider( 3535): isKillingActivitiesOnLeaveAllowed return = true callingUid : 1000

D/SecContentProvider( 3535): uri = 15 selection = isBackgroundProcessLimitEnabled

D/ActivityManager( 3535): post active user change for 0 fullscreen true record.isFloatingActivity() false

D/KnoxTimeoutHandler( 3535): postActiveUserChange for user 0

I/KnoxTimeoutHandler( 3535): postActiveUserChange, showWhenLocked: false

D/KnoxTimeoutHandler( 3535): handleActiveUserChange for user 0

D/InputMethodManagerService( 3535): windowGainedFocus mCurrentFocusedUserId - 0 and mSecureKeypadEnabled-false

D/MediaProvider(13341): address value is null or starts with null. Do not update! 

I/InjectionManager( 1414): dispatchCreateOptionsMenu :com.android.settings.SubSettings

D/OpenGLRenderer( 1414): endAllStagingAnimators on 0x7f716a8900 (ListView) with handle 0x7f71c70420

I/Timeline( 1414): Timeline: Activity_idle id: android.os.BinderProxy@35f80b0e time:32017775

I/SurfaceFlinger( 2986): id=4033 Removed BppPicker (11/14)

I/SurfaceFlinger( 2986): id=4033 Removed BppPicker (-2/14)

D/InputReader( 3535): Input event(5): value=1 when=32018485720000

D/InputReader( 3535): Input event(5): value=1 when=32018485720000

I/InputReader( 3535): Touch event's action is 0x0 (deviceType=0) [pCnt=1, s=0.5628 ] when=32018485720000

D/InputReader( 3535): lastThreadEndTime = 32017582015802, currentThreadStartTime = 32017582020510, diff = 0

I/InputDispatcher( 3535): Delivering touch to (4020): action: 0x4, toolType: 1

I/InputDispatcher( 3535): Delivering touch to (4269): action: 0x4, toolType: 1

I/InputDispatcher( 3535): Delivering touch to (1414): action: 0x0, toolType: 1

D/ViewRootImpl( 1414): ViewPostImeInputStage ACTION_DOWN

D/InputReader( 3535): Input event(5): value=0 when=32018561080000

D/InputReader( 3535): Input event(5): value=0 when=32018561080000

I/InputReader( 3535): Touch event's action is 0x1 (deviceType=0) [pCnt=1, s=] when=32018561080000

I/InputDispatcher( 3535): Delivering touch to (1414): action: 0x1, toolType: 1

D/PreferenceScreen( 1414): mIsCheckedSwitch = true

D/PreferenceScreen( 1414): mIsNeedClick = true

D/PreferenceScreen( 1414): mIsChangedPressedItem = false

V/AudioService( 3535): AudioService playSoundEffect Type : 0, volume : -1.0

V/AudioService( 3535): received MSG_PLAY_SOUND_EFFECT onPlaySoundEffect start

I/Timeline( 1414): Timeline: Activity_launch_request id:com.android.settings time:32018626

I/PersonaManagerService( 3535): PersonaId don't exist

I/ActivityManager( 3535): do not start freezing screen for locked container getKeyguardshowstate = false

W/AudioPolicyIntefaceImpl( 3006): Skipped to add effects on session 2585

I/AudioPolicyManager( 3006): startOutput() output 4, stream 1, session 2585

I/AudioPolicyManager( 3006): changeRefCount() stream 1, count 1

I/AudioPolicyManager( 3006): setOutputDevice() setting same device 0002 or null device for output 4

V/ApplicationPolicy( 3535): isApplicationStateBlocked userId 0 pkgname com.android.settings

V/ApplicationPolicy( 3535): isApplicationStateBlocked userId 0 pkgname com.android.settings

D/InputDispatcher( 3535): Focused application set to: xxxx

D/InputDispatcher( 3535): Focus left window: 1414

D/PointerIcon( 3535): setMouseIconStyle1 pointerType: 1001 iconType:101 flag:0 pid:3535 uid:1000

D/PointerIcon( 3535): setMouseCustomIcon IconType is same.101

D/PhoneWindow( 1414): *FMB* installDecor mIsFloating : true

D/PhoneWindow( 1414): *FMB* installDecor flags : 8388610

D/AbsListView( 1414): Get MotionRecognitionManager

I/AudioPolicyManager( 3006): stopOutput() output 4, stream 1, session 2585

I/AudioPolicyManager( 3006): changeRefCount() stream 1, count 0

I/AudioPolicyManager( 3006): setOutputDevice() setting same device 0000 or null device for output 4

D/Activity( 1414): performCreate Call Injection manager

I/InjectionManager( 1414): dispatchOnViewCreated > Target : com.android.settings.AppPicker isFragment :false

D/ActivityManager( 3535): post active user change for 0 fullscreen false record.isFloatingActivity() false

D/KnoxTimeoutHandler( 3535): postActiveUserChange for user 0

I/KnoxTimeoutHandler( 3535): postActiveUserChange, showWhenLocked: false

D/KnoxTimeoutHandler( 3535): handleActiveUserChange for user 0

I/KnoxTimeoutHandler( 3535): Target Activity is not fullscreen. We will not show this activity0

D/PhoneWindow( 1414): *FMB* isFloatingMenuEnabled mFloatingMenuBtn : null

D/PhoneWindow( 1414): *FMB* isFloatingMenuEnabled return false

I/SurfaceFlinger( 2986): id=4034 createSurf (193x193),1 flag=4, BppPicker

D/RestrictionPolicy( 3535): isStatusBarExpansionAllowedAsUser : true, userId = 0

D/InputDispatcher( 3535): Focus entered window: 1414

D/PointerIcon( 3535): setMouseIconStyle1 pointerType: 1001 iconType:101 flag:0 pid:3535 uid:1000

D/PointerIcon( 3535): setMouseCustomIcon IconType is same.101

D/SRIB_DCS( 1414): log_dcs ThreadedRenderer::initialize entered! 

D/mali_winsys( 1414): new_window_surface returns 0x3000,  [1528x798]-format:1

D/ListView( 1414): change accessibility focus position = 0

D/InputMethodManagerService( 3535): windowGainedFocus mCurrentFocusedUserId - 0 and mSecureKeypadEnabled-false

I/ActivityManager( 3535): Displayed Component not be shown by security: +131ms (total +1s93ms)

I/Timeline( 1414): Timeline: Activity_idle id: android.os.BinderProxy@c85889 time:32018787

I/System.out( 5293): (HTTPLog)-Static: isSBSettingEnabled false

I/qtaguid ( 5293): Tagging socket 78 with tag 60000000000{1536,0} uid -1, pid: 5293, getuid(): 10017

I/System.out( 5293): (HTTPLog)-Static: isSBSettingEnabled false

D/EnterpriseController( 2998): mIsMarkChainAdded is 0 mIsBlockChainAdded is 0 netId is 0

D/Netd    ( 2998): getNetworkForDns: using netid 518 for uid 10017

I/System.out( 5293): KnoxVpnUidStorageknoxVpnSupported API value returned is false

I/qtaguid ( 5293): Tagging socket 82 with tag 60000000000{1536,0} uid -1, pid: 5293, getuid(): 10017

D/EPDG -- [NETMGMT]( 3535): Interface wlan0 limitName globalAlert

D/NtpTrustedTime( 3535): currentTimeMillis() cache hit

D/NetworkStatsFactory( 3535): UpdateStatsForKnox updated

D/NetworkStatsFactory( 3535): UpdateStatsForKnox main else ---

I/qtaguid ( 5293): Tagging socket 85 with tag 60000000000{1536,0} uid -1, pid: 5293, getuid(): 10017

I/Timeline( 3535): Timeline: Activity_windows_visible id: ActivityRecord{1f653f66 u0 com.android.settings/.AppPicker t6417} time:32018884

D/NtpTrustedTime( 3535): currentTimeMillis() cache hit

D/NtpTrustedTime( 3535): currentTimeMillis() cache hit

D/StatusBar.NetworkController( 4020): refreshViews connected={ wifi } level=4 combinedSignalIconId=0x7f020562/com.android.systemui:drawable/stat_sys_wifi_signal_4 mobileLabel=T-Mobile wifiLabel="Buster2" emergencyOnly=false combinedLabel="Buster2" mAirplaneMode=false mDataActivity=4 mPhoneSignalIconId=0x7f020695/com.android.systemui:drawable/tw_stat_sys_5_level_signal_4_auto_rotate mQSPhoneSignalIconId=0x7f020116/com.android.systemui:drawable/ic_qs_signal_4 mDataDirectionIconId=0x0/(null) mDataSignalIconId=0x7f020695/com.android.systemui:drawable/tw_stat_sys_5_level_signal_4_auto_rotate mDataTypeIconId=0x7f020346/com.android.systemui:drawable/stat_sys_data_connected_lte_tmo mQSDataTypeIconId=0x0/(null) mNoSimIconId=0x0/(null) mWifiIconId=0x7f020562/com.android.systemui:drawable/stat_sys_wifi_signal_4 mQSWifiIconId=0x7f02012c/com.android.systemui:drawable/ic_qs_wifi_4 mWifiActivityIconId=0x7f020516/com.android.systemui:drawable/stat_sys_signal_inout mBluetoothTetherIconId=0x7f02053f/com.android.systemui:drawable/stat_sys_tether_bluetooth

D/STATUSBAR-WifiTile( 4020): onWifiSignalChanged enabled=true enabledDesc:"Buster2"

D/StatusBar.NetworkController( 4020): refreshNwBoosterIndicator - setNWBoosterIndicators(false)

D/StatusBar.NetworkController( 4020): applyTMO

D/StatusBar.NetworkController( 4020): refreshNwBoosterIndicator - setNWBoosterIndicators(false)

D/StatusBar.NetworkController( 4020): applyTMO

D/StatusBar.NetworkController( 4020): refreshNwBoosterIndicator - setNWBoosterIndicators(false)

D/StatusBar.NetworkController( 4020): applyTMO

D/StatusBar.NetworkController( 4020): refreshNwBoosterIndicator - setNWBoosterIndicators(false)

D/StatusBar.NetworkController( 4020): applyTMO

D/NtpTrustedTime( 3535): currentTimeMillis() cache hit

D/InputReader( 3535): Input event(5): value=1 when=32019204141000

D/InputReader( 3535): Input event(5): value=1 when=32019204141000

I/InputReader( 3535): Touch event's action is 0x0 (deviceType=0) [pCnt=1, s=0.5629 ] when=32019204141000

D/InputReader( 3535): lastThreadEndTime = 32018561232510, currentThreadStartTime = 32018561235552, diff = 0

I/InputDispatcher( 3535): Delivering touch to (4020): action: 0x4, toolType: 1

I/InputDispatcher( 3535): Delivering touch to (4269): action: 0x4, toolType: 1

I/InputDispatcher( 3535): Delivering touch to (1414): action: 0x0, toolType: 1

D/ViewRootImpl( 1414): ViewPostImeInputStage ACTION_DOWN

D/InputReader( 3535): Input event(5): value=0 when=32019333679000

D/InputReader( 3535): Input event(5): value=0 when=32019333679000

I/InputReader( 3535): Touch event's action is 0x1 (deviceType=0) [pCnt=1, s=] when=32019333679000

I/InputDispatcher( 3535): Delivering touch to (1414): action: 0x1, toolType: 1

D/InputReader( 3535): Input event(5): value=1 when=32020131491000

D/InputReader( 3535): Input event(5): value=1 when=32020131491000

I/InputReader( 3535): Touch event's action is 0x0 (deviceType=0) [pCnt=1, s=0.5630 ] when=32020131491000

D/InputReader( 3535): lastThreadEndTime = 32019334152427, currentThreadStartTime = 32019334156969, diff = 0

I/InputDispatcher( 3535): Delivering touch to (4020): action: 0x4, toolType: 1

I/InputDispatcher( 3535): Delivering touch to (4269): action: 0x4, toolType: 1

I/InputDispatcher( 3535): Delivering touch to (1414): action: 0x0, toolType: 1

D/ViewRootImpl( 1414): ViewPostImeInputStage ACTION_DOWN

V/ApplicationPolicy( 3535): isApplicationStateBlocked userId 0 pkgname com.android.settings

V/ApplicationPolicy( 3535): isApplicationStateBlocked userId 0 pkgname com.android.settings

D/InputDispatcher( 3535): Focused application set to: xxxx

D/RestrictionPolicy( 3535): isStatusBarExpansionAllowedAsUser : true, userId = 0

D/InputDispatcher( 3535): Focus left window: 1414

D/InputDispatcher( 3535): Focus entered window: 1414

D/InputDispatcher( 3535): Waiting for application to become ready for input: 1414.  Reason: Waiting because the touched window is paused.

D/PointerIcon( 3535): setMouseIconStyle1 pointerType: 1001 iconType:101 flag:0 pid:3535 uid:1000

D/PointerIcon( 3535): setMouseCustomIcon IconType is same.101

D/SettingsActivity( 1414): onResume finished

D/SettingsPreferenceFragment( 1414): intent.hasExtra(SettingsActivity.EXTRA_SHOW_FRAGMENT : true

D/SettingsPreferenceFragment( 1414): fragmentName : com.android.settings.DevelopmentSettings

D/SecContentProvider( 3535): uri = 15 selection = isDeveloperModeAllowed

D/InputReader( 3535): Input event(5): value=0 when=32020174689000

D/InputReader( 3535): Input event(5): value=0 when=32020174689000

I/InputReader( 3535): Touch event's action is 0x1 (deviceType=0) [pCnt=1, s=] when=32020174689000

I/InputDispatcher( 3535): Delivering touch to (1414): action: 0x1, toolType: 1

W/Settings( 1414): Setting bugreport_in_power_menu has moved from android.provider.Settings.Secure to android.provider.Settings.Global.

D/SecContentProvider( 3535): uri = 17 selection = isUsbDebuggingEnabled

D/SecContentProvider( 3535): uri = 16 selection = isMockLocationEnabled

D/SecContentProvider( 3535): callingUid = 1000

D/SecContentProvider( 3535): isMockLocationEnabled return = true

D/SecContentProvider( 3535): uri = 16 selection = isKillingActivitiesOnLeaveAllowed

D/SecContentProvider( 3535): isKillingActivitiesOnLeaveAllowed return = true callingUid : 1000

D/SecContentProvider( 3535): uri = 15 selection = isBackgroundProcessLimitEnabled

D/ActivityManager( 3535): post active user change for 0 fullscreen true record.isFloatingActivity() false

D/KnoxTimeoutHandler( 3535): postActiveUserChange for user 0

I/KnoxTimeoutHandler( 3535): postActiveUserChange, showWhenLocked: false

D/KnoxTimeoutHandler( 3535): handleActiveUserChange for user 0

I/InjectionManager( 1414): dispatchCreateOptionsMenu :com.android.settings.SubSettings

D/InputMethodManagerService( 3535): windowGainedFocus mCurrentFocusedUserId - 0 and mSecureKeypadEnabled-false

I/Timeline( 1414): Timeline: Activity_idle id: android.os.BinderProxy@35f80b0e time:32020210

I/SurfaceFlinger( 2986): id=4034 Removed BppPicker (11/14)

I/SurfaceFlinger( 2986): id=4034 Removed BppPicker (-2/14)

D/StatusBar.NetworkController( 4020): refreshViews connected={ wifi } level=4 combinedSignalIconId=0x7f020562/com.android.systemui:drawable/stat_sys_wifi_signal_4 mobileLabel=T-Mobile wifiLabel="Buster2" emergencyOnly=false combinedLabel="Buster2" mAirplaneMode=false mDataActivity=4 mPhoneSignalIconId=0x7f020695/com.android.systemui:drawable/tw_stat_sys_5_level_signal_4_auto_rotate mQSPhoneSignalIconId=0x7f020116/com.android.systemui:drawable/ic_qs_signal_4 mDataDirectionIconId=0x0/(null) mDataSignalIconId=0x7f020695/com.android.systemui:drawable/tw_stat_sys_5_level_signal_4_auto_rotate mDataTypeIconId=0x7f020346/com.android.systemui:drawable/stat_sys_data_connected_lte_tmo mQSDataTypeIconId=0x0/(null) mNoSimIconId=0x0/(null) mWifiIconId=0x7f020562/com.android.systemui:drawable/stat_sys_wifi_signal_4 mQSWifiIconId=0x7f02012c/com.android.systemui:drawable/ic_qs_wifi_4 mWifiActivityIconId=0x7f020519/com.android.systemui:drawable/stat_sys_signal_no_inout mBluetoothTetherIconId=0x7f02053f/com.android.systemui:drawable/stat_sys_tether_bluetooth

D/STATUSBAR-WifiTile( 4020): onWifiSignalChanged enabled=true enabledDesc:"Buster2"

D/StatusBar.NetworkController( 4020): refreshNwBoosterIndicator - setNWBoosterIndicators(false)

D/StatusBar.NetworkController( 4020): applyTMO

D/StatusBar.NetworkController( 4020): refreshNwBoosterIndicator - setNWBoosterIndicators(false)

D/StatusBar.NetworkController( 4020): applyTMO

D/StatusBar.NetworkController( 4020): refreshNwBoosterIndicator - setNWBoosterIndicators(false)

D/StatusBar.NetworkController( 4020): applyTMO

D/StatusBar.NetworkController( 4020): refreshNwBoosterIndicator - setNWBoosterIndicators(false)

D/StatusBar.NetworkController( 4020): applyTMO

I/audio_hw_primary( 3006): do_out_standby +

D/audio_hw_primary( 3006): output_devices devices:0

V/audio_hw_primary( 3006): select_devices output_scenario:-1 input_scenario:-1 out_snd_device 0x0 in_snd_device:0x0

I/audio_route( 3006): 

I/audio_route( 3006): > audio_route_reset :

I/audio_route( 3006): 

I/audio_route( 3006): > audio_route_update_mixer : +

I/audio_route( 3006): > audio_route_update_mixer : changed(7) -

I/audio_hw_primary( 3006): select_devices - 

I/audio_hw_primary( 3006): do_out_standby -

I/Tethering( 3535): BATTERY_CHANGED, level = 71lowBatteryThreshold = 15

D/KeyguardUpdateMonitor( 4020): received broadcast android.intent.action.BATTERY_CHANGED

I/PERF    ( 4020): received broadcast android.intent.action.BATTERY_CHANGED

D/KeyguardUpdateMonitor( 4020): handleBatteryUpdate

D/BatteryMonitor( 3990): new battery level: 71

D/QSTile.TorchLightTile( 4020): ACTION_BATTERY_CHANGED - Level :: 71, Status :: 2

D/RcsSettingsUtils( 3990): new battery level: 71

D/CommonServiceConfiguration( 3990): getStringValueSetting

D/RcsSettingsUtils( 3990): read setting battery level: null

D/InputReader( 3535): Input event(7): value=1 when=32025400330000

D/InputReader( 3535): !@notifyKey(172), action=0

D/InputManager-JNI( 3535): !@interceptKeyBeforeQueueing(172), action=0, interactive=true

D/InputManager-JNI( 3535): !@handleInterceptActions(172), action=0, wmActions=1

D/InputReader( 3535): Input event(7): value=0 when=32025540230000

D/InputReader( 3535): !@notifyKey(172), action=1

D/InputManager-JNI( 3535): !@interceptKeyBeforeQueueing(172), action=1, interactive=true

D/InputManager-JNI( 3535): !@handleInterceptActions(172), action=1, wmActions=1

I/PersonaManagerService( 3535): PersonaId don't exist

I/FPMS_FingerprintManagerService( 5367): onReceive: android.intent.action.CLOSE_SYSTEM_DIALOGS

I/ActivityManager( 3535): do not start freezing screen for locked container getKeyguardshowstate = false

D/PanelView( 4020): There is/are notification(s) 

D/AirplaneModeTile( 4020): onReceive : android.intent.action.CLOSE_SYSTEM_DIALOGS

D/PhoneStatusBar( 4020): animateCollapse(): mExpandedVisible=false flags=0

D/StatusBar-Window( 4020): fnf=true sanc=false, kni=false, sbf=false

D/CoverUI ( 4020): applyFocusableFlag() : Remove SAMSUNG_FLAG_SVIEW_COVER

D/CoverUI ( 4020): applyHeight h = 100, oc = false, ex = false, fa = false, ac = false, sc = false

V/ApplicationPolicy( 3535): isApplicationStateBlocked userId 0 pkgname com.android.settings

V/ApplicationPolicy( 3535): isApplicationStateBlocked userId 0 pkgname com.sec.android.app.launcher

D/InputDispatcher( 3535): Focused application set to: xxxx

D/InputDispatcher( 3535): Focus left window: 1414

D/Recents_AlternateRecentsComponent( 4211): dismissHelpPopup 

D/PointerIcon( 3535): setMouseIconStyle1 pointerType: 1001 iconType:101 flag:0 pid:3535 uid:1000

D/PointerIcon( 3535): setMouseCustomIcon IconType is same.101

V/WindowOrientationListener( 3535): mSContextAutoRotationListener.getProposedRotation, mbResultFaceDectection: false

V/WindowOrientationListener( 3535): mSContextAutoRotationListener.getProposedRotation, Rotation: -1

V/WindowOrientationListener( 3535): mSContextAutoRotationListener.getProposedRotation, mbResultFaceDectection: false

V/WindowOrientationListener( 3535): mSContextAutoRotationListener.getProposedRotation, Rotation: -1

I/HINT_rp (31549): onForegroundActivitiesChanged pid:4536 uid : 10073 foregroundActivities:true

D/HINT_rq (31549): onFourgroundActivitiesChanged

D/HINT_SpayQuickPayService(31549): onSetForegroundActChangedFlag

V/MultiWindowTrayService(16431): onForegroundActivitiesChanged  /arrangeState : 0

D/LauncherActivity( 4536): onNewIntent:#Intent;action=android.intent.action.MAIN;category=android.intent.category.HOME;launchFlags=0x10e00000;component=com.sec.android.app.launcher/.activities.LauncherActivity;end

D/LauncherActivity( 4536): onStart() com.sec.android.app.launcher.activities.LauncherActivity@1e2ba8a4

D/NativeApp( 4536): attachRootView: -511485760 this com.sec.daliviews.views.NativeApp@1b2e360Peer-194893280

D/LauncherActivity( 4536): onResume() com.sec.android.app.launcher.activities.LauncherActivity@1e2ba8a4

I/DALI-LIFECYCLE( 4536): void NativeViews::NativeApp::AttachRootView(NativeViews::ContainerViewBase*)

D/BadgeProvider(32708): query, [selection] : null

D/HomeFragment( 4536): onResume()

W/CurvedBorderComponent( 4536): CurvedBorderComponent::SetBorderSize 0.08, 0.00

D/BadgeProvider(32708): query, [selection] : null

E/image-factory( 4536): ImageFactory::Load() ticket->resourceId=65335

E/image-factory( 4536): ImageFactory::Load() ticket->typePath.type=0xcf0d3940

E/image-factory( 4536): ImageFactory::Load() ticket->resourceId=65337

E/image-factory( 4536): ImageFactory::Load() ticket->typePath.type=0xcf0d3a30

E/image-factory( 4536): ImageFactory::Load() ticket->resourceId=65348

E/image-factory( 4536): ImageFactory::Load() ticket->typePath.type=0xcf0d3e90

E/image-factory( 4536): ImageFactory::Load() ticket->resourceId=65350

E/image-factory( 4536): ImageFactory::Load() ticket->typePath.type=0xcf0d3f80

E/image-factory( 4536): ImageFactory::Load() ticket->resourceId=65360

E/image-factory( 4536): ImageFactory::Load() ticket->typePath.type=0xcfe0a380

E/image-factory( 4536): ImageFactory::Load() ticket->resourceId=65444

E/image-factory( 4536): ImageFactory::Load() ticket->typePath.type=0xcff8cca0

D/Mms/UIEventReceiver( 1553): ui event

D/Launcher.BadgeCache, ( 4536): updateBadgeCounts, app[2] have 0 badges

D/Launcher.BadgeCache, ( 4536): updateBadgeCounts, app[0] have 0 badges

D/Launcher.BadgeCache, ( 4536): updateBadgeCounts, app[-1] have 0 badges

D/Launcher.BadgeCache, ( 4536): updateBadgeCounts, app[3] have 0 badges

D/Launcher.BadgeCache, ( 4536): updateBadgeCounts, app[-1] have 0 badges

D/Launcher.BadgeCache, ( 4536): updateBadgeCounts, app[-1] have 0 badges

D/Launcher.BadgeCache, ( 4536): updateBadgeCounts, app[-1] have 0 badges

D/Launcher.BadgeCache, ( 4536): updateBadgeCounts, app[-1] have 1 badges

D/Launcher.BadgeCache, ( 4536): updateBadgeCounts, app[-1] have 0 badges

D/PanelView( 4020): mClearAll.setVisibility - mIsFullyOpened : false isShade : true mHasNotification : true mIsUpwardFling : false mQsFullyExpanded : true isShadeLocked : false mClearAllVisible : false

D/SurfaceWidgetView( 4536): Visibility changed to:0

D/HomePresenter( 4536): setIgnoreDrawAppWidget() ignore:false

D/SurfaceWidgetClient$ISurfaceWidgetStub( 5151): [237392/18] Surface widget visibility changed visibility = true on instance = 1

W/SurfaceWidget.Renderer( 5151): [237392/18] invalid surface in SurfaceWidget mSurface:null

D/SurfaceWidget.Renderer( 5151): [237392/18] Surface is not ready yet. Waiting for surface

D/AppsFragment( 4536): onResume()

D/WidgetsFragment( 4536): onResume()

W/PageLayout( 4536): Pages are not ready yet so skip MoveToPage this time

D/ActivityManager( 3535): handle home activity for 0

I/WallpaperManagerService( 3535): switchPersonaWallpaper is called for personaId-0

D/KnoxTimeoutHandler( 3535): post home show event for user 0

D/ActivityManager( 3535): post active user change for 0 fullscreen true record.isFloatingActivity() false

D/KnoxTimeoutHandler( 3535): postActiveUserChange for user 0

I/KnoxTimeoutHandler( 3535): postActiveUserChange, showWhenLocked: false

D/WallpaperManagerService( 3535):  force update = false; persona id = 0; current user =0; current persona = 0

D/KnoxTimeoutHandler( 3535): handleHomeShow for 0 and current 0

D/KnoxTimeoutHandler( 3535): handleActiveUserChange for user 0

D/Launcher.BadgeCache, ( 4536): updateBadgeCounts, app[2] have 0 badges

D/Launcher.BadgeCache, ( 4536): updateBadgeCounts, app[0] have 0 badges

D/Launcher.BadgeCache, ( 4536): updateBadgeCounts, app[-1] have 0 badges

D/Launcher.BadgeCache, ( 4536): updateBadgeCounts, app[3] have 0 badges

D/Launcher.BadgeCache, ( 4536): updateBadgeCounts, app[-1] have 0 badges

D/Launcher.BadgeCache, ( 4536): updateBadgeCounts, app[-1] have 0 badges

D/Launcher.BadgeCache, ( 4536): updateBadgeCounts, app[-1] have 0 badges

D/Launcher.BadgeCache, ( 4536): updateBadgeCounts, app[-1] have 1 badges

D/Launcher.BadgeCache, ( 4536): updateBadgeCounts, app[-1] have 0 badges

I/SurfaceFlinger( 2986): id=4035 createSurf (1440x2560),1 flag=4, TurfaceView

D/LauncherActivity( 4536): surfaceCreated()

I/DALI-LIFECYCLE( 4536): void NativeViews::NativeApp::SurfaceCreated(ANativeWindow*, jfloat, jfloat, jfloat, int, int)

I/DALI-LIFECYCLE( 4536): void androidcore_SetPrimaryWindow(ANativeWindow*)

D/DALI    ( 4536): androidcore_SetPrimaryWindow() window=0xf44bf008

I/DALI-LIFECYCLE( 4536): void androidcore_surfaceCreated()

I/NativeApp( 4536): touchconf_scroll_threshold=35.000 pixels

I/DALI-LIFECYCLE( 4536): void NativeViews::NativeApp::OnResume()

I/DALI-LIFECYCLE( 4536): void androidcore_resume()

I/DALI-LIFECYCLE( 4536): void androidcore_trigger_resume()

I/NativeApp( 4536): touchconf_pan_gesture_predict_mode=1

I/NativeApp( 4536): touchconf_pan_gesture_predict_amount=20 milliseconds

I/NativeApp( 4536): touchconf_pan_gesture_smooth_mode=1

I/NativeApp( 4536): touchconf_pan_gesture_smooth_amount=1.000

