D/StatusBar.NetworkController( 4020): refreshViews connected={ data } level=4 combinedSignalIconId=0x7f020695/com.android.systemui:drawable/tw_stat_sys_5_level_signal_4_auto_rotate mobileLabel=T-Mobile wifiLabel= emergencyOnly=false combinedLabel=T-Mobile mAirplaneMode=false mDataActivity=0 mPhoneSignalIconId=0x7f020695/com.android.systemui:drawable/tw_stat_sys_5_level_signal_4_auto_rotate mQSPhoneSignalIconId=0x7f020116/com.android.systemui:drawable/ic_qs_signal_4 mDataDirectionIconId=0x7f02051a/com.android.systemui:drawable/stat_sys_signal_no_inout_tmo mDataSignalIconId=0x7f020695/com.android.systemui:drawable/tw_stat_sys_5_level_signal_4_auto_rotate mDataTypeIconId=0x7f020346/com.android.systemui:drawable/stat_sys_data_connected_lte_tmo mQSDataTypeIconId=0x0/(null) mNoSimIconId=0x0/(null) mWifiIconId=0x0/(null) mQSWifiIconId=0x0/(null) mWifiActivityIconId=0x7f020519/com.android.systemui:drawable/stat_sys_signal_no_inout mBluetoothTetherIconId=0x7f02053f/com.android.systemui:drawable/stat_sys_tether_bluetooth

D/STATUSBAR-WifiTile( 4020): onWifiSignalChanged enabled=false enabledDesc:null

D/StatusBar.NetworkController( 4020): refreshNwBoosterIndicator - setNWBoosterIndicators(false)

D/StatusBar.NetworkController( 4020): applyTMO

D/StatusBar.NetworkController( 4020): refreshNwBoosterIndicator - setNWBoosterIndicators(false)

D/StatusBar.NetworkController( 4020): applyTMO

D/StatusBar.NetworkController( 4020): refreshNwBoosterIndicator - setNWBoosterIndicators(false)

D/StatusBar.NetworkController( 4020): applyTMO

D/StatusBar.NetworkController( 4020): refreshNwBoosterIndicator - setNWBoosterIndicators(false)

D/StatusBar.NetworkController( 4020): applyTMO

D/ApplicationPolicy( 3535): isStatusBarNotificationAllowedAsUser: packageName = org.telegram.messenger,userId = 0

V/ApplicationPolicy( 3535): isApplicationStateBlocked userId 0 pkgname org.telegram.messenger

D/StatusBar.NetworkController( 4020): onDataActivity: direction=3

D/EPDG -- [EPDGService]( 3535): onDataActivity: direction=3

D/StatusBar.NetworkController( 4020): updateDataIcon, mDataDirectionIconId = com.android.systemui:drawable/stat_sys_signal_inout_tmo mDataConnected = true

D/StatusBar.NetworkController( 4020): refreshViews connected={ data } level=4 combinedSignalIconId=0x7f020695/com.android.systemui:drawable/tw_stat_sys_5_level_signal_4_auto_rotate mobileLabel=T-Mobile wifiLabel= emergencyOnly=false combinedLabel=T-Mobile mAirplaneMode=false mDataActivity=3 mPhoneSignalIconId=0x7f020695/com.android.systemui:drawable/tw_stat_sys_5_level_signal_4_auto_rotate mQSPhoneSignalIconId=0x7f020116/com.android.systemui:drawable/ic_qs_signal_4 mDataDirectionIconId=0x7f020517/com.android.systemui:drawable/stat_sys_signal_inout_tmo mDataSignalIconId=0x7f020695/com.android.systemui:drawable/tw_stat_sys_5_level_signal_4_auto_rotate mDataTypeIconId=0x7f020346/com.android.systemui:drawable/stat_sys_data_connected_lte_tmo mQSDataTypeIconId=0x0/(null) mNoSimIconId=0x0/(null) mWifiIconId=0x0/(null) mQSWifiIconId=0x0/(null) mWifiActivityIconId=0x7f020519/com.android.systemui:drawable/stat_sys_signal_no_inout mBluetoothTetherIconId=0x7f02053f/com.android.systemui:drawable/stat_sys_tether_bluetooth

D/STATUSBAR-WifiTile( 4020): onWifiSignalChanged enabled=false enabledDesc:null

D/StatusBar.NetworkController( 4020): refreshNwBoosterIndicator - setNWBoosterIndicators(false)

D/StatusBar.NetworkController( 4020): applyTMO

D/StatusBar.NetworkController( 4020): refreshNwBoosterIndicator - setNWBoosterIndicators(false)

D/StatusBar.NetworkController( 4020): applyTMO

D/StatusBar.NetworkController( 4020): refreshNwBoosterIndicator - setNWBoosterIndicators(false)

D/StatusBar.NetworkController( 4020): applyTMO

D/StatusBar.NetworkController( 4020): refreshNwBoosterIndicator - setNWBoosterIndicators(false)

D/StatusBar.NetworkController( 4020): applyTMO

I/Notif added( 4269): Summary: small

D/ApplicationPolicy( 3535): isStatusBarNotificationAllowedAsUser: packageName = org.telegram.messenger,userId = 0

V/ApplicationPolicy( 3535): isApplicationStateBlocked userId 0 pkgname org.telegram.messenger

V/MediaPlayer-JNI( 4020): native_setup

V/MediaPlayer( 4020): constructor

V/MediaPlayer( 4020): setListener

V/MediaPlayer-JNI( 4020): setParameter: key 1400

V/MediaPlayer( 4020): MediaPlayer::setParameter(1400)

V/MediaPlayer-JNI( 4020): setAudioStreamType: 5

V/MediaPlayer( 4020): MediaPlayer::setAudioStreamType

V/Vibrator( 3535): Called vibrateImmVibe(int, MagnitudeType) API - PUID: 1000, PackageName: android

V/Vibrator( 3535): vibrateImmVibe - PUID: 1000, PackageName: android, type: 17, mag: 10000

V/MediaPlayer-JNI( 4020): setDataSourceFD: fd 101

V/MediaPlayer( 4020): setDataSource(101, 0, 576460752303423487)

V/MediaPlayerService( 3006): MediaFader constructor

V/MediaPlayerService( 3006): Create new client(229) from pid 4020, uid 10069, 

V/MediaPlayerService( 3006): setDataSource fd=33, offset=0, length=576460752303423487

V/MediaPlayerService( 3006): st_dev  = 66305

V/MediaPlayerService( 3006): st_ino  = 265938

V/MediaPlayerService( 3006): st_mode = 33204

V/MediaPlayerService( 3006): st_uid  = 1023

V/MediaPlayerService( 3006): st_gid  = 1023

V/MediaPlayerService( 3006): st_size = 28954

V/MediaPlayerService( 3006): calculated length = 28954

V/MediaPlayerService( 3006): player type = 4

V/NuPlayerDriver( 3006): NuPlayerDriver(0xeffa7de0)

V/AudioSink( 3006): AudioOutput(2600)

V/NuPlayerDriver( 3006): setDataSource(0xeffa7de0) file(33)

V/NuPlayer( 3006): kWhatSetAudioSink

V/GenericSource( 3006): setDefault

V/NuPlayer( 3006): kWhatSetDataSource

V/MediaPlayerService( 3006): [229] setParameter(1604)

V/NuPlayer( 3006): setParameter = 1604

V/NuPlayer( 3006): Current Content PID : 4020

V/MediaPlayerService( 3006): MediaFader IDLE before wait, there is not output

D/KnoxNotification( 4020): ----- inflateViews : modified publicViewLocal -----

V/MediaPlayerService( 3006): [229] getParameter(1700)

V/MediaPlayer-JNI( 4020): setLooping: 0

V/MediaPlayer( 4020): MediaPlayer::setLooping

V/MediaPlayerService( 3006): [229] setLooping(0)

V/MediaPlayer( 4020): setVideoSurfaceTexture

V/MediaPlayerService( 3006): [229] setVideoSurfaceTexture(0x0)

V/MediaPlayer( 4020): prepare

V/MediaPlayerService( 3006): [229] setAudioStreamType(5)

V/MediaPlayerService( 3006): [229] setParameter(1400)

V/MediaPlayerService( 3006): setAudioAttributes_l() usage=5 content=4 flags=0x0 tags=

V/MediaPlayerService( 3006): [229] prepareAsync

V/NuPlayerDriver( 3006): prepareAsync(0xeffa7de0)

V/GenericSource( 3006): prepareAsync

V/GenericSource( 3006): [Flag] set 0x8 -> mFlags = 0x8

V/GenericSource( 3006): onPrepareAsync

D/KnoxNotification( 4020): ----- inflateViews : modified KnoxViewLocal -----

D/ApplicationPolicy( 3535): isStatusBarNotificationAllowedAsUser: packageName = com.jamworks.floatify,userId = 0

V/ApplicationPolicy( 3535): isApplicationStateBlocked userId 0 pkgname com.jamworks.floatify

I/Notif added( 4269): Summary: big

D/PanelView( 4020): There is/are notification(s) 

D/PanelView( 4020): kidsfalse mQsExpansionEnabled:true

D/WVMDrmPlugIn( 3005): WVMDrmPlugin::onInitialize : 8069

D/WVMDrmPlugIn( 3005): WVMDrmPlugin::onSetOnInfoListener : add 8069

D/PanelView( 4020): There is/are notification(s) 

D/PanelView( 4020): kidsfalse mQsExpansionEnabled:true

I/PhoneStatusBar( 4020): shouldInterruptInMirrorLink:true

E/SEC_DRM_PLUGIN_Omafl( 3005): OmaPlugin::onOpenDecryptSession(fd)::Drm2IsDrmFileByExtFd::file is NOT DRM by extension

W/SEC_DRM_PLUGIN_Playready( 3005): PlayreadyPlugIn: Function[DRM_ASFVerify_Context_Initialize]; Line[4464]; File type[0]

W/SEC_DRM_PLUGIN_Playready( 3005): PlayReadyPlugIn: Function[onOpenDecryptSession]; Line[2572]; DRM Result[0x80004005]

D/WVMDrmPlugIn( 3005): WVMDrmPlugin::onTerminate : 8069

I/AnotherPacketSource( 3006): setFormat() audio

V/GenericSource( 3006): setDefault

I/GenericSource( 3006): NuPlayer Ormode enabled

V/GenericSource( 3006): send mUnsupportedAudio = 0 mUnsupportedVideo = 0 mHaveAudio = 1 mHaveVideo = 0

V/NuPlayer( 3006): prepare posted successfully.

V/GenericSource( 3006): onPrepareAsyncEvent() done

V/NuPlayer( 3006): mUnsupportedAudio = 0, mUnsupportedVideo = 0, mHaveAudioTrack = 1, mHaveVideoTrack = 0

V/NuPlayer( 3006): msg : 200, ext1 : 973, ext2 : 0

V/MediaPlayerService( 3006): [229] notify (0xed75b040, 200, 973, 0)

V/NuPlayer( 3006): extractMetadata Tracks : 1

V/NuPlayer( 3006): enableInbandTextFromExtr

V/MediaPlayerService( 3006): [229] notify (0xed75b040, 1, 0, 0)

V/MediaPlayer( 4020): message received msg=200, ext1=973, ext2=0

W/MediaPlayer( 4020): info/warning (973, 0)

V/MediaPlayer( 4020): callback application

V/MediaPlayer( 4020): back from callback

V/MediaPlayer( 4020): message received msg=1, ext1=0, ext2=0

V/MediaPlayer( 4020): prepared

V/MediaPlayer( 4020): signal application thread

V/MediaPlayer( 4020): callback application

V/MediaPlayer( 4020): back from callback

V/MediaPlayer( 4020): prepare complete - status=0

E/MediaPlayer( 4020): Should have subtitle controller already set

I/MediaFocusControl( 3535):  AudioFocus  requestAudioFocus() from android.media.AudioManager$cc09f6e req=3flags=0x0

V/MediaPlayer-JNI( 4020): start

V/MediaPlayer( 4020): start

V/MediaPlayerService( 3006): [229] setLooping(0)

V/MediaPlayerService( 3006): [229] setVolume(1.000000, 1.000000)

V/AudioSink( 3006): setVolume(1.000000, 1.000000)

V/MediaPlayerService( 3006): [229] setAuxEffectSendLevel(0.000000)

V/AudioSink( 3006): setAuxEffectSendLevel(0.000000)

V/MediaPlayerService( 3006): [229] start

V/MediaPlayerService( 3006): getClientDuration

V/MediaPlayerService( 3006): getDuration

V/MediaPlayerService( 3006): [229] getDuration = 1776

V/MediaPlayerService( 3006): mUnavailableRange = 53

E/MediaPlayerService( 3006): WFD client is not created 

D/NuPlayerDriver( 3006): start(0xeffa7de0)

V/NuPlayer( 3006): kWhatStart

I/GenericSource( 3006): start

E/MediaPlayer( 4020): Should have subtitle controller already set

V/GenericSource( 3006): acc : 417 		 len : 417 		 0

V/GenericSource( 3006): acc : 835 		 len : 418 		 26122

V/GenericSource( 3006): acc : 1253 		 len : 418 		 52244

V/GenericSource( 3006): acc : 1671 		 len : 418 		 78367

V/GenericSource( 3006): acc : 2089 		 len : 418 		 104489

V/GenericSource( 3006): acc : 2507 		 len : 418 		 130612

V/GenericSource( 3006): acc : 2925 		 len : 418 		 156734

V/GenericSource( 3006): acc : 418 		 len : 418 		 182857

V/GenericSource( 3006): acc : 836 		 len : 418 		 208979

V/GenericSource( 3006): acc : 1254 		 len : 418 		 235102

V/GenericSource( 3006): acc : 1672 		 len : 418 		 261224

V/GenericSource( 3006): acc : 2090 		 len : 418 		 287346

V/GenericSource( 3006): acc : 2508 		 len : 418 		 313469

V/GenericSource( 3006): acc : 2926 		 len : 418 		 339591

V/GenericSource( 3006): acc : 418 		 len : 418 		 365714

V/GenericSource( 3006): acc : 836 		 len : 418 		 391836

V/GenericSource( 3006): acc : 1254 		 len : 418 		 417959

V/GenericSource( 3006): acc : 1672 		 len : 418 		 444081

V/GenericSource( 3006): acc : 2090 		 len : 418 		 470204

V/GenericSource( 3006): acc : 2508 		 len : 418 		 496326

V/GenericSource( 3006): acc : 2926 		 len : 418 		 522448

V/GenericSource( 3006): acc : 418 		 len : 418 		 548571

V/GenericSource( 3006): acc : 836 		 len : 418 		 574693

V/GenericSource( 3006): acc : 1254 		 len : 418 		 600816

V/GenericSource( 3006): acc : 1672 		 len : 418 		 626938

V/GenericSource( 3006): acc : 2089 		 len : 417 		 653061

V/GenericSource( 3006): acc : 2507 		 len : 418 		 679183

V/GenericSource( 3006): acc : 2925 		 len : 418 		 705306

V/GenericSource( 3006): acc : 418 		 len : 418 		 731428

V/GenericSource( 3006): acc : 836 		 len : 418 		 757551

V/GenericSource( 3006): acc : 1254 		 len : 418 		 783673

V/GenericSource( 3006): acc : 1672 		 len : 418 		 809795

V/GenericSource( 3006): acc : 2090 		 len : 418 		 835918

V/GenericSource( 3006): acc : 2508 		 len : 418 		 862040

V/GenericSource( 3006): acc : 2926 		 len : 418 		 888163

V/GenericSource( 3006): acc : 418 		 len : 418 		 914285

V/GenericSource( 3006): acc : 836 		 len : 418 		 940408

V/GenericSource( 3006): acc : 1254 		 len : 418 		 966530

V/GenericSource( 3006): acc : 1672 		 len : 418 		 992653

V/GenericSource( 3006): acc : 2090 		 len : 418 		 1018775

V/GenericSource( 3006): acc : 2508 		 len : 418 		 1044897

V/GenericSource( 3006): acc : 2926 		 len : 418 		 1071020

V/GenericSource( 3006): acc : 418 		 len : 418 		 1097142

V/GenericSource( 3006): acc : 836 		 len : 418 		 1123265

V/GenericSource( 3006): acc : 1254 		 len : 418 		 1149387

V/GenericSource( 3006): acc : 1672 		 len : 418 		 1175510

V/GenericSource( 3006): acc : 2090 		 len : 418 		 1201632

V/GenericSource( 3006): acc : 2508 		 len : 418 		 1227755

V/GenericSource( 3006): acc : 2926 		 len : 418 		 1253877

V/GenericSource( 3006): acc : 417 		 len : 417 		 1280000

V/GenericSource( 3006): acc : 835 		 len : 418 		 1306122

V/GenericSource( 3006): acc : 1253 		 len : 418 		 1332244

V/GenericSource( 3006): acc : 1671 		 len : 418 		 1358367

V/GenericSource( 3006): acc : 2089 		 len : 418 		 1384489

V/GenericSource( 3006): acc : 2507 		 len : 418 		 1410612

V/GenericSource( 3006): acc : 2925 		 len : 418 		 1436734

V/GenericSource( 3006): acc : 418 		 len : 418 		 1462857

V/GenericSource( 3006): acc : 836 		 len : 418 		 1488979

V/GenericSource( 3006): acc : 1254 		 len : 418 		 1515102

V/GenericSource( 3006): acc : 1672 		 len : 418 		 1541224

V/GenericSource( 3006): acc : 2090 		 len : 418 		 1567346

V/GenericSource( 3006): acc : 2508 		 len : 418 		 1593469

V/GenericSource( 3006): acc : 2926 		 len : 418 		 1619591

V/GenericSource( 3006): acc : 418 		 len : 418 		 1645714

V/GenericSource( 3006): acc : 836 		 len : 418 		 1671836

D/KnoxNotification( 4020): ----- inflateViews : modified publicViewLocal -----

V/GenericSource( 3006): acc : 1254 		 len : 418 		 1697959

V/GenericSource( 3006): acc : 1672 		 len : 418 		 1724081

V/GenericSource( 3006): acc : 2090 		 len : 418 		 1750204

V/NuPlayer( 3006): checkOffloadExceptions is true, call canOffloadStream

I/NuSecMediaClock( 3006): NuSecMediaClock constructor

I/NuSecMediaClock( 3006): reset

I/NuSecMediaClock( 3006): init success

I/NuSecMediaClock( 3006): setClockMargin mMinClockModificationCondition (70000), mMaxClockCorrection (30000)

I/NuPlayerRenderer( 3006): setParamForMediaClock() out

I/NuPlayerRenderer( 3006): setDuration (1776326)

V/NuPlayer( 3006): scanning sources haveAudio=0, haveVideo=0

V/NuPlayer( 3006): checkOffloadExceptions is true, call canOffloadStream

V/NuPlayer( 3006): make Decoder (audio)

V/NuPlayer( 3006): executePendingSecSeek - There ara not any pending seek!

I/ACodec  ( 3006):  [] Now uninitialized

D/KnoxNotification( 4020): ----- inflateViews : modified KnoxViewLocal -----

I/ACodec  ( 3006): >>>UHQA ACodec::configureCodec : 1776326, 15000000

E/OMXNodeInstance( 3006): getParameter(2d7:SEC.mp3.dec, ??(0x7f010008)) ERROR: UnsupportedIndex(0x8000101a)

I/ACodec  ( 3006): >>> getPortFormat 16, OMX.SEC.mp3.dec

I/PhoneStatusBar( 4020): shouldInterruptInMirrorLink:true

I/SEC_BASE_COMP( 3006): SEC_OMX_ComponentStateSet: Cur(1) -> Dest(2)

I/SEC_BASE_COMP( 3006): SEC_OMX_ComponentStateSet: Cur(2) -> Dest(3)

I/ACodec  ( 3006): [OMX.SEC.mp3.dec] Now Executing

I/ACodec  ( 3006): >>> getPortFormat 16, OMX.SEC.mp3.dec

I/NuPlayerDecoder( 3006): End of Stream

I/NuPlayerDecoder( 3006): Set EOS for DRM

I/NuPlayerDecoder( 3006): openAudioSink_l

I/NuPlayerRenderer( 3006): openAudioSink: offloadOnly(0) offloadingAudio(0)

I/NuPlayerRenderer( 3006): openAudioSink: open AudioSink in NON-offload mode audioFormat : 1, flags : 0

V/AudioSink( 3006): +++ close

V/AudioSink( 3006): --- close

V/AudioSink( 3006): open(44100, 2, 0x0, 0x1, 0, 8 0xa28)

V/AudioSink( 3006): no track available to recycle

V/AudioSink( 3006): creating new AudioTrack

V/AudioSink( 3006): deleteRecycledTrack

V/AudioSink( 3006): setVolume

V/AudioSink( 3006): open() DONE status 0

V/AudioSink( 3006): start

W/AudioPolicyIntefaceImpl( 3006): Skipped to add effects on session 2600

I/AudioPolicyManager( 3006): startOutput() output 2, stream 5, session 2600

I/AudioPolicyManager( 3006): changeRefCount() stream 5, count 1

I/AudioPolicyManager( 3006): setOutputDevice() setting same device 0002 or null device for output 2

I/NuSecMediaClock( 3006): reset

I/NuPlayerRenderer( 3006): setAudioFirstAnchorTimeIfNeeded mAudioFirstAnchorTimeMediaUs : -1, new mediaTimeUs : 0

V/audio_hw_primary( 3006): start_output_stream+, out->device : 00000002 , out->type = 0

V/NuPlayer( 3006): media rendering started

V/NuPlayer( 3006): msg : 6, ext1 : 0, ext2 : 0

V/MediaPlayerService( 3006): [229] notify (0xed75b040, 6, 0, 0)

V/MediaPlayer( 4020): message received msg=6, ext1=0, ext2=0

V/MediaPlayer( 4020): Received MEDIA_STARTED

V/MediaPlayer( 4020): callback application

V/MediaPlayer( 4020): back from callback

V/MediaPlayer-JNI( 4020): getCurrentPosition: 13 (msec)

V/MediaPlayer-JNI( 4020): isPlaying: 1

D/KnoxNotification( 4020): ----- inflateViews : modified publicViewLocal -----

D/KnoxNotification( 4020): ----- inflateViews : modified KnoxViewLocal -----

D/audio_hw_primary( 3006): start_output_stream (0xefff2360) out->config.rate:48000 out->config.format:0 out->period_size:1440

V/audio_hw_primary( 3006): select_devices output_scenario:0 input_scenario:-1 out_snd_device 0x2 in_snd_device:0x0

I/audio_route( 3006): 

I/audio_route( 3006): > audio_route_reset :

I/audio_route( 3006): 

I/audio_route( 3006): > audio_route_apply_path : "media-speaker"

I/Tethering( 3535): BATTERY_CHANGED, level = 72lowBatteryThreshold = 15

D/KnoxNotification( 4020): ----- inflateViews : modified publicViewLocal -----

D/BatteryMonitor( 3990): new battery level: 72

D/KnoxNotification( 4020): ----- inflateViews : modified KnoxViewLocal -----

D/RcsSettingsUtils( 3990): new battery level: 72

D/CommonServiceConfiguration( 3990): getStringValueSetting

D/RcsSettingsUtils( 3990): read setting battery level: null

D/PanelView( 4020): There is/are notification(s) 

D/PanelView( 4020): kidsfalse mQsExpansionEnabled:true

D/PanelView( 4020): There is/are notification(s) 

D/PanelView( 4020): kidsfalse mQsExpansionEnabled:true

W/StatusBar( 4020): removeNotification for unknown key: 0|com.jamworks.floatify|1|null|10211

D/PanelView( 4020): There is/are notification(s) 

D/PanelView( 4020): kidsfalse mQsExpansionEnabled:true

D/PanelView( 4020): mClearAll.setVisibility - mIsFullyOpened : false isShade : true mHasNotification : true mIsUpwardFling : false mQsFullyExpanded : false isShadeLocked : false mClearAllVisible : true

V/audio_hw_primary( 3006): select_devices() output_route "media-speaker" 

I/audio_route( 3006): 

I/audio_route( 3006): > audio_route_apply_path : "gain-media-speaker"

D/PanelView( 4020): mClearAll.setVisibility - mIsFullyOpened : false isShade : true mHasNotification : true mIsUpwardFling : false mQsFullyExpanded : false isShadeLocked : false mClearAllVisible : true

D/KeyguardUpdateMonitor( 4020): received broadcast android.intent.action.BATTERY_CHANGED

I/PERF    ( 4020): received broadcast android.intent.action.BATTERY_CHANGED

V/audio_hw_primary( 3006): select_devices() output_gain "gain-media-speaker" 

I/audio_route( 3006): 

I/audio_route( 3006): > audio_route_update_mixer : +

I/audio_route( 3006): > audio_route_update_mixer : changed(0) -

I/audio_hw_primary( 3006): select_devices - 

V/audio_hw_primary( 3006): start_output_stream-

D/QSTile.TorchLightTile( 4020): ACTION_BATTERY_CHANGED - Level :: 72, Status :: 2

D/KeyguardUpdateMonitor( 4020): handleBatteryUpdate

D/AudioMixer( 3006): setResampler format 1, data ch 2, src 44100, dst 48000, dnmix 0, reformat 0

D/SoundAliveResampler( 3006): [SoundAliveResampler] Init+++

D/PanelView( 4020): mClearAll.setVisibility - mIsFullyOpened : false isShade : true mHasNotification : true mIsUpwardFling : false mQsFullyExpanded : false isShadeLocked : false mClearAllVisible : true

D/PanelView( 4020): mClearAll.setVisibility - mIsFullyOpened : false isShade : true mHasNotification : true mIsUpwardFling : false mQsFullyExpanded : false isShadeLocked : false mClearAllVisible : true

D/AbsListView( 4269): Get MotionRecognitionManager

D/ListView( 4269): change accessibility focus position = 0

I/SurfaceFlinger( 2986): id=4054 createSurf (1440x313),1 flag=4, 

D/SRIB_DCS( 4269): log_dcs ThreadedRenderer::initialize entered! 

D/mali_winsys( 4269): new_window_surface returns 0x3000,  [1440x313]-format:1

D/EPDG -- [EPDGService]( 3535): onDataActivity: direction=0

D/StatusBar.NetworkController( 4020): onDataActivity: direction=0

D/StatusBar.NetworkController( 4020): updateDataIcon, mDataDirectionIconId = com.android.systemui:drawable/stat_sys_signal_no_inout_tmo mDataConnected = true

D/StatusBar.NetworkController( 4020): refreshViews connected={ data } level=4 combinedSignalIconId=0x7f020695/com.android.systemui:drawable/tw_stat_sys_5_level_signal_4_auto_rotate mobileLabel=T-Mobile wifiLabel= emergencyOnly=false combinedLabel=T-Mobile mAirplaneMode=false mDataActivity=0 mPhoneSignalIconId=0x7f020695/com.android.systemui:drawable/tw_stat_sys_5_level_signal_4_auto_rotate mQSPhoneSignalIconId=0x7f020116/com.android.systemui:drawable/ic_qs_signal_4 mDataDirectionIconId=0x7f02051a/com.android.systemui:drawable/stat_sys_signal_no_inout_tmo mDataSignalIconId=0x7f020695/com.android.systemui:drawable/tw_stat_sys_5_level_signal_4_auto_rotate mDataTypeIconId=0x7f020346/com.android.systemui:drawable/stat_sys_data_connected_lte_tmo mQSDataTypeIconId=0x0/(null) mNoSimIconId=0x0/(null) mWifiIconId=0x0/(null) mQSWifiIconId=0x0/(null) mWifiActivityIconId=0x7f020519/com.android.systemui:drawable/stat_sys_signal_no_inout mBluetoothTetherIconId=0x7f02053f/com.android.systemui:drawable/stat_sys_tether_bluetooth

D/STATUSBAR-WifiTile( 4020): onWifiSignalChanged enabled=false enabledDesc:null

D/StatusBar.NetworkController( 4020): refreshNwBoosterIndicator - setNWBoosterIndicators(false)

D/StatusBar.NetworkController( 4020): applyTMO

D/StatusBar.NetworkController( 4020): refreshNwBoosterIndicator - setNWBoosterIndicators(false)

D/StatusBar.NetworkController( 4020): applyTMO

D/StatusBar.NetworkController( 4020): refreshNwBoosterIndicator - setNWBoosterIndicators(false)

D/StatusBar.NetworkController( 4020): applyTMO

D/StatusBar.NetworkController( 4020): refreshNwBoosterIndicator - setNWBoosterIndicators(false)

D/StatusBar.NetworkController( 4020): applyTMO

I/NuPlayerRenderer( 3006): onQueueEOS audio finalResult : -1011

I/NuPlayerRenderer( 3006): [audio] notifyEOS() End of Stream, delayUs : 350957

V/AudioSink( 3006): stop

V/NuPlayer( 3006): reached audio EOS

V/NuPlayer( 3006): msg : 2, ext1 : 0, ext2 : 0

V/MediaPlayerService( 3006): [229] notify (0xed75b040, 2, 0, 0)

V/GenericSource( 3006): pause

V/GenericSource( 3006): [Flag] clear 0x1 -> mFlags = 0x8

I/GenericSource( 3006): mDRMEOS is true, check with -1

V/MediaPlayer( 4020): message received msg=2, ext1=0, ext2=0

I/NuPlayerRenderer( 3006): onPause

V/AudioSink( 3006): pause

V/MediaPlayer( 4020): playback complete

V/MediaPlayer( 4020): callback application

V/MediaPlayer( 4020): back from callback

I/MediaFocusControl( 3535):  AudioFocus  abandonAudioFocus() from android.media.AudioManager$cc09f6e

I/AudioPolicyManager( 3006): stopOutput() output 2, stream 5, session 2600

I/AudioPolicyManager( 3006): changeRefCount() stream 5, count 0

I/AudioPolicyManager( 3006): setOutputDevice() setting same device 0000 or null device for output 2

D/InputReader( 3535): Input event(5): value=1 when=32532917355000

D/InputReader( 3535): Input event(5): value=1 when=32532917355000

I/InputReader( 3535): Touch event's action is 0x0 (deviceType=0) [pCnt=1, s=0.5634 ] when=32532917355000

D/InputReader( 3535): lastThreadEndTime = 32515030679455, currentThreadStartTime = 32515030685497, diff = 0

I/InputDispatcher( 3535): Delivering touch to (4269): action: 0x4, toolType: 1

I/InputDispatcher( 3535): Delivering touch to (4020): action: 0x4, toolType: 1

I/InputDispatcher( 3535): Delivering touch to (4269): action: 0x4, toolType: 1

I/InputDispatcher( 3535): Delivering touch to (4020): action: 0x0, toolType: 1

D/ViewRootImpl( 4020): ViewPostImeInputStage ACTION_DOWN

D/InputReader( 3535): Input event(5): value=0 when=32532959228000

D/InputReader( 3535): Input event(5): value=0 when=32532959228000

I/InputReader( 3535): Touch event's action is 0x1 (deviceType=0) [pCnt=1, s=] when=32532959228000

I/InputDispatcher( 3535): Delivering touch to (4020): action: 0x1, toolType: 1

V/AudioService( 3535): AudioService playSoundEffect Type : 0, volume : -1.0

V/AudioService( 3535): received MSG_PLAY_SOUND_EFFECT onPlaySoundEffect start

W/AudioPolicyIntefaceImpl( 3006): Skipped to add effects on session 2601

I/AudioPolicyManager( 3006): startOutput() output 4, stream 1, session 2601

I/AudioPolicyManager( 3006): changeRefCount() stream 1, count 1

I/AudioPolicyManager( 3006): setOutputDevice() setting same device 0002 or null device for output 4

V/audio_hw_primary( 3006): start_output_stream+, out->device : 00000002 , out->type = 1

D/audio_hw_primary( 3006): start_output_stream (0xf0c77de0) out->config.rate:48000 out->config.format:0 out->period_size:240

V/audio_hw_primary( 3006): select_devices output_scenario:0 input_scenario:-1 out_snd_device 0x2 in_snd_device:0x0

I/audio_hw_primary( 3006): select_devices - do not update mixer_path

V/audio_hw_primary( 3006): start_output_stream-

I/AudioPolicyManager( 3006): stopOutput() output 4, stream 1, session 2601

I/AudioPolicyManager( 3006): changeRefCount() stream 1, count 0

I/AudioPolicyManager( 3006): setOutputDevice() setting same device 0000 or null device for output 4

D/InputReader( 3535): Input event(5): value=1 when=32533734869000

D/InputReader( 3535): Input event(5): value=1 when=32533734869000

I/InputReader( 3535): Touch event's action is 0x0 (deviceType=0) [pCnt=1, s=0.5635 ] when=32533734869000

D/InputReader( 3535): lastThreadEndTime = 32532959442464, currentThreadStartTime = 32532959446756, diff = 0

I/InputDispatcher( 3535): Delivering touch to (4269): action: 0x4, toolType: 1

I/InputDispatcher( 3535): Delivering touch to (4020): action: 0x4, toolType: 1

I/InputDispatcher( 3535): Delivering touch to (4269): action: 0x4, toolType: 1

I/InputDispatcher( 3535): Delivering touch to (4020): action: 0x0, toolType: 1

D/ViewRootImpl( 4020): ViewPostImeInputStage ACTION_DOWN

D/Badge::BadgeCountReceiver( 4572): badge intent : Intent { act=android.intent.action.BADGE_COUNT_UPDATE flg=0x10 cmp=com.sec.android.provider.badge/.BadgeCountReceiver (has extras) }

D/Badge::BadgeCountReceiver( 4572): packageName: org.telegram.messenger, className: org.telegram.ui.LaunchActivity, count: 2

D/CatchNotificationsService(29762): Update badge

D/BadgeProvider( 4572): sendNotify entered. [uri] : content://com.sec.badge/apps

D/BadgeProvider( 4572): sendNotify, [notify] : null

D/BadgeProvider( 4572): update, [uri] : content://com.sec.badge/apps

D/BadgeProvider( 4572): update, [uri.query] : null

D/BadgeProvider( 4572): update, [BadgeCount] : badgecount=2

D/BadgeProvider( 4572): update, [UpdateCount] : 1

D/InputReader( 3535): Input event(5): value=0 when=32533819947000

D/InputReader( 3535): Input event(5): value=0 when=32533819947000

I/InputReader( 3535): Touch event's action is 0x1 (deviceType=0) [pCnt=1, s=] when=32533819947000

I/InputDispatcher( 3535): Delivering touch to (4020): action: 0x1, toolType: 1

V/AudioService( 3535): AudioService playSoundEffect Type : 0, volume : -1.0

V/AudioService( 3535): received MSG_PLAY_SOUND_EFFECT onPlaySoundEffect start

D/UsbDebuggingActivity( 4020): onClick !!

W/AudioPolicyIntefaceImpl( 3006): Skipped to add effects on session 2602

I/AudioPolicyManager( 3006): startOutput() output 4, stream 1, session 2602

I/AudioPolicyManager( 3006): changeRefCount() stream 1, count 1

I/AudioPolicyManager( 3006): setOutputDevice() setting same device 0002 or null device for output 4

D/RestrictionPolicy( 3535): isStatusBarExpansionAllowedAsUser : true, userId = 0

D/InputDispatcher( 3535): Focus left window: 4020

D/InputDispatcher( 3535): Focus entered window: 4536

V/ApplicationPolicy( 3535): isApplicationStateBlocked userId 0 pkgname com.android.systemui

V/ApplicationPolicy( 3535): isApplicationStateBlocked userId 0 pkgname com.sec.android.app.launcher

D/InputDispatcher( 3535): Focused application set to: xxxx

D/DragAndDrop( 4536): dragCancel(false)

D/PointerIcon( 3535): setMouseIconStyle1 pointerType: 1001 iconType:101 flag:0 pid:3535 uid:1000

D/PointerIcon( 3535): setMouseCustomIcon IconType is same.101

D/InputMethodManagerService( 3535): windowGainedFocus mCurrentFocusedUserId - 0 and mSecureKeypadEnabled-false

I/AudioPolicyManager( 3006): stopOutput() output 4, stream 1, session 2602

I/AudioPolicyManager( 3006): changeRefCount() stream 1, count 0

I/AudioPolicyManager( 3006): setOutputDevice() setting same device 0000 or null device for output 4

D/LauncherActivity( 4536): onResume() com.sec.android.app.launcher.activities.LauncherActivity@1e2ba8a4

D/BadgeProvider( 4572): query, [selection] : null

D/OpenGLRenderer( 4020): endAllStagingAnimators on 0x7f691ce600 (RippleDrawable) with handle 0x7f4f76ade0

D/HomeFragment( 4536): onResume()

D/HomePresenter( 4536): setIgnoreDrawAppWidget() ignore:false

D/Mms/UIEventReceiver( 4504): ui event

D/BadgeProvider( 4572): query, [selection] : null

D/Launcher.BadgeCache, ( 4536): updateBadgeCounts, app[2] have 0 badges

D/Launcher.BadgeCache, ( 4536): updateBadgeCounts, app[0] have 0 badges

D/Launcher.BadgeCache, ( 4536): updateBadgeCounts, app[-1] have 0 badges

D/Launcher.BadgeCache, ( 4536): updateBadgeCounts, app[3] have 0 badges

D/Launcher.BadgeCache, ( 4536): updateBadgeCounts, app[-1] have 0 badges

D/Launcher.BadgeCache, ( 4536): updateBadgeCounts, app[-1] have 2 badges

D/Launcher.BadgeCache, ( 4536): updateBadgeCounts, app[-1] have 0 badges

D/Launcher.BadgeCache, ( 4536): updateBadgeCounts, app[-1] have 1 badges

D/Launcher.BadgeCache, ( 4536): updateBadgeCounts, app[-1] have 0 badges

D/AppsFragment( 4536): onResume()

D/WidgetsFragment( 4536): onResume()

W/PageLayout( 4536): Pages are not ready yet so skip MoveToPage this time

D/ActivityManager( 3535): handle home activity for 0

I/WallpaperManagerService( 3535): switchPersonaWallpaper is called for personaId-0

D/KnoxTimeoutHandler( 3535): post home show event for user 0

D/WallpaperManagerService( 3535):  force update = false; persona id = 0; current user =0; current persona = 0

D/ActivityManager( 3535): post active user change for 0 fullscreen true record.isFloatingActivity() false

D/KnoxTimeoutHandler( 3535): handleHomeShow for 0 and current 0

D/KnoxTimeoutHandler( 3535): postActiveUserChange for user 0

I/KnoxTimeoutHandler( 3535): postActiveUserChange, showWhenLocked: false

D/KnoxTimeoutHandler( 3535): handleActiveUserChange for user 0

I/MicroRecognitionRnrImpl( 4734): Starting detection.

D/Launcher.BadgeCache, ( 4536): updateBadgeCounts, app[2] have 0 badges

D/Launcher.BadgeCache, ( 4536): updateBadgeCounts, app[0] have 0 badges

D/Launcher.BadgeCache, ( 4536): updateBadgeCounts, app[-1] have 0 badges

D/Launcher.BadgeCache, ( 4536): updateBadgeCounts, app[3] have 0 badges

D/Launcher.BadgeCache, ( 4536): updateBadgeCounts, app[-1] have 0 badges

D/Launcher.BadgeCache, ( 4536): updateBadgeCounts, app[-1] have 2 badges

D/Launcher.BadgeCache, ( 4536): updateBadgeCounts, app[-1] have 0 badges

D/Launcher.BadgeCache, ( 4536): updateBadgeCounts, app[-1] have 1 badges

D/Launcher.BadgeCache, ( 4536): updateBadgeCounts, app[-1] have 0 badges

I/MicrophoneInputStream( 4734): mic_starting com.google.android.apps.gsa.speech.audio.aa@1a6331cf

V/audio_hw_primary( 3006): adev_open_input_stream config->channel_mask:0xc sample_rate:16000

V/audio_hw_primary( 3006): in->requested_rate:16000, pcm_config_in.rate:48000 in->config.channels=2

D/audio_hw_primary( 3006): adev_open_input_stream call echoReference_init(12)

D/HomeItemView( 4536): Badge is being inflated

V/echo_reference_processing( 3006): echoReference_init +

I/audio_hw_primary( 3006): adev_open_input_stream input is null, set new input stream

I/AudioFlinger( 3006): AudioFlinger's thread 0xe940a000 ready to run

D/HomeItemView( 4536): Badge is being inflated

D/HomeItemView( 4536): apps_icon? : false

D/HomeItemView( 4536): apps_icon? : true

D/ViewInflater( 4536): ViewInflater.inflate(7f030029) > Entering.

D/ViewInflater( 4536): ViewInflater.inflate(7f03002a) > Entering.

D/ViewInflater( 4536): ViewInflater.inflate(7f030029) > Exiting. (cloned)

D/ViewInflater( 4536): ViewInflater.inflate(7f03002a) > Exiting. (cloned)

D/HomePresenter( 4536): HP onResume current 1

I/LauncherActivity( 4536): setEnableHotWord : true

I/AudioPolicyManager( 3006): startInput() input 2604

D/audio_hw_primary( 3006): in_set_parameters: enter: kvpairs: input_source=6;keyIsHotword=true;routing=-2147483644

V/audio_hw_primary( 3006): set_processing_type (6,0)

I/audio_hw_primary( 3006): do_in_standby : in->standby 1

I/samsungRecord( 3006): [samsungrecord] MicCalonoff 1

I/Timeline( 4536): Timeline: Activity_idle id: android.os.BinderProxy@193343c9 time:32533971

I/MicrophoneInputStream( 4734): mic_started com.google.android.apps.gsa.speech.audio.aa@1a6331cf

V/audio_hw_primary( 3006): start_input_stream: set_hw_echoReference_enable(false)

V/echo_reference_processing( 3006): start_echoReference_effect +

V/echo_reference_processing( 3006): start_echoReference_effect(): channel_count:[2] reqeusted_samplerate:[16000]

W/audio_hw_primary( 3006): start_input_stream() echoReference effect is not created.

D/audio_hw_primary( 3006): start_input_stream (0xef46a440) in->config.rate:48000 in->config.format:0

D/PreProcess( 3006): new SamsungRecord

D/PreProcess( 3006): new NS

I/samsungRecord( 3006): [samsungrecord] SamsungRecInit 

I/samsungRecord( 3006): [samsungrecordMIC]Use HardCoding Values

E/samsungRecord( 3006): miccalib file can't created. (/data/snd/miccalib.txt)

I/samsungRecord( 3006): 1

D/SamsungRecord_NS( 3006): [SamsungRecord_NS] Init SR 16000

D/SamsungRecord_NS( 3006): [SamsungRecord_NS] getLevel inputsource 6, ret_level 3

I/samsungRecord( 3006): [samsungrecord] MicCalonoff 1

I/audio_hw_primary( 3006): is_voice_wakeup : ret =  0  , wakeup_baby_cry_enabled = 0  ,  wakeup_mic_enabled = 0 

I/audio_hw_primary( 3006): get_input_snd_device_id device:0xb

V/audio_hw_primary( 3006): select_devices output_scenario:0 input_scenario:27 out_snd_device 0x2 in_snd_device:0xb

I/audio_route( 3006): 

I/audio_route( 3006): > audio_route_reset :

I/audio_route( 3006): 

I/audio_route( 3006): > audio_route_apply_path : "recognition-mic"

V/audio_hw_primary( 3006): select_devices() input_route "recognition-mic" 

I/audio_route( 3006): 

I/audio_route( 3006): > audio_route_apply_path : "media-speaker"

V/audio_hw_primary( 3006): select_devices() output_route "media-speaker" 

I/audio_route( 3006): 

I/audio_route( 3006): > audio_route_apply_path : "gain-recognition-mic"

D/UsbDebuggingActivity( 4020): onStop !!

V/audio_hw_primary( 3006): select_devices() input_gain "gain-recognition-mic" 

I/audio_route( 3006): 

I/audio_route( 3006): > audio_route_apply_path : "gain-media-speaker"

V/audio_hw_primary( 3006): select_devices() output_gain "gain-media-speaker" 

I/audio_route( 3006): 

I/audio_route( 3006): > audio_route_update_mixer : +

I/HINT_rp (31549): onProcessStateChanged pid:4020 uid : 10069 procState:0

D/HINT_rq (31549): onFourgroundActivitiesChanged

D/HINT_SpayQuickPayService(31549): onSetForegroundActChangedFlag

I/audio_route( 3006): > audio_route_update_mixer : changed(0) -

I/audio_hw_primary( 3006): select_devices - 

V/audio_hw_primary( 3006): start_input_stream -

I/TextView( 4536):  view size changed from (0, 104) to (16, 104), bitmap size is (16, 104)

I/TextView( 4536):  view size changed from (0, 104) to (16, 104), bitmap size is (16, 104)

I/HomeItemView( 4536): HomeItemView::getBadgeView() theme

I/HomeItemView( 4536): HomeItemView::getBadgeView() theme

I/HomeItemView( 4536): HomeItemView::getBadgeView() setNinePatchImage

I/HomeItemView( 4536): HomeItemView::getBadgeView() setNinePatchImage

W/CurvedBorderComponent( 4536): CurvedBorderComponent::SetBorderSize 0.08, 0.00

W/CurvedBorderComponent( 4536): CurvedBorderComponent::SetBorderSize 0.08, 0.00

W/CurvedBorderComponent( 4536): CurvedBorderComponent::SetBorderSize 0.00, 0.50

W/CurvedBorderComponent( 4536): CurvedBorderComponent::SetBorderSize 0.08, 0.00

W/CurvedBorderComponent( 4536): CurvedBorderComponent::SetBorderSize 0.08, 0.00

W/CurvedBorderComponent( 4536): CurvedBorderComponent::SetBorderSize 0.08, 0.00

W/CurvedBorderComponent( 4536): CurvedBorderComponent::SetBorderSize 0.08, 0.00

W/CurvedBorderComponent( 4536): CurvedBorderComponent::SetBorderSize 0.00, 0.50

W/CurvedBorderComponent( 4536): CurvedBorderComponent::SetBorderSize 0.08, 0.00

W/CurvedBorderComponent( 4536): CurvedBorderComponent::SetBorderSize 0.08, 0.00

I/TextView( 4536):  2  view size changed from (16, 104) to (76, 104), bitmap size is (76, 104)

I/TextView( 4536):  2  width (76) and height(104) are the same so, no update.

I/TextView( 4536):  2  view size changed from (16, 104) to (76, 104), bitmap size is (76, 104)

I/TextView( 4536):  2  width (76) and height(104) are the same so, no update.

D/HomeItemView( 4536): setBadge. valueStrcount : 2 , created :true

D/HomeItemView( 4536): setBadge. valueStrcount : 2 , created :true

W/MicroDetectionWorkerImp( 4734): Tag [MicroDetectionWorkerImpl] is too long; truncated to [MicroDetectionWorkerImp]

I/MicroDetectionWorkerImp( 4734): onReady

I/art     ( 3535): Explicit concurrent mark sweep GC freed 69295(3MB) AllocSpace objects, 14(280KB) LOS objects, 17% free, 77MB/93MB, paused 1.645ms total 240.135ms

I/art     ( 3535): WaitForGcToComplete blocked for 177.566ms for cause Background

D/BadgeProvider( 4572): query, [selection] : null

I/SurfaceFlinger( 2986): id=4053 Removed VsbDebuggin (12/16)

I/SurfaceFlinger( 2986): id=4053 Removed VsbDebuggin (-2/16)

I/HINT_rq (31549): updateSimplepayVisible : hideTitle : false

I/HINT_rp (31549): ensureHomePackagesLoaded - mHomePackageNameMap : [com.sec.android.app.easylauncher, com.sec.android.app.launcher]

I/HINT_rp (31549): isHomePackageRunning topPkgName = com.sec.android.app.launcher, return true

D/HINT_SpayQuickPayService(31549): quickpay service unholding - is SimplePay : true

D/HINT_SpayQuickPayService(31549): quickpay service unholding - is SimplePay : false

I/HINT_rq (31549): show Simple pay on Home

D/HINT_SpayQuickPayService(31549): on Show SimplePay() card size : 3

D/ActivityMgr(31549): isFMM_LOCK supported? true

D/ActivityMgr(31549): isFMM_WIPEOUT supported? true

D/HINT_SpayQuickPayService(31549): isRunningMainApp() , HODLING_SIMPLE: false, HOLDING_MAIN: false

D/HINT_SpayQuickPayService(31549): on Show SimplePay() call show simple pay

D/HINT_SpayQuickPayService(31549): show SimplePay() :

D/HINT_SpayQuickPayService(31549): show SimplePay() :  cancle prevent timer 

I/HINT_SpayQuickPayService(31549): show simplepay() SettingNotFound : kids_home_mode

I/HINT_SpayQuickPayService(31549): changeLayoutParams : 3

I/Sally Service(31549): setAttributes()

I/HINT_SpayQuickPayService(31549): handle view layout3

I/Sally Service(31549): findViewById()

I/SurfaceFlinger( 2986): id=4055 createSurf (1440x64),1 flag=4, TpayQuickPa

D/EPDG -- [EPDGService]( 3535): onDataActivity: direction=3

D/StatusBar.NetworkController( 4020): onDataActivity: direction=3

D/SRIB_DCS(31549): log_dcs ThreadedRenderer::initialize entered! 

D/mali_winsys(31549): new_window_surface returns 0x3000,  [1440x64]-format:1

D/StatusBar.NetworkController( 4020): updateDataIcon, mDataDirectionIconId = com.android.systemui:drawable/stat_sys_signal_inout_tmo mDataConnected = true

D/StatusBar.NetworkController( 4020): refreshViews connected={ data } level=4 combinedSignalIconId=0x7f020695/com.android.systemui:drawable/tw_stat_sys_5_level_signal_4_auto_rotate mobileLabel=T-Mobile wifiLabel= emergencyOnly=false combinedLabel=T-Mobile mAirplaneMode=false mDataActivity=3 mPhoneSignalIconId=0x7f020695/com.android.systemui:drawable/tw_stat_sys_5_level_signal_4_auto_rotate mQSPhoneSignalIconId=0x7f020116/com.android.systemui:drawable/ic_qs_signal_4 mDataDirectionIconId=0x7f020517/com.android.systemui:drawable/stat_sys_signal_inout_tmo mDataSignalIconId=0x7f020695/com.android.systemui:drawable/tw_stat_sys_5_level_signal_4_auto_rotate mDataTypeIconId=0x7f020346/com.android.systemui:drawable/stat_sys_data_connected_lte_tmo mQSDataTypeIconId=0x0/(null) mNoSimIconId=0x0/(null) mWifiIconId=0x0/(null) mQSWifiIconId=0x0/(null) mWifiActivityIconId=0x7f020519/com.android.systemui:drawable/stat_sys_signal_no_inout mBluetoothTetherIconId=0x7f02053f/com.android.systemui:drawable/stat_sys_tether_bluetooth

D/STATUSBAR-WifiTile( 4020): onWifiSignalChanged enabled=false enabledDesc:null

D/StatusBar.NetworkController( 4020): refreshNwBoosterIndicator - setNWBoosterIndicators(false)

D/StatusBar.NetworkController( 4020): applyTMO

D/StatusBar.NetworkController( 4020): refreshNwBoosterIndicator - setNWBoosterIndicators(false)

D/StatusBar.NetworkController( 4020): applyTMO

D/StatusBar.NetworkController( 4020): refreshNwBoosterIndicator - setNWBoosterIndicators(false)

D/StatusBar.NetworkController( 4020): applyTMO

D/StatusBar.NetworkController( 4020): refreshNwBoosterIndicator - setNWBoosterIndicators(false)

D/StatusBar.NetworkController( 4020): applyTMO

D/ApplicationPolicy( 3535): isStatusBarNotificationAllowedAsUser: packageName = org.telegram.messenger,userId = 0

V/ApplicationPolicy( 3535): isApplicationStateBlocked userId 0 pkgname org.telegram.messenger

I/Notif added( 4269): Summary: small

D/ApplicationPolicy( 3535): isStatusBarNotificationAllowedAsUser: packageName = org.telegram.messenger,userId = 0

V/ApplicationPolicy( 3535): isApplicationStateBlocked userId 0 pkgname org.telegram.messenger

V/Vibrator( 3535): Called vibrateImmVibe(int, MagnitudeType) API - PUID: 1000, PackageName: android

V/Vibrator( 3535): vibrateImmVibe - PUID: 1000, PackageName: android, type: 17, mag: 10000

D/PanelView( 4020): There is/are notification(s) 

D/PanelView( 4020): kidsfalse mQsExpansionEnabled:true

V/MediaPlayer-JNI( 4020): native_setup

V/MediaPlayer( 4020): constructor

V/MediaPlayer( 4020): setListener

V/MediaPlayer-JNI( 4020): setParameter: key 1400

V/MediaPlayer( 4020): MediaPlayer::setParameter(1400)

V/MediaPlayer-JNI( 4020): setAudioStreamType: 5

V/MediaPlayer( 4020): MediaPlayer::setAudioStreamType

D/ApplicationPolicy( 3535): isStatusBarNotificationAllowedAsUser: packageName = com.jamworks.floatify,userId = 0

V/ApplicationPolicy( 3535): isApplicationStateBlocked userId 0 pkgname com.jamworks.floatify

I/Notif added( 4269): Summary: big

V/MediaPlayer-JNI( 4020): setDataSourceFD: fd 94

V/MediaPlayer( 4020): setDataSource(94, 0, 576460752303423487)

V/MediaPlayerService( 3006): MediaFader constructor

V/MediaPlayerService( 3006): Create new client(230) from pid 4020, uid 10069, 

V/MediaPlayerService( 3006): MediaFader IDLE before wait, there is not output

V/MediaPlayerService( 3006): setDataSource fd=54, offset=0, length=576460752303423487

V/MediaPlayerService( 3006): st_dev  = 66305

V/MediaPlayerService( 3006): st_ino  = 265938

V/MediaPlayerService( 3006): st_mode = 33204

V/MediaPlayerService( 3006): st_uid  = 1023

V/MediaPlayerService( 3006): st_gid  = 1023

V/MediaPlayerService( 3006): st_size = 28954

V/MediaPlayerService( 3006): calculated length = 28954

V/MediaPlayerService( 3006): player type = 4

V/NuPlayerDriver( 3006): NuPlayerDriver(0xeffa7c00)

V/AudioSink( 3006): AudioOutput(2605)

V/NuPlayerDriver( 3006): setDataSource(0xeffa7c00) file(54)

V/GenericSource( 3006): setDefault

D/PanelView( 4020): There is/are notification(s) 

D/PanelView( 4020): kidsfalse mQsExpansionEnabled:true

D/StatusBar( 4020): ----- contentsUnchanged : true, bigContentsUnchanged - false, headsUpContentsUnchanged - true , publicUnchanged true

V/NuPlayer( 3006): kWhatSetAudioSink

V/NuPlayer( 3006): kWhatSetDataSource

V/MediaPlayerService( 3006): [230] setParameter(1604)

V/NuPlayer( 3006): setParameter = 1604

V/NuPlayer( 3006): Current Content PID : 4020

V/MediaPlayerService( 3006): [230] getParameter(1700)

V/MediaPlayer-JNI( 4020): setLooping: 0

V/MediaPlayer( 4020): MediaPlayer::setLooping

V/MediaPlayerService( 3006): [230] setLooping(0)

V/MediaPlayer( 4020): setVideoSurfaceTexture

V/MediaPlayerService( 3006): [230] setVideoSurfaceTexture(0x0)

V/MediaPlayer( 4020): prepare

V/MediaPlayerService( 3006): [230] setAudioStreamType(5)

V/MediaPlayerService( 3006): [230] setParameter(1400)

V/MediaPlayerService( 3006): setAudioAttributes_l() usage=5 content=4 flags=0x0 tags=

V/MediaPlayerService( 3006): [230] prepareAsync

V/NuPlayerDriver( 3006): prepareAsync(0xeffa7c00)

V/GenericSource( 3006): prepareAsync

V/GenericSource( 3006): [Flag] set 0x8 -> mFlags = 0x8

V/GenericSource( 3006): onPrepareAsync

D/WVMDrmPlugIn( 3005): WVMDrmPlugin::onInitialize : 5708

D/WVMDrmPlugIn( 3005): WVMDrmPlugin::onSetOnInfoListener : add 5708

E/SEC_DRM_PLUGIN_Omafl( 3005): OmaPlugin::onOpenDecryptSession(fd)::Drm2IsDrmFileByExtFd::file is NOT DRM by extension

W/SEC_DRM_PLUGIN_Playready( 3005): PlayreadyPlugIn: Function[DRM_ASFVerify_Context_Initialize]; Line[4464]; File type[0]

W/SEC_DRM_PLUGIN_Playready( 3005): PlayReadyPlugIn: Function[onOpenDecryptSession]; Line[2572]; DRM Result[0x80004005]

D/WVMDrmPlugIn( 3005): WVMDrmPlugin::onTerminate : 5708

I/AnotherPacketSource( 3006): setFormat() audio

V/GenericSource( 3006): setDefault

I/GenericSource( 3006): NuPlayer Ormode enabled

V/GenericSource( 3006): send mUnsupportedAudio = 0 mUnsupportedVideo = 0 mHaveAudio = 1 mHaveVideo = 0

V/GenericSource( 3006): onPrepareAsyncEvent() done

V/NuPlayer( 3006): prepare posted successfully.

V/NuPlayer( 3006): mUnsupportedAudio = 0, mUnsupportedVideo = 0, mHaveAudioTrack = 1, mHaveVideoTrack = 0

V/NuPlayer( 3006): msg : 200, ext1 : 973, ext2 : 0

V/MediaPlayerService( 3006): [230] notify (0xed75b180, 200, 973, 0)

V/NuPlayer( 3006): extractMetadata Tracks : 1

V/NuPlayer( 3006): enableInbandTextFromExtr

V/MediaPlayerService( 3006): [230] notify (0xed75b180, 1, 0, 0)

V/MediaPlayer( 4020): message received msg=200, ext1=973, ext2=0

D/PanelView( 4020): There is/are notification(s) 

D/PanelView( 4020): kidsfalse mQsExpansionEnabled:true

W/MediaPlayer( 4020): info/warning (973, 0)

V/MediaPlayer( 4020): callback application

V/MediaPlayer( 4020): back from callback

V/MediaPlayer( 4020): message received msg=1, ext1=0, ext2=0

V/MediaPlayer( 4020): prepared

V/MediaPlayer( 4020): signal application thread

V/MediaPlayer( 4020): callback application

V/MediaPlayer( 4020): prepare complete - status=0

V/MediaPlayer( 4020): back from callback

E/MediaPlayer( 4020): Should have subtitle controller already set

I/MediaFocusControl( 3535):  AudioFocus  requestAudioFocus() from android.media.AudioManager$a3911e2 req=3flags=0x0

V/MediaPlayer-JNI( 4020): start

V/MediaPlayer( 4020): start

I/PhoneStatusBar( 4020): shouldInterruptInMirrorLink:true

V/MediaPlayerService( 3006): [230] setLooping(0)

V/MediaPlayerService( 3006): [230] setVolume(1.000000, 1.000000)

V/AudioSink( 3006): setVolume(1.000000, 1.000000)

V/MediaPlayerService( 3006): [230] setAuxEffectSendLevel(0.000000)

V/AudioSink( 3006): setAuxEffectSendLevel(0.000000)

V/MediaPlayerService( 3006): [230] start

V/MediaPlayerService( 3006): getClientDuration

V/MediaPlayerService( 3006): getDuration

V/MediaPlayerService( 3006): [230] getDuration = 1776

V/MediaPlayerService( 3006): mUnavailableRange = 53

E/MediaPlayerService( 3006): WFD client is not created 

D/NuPlayerDriver( 3006): start(0xeffa7c00)

V/NuPlayer( 3006): kWhatStart

I/GenericSource( 3006): start

V/MediaPlayer-JNI( 4020): release

V/MediaPlayer( 4020): setListener

V/MediaPlayer( 4020): disconnect

V/MediaPlayerService( 3006): disconnect(229) from pid 4020

D/NuPlayerDriver( 3006): reset(0xeffa7de0)

V/NuPlayer( 3006): kWhatReset

V/NuPlayer( 3006): performDecoderFlush audio=2, video=2

V/NuPlayer( 3006): [audio] flushDecoder needShutdown=1

V/NuPlayer( 3006): postponing action mFlushingAudio=2, mFlushingVideo=0

V/NuPlayer( 3006): Testing logs : mResetInProgress=1, mVideoEOS =0, mAudioEOS =0

I/NuPlayerRenderer( 3006): flush audio, notifyComplete 1, shutdown Yes

V/NuPlayer( 3006): (mAudioDecoder != NULL) = true, (mVideoDecoder != NULL) = false

D/NuPlayerRenderer( 3006): signalTimeDiscontinuity() mHasAudio = 1 , mHasVideo = 0

I/NuPlayerRenderer( 3006): flushing audio

I/NuPlayerRenderer( 3006): onFlush mAudioQueueGeneration : 2

V/GenericSource( 3006): acc : 417 		 len : 417 		 0

V/NuPlayer( 3006): renderer audio flush completed.

V/GenericSource( 3006): acc : 835 		 len : 418 		 26122

I/ACodec  ( 3006): [OMX.SEC.mp3.dec] signalFlush

V/GenericSource( 3006): acc : 1253 		 len : 418 		 52244

I/ACodec  ( 3006): [OMX.SEC.mp3.dec] ExecutingState flushing now (codec owns 0/10 input, 0/5 output).

V/GenericSource( 3006): acc : 1671 		 len : 418 		 78367

I/ACodec  ( 3006): [OMX.SEC.mp3.dec] Now Flushing

V/GenericSource( 3006): acc : 2089 		 len : 418 		 104489

V/GenericSource( 3006): acc : 2507 		 len : 418 		 130612

V/GenericSource( 3006): acc : 2925 		 len : 418 		 156734

I/ACodec  ( 3006): [OMX.SEC.mp3.dec] FlushingState onOMXEvent(0,1,0)

I/ACodec  ( 3006): [OMX.SEC.mp3.dec] FlushingState onOMXEvent(0,1,1)

V/GenericSource( 3006): acc : 418 		 len : 418 		 182857

I/ACodec  ( 3006): [OMX.SEC.mp3.dec] Now Executing

V/GenericSource( 3006): acc : 836 		 len : 418 		 208979

