D/PanelView( 4020): mClearAll.setVisibility - mIsFullyOpened : false isShade : false mHasNotification : false mIsUpwardFling : false mQsFullyExpanded : false isShadeLocked : false mClearAllVisible : false

D/PanelView( 4020): mClearAll.setVisibility - mIsFullyOpened : false isShade : false mHasNotification : false mIsUpwardFling : false mQsFullyExpanded : false isShadeLocked : false mClearAllVisible : false

I/CalendarProvider2( 2484): Sending notification intent: Intent { act=android.intent.action.PROVIDER_CHANGED dat=content://com.android.calendar }

E/Zygote  ( 2645): MountEmulatedStorage()

E/Zygote  ( 2645): v2

I/SELinux ( 2645): Function: selinux_compare_spd_ram, SPD-policy is existed. and_ver=SEPF_SM-G925T_5.1.1 ver=38

I/SELinux ( 2645): Function: selinux_compare_spd_ram , priority [1] , priority version is VE=SEPF_SM-G925T_5.1.1_0038

E/Zygote  ( 2645): accessInfo : 0

E/SELinux ( 2645): [DEBUG] get_category: variable seinfo: platform sensitivity: NULL, cateogry: NULL

V/ApplicationPolicy( 3535): isApplicationStateBlocked userId 0 pkgname com.android.providers.calendar

D/TimaKeyStoreProvider( 2645): TimaSignature is unavailable

D/ActivityThread( 2645): Added TimaKeyStore provider

I/InjectionManager( 2645): Inside getClassLibPath + mLibMap{0=, 1=}

I/InjectionManager( 2645): Inside getClassLibPath caller 

D/InjectionManager( 2645): InjectionManager

D/InjectionManager( 2645): fillFeatureStoreMap com.android.calendar

I/InjectionManager( 2645): Constructor com.android.calendar, Feature store :{}

I/InjectionManager( 2645): featureStore :{}

I/Tethering( 3535): BATTERY_CHANGED, level = 72lowBatteryThreshold = 15

D/KeyguardUpdateMonitor( 4020): received broadcast android.intent.action.BATTERY_CHANGED

I/PERF    ( 4020): received broadcast android.intent.action.BATTERY_CHANGED

D/KeyguardUpdateMonitor( 4020): handleBatteryUpdate

D/BatteryMonitor( 3990): new battery level: 72

D/QSTile.TorchLightTile( 4020): ACTION_BATTERY_CHANGED - Level :: 72, Status :: 2

D/RcsSettingsUtils( 3990): new battery level: 72

D/CommonServiceConfiguration( 3990): getStringValueSetting

D/RcsSettingsUtils( 3990): read setting battery level: null

D/com.facebook.a.a( 9290): Got unexpected exception: java.io.WriteAbortedException: Read an exception; java.io.NotSerializableException: org.json.JSONObject

I/Tethering( 3535): BATTERY_CHANGED, level = 72lowBatteryThreshold = 15

D/KeyguardUpdateMonitor( 4020): received broadcast android.intent.action.BATTERY_CHANGED

I/PERF    ( 4020): received broadcast android.intent.action.BATTERY_CHANGED

D/KeyguardUpdateMonitor( 4020): handleBatteryUpdate

D/BatteryMonitor( 3990): new battery level: 72

D/QSTile.TorchLightTile( 4020): ACTION_BATTERY_CHANGED - Level :: 72, Status :: 2

D/RcsSettingsUtils( 3990): new battery level: 72

D/CommonServiceConfiguration( 3990): getStringValueSetting

D/RcsSettingsUtils( 3990): read setting battery level: null

D/com.facebook.a.a( 9290): Got unexpected exception: java.io.WriteAbortedException: Read an exception; java.io.NotSerializableException: org.json.JSONObject

I/Tethering( 3535): BATTERY_CHANGED, level = 72lowBatteryThreshold = 15

D/KeyguardUpdateMonitor( 4020): received broadcast android.intent.action.BATTERY_CHANGED

I/PERF    ( 4020): received broadcast android.intent.action.BATTERY_CHANGED

D/KeyguardUpdateMonitor( 4020): handleBatteryUpdate

D/BatteryMonitor( 3990): new battery level: 72

D/ApplicationPolicy( 3535): isStatusBarNotificationAllowedAsUser: packageName = com.android.systemui,userId = -1

V/ApplicationPolicy( 3535): isApplicationStateBlocked userId -1 pkgname com.android.systemui

D/QSTile.TorchLightTile( 4020): ACTION_BATTERY_CHANGED - Level :: 72, Status :: 2

D/RcsSettingsUtils( 3990): new battery level: 72

D/CommonServiceConfiguration( 3990): getStringValueSetting

D/RcsSettingsUtils( 3990): read setting battery level: null

D/StatusBar( 4020): ----- contentsUnchanged : true, bigContentsUnchanged - true, headsUpContentsUnchanged - true , publicUnchanged true

D/NotificationStackScrollLayout( 4020): hasNotification()-C:6

D/NotificationStackScrollLayout( 4020): hasNotification()-0-N:false

D/NotificationStackScrollLayout( 4020): hasNotification()-0-V:8

D/NotificationStackScrollLayout( 4020): hasNotification()-1-N:false

D/NotificationStackScrollLayout( 4020): hasNotification()-1-V:8

D/NotificationStackScrollLayout( 4020): hasNotification()-2-N:true

D/NotificationStackScrollLayout( 4020): hasNotification()-2-V:8

D/NotificationStackScrollLayout( 4020): hasNotification()-3-N:true

D/NotificationStackScrollLayout( 4020): hasNotification()-3-V:8

D/NotificationStackScrollLayout( 4020): hasNotification()-4-N:true

D/NotificationStackScrollLayout( 4020): hasNotification()-4-V:8

D/NotificationStackScrollLayout( 4020): hasNotification()-5-N:false

D/NotificationStackScrollLayout( 4020): hasNotification()-5-V:8

D/PanelView( 4020): There is/are no notification(s) 

D/PanelView( 4020): kidsfalse mQsExpansionEnabled:true

D/NotificationStackScrollLayout( 4020): hasNotification()-C:6

D/NotificationStackScrollLayout( 4020): hasNotification()-0-N:false

D/NotificationStackScrollLayout( 4020): hasNotification()-0-V:8

D/NotificationStackScrollLayout( 4020): hasNotification()-1-N:false

D/NotificationStackScrollLayout( 4020): hasNotification()-1-V:8

D/NotificationStackScrollLayout( 4020): hasNotification()-2-N:true

D/NotificationStackScrollLayout( 4020): hasNotification()-2-V:8

D/NotificationStackScrollLayout( 4020): hasNotification()-3-N:true

D/NotificationStackScrollLayout( 4020): hasNotification()-3-V:8

D/NotificationStackScrollLayout( 4020): hasNotification()-4-N:true

D/NotificationStackScrollLayout( 4020): hasNotification()-4-V:8

D/NotificationStackScrollLayout( 4020): hasNotification()-5-N:false

D/NotificationStackScrollLayout( 4020): hasNotification()-5-V:8

D/PanelView( 4020): There is/are no notification(s) 

D/PanelView( 4020): kidsfalse mQsExpansionEnabled:true

D/PanelView( 4020): mClearAll.setVisibility - mIsFullyOpened : false isShade : false mHasNotification : false mIsUpwardFling : false mQsFullyExpanded : false isShadeLocked : false mClearAllVisible : false

D/PanelView( 4020): mClearAll.setVisibility - mIsFullyOpened : false isShade : false mHasNotification : false mIsUpwardFling : false mQsFullyExpanded : false isShadeLocked : false mClearAllVisible : false

I/Tethering( 3535): BATTERY_CHANGED, level = 72lowBatteryThreshold = 15

D/KeyguardUpdateMonitor( 4020): received broadcast android.intent.action.BATTERY_CHANGED

I/PERF    ( 4020): received broadcast android.intent.action.BATTERY_CHANGED

D/KeyguardUpdateMonitor( 4020): handleBatteryUpdate

D/BatteryMonitor( 3990): new battery level: 72

D/QSTile.TorchLightTile( 4020): ACTION_BATTERY_CHANGED - Level :: 72, Status :: 2

D/RcsSettingsUtils( 3990): new battery level: 72

D/CommonServiceConfiguration( 3990): getStringValueSetting

D/RcsSettingsUtils( 3990): read setting battery level: null

D/KeyguardUpdateMonitor( 4020): received broadcast android.intent.action.TIME_TICK

I/PERF    ( 4020): received broadcast android.intent.action.TIME_TICK

D/KeyguardUpdateMonitor( 4020): handleTimeUpdate

D/SecKeyguardClockView( 4020): onTimeChanged() : mShouldShowDualClock - false, isDualClockSet() -false

D/SecKeyguardClockView( 4020): mTimeZone:null,   hour:4,   isShortMaxWidth:false

D/[zero daemon] (19562): {[C6B53529A4E9A61B6E9DFAC2EC352F35413B8423020D39F21C4F88CE3B9B87CFDCC0B81B0A5ED41F6DFA9549B8ADE1F4BACF4D40B7B8E99052DE9FA88E767D1DEF99F3B50EBB0BE2EA7D97147503802808B0F46342E4D32B53ACCA63815BEAA3E6A19B15B6D34AFADF3249A820F62444]}

I/[zero daemon] (19562): {[A32E1AC369E42B6168CFC8ECFBFA9951C42133C77ADF9B218D854990F6269E392BB582333EA1FB9A3DD83C292BF89A20]}

D/SecKeyguardStatusUtils( 4020): regionalDateFormat = 11/22/3333 isRTLlanguage = false returnDateFormat = E, MMMM d

D/KeyguardMessageArea( 4020): onTimeChanged( mCharging = true )

E/Zygote  ( 2729): MountEmulatedStorage()

E/Zygote  ( 2729): v2

I/SELinux ( 2729): Function: selinux_compare_spd_ram, SPD-policy is existed. and_ver=SEPF_SM-G925T_5.1.1 ver=38

I/SELinux ( 2729): Function: selinux_compare_spd_ram , priority [1] , priority version is VE=SEPF_SM-G925T_5.1.1_0038

E/Zygote  ( 2729): accessInfo : 0

E/SELinux ( 2729): [DEBUG] get_category: variable seinfo: default sensitivity: NULL, cateogry: NULL

D/DateView( 4020): regionalDateFormat = 11/22/3333 isRTLlanguage = false returnDateFormat = E, MMMM d

D/DateView( 4020): regionalDateFormat = 11/22/3333 isRTLlanguage = false returnDateFormat = E, MMMM d

D/DateView( 4020): regionalDateFormat = 11/22/3333 isRTLlanguage = false returnDateFormat = E, MMMM d

D/SecKeyguardStatusUtils( 4020): regionalDateFormat = 11/22/3333 isRTLlanguage = false returnDateFormat = E, MMMM d

D/KeyguardEffectViewController( 4020): onReceive action : android.intent.action.TIME_TICK

D/TimaKeyStoreProvider( 2729): TimaSignature is unavailable

D/ActivityThread( 2729): Added TimaKeyStore provider

I/InjectionManager( 2729): Inside getClassLibPath + mLibMap{0=, 1=}

I/InjectionManager( 2729): Inside getClassLibPath caller 

D/a       ( 2729): ACRA is enabled for com.instagram.android, intializing...

W/System.err( 2729): remove failed: ENOENT (No such file or directory) : /data/data/com.instagram.android/app_libs

D/com.facebook.a.a( 9290): Got unexpected exception: java.io.WriteAbortedException: Read an exception; java.io.NotSerializableException: org.json.JSONObject

I/SensorService( 3535): Skipped sensor Grip Sensor because it requires permission 

I/SensorService( 3535): Skipped sensor HRMLED IR because it requires permission com.samsung.permission.SSENSOR_HRM_RAW_PPG

I/SensorService( 3535): Skipped sensor HRMLED RED because it requires permission com.samsung.permission.SSENSOR_HRM_RAW_PPG

I/SensorService( 3535): Skipped sensor MAX86900 because it requires permission 

I/SensorService( 3535): Skipped sensor HRM Sensor because it requires permission 

I/SensorService( 3535): Skipped sensor HeartRate Sensor because it requires permission android.permission.BODY_SENSORS

I/IgBitmapFactory( 2729): JNI_OnLoad

D/EnterpriseController( 2998): mIsMarkChainAdded is 0 mIsBlockChainAdded is 0 netId is 0

D/Netd    ( 2998): getNetworkForDns: using netid 518 for uid 10126

D/InjectionManager( 2729): InjectionManager

D/InjectionManager( 2729): fillFeatureStoreMap com.instagram.android

I/InjectionManager( 2729): Constructor com.instagram.android, Feature store :{}

I/InjectionManager( 2729): featureStore :{}

D/EnterpriseController( 2998): mIsMarkChainAdded is 0 mIsBlockChainAdded is 0 netId is 0

D/Netd    ( 2998): getNetworkForDns: using netid 518 for uid 10126

W/ColdStartPerformanceTracer( 2729): .                   TOTAL   THREAD

W/ColdStartPerformanceTracer( 2729): ____0 00.000 Start    ...     ...   ColdStartPerformanceTracer

W/ColdStartPerformanceTracer( 2729): __407 00.407 Done __407 ms __249 ms ColdStartPerformanceTracer

D/EnterpriseController( 2998): mIsMarkChainAdded is 0 mIsBlockChainAdded is 0 netId is 0

D/Netd    ( 2998): getNetworkForDns: using netid 518 for uid 10126

I/Tethering( 3535): BATTERY_CHANGED, level = 72lowBatteryThreshold = 15

D/KeyguardUpdateMonitor( 4020): received broadcast android.intent.action.BATTERY_CHANGED

I/PERF    ( 4020): received broadcast android.intent.action.BATTERY_CHANGED

D/KeyguardUpdateMonitor( 4020): handleBatteryUpdate

D/BatteryMonitor( 3990): new battery level: 72

D/ApplicationPolicy( 3535): isStatusBarNotificationAllowedAsUser: packageName = com.android.systemui,userId = -1

V/ApplicationPolicy( 3535): isApplicationStateBlocked userId -1 pkgname com.android.systemui

D/QSTile.TorchLightTile( 4020): ACTION_BATTERY_CHANGED - Level :: 72, Status :: 2

D/RcsSettingsUtils( 3990): new battery level: 72

D/CommonServiceConfiguration( 3990): getStringValueSetting

D/RcsSettingsUtils( 3990): read setting battery level: null

D/StatusBar( 4020): ----- contentsUnchanged : true, bigContentsUnchanged - true, headsUpContentsUnchanged - true , publicUnchanged true

D/NotificationStackScrollLayout( 4020): hasNotification()-C:6

D/NotificationStackScrollLayout( 4020): hasNotification()-0-N:false

D/NotificationStackScrollLayout( 4020): hasNotification()-0-V:8

D/NotificationStackScrollLayout( 4020): hasNotification()-1-N:false

D/NotificationStackScrollLayout( 4020): hasNotification()-1-V:8

D/NotificationStackScrollLayout( 4020): hasNotification()-2-N:true

D/NotificationStackScrollLayout( 4020): hasNotification()-2-V:8

D/NotificationStackScrollLayout( 4020): hasNotification()-3-N:true

D/NotificationStackScrollLayout( 4020): hasNotification()-3-V:8

D/NotificationStackScrollLayout( 4020): hasNotification()-4-N:true

D/NotificationStackScrollLayout( 4020): hasNotification()-4-V:8

D/NotificationStackScrollLayout( 4020): hasNotification()-5-N:false

D/NotificationStackScrollLayout( 4020): hasNotification()-5-V:8

D/PanelView( 4020): There is/are no notification(s) 

D/PanelView( 4020): kidsfalse mQsExpansionEnabled:true

D/NotificationStackScrollLayout( 4020): hasNotification()-C:6

D/NotificationStackScrollLayout( 4020): hasNotification()-0-N:false

D/NotificationStackScrollLayout( 4020): hasNotification()-0-V:8

D/NotificationStackScrollLayout( 4020): hasNotification()-1-N:false

D/NotificationStackScrollLayout( 4020): hasNotification()-1-V:8

D/NotificationStackScrollLayout( 4020): hasNotification()-2-N:true

D/NotificationStackScrollLayout( 4020): hasNotification()-2-V:8

D/NotificationStackScrollLayout( 4020): hasNotification()-3-N:true

D/NotificationStackScrollLayout( 4020): hasNotification()-3-V:8

D/NotificationStackScrollLayout( 4020): hasNotification()-4-N:true

D/NotificationStackScrollLayout( 4020): hasNotification()-4-V:8

D/NotificationStackScrollLayout( 4020): hasNotification()-5-N:false

D/NotificationStackScrollLayout( 4020): hasNotification()-5-V:8

D/PanelView( 4020): There is/are no notification(s) 

D/PanelView( 4020): kidsfalse mQsExpansionEnabled:true

D/PanelView( 4020): mClearAll.setVisibility - mIsFullyOpened : false isShade : false mHasNotification : false mIsUpwardFling : false mQsFullyExpanded : false isShadeLocked : false mClearAllVisible : false

D/PanelView( 4020): mClearAll.setVisibility - mIsFullyOpened : false isShade : false mHasNotification : false mIsUpwardFling : false mQsFullyExpanded : false isShadeLocked : false mClearAllVisible : false

D/com.facebook.a.a( 9290): Got unexpected exception: java.io.WriteAbortedException: Read an exception; java.io.NotSerializableException: org.json.JSONObject

I/Tethering( 3535): BATTERY_CHANGED, level = 72lowBatteryThreshold = 15

D/KeyguardUpdateMonitor( 4020): received broadcast android.intent.action.BATTERY_CHANGED

I/PERF    ( 4020): received broadcast android.intent.action.BATTERY_CHANGED

D/KeyguardUpdateMonitor( 4020): handleBatteryUpdate

D/BatteryMonitor( 3990): new battery level: 72

D/QSTile.TorchLightTile( 4020): ACTION_BATTERY_CHANGED - Level :: 72, Status :: 2

D/RcsSettingsUtils( 3990): new battery level: 72

D/CommonServiceConfiguration( 3990): getStringValueSetting

D/RcsSettingsUtils( 3990): read setting battery level: null

D/InputReader( 3535): Input event(7): value=1 when=32325391032000

D/InputReader( 3535): !@notifyKey(172), action=0

D/InputManager-JNI( 3535): !@interceptKeyBeforeQueueing(172), action=0, interactive=false

E/SamsungWindowManager( 3535): mCoreNumLockHelper.acquire

D/InputManager-JNI( 3535): !@handleInterceptActions(172), action=0, wmActions=0

D/InputManager-JNI( 3535): Disable repeat for home key when device wake up

V/KeyguardServiceDelegate( 3535): onScreenTurnedOn(showListener = com.android.internal.policy.impl.PhoneWindowManager$2@18b3a57b)

I/libsuspend( 3535): !@autosuspend_wakeup_count_disable

I/libsuspend( 3535): !@autosuspend_wakeup_count_disable done

D/SurfaceFlinger( 2986): Set power mode=2, type=0 flinger=0x7f8ac95000

I/hwcomposer( 2986): int exynos5_blank(hwc_composer_device_1*, int, int):: disp(0), blank(0)

I/PERF    ( 4020): KeyguardViewMediator - onScreenTurnedOn() start

I/PERF    ( 4020): KeyguardViewMediator - onScreenTurnedOn() start runnable

D/KeyguardViewMediator( 4020): onScreenTurnedOn, seq = 254

D/KeyguardViewMediator( 4020): notifyScreenOnLocked

I/PERF    ( 4020): KeyguardViewMediator - handleNotifyScreenOn() start

D/KeyguardViewMediator( 4020): handleNotifyScreenOn

D/SContextService( 3535): 	.registerCallback : 2, client=

I/PERF    ( 4020): KeyguardViewMediator - onScreenTurnedOn() end

D/CoverManagerWhiteLists( 3535): isAllowedToUse : SIGNATURE_MATCH

D/KeyguardViewBase( 4020): screen on, instance d2a730c

D/KeyguardSPassUnlockView( 4020): onResume()

D/InputReader( 3535): Input event(7): value=0 when=32325480206000

D/InputReader( 3535): !@notifyKey(172), action=1

D/InputManager-JNI( 3535): !@interceptKeyBeforeQueueing(172), action=1, interactive=true

D/InputManager-JNI( 3535): !@handleInterceptActions(172), action=1, wmActions=1

D/KeyguardSPassUnlockView( 4020): max failed attempt for device disable :0

D/KeyguardSPassUnlockView( 4020): isDeviceDisabledForMaxFailedAttempt return :false

D/lights  ( 3535): led_pattern : 0 +

D/KeyguardSpassUnlockThread( 4020): onResume()

D/KeyguardSpassUnlockThread( 4020): handleStartFingerPrintSensor  

D/KeyguardSpassUnlockThread( 4020): start( mIsRegisteredClient=false isRunning()=false )

D/lights  ( 3535): led_pattern : 0 -

D/KeyguardEffectViewUtil( 4020): wallpaperType :1

D/SecKeyguardStatusUtils( 4020): isUltraPowerSavingMode() :false

I/PERF    ( 4020): KeyguardViewMediator - handleNotifyScreenOn() end

I/PERF    ( 4020): KeyguardViewMediator - handleNotifyScreenOn() start runnable

I/PERF    ( 4020): KeyguardViewMediator - onScreenTurnedOn() end runnable

I/FPMS_FingerprintServiceStarter( 5367): onStartCommand: action=null

D/KeyguardWallpaperService( 1931): KeyguardWallpaperService setKeyguardWallpaperShowCallback called

W/CAE     ( 3535): setCAProperty(ContextAwareService.java:578) - [setProperty 01] Mutex is locked for AUTO_BRIGHTNESS

D/StatusBar-QSPanel( 4020): onLayout left:16 top:0 record.row:0

D/StatusBar-QSPanel( 4020): onLayout left:300 top:0 record.row:0

D/StatusBar-QSPanel( 4020): onLayout left:584 top:0 record.row:0

D/StatusBar-QSPanel( 4020): onLayout left:868 top:0 record.row:0

D/StatusBar-QSPanel( 4020): onLayout left:1152 top:0 record.row:0

I/FPMS_FingerprintManagerService( 5367): registerClient: client=Proxy@32bc176d from pid=4020

E/FPMS_FingerprintServiceStarter( 5367): FingerprintManagerService already exists...

I/CAE     ( 3535): setPropertyValue(AutoBrightnessRunner.java:128) - Mode = 0

V/KeyguardEffectViewController( 4020): KeyguardWallpaperShowCallback **** SHOWN CALLED ****

I/CAE     ( 3535): sendCmdToSensorHub(SensorHubCommManager.java:144) - -63, 23, 48, 1, 0,

D/SensorHubManager( 3535): SendSensorHubData: send data = -63, 23, 48, 1, 0

D/Sensorhubs( 3014): sendContextData: -63, 23, 48, 1, 0

I/WindowManager( 3535): Ignoring HOME; down is not pressed.

I/CAE     ( 3535): setCAProperty(ContextAwareService.java:583) - result : true

W/CAE     ( 3535): setCAProperty(ContextAwareService.java:584) - [setProperty 02] Mutex is unlocked for AUTO_BRIGHTNESS

D/SContext.CaeProvider( 3535): setAttribute() : 0

D/SContextService( 3535): sendAttribute() : service = Auto Brightness

W/CAE     ( 3535): registerCallback(ContextAwareService.java:144) - [regi 01] Mutex is locked for AUTO_BRIGHTNESS

I/FingerprintManager( 4020): bindFingerprintManagerService: OK

D/KeyguardSpassUnlockThread( 4020): registerClient() mToken = com.android.keyguard.sec.KeyguardSpassUnlockThread$1@1168d455

I/CAE     ( 3535): handleMessage(CaPowerManager.java:188) - AP_WAKEUP

I/CAE     ( 3535): updateApPowerStatus(SensorHubParserProvider.java:443) - AP_WAKEUP

I/CAE     ( 3535): sendCmdToSensorHub(SensorHubCommManager.java:144) - -76, 13, -47, 0,

D/SensorHubManager( 3535): SendSensorHubData: send data = -76, 13, -47, 0

D/Sensorhubs( 3014): sendContextData: -76, 13, -47, 0

D/KeyguardSpassUnlockThread( 4020): handleStartIdentify( mIsRegisteredClient = true)  

V/CAE     ( 3535): start(ContextProvider.java:128)

V/CAE     ( 3535): clear(AutoBrightnessRunner.java:280)

V/CAE     ( 3535): enable(AutoBrightnessRunner.java:247)

I/CAE     ( 3535): sendCmdToSensorHub(SensorHubCommManager.java:144) - -79, 48, 0,

D/SensorHubManager( 3535): SendSensorHubData: send data = -79, 48, 0

D/Sensorhubs( 3014): sendContextData: -79, 48, 0

D/CAE     ( 3535): getFaultDetectionResult(AutoBrightnessRunner.java:294) - true

I/CAE     ( 3535): notifyCmdProcessResultObserver(ContextProvider.java:627) - CheckResult = 0, Cause = Success

I/WifiTrafficPoller( 3535): evaluateTrafficStatsPolling

D/CAE     ( 3535): doCommendProcess(ContextAwareService.java:433) - complete notify the operation result.

I/CAE     ( 3535): displayUsedCountForService(ContextAwareService.java:525) - totalCnt = 1, serviceCount = 1, subCollectionCount = 0

D/CAE     ( 3535): showListenerList(ContextAwareService.java:366) - ===== Context Aware Service List =====

D/bauth_client(native)( 5367): BAuthServiceClient, 22

D/bauth_client(native)( 5367): getBAuthService - EXIT

E/WifiNative-wlan0( 3535): do suspend false

D/bauth_BASCommunicator( 3032): IBAuthService, 361

D/bauth_BASCommunicator( 3032): IBAuthService, 558

D/bauth_service( 3032): BAuthService, 412

D/bauth_FPBAuthService( 3032): FPBAuthService, 4369

D/bauth_FPBAuthService( 3032): FPBAuthService, 4370

D/bauth_FPBAuthService( 3032): FPBAuthService, 508

D/audio_hw_primary( 3006): adev_set_parameters: enter: kvpairs: screen_state=on

I/CAE     ( 3535): showListenerList(ContextAwareService.java:375) - Listener : com.samsung.android.contextaware.manager.ContextAwareService$Listener@350462c9, Service : ACTIVITY_TRACKER_BATCH(1)

D/bauth_FPBAuthSensorControl( 3032): FPBAuthSensorControl, 218

D/bauth_FPBAuthService( 3032): FPBAuthService, 525

D/bauth_FPBAuthService( 3032): FPBAuthService, 4387

I/CAE     ( 3535): showListenerList(ContextAwareService.java:375) - Listener : com.samsung.android.contextaware.manager.ContextAwareService$Listener@350462c9, Service : ACTIVITY_TRACKER_BATCH_CURRENT_INFO(1)

I/CAE     ( 3535): showListenerList(ContextAwareService.java:375) - Listener : com.samsung.android.contextaware.manager.ContextAwareService$Listener@2ba5ed34, Service : AUTO_BRIGHTNESS(1)

W/CAE     ( 3535): registerCallback(ContextAwareService.java:180) - [regi 02] Mutex is unlocked for AUTO_BRIGHTNESS

D/SContextService( 3535): addSContextService() : service = Auto Brightness

D/SContextService( 3535): ===== SContext Service List =====

D/bauth_FPBAuthSensorControl( 3032): FPBAuthSensorControl, 315

I/TLC_BAUTH( 3032): Call FUNC ID 0x3;444

I/TLC_BAUTH( 3032): Trustlet Session is not closed. status : 1;495

I/TLC_BAUTH( 3032): input memory already allocated;557

I/TLC_BAUTH( 3032): output memory already allocated;584

I/TLC_BAUTH( 3032): FUNC ID 0x3 is completed;644

D/SContextService( 3535): Listener : android.hardware.scontext.SContextService$Listener@196d7dce, Service : Activity Batch

D/SContextService( 3535): Listener : android.hardware.scontext.SContextService$Listener@e83a8d2, Service : Auto Brightness

D/SContextManager( 3535):   .registerListener : listener = com.android.server.display.AutomaticBrightnessController$3@9f1211, service=Auto Brightness

D/EPDG -- [MODEM]( 3535): message length is  9

D/EPDG -- [MODEM]( 3535): countRead is 7 offset is 7remaining is 0

D/EPDG -- EpdgIpcMessageFactory( 3535): ipcMainCmd: 8

D/EPDG -- [UTILS]( 3535): isUSerBinary: true

D/EPDG -- [RILRECEIVER]( 3535): [Rx]: Main: IPC_NET_CMD Sub: IPC_NET_REGIST

D/EPDG -- [RILRECEIVER]( 3535): [Rx]: Param: FF 03 

I/EPDG -- [RILRECEIVER]( 3535): RX [NET_REGIST] -- RESPONSE -- EPDG NOT AVAILABLE

D/EPDG -- [NETIPCMESSAGE]( 3535): encodeNetRegist

D/EPDG -- [UTILS]( 3535): isUSerBinary: true

D/EPDG -- [IPCDISPATCHER]( 3535): [Tx]: Main: IPC_NET_CMD Sub: IPC_NET_REGIST Cmd Type: IPC_CMD_RESP

D/EPDG -- [IPCDISPATCHER]( 3535): [Tx]: Param: 30 03 01 00 00 00 00 00 00 00 00 00 00 

D/EPDG -- [MODEM]( 3535): EpdgModem instance already exists !

I/wpa_supplicant( 3939): reset timer : RESET_TIMER 1

I/wpa_supplicant( 3939): wlan0: Setting scan request: 0 sec 0 usec

D/EPDG -- [MODEM]( 3535): Successfully written to RIL

I/wpa_supplicant( 3939): P2P: Current p2p state = IDLE

I/wpa_supplicant( 3939): Scan requested (ret=0) - scan timeout 30 seconds

D/EPDG -- [EPDGService]( 3535): Event received: RIL_EPDG_STATUS_QUERY

D/EPDG -- [EPDGService]( 3535): handleMessage: cid - 1

D/bauth_FPBAuthSensorControl( 3032): FPBAuthSensorControl, 315

D/SettingsProvider( 3535): User 0 external modification to /data/data/com.android.providers.settings/databases/settings.db; event=8

D/SettingsProvider( 3535): User 0 updating our caches for /data/data/com.android.providers.settings/databases/settings.db

D/SettingsProvider( 3535): row count exceeds max cache entries for table system

D/bauth_FPBAuthSensorControl( 3032): FPBAuthSensorControl, 315

I/TLC_BAUTH( 3032): Call FP cmd 0x1;809

I/tlc_communication( 3032): Send Trustlet TCI Message;211

I/tlc_communication( 3032): mcNotify is completed;221

I/PERF    ( 4020): KeyguardUpdateMonitor - cb.onScreenTurnedOn() start

D/SurfaceControl( 3535): Excessive delay in setPowerMode(): 233ms

D/MISC PowerHAL( 3535): sysfs_write +: /sys/class/input/event0/device/enabled: 1

D/PersonaManagerService( 3535): ACTION_SCREEN_ON onReceive

D/PersonaManagerServiceHandler( 3535): MSG_ACTION_SCREEN_ON called

D/GpsLocationProvider( 3535): receive broadcast intent, action: android.intent.action.SCREEN_ON

D/SecKeyguardClockSingleView( 4020): onScreenTurnedOn

D/SecKeyguardStatusUtils( 4020): regionalDateFormat = 11/22/3333 isRTLlanguage = false returnDateFormat = E, MMMM d

D/KeyguardEffectViewController( 4020): mSlidingInterval = 0 , mSlidingWallpaperIndex:0

D/KeyguardEffectViewController( 4020): results = false , mSlidingWallpaperIndex:0

D/VisualEffectCircleUnlockEffect( 4020): KeyguardEffectViewNone : screenTurnedOn

D/VisualEffectCircleUnlockEffect( 4020): KeyguardEffectViewNone : screenTurnedOn

D/SecKeyguardCircleView( 4020): onScreenTurnedOn

D/KeyguardWallpaperService( 1931): KeyguardWallpaperService executeCommand(5) called

D/SecKeyguardCircleView( 4020): onScreenTurnedOn

I/PERF    ( 4020): KeyguardUpdateMonitor - cb.onScreenTurnedOn() end

I/PERF    ( 4020): KeyguardViewMediator - handleNotifyScreenOn() end runnable

D/WaterDroplet_Keyguard( 1931): screenTurnedOn

D/WaterDroplet_WaterDropletEffect( 1931): screenTurnedOn

D/WaterDroplet_WaterDropletRenderer( 1931): screenTurnedOn

I/PERF    ( 4020): StatusBarKeyguardViewManager - callbackAfterDraw

D/KeyguardViewMediator( 4020): handleKeyguardDoneDrawing

V/KeyguardServiceDelegate( 3535): **** SHOWN CALLED ****

I/FingerprintManager( 4020): onServiceConnected: name=ComponentInfo{com.samsung.android.fingerprint.service/com.samsung.android.fingerprint.service.FingerprintServiceStarter}, Service=android.os.BinderProxy@3c8ca90

D/WaterDroplet_WaterDropletRenderer( 1931): FPS = 45

I/SurfaceFlinger( 2986): id=4038 Removed DolorFade (17/17)

I/SurfaceFlinger( 2986): id=4038 Removed DolorFade (-2/17)

D/WaterDroplet_Keyguard( 1931): registerAccelrometer()

D/PdnController( 3990): handleAnyDataConnectionStateChange: state [CONNECTED] reason [SCREEN_ON] apnType [ims] 

I/Sensors ( 3535): Acc old sensor_state 33554432, new sensor_state : 33554433 en : 1

D/PdnController( 3990): isConnected  [true] networktype [11]

D/PdnController( 3990): CONNECTIVITY_ACTION: networkType 11 isConnected true

D/PdnController( 3990): isSuspended [false] networktype [11]

D/SensorManager( 1931): registerListener :: 0, MPU6500 Acceleration Sensor, 66667, 0,  

D/NotificationStackScrollLayout( 4020): hasNotification()-C:6

D/NotificationStackScrollLayout( 4020): hasNotification()-0-N:false

D/NotificationStackScrollLayout( 4020): hasNotification()-0-V:8

D/NotificationStackScrollLayout( 4020): hasNotification()-1-N:false

D/NotificationStackScrollLayout( 4020): hasNotification()-1-V:8

D/NotificationStackScrollLayout( 4020): hasNotification()-2-N:true

D/NotificationStackScrollLayout( 4020): hasNotification()-2-V:8

D/NotificationStackScrollLayout( 4020): hasNotification()-3-N:true

D/NotificationStackScrollLayout( 4020): hasNotification()-3-V:8

D/NotificationStackScrollLayout( 4020): hasNotification()-4-N:true

D/NotificationStackScrollLayout( 4020): hasNotification()-4-V:8

D/NotificationStackScrollLayout( 4020): hasNotification()-5-N:false

D/NotificationStackScrollLayout( 4020): hasNotification()-5-V:8

D/PanelView( 4020): There is/are no notification(s) 

D/WfcConnectivityReceiver( 4714): onReceive(): action = TelephonyIntents.ACTION_ANY_DATA_CONNECTION_STATE_CHANGED, nw type = 13, reason = SCREEN_ON

D/EPDG -- [EPDGService]( 3535): onDataActivity: direction=4

D/PdnController( 3990): isSuspended : []

D/PdnController( 3990): Ignore Notifying Same Result to LocalIP Registrants!

I/tlc_communication( 3032): mcWaitNotification is completed;245

I/TLC_BAUTH( 3032): Check the Trustlet return code is completed;866

D/bauth_FPBAuthService( 3032): check_opcode status = 0, opcode = 7, func_ret_val = 0, function_status = 0, timeout = 0

I/TLC_BAUTH( 3032): Call FP cmd 0x1;809

I/tlc_communication( 3032): Send Trustlet TCI Message;211

I/tlc_communication( 3032): mcNotify is completed;221

D/StatusBar.NetworkController( 4020): refreshViews connected={ wifi } level=4 combinedSignalIconId=0x7f020562/com.android.systemui:drawable/stat_sys_wifi_signal_4 mobileLabel=T-Mobile wifiLabel="Buster2" emergencyOnly=false combinedLabel="Buster2" mAirplaneMode=false mDataActivity=4 mPhoneSignalIconId=0x7f020695/com.android.systemui:drawable/tw_stat_sys_5_level_signal_4_auto_rotate mQSPhoneSignalIconId=0x7f020116/com.android.systemui:drawable/ic_qs_signal_4 mDataDirectionIconId=0x0/(null) mDataSignalIconId=0x7f020695/com.android.systemui:drawable/tw_stat_sys_5_level_signal_4_auto_rotate mDataTypeIconId=0x7f020346/com.android.systemui:drawable/stat_sys_data_connected_lte_tmo mQSDataTypeIconId=0x0/(null) mNoSimIconId=0x0/(null) mWifiIconId=0x7f020562/com.android.systemui:drawable/stat_sys_wifi_signal_4 mQSWifiIconId=0x7f02012c/com.android.systemui:drawable/ic_qs_wifi_4 mWifiActivityIconId=0x7f020516/com.android.systemui:drawable/stat_sys_signal_inout mBluetoothTetherIconId=0x7f02053f/com.android.systemui:drawable/stat_sys_tether_bluetooth

D/STATUSBAR-WifiTile( 4020): onWifiSignalChanged enabled=true enabledDesc:"Buster2"

D/StatusBar.NetworkController( 4020): refreshNwBoosterIndicator - setNWBoosterIndicators(false)

D/StatusBar.NetworkController( 4020): applyTMO

D/EPDG -- [EPDGService]( 3535): onDataActivity: direction=4

D/AbsListView( 4269): Get MotionRecognitionManager

D/StatusBar.NetworkController( 4020): refreshNwBoosterIndicator - setNWBoosterIndicators(false)

D/StatusBar.NetworkController( 4020): applyTMO

D/StatusBar.NetworkController( 4020): refreshNwBoosterIndicator - setNWBoosterIndicators(false)

D/StatusBar.NetworkController( 4020): applyTMO

D/StatusBar.NetworkController( 4020): refreshNwBoosterIndicator - setNWBoosterIndicators(false)

D/StatusBar.NetworkController( 4020): applyTMO

D/PanelView( 4020): mClearAll.setVisibility - mIsFullyOpened : false isShade : false mHasNotification : false mIsUpwardFling : false mQsFullyExpanded : false isShadeLocked : false mClearAllVisible : false

E/PanelView( 4020): screenCapture for lockscreen preview

D/PhoneApp( 4516): PhoneAppBroadcastReceiver onReceive android.intent.action.ANY_DATA_STATE

D/ViewCaptureUtil( 4020): try capture the screen

D/FileWriteThread_Telephony( 4516): FileWriteThread : threadType = 3

D/CoverManagerWhiteLists( 3535): isAllowedToUse : SIGNATURE_MATCH

I/tlc_communication( 3032): mcWaitNotification is completed;245

I/TLC_BAUTH( 3032): Check the Trustlet return code is completed;866

D/bauth_FPBAuthService( 3032): check_opcode status = 0, opcode = 0, func_ret_val = 0, function_status = 0, timeout = 0

I/NfcService( 4502): When receiving ACTION_SCREEN_ON, S view cover is already opened. So screenState is ON_LOCKED by isKeyguardLocked()

D/bauth_FPBAuthSensorControl( 3032): FPBAuthSensorControl, 315

D/bauth_FPBAuthService( 3032): cOp : 16

I/TLC_BAUTH( 3032): Call FP cmd 0xc;1572

I/TLC_BAUTH( 3032): Check Input Data Param buf addr = 0 , length = 0;1628

I/tlc_communication( 3032): Send Trustlet TCI Message;211

I/tlc_communication( 3032): mcNotify is completed;221

D/NfcService( 4502): call the applyRouting

D/[AccuPhone] ( 5151): {[52CE859A78A3616ADF8A4FC0BF62D7DE554B86DFCCB5497B1342E6541025CE36A2A714A005543A3DF7BD6A8BB0C6E7542BE0E2FC5C1C2F31334C822C66C8DEA9]}

D/[AccuPhone] ( 5151): {[1CE7B1953F008ACC1F2AF64344663622A77E656C3CEF93F554AE9C87BBBB9AA671BC37CA08A612223D09A70064F9E0BB]}

D/[AccuPhone] ( 5151): {[0ED9661ABD437918DB34745D7098FD24949C80EDCCAD24E208044BDCE49D9970BB8385B3D3842B123951CD36E38A9B57]}

D/[AccuPhone] ( 5151): {[2F34A6CEF94618667831304640B2AB22A14D175B549E9DC8CB18523F5734C11ABDFE24E307EA1DBB4B1397800181A6ACDF5CCDDF36688386F1D9BB41A6D74000B43931423F49FED597F7661629B205E3]}

I/tlc_communication( 3032): mcWaitNotification is completed;245

I/TLC_BAUTH( 3032): Check the Trustlet return code is completed;1665

D/bauth_FPBAuthService( 3032): check_opcode status = 5, opcode = 0, func_ret_val = 0, function_status = 0, timeout = 0

D/bauth_FPBAuthService( 3032): FPBAuthService, 4184

D/bauth_FPBAuthService( 3032): FPBAuthService, 5442

D/bauth_service( 3032): BAuthService, 463

I/FPMS_SamsungFingerprintProxyFactory( 5367): getSensorStatus FP_PROXY FINISH (184ms) RESULT: 100040

D/[AccuPhone] ( 5151): {[FF4CBAF49F4DCB35C87E88C26B56ED00349E5F512206C0A0C2F65EDAA3B198C8AE796B1EA732FA645DB89FD0185C89FE3587579989D4CB944B337933D2AE31C6D3E992E723EF6D8468F2472831A7B748]}

D/[AccuPhone] ( 5151): {[AAFB47C02BB4CABB11B0D3C04DF6B9C05177AFD27D4F43C4ACA089137F08E6D429D7C3C530361CB7CCCEC654EFC1FECFB3780BBD58AA0E8A6CF0FE3E2A9F725627E35DDA267A984FDEC19720A080F0C2]}

D/ViewCaptureUtil( 4020): root.getHeight() = 2560, secondView.getHeight() = 382

D/[AccuPhone] ( 5151): {[4474D67FCCBDBAB857FF3ED9CD629234D88B7F1CF57B1604F7B56F0E790D7F83476E69EB7EE0FFA5963C8D10757CEC0580A0EBE98BA949F3D18EE1E8142012F2]}

D/[AccuPhone] ( 5151): {[99ACEC17F13BEA71A4ADD4CB428ED710A4DFB6F288C1A983D3AB379AAC170229B0A2E775C34D7E10E73C2C1B3A8349520829A232EDC72D5896A7A04D71816AA2]}

D/KeyguardSpassUnlockThread( 4020): handleStartIdentify currentUserId = 0

D/[AccuPhone] ( 5151): {[C6F9727B3039549C04B82FD4645BAB220736CF8755AF3958DCB298572C682C9A241A360A2340B6D70D90D78A2A72A35019D356EE795282609A6B68070129B490]}

D/[AccuPhone] ( 5151): {[3576FAC6BB00D6C75B12246F1958B049D2404DEC944A2C19CB774B4BFB04CDDD2479734BB2ABC40BFE3FBBF3084E7D5B]}

D/[AccuPhone] ( 5151): {[0ED9661ABD437918DB34745D7098FD24949C80EDCCAD24E208044BDCE49D9970BB8385B3D3842B123951CD36E38A9B57]}

I/FPMS_FingerprintManagerService( 5367): identifyForMultiUser: userId=0 from pid=4020

D/[AccuPhone] ( 5151): {[A9EEC5D76E409C6DAB2AA0BA9E12FF3A4C9DF9F323393F378490702E213D504CA8FFFCF8B39EFBD3879AB7C949F52AAFA8560483042C08FAB9D856CBE8E520AA]}

I/PERF    ( 4020): KeyguardUpdateMonitor - cb.onScreenTurnedOn() start runnable

I/PERF    ( 4020): KeyguardUpdateMonitor - cb.onScreenTurnedOn() end runnable

D/PersonaManager( 5367): isKioskModeEnabled  persona 

W/FPMS_FingerprintManagerService( 5367): isKioskModeEnabled return :false

D/bauth_client(native)( 5367): BAuthServiceClient, 22

D/bauth_client(native)( 5367): getBAuthService - EXIT

D/bauth_BASCommunicator( 3032): IBAuthService, 361

D/bauth_BASCommunicator( 3032): IBAuthService, 558

D/bauth_service( 3032): BAuthService, 412

D/bauth_FPBAuthService( 3032): FPBAuthService, 4369

D/bauth_FPBAuthService( 3032): FPBAuthService, 4370

D/bauth_FPBAuthService( 3032): BAuthSessionOpen Skip

D/bauth_FPBAuthService( 3032): cOp : 16

I/TLC_BAUTH( 3032): Call FP cmd 0xc;1572

I/TLC_BAUTH( 3032): Check Input Data Param buf addr = 0 , length = 0;1628

I/tlc_communication( 3032): Send Trustlet TCI Message;211

I/tlc_communication( 3032): mcNotify is completed;221

D/ViewCaptureUtil( 4020): capture image path = /storage/emulated/0/Android/data/com.android.systemui/cache/lockscreen_capture_port.png

D/StatusBar.NetworkController( 4020): onDataActivity: direction=4

D/StatusBar.NetworkController( 4020): updateDataIcon, mDataDirectionIconId = (null) mDataConnected = false

D/StatusBar.NetworkController( 4020): refreshViews connected={ wifi } level=4 combinedSignalIconId=0x7f020562/com.android.systemui:drawable/stat_sys_wifi_signal_4 mobileLabel=T-Mobile wifiLabel="Buster2" emergencyOnly=false combinedLabel="Buster2" mAirplaneMode=false mDataActivity=4 mPhoneSignalIconId=0x7f020695/com.android.systemui:drawable/tw_stat_sys_5_level_signal_4_auto_rotate mQSPhoneSignalIconId=0x7f020116/com.android.systemui:drawable/ic_qs_signal_4 mDataDirectionIconId=0x0/(null) mDataSignalIconId=0x7f020695/com.android.systemui:drawable/tw_stat_sys_5_level_signal_4_auto_rotate mDataTypeIconId=0x7f020346/com.android.systemui:drawable/stat_sys_data_connected_lte_tmo mQSDataTypeIconId=0x0/(null) mNoSimIconId=0x0/(null) mWifiIconId=0x7f020562/com.android.systemui:drawable/stat_sys_wifi_signal_4 mQSWifiIconId=0x7f02012c/com.android.systemui:drawable/ic_qs_wifi_4 mWifiActivityIconId=0x7f020516/com.android.systemui:drawable/stat_sys_signal_inout mBluetoothTetherIconId=0x7f02053f/com.android.systemui:drawable/stat_sys_tether_bluetooth

D/STATUSBAR-WifiTile( 4020): onWifiSignalChanged enabled=true enabledDesc:"Buster2"

D/StatusBar.NetworkController( 4020): refreshNwBoosterIndicator - setNWBoosterIndicators(false)

D/StatusBar.NetworkController( 4020): applyTMO

D/StatusBar.NetworkController( 4020): refreshNwBoosterIndicator - setNWBoosterIndicators(false)

D/StatusBar.NetworkController( 4020): applyTMO

D/StatusBar.NetworkController( 4020): refreshNwBoosterIndicator - setNWBoosterIndicators(false)

D/StatusBar.NetworkController( 4020): applyTMO

D/StatusBar.NetworkController( 4020): refreshNwBoosterIndicator - setNWBoosterIndicators(false)

D/StatusBar.NetworkController( 4020): applyTMO

D/StatusBar.NetworkController( 4020): onDataActivity: direction=4

D/[AccuPhone] ( 5151): {[672257B02E381E6C23100D7B88AB9D38B0CC6A2687650498A9224CA2719FE11C3B1AB77E185F34ECA39439B4E09B0B976FC2A871DBA32C04F1117C09E9FE7F39]}

D/StatusBar.NetworkController( 4020): updateDataIcon, mDataDirectionIconId = (null) mDataConnected = false

D/StatusBar.NetworkController( 4020): refreshViews connected={ wifi } level=4 combinedSignalIconId=0x7f020562/com.android.systemui:drawable/stat_sys_wifi_signal_4 mobileLabel=T-Mobile wifiLabel="Buster2" emergencyOnly=false combinedLabel="Buster2" mAirplaneMode=false mDataActivity=4 mPhoneSignalIconId=0x7f020695/com.android.systemui:drawable/tw_stat_sys_5_level_signal_4_auto_rotate mQSPhoneSignalIconId=0x7f020116/com.android.systemui:drawable/ic_qs_signal_4 mDataDirectionIconId=0x0/(null) mDataSignalIconId=0x7f020695/com.android.systemui:drawable/tw_stat_sys_5_level_signal_4_auto_rotate mDataTypeIconId=0x7f020346/com.android.systemui:drawable/stat_sys_data_connected_lte_tmo mQSDataTypeIconId=0x0/(null) mNoSimIconId=0x0/(null) mWifiIconId=0x7f020562/com.android.systemui:drawable/stat_sys_wifi_signal_4 mQSWifiIconId=0x7f02012c/com.android.systemui:drawable/ic_qs_wifi_4 mWifiActivityIconId=0x7f020516/com.android.systemui:drawable/stat_sys_signal_inout mBluetoothTetherIconId=0x7f02053f/com.android.systemui:drawable/stat_sys_tether_bluetooth

D/STATUSBAR-WifiTile( 4020): onWifiSignalChanged enabled=true enabledDesc:"Buster2"

D/StatusBar.NetworkController( 4020): refreshNwBoosterIndicator - setNWBoosterIndicators(false)

D/StatusBar.NetworkController( 4020): applyTMO

D/StatusBar.NetworkController( 4020): refreshNwBoosterIndicator - setNWBoosterIndicators(false)

D/StatusBar.NetworkController( 4020): applyTMO

D/StatusBar.NetworkController( 4020): refreshNwBoosterIndicator - setNWBoosterIndicators(false)

D/StatusBar.NetworkController( 4020): applyTMO

D/StatusBar.NetworkController( 4020): refreshNwBoosterIndicator - setNWBoosterIndicators(false)

D/StatusBar.NetworkController( 4020): applyTMO

D/PanelView( 4020): mClearAll.setVisibility - mIsFullyOpened : false isShade : false mHasNotification : false mIsUpwardFling : false mQsFullyExpanded : false isShadeLocked : false mClearAllVisible : false

D/[AccuPhone] ( 5151): {[EFD10FCFA5A229FCFA577690909995E47EC1B7D704301FF0081203BAA73B12B7AFDD6ED2DB6A0DE2418D927C1AC7F71F]}

D/[AccuPhone] ( 5151): {[5CBF6308F26366769FFFB11141111F22529928DD3E2D7784E0B3722E209E20F67376880A19D0B595C61AC53F33F83CC1]}

D/[AccuPhone] ( 5151): {[54BCC25FBC6768E65FEDE168E6274DBB50B13B97BA943CE56FE00468DE407BE0057E0D545DE07E0C9DCA1E3292B94BCBB934B5CADC0642147A99415D152D14BC0ACE5CA5AA3AEA7C2ADED19EE60912AA]}

E/Minikin ( 5151): addFont failed to create font 

I/tlc_communication( 3032): mcWaitNotification is completed;245

I/TLC_BAUTH( 3032): Check the Trustlet return code is completed;1665

D/bauth_FPBAuthService( 3032): check_opcode status = 5, opcode = 0, func_ret_val = 0, function_status = 0, timeout = 0

D/bauth_FPBAuthService( 3032): FPBAuthService, 4184

D/bauth_FPBAuthService( 3032): FPBAuthService, 5442

D/bauth_service( 3032): BAuthService, 463

I/FPMS_SamsungFingerprintProxyFactory( 5367): getSensorStatus FP_PROXY FINISH (15ms) RESULT: 100040

D/[AccuPhone] ( 5151): {[807B768DD967F021F08DB3E3873C61D3B0C777E3624214C17C99E76CA57B5CD92FB75D9E13447CBCE81E9A6170B1E1A8]}

D/bauth_client(native)( 5367): BAuthServiceClient, 22

D/bauth_client(native)( 5367): getBAuthService - EXIT

D/bauth_BASCommunicator( 3032): IBAuthService, 361

D/bauth_BASCommunicator( 3032): IBAuthService, 502

D/bauth_service( 3032): BAuthService, 744

D/bauth_FPBAuthService( 3032): FPBAuthService, 3684

D/bauth_FPBAuthService( 3032): FPBAuthService, 3776

D/bauth_FPBAuthService( 3032): FPBAuthService, 3784

D/bauth_FPBAuthService( 3032): FPBAuthService, 5442

D/bauth_service( 3032): BAuthService, 763

I/FPMS_SamsungFingerprintProxyFactory( 5367): getFingerprintIndexList FP_PROXY FINISH (2ms) RESULT: [I@36134433

D/bauth_client(native)( 5367): BAuthServiceClient, 22

D/bauth_client(native)( 5367): getBAuthService - EXIT

D/bauth_BASCommunicator( 5367): IBAuthService, 67

D/bauth_BASCommunicator( 3032): IBAuthService, 361

D/[AccuPhone] ( 5151): {[B2AAD7AB4419DCBC21FCE8330F1C2CD9B6B2FE2F33FEFF397582CE31E0EB19F258ADCB11105DAC1B6C9F12CFB78C56B4]}

D/bauth_BASCommunicator( 3032): IBAuthService, 398

D/bauth_service( 3032): BAuthService, 216

D/bauth_FPBAuthService( 3032): BAuthSessionOpen Skip

D/[AccuPhone] ( 5151): {[B2AAD7AB4419DCBC21FCE8330F1C2CD9B6B2FE2F33FEFF397582CE31E0EB19F258ADCB11105DAC1B6C9F12CFB78C56B4]}

D/[AccuPhone] ( 5151): {[EFD10FCFA5A229FCFA577690909995E47EC1B7D704301FF0081203BAA73B12B7AFDD6ED2DB6A0DE2418D927C1AC7F71F]}

D/bauth_FPBAuthServiceStorage( 3032): FPBAuthServiceStorage, 525

D/bauth_FPBAuthSensorControl( 3032): FPBAuthSensorControl, 315

I/TLC_BAUTH( 3032): Call FP cmd 0x5;1082

I/tlc_communication( 3032): Send Trustlet TCI Message;211

I/tlc_communication( 3032): mcNotify is completed;221

D/[AccuPhone] ( 5151): {[EFD10FCFA5A229FCFA577690909995E47EC1B7D704301FF0081203BAA73B12B7AFDD6ED2DB6A0DE2418D927C1AC7F71F]}

D/[AccuPhone] ( 5151): {[EFD10FCFA5A229FCFA577690909995E47EC1B7D704301FF0081203BAA73B12B7AFDD6ED2DB6A0DE2418D927C1AC7F71F]}

D/        ( 3032): Worker, 51

D/bauth_FPBAuthService( 3032): FPBAuthService, 5442

D/bauth_service( 3032): BAuthService, 239

D/bauth_BASCommunicator( 5367): IBAuthService, 73

I/FPMS_SamsungFingerprintProxyFactory( 5367): identify FP_PROXY FINISH (11ms) RESULT: 0

D/KeyguardSpassUnlockThread( 4020): identify OK

I/tlc_communication( 3032): mcWaitNotification is completed;245

I/TLC_BAUTH( 3032): Check the Trustlet return code is completed;1145

D/bauth_FPBAuthSensorControl( 3032): FPBAuthSensorControl, 315

D/bauth_FPBAuthService( 3032): FPBAuthService, 2410

D/bauth_FPBAuthService( 3032): check_opcode status = 2, opcode = 0, func_ret_val = 0, function_status = 0, timeout = 0

D/bauth_FPBAuthService( 3032): FPBAuthService, 855

D/bauth_FPBAuthService( 3032): fpop : 100020

D/bauth_BpBAuthServiceListener( 5367): IBAuthServiceListener, 46

D/bauth_client(native)( 5367): BAuthServiceClient, 184

D/bauth_FPBAuthUserInfo( 3032): FPBAuthUserInfo, 168

D/FPMS_SamsungFingerprintLibraryImpl( 5367): onFingerprintEvent: eventId=100020, evt=null

D/FPMS_FingerprintClientRecord( 5367): onEvent: commandName=identify, 11, 0, 0

D/KeyguardSpassUnlockThread( 4020): handleMessage : EVENT_IDENTIFY_READY

D/Sensorhubs( 3014): readContextData: 1, 1, 48, 0, 0, 0, 10, 0, 0, 0, 1

V/MediaPlayer-JNI( 4020): native_finalize

V/MediaPlayer-JNI( 4020): release

D/SensorHubManager( 3535): onGetSensorHubDataLocked: library(11) = 1, 1, 48, 0, 0, 0, 10, 0, 0, 0, 1

D/CAE     ( 3535): onGetSensorHubData(SensorHubParserProvider.java:92) - onGetSensorHubData Event [event buffer len :11], AP_WAKEUP

I/CAE     ( 3535): parse(SensorHubParserProvider.java:188) - buffer size = 11

I/CAE     ( 3535): parse(SensorHubParserProvider.java:199) - 1, 1, 48, 0, 0, 0, 10, 0, 0, 0, 1,

D/[AccuPhone] ( 5151): {[0ED9661ABD437918DB34745D7098FD24949C80EDCCAD24E208044BDCE49D9970BB8385B3D3842B123951CD36E38A9B57]}

D/CAE     ( 3535): display(ContextProvider.java:375) - ================= AUTO_BRIGHTNESS =================

D/[AccuPhone] ( 5151): {[B2AAD7AB4419DCBC21FCE8330F1C2CD9B6B2FE2F33FEFF397582CE31E0EB19F258ADCB11105DAC1B6C9F12CFB78C56B4]}

I/CAE     ( 3535): display(ContextProvider.java:391) - Candela=[10], AmbientLux=[1]

D/[AccuPhone] ( 5151): {[EFD10FCFA5A229FCFA577690909995E47EC1B7D704301FF0081203BAA73B12B7AFDD6ED2DB6A0DE2418D927C1AC7F71F]}

D/[AccuPhone] ( 5151): {[5062D17BB8B8508A13FDDE98D0A56F4EE09F3F791EB5F1EE5605BA8D40FD7943882D1639B316F154B3A95342CFEA9CFA]}

D/MISC PowerHAL( 3535): sysfs_write -: /sys/class/input/event0/device/enabled: 1

D/MISC PowerHAL( 3535): sysfs_write +: /sys/class/power_supply/battery/lcd: 1

D/MISC PowerHAL( 3535): sysfs_write -: /sys/class/power_supply/battery/lcd: 1

D/PowerManagerService-JNI( 3535): Excessive delay in MISC setInteractive(true) while turning screen on: 157ms

D/bauth_FPBAuthSensorControl( 3032): FPBAuthSensorControl, 315

D/bauth_FPBAuthService( 3032): FPBAuthService, 2472

I/TLC_BAUTH( 3032): Call FP cmd 0x6;1160

I/tlc_communication( 3032): Send Trustlet TCI Message;211

I/tlc_communication( 3032): mcNotify is completed;221

D/SContextService( 3535): updateSContext() : event = Auto Brightness

V/MediaPlayer-JNI( 4020): native_finalize

V/MediaPlayer-JNI( 4020): release

D/lights  ( 3535): lcd : 10 +

I/GFX raster( 5151): took 0.989292ms for 172*172 texture 0

W/GFX DEBUGLOG GPUCompressionToBitmapDecoder( 5151): Bitmap=0x7f8b118e40 bitmapCt=12 bitmapW=172 bitmapH=172 BitmapInternalFormat=93b0, Counterpart=0x7f8b118d00 counterpartCT=4 counterpartW=172 counterparth=172

E/        ( 5151): GFX convertToRaster() in Canvas.cpp HWACC for bitmap size 172x172

I/GFX raster( 5151): took 0.272125ms for 64*64 texture 0

W/GFX DEBUGLOG GPUCompressionToBitmapDecoder( 5151): Bitmap=0x7f8b0adc80 bitmapCt=12 bitmapW=64 bitmapH=64 BitmapInternalFormat=93b0, Counterpart=0x7f8b118d00 counterpartCT=4 counterpartW=64 counterparth=64

E/        ( 5151): GFX convertToRaster() in Canvas.cpp HWACC for bitmap size 64x64

I/GFX raster( 5151): took 0.848292ms for 172*172 texture 0

W/GFX DEBUGLOG GPUCompressionToBitmapDecoder( 5151): Bitmap=0x7f8b118e40 bitmapCt=12 bitmapW=172 bitmapH=172 BitmapInternalFormat=93b0, Counterpart=0x7f8b118d00 counterpartCT=4 counterpartW=172 counterparth=172

E/        ( 5151): GFX convertToRaster() in Canvas.cpp HWACC for bitmap size 172x172

I/GFX raster( 5151): took 0.237000ms for 64*64 texture 0

W/GFX DEBUGLOG GPUCompressionToBitmapDecoder( 5151): Bitmap=0x7f8b0adc80 bitmapCt=12 bitmapW=64 bitmapH=64 BitmapInternalFormat=93b0, Counterpart=0x7f8b118d00 counterpartCT=4 counterpartW=64 counterparth=64

E/        ( 5151): GFX convertToRaster() in Canvas.cpp HWACC for bitmap size 64x64

D/lights  ( 3535): lcd : 10 -

D/EPDG -- [EpdgServerSelection]( 3535): isEpdgServerDnsValid(): returning resulttrue

D/HINT_SpayQuickPayService(31549): android.intent.action.SCREEN_ON

D/[zero daemon] (19562): {[BC21B34B88A20EA5822C8C20EF5DDD55D3F558D2B40B6148AA902B8E755F2C7F]}

I/tlc_communication( 3032): mcWaitNotification is completed;245

I/TLC_BAUTH( 3032): Check the Trustlet return code is completed;1227

D/bauth_FPBAuthService( 3032): check_opcode status = 2, opcode = 4, func_ret_val = 0, function_status = 1, timeout = -1

D/bauth_FPBAuthService( 3032): FPBAuthService, 890

D/bauth_FPBAuthSensorControl( 3032): FPBAuthSensorControl, 244

D/bauth_FPBAuthService( 3032): FPBAuthService, 905

D/bauth_FPBAuthSensorControl( 3032): FPBAuthSensorControl, 315

D/bauth_FPBAuthSensorControl( 3032): FPBAuthSensorControl, 270

D/bauth_FPBAuthService( 3032): FPBAuthService, 954

D/[zero daemon] (19562): {[8789C083E82D8E1F2FE32DACFF2426AF37580887DD35C973BB8F1C3B3A7E7B29]}

D/[zero daemon] (19562): {[908160387EB28735CDF27ED8FF956F6CEAC288AA20CDFBE1C1E4943840AE7B0046E34CF475BF3E5E845A34D788B89C87]}

D/[zero daemon] (19562): {[C6B53529A4E9A61B6E9DFAC2EC352F35413B8423020D39F21C4F88CE3B9B87CFDCC0B81B0A5ED41F6DFA9549B8ADE1F4BACF4D40B7B8E99052DE9FA88E767D1DEF99F3B50EBB0BE2EA7D97147503802808B0F46342E4D32B53ACCA63815BEAA3E6A19B15B6D34AFADF3249A820F62444]}

I/[zero daemon] (19562): {[A32E1AC369E42B6168CFC8ECFBFA9951C42133C77ADF9B218D854990F6269E392BB582333EA1FB9A3DD83C292BF89A20]}

D/[zero daemon] (19562): {[C6B53529A4E9A61B6E9DFAC2EC352F35413B8423020D39F21C4F88CE3B9B87CFDCC0B81B0A5ED41F6DFA9549B8ADE1F4BACF4D40B7B8E99052DE9FA88E767D1DEF99F3B50EBB0BE2EA7D97147503802808B0F46342E4D32B53ACCA63815BEAA3E6A19B15B6D34AFADF3249A820F62444]}

